Apr 29 15:12:41 devstack cinder-volume[84448]: DEBUG cinder.volume.drivers.quobyte [req-76c93b85-1555-4957-8434-9bdded20fc7f req-4644577f-f6cd-47cb-9260-429baaef2773 tempest-VolumesSnapshotsTestJSON-885180718 None] ==> create_volume: call "{'self': , 'volume': Volume(_name_id=None,admin_metadata=,attach_status='detached',availability_zone='nova',bootable=False,cluster=,cluster_name=None,consistencygroup=,consistencygroup_id=None,created_at=2026-04-29T13:12:40Z,deleted=False,deleted_at=None,display_description=None,display_name='tempest-VolumesSnapshotsTestJSON-volume-263491881',ec2_id=None,encryption_key_id=None,glance_metadata=,group=,group_id=None,host='devstack@QuobyteHD#QuobyteHD',id=eae92c75-d4bc-4e26-863f-a2fe40892b63,launched_at=None,metadata={},migration_status=None,multiattach=False,previous_status=None,project_id='70621cf0a2f94396bfee1e30a17c9b8f',provider_auth=None,provider_geometry=None,provider_id=None,provider_location=None,replication_driver_data=None,replication_extended_status=None,replication_status=None,scheduled_at=2026-04-29T13:12:40Z,service_uuid=None,shared_targets=True,size=1,snapshot_id=None,snapshots=,source_volid=None,status='creating',terminated_at=None,updated_at=2026-04-29T13:12:40Z,use_quota=True,user_id='5df703c9f53e45cda0c34cd5ec8fac58',volume_attachment=VolumeAttachmentList,volume_type=VolumeType(79417965-78cd-48f2-8c96-dc98052d690a),volume_type_id=79417965-78cd-48f2-8c96-dc98052d690a)}" {{(pid=84448) trace_logging_wrapper /opt/stack/cinder/cinder/volume/volume_utils.py:1498}}
Apr 29 15:12:41 devstack cinder-volume[84448]: DEBUG cinder.volume.drivers.remotefs [req-76c93b85-1555-4957-8434-9bdded20fc7f req-4644577f-f6cd-47cb-9260-429baaef2773 tempest-VolumesSnapshotsTestJSON-885180718 None] Creating volume eae92c75-d4bc-4e26-863f-a2fe40892b63 {{(pid=84448) create_volume /opt/stack/cinder/cinder/volume/drivers/remotefs.py:292}}
Apr 29 15:12:41 devstack cinder-volume[84448]: DEBUG oslo_concurrency.lockutils [req-76c93b85-1555-4957-8434-9bdded20fc7f req-4644577f-f6cd-47cb-9260-429baaef2773 tempest-VolumesSnapshotsTestJSON-885180718 None] Acquiring lock "quobyte_ensure" by "cinder.volume.drivers.quobyte.QuobyteDriver._ensure_shares_mounted" {{(pid=84448) inner /opt/stack/data/venv/lib/python3.12/site-packages/oslo_concurrency/lockutils.py:506}}
Apr 29 15:12:41 devstack cinder-volume[84448]: DEBUG oslo_concurrency.lockutils [req-76c93b85-1555-4957-8434-9bdded20fc7f req-4644577f-f6cd-47cb-9260-429baaef2773 tempest-VolumesSnapshotsTestJSON-885180718 None] Lock "quobyte_ensure" acquired by "cinder.volume.drivers.quobyte.QuobyteDriver._ensure_shares_mounted" :: waited 0.000s {{(pid=84448) inner /opt/stack/data/venv/lib/python3.12/site-packages/oslo_concurrency/lockutils.py:519}}
Apr 29 15:12:41 devstack cinder-volume[84448]: DEBUG cinder.volume.drivers.quobyte [req-76c93b85-1555-4957-8434-9bdded20fc7f req-4644577f-f6cd-47cb-9260-429baaef2773 tempest-VolumesSnapshotsTestJSON-885180718 None] Quobyte Volume URL set to: {'osci02.corp.quobyte.com/cinder-vol-ef2edf86-99cd-47e9-841f-2a4c943fce7a': None} {{(pid=84448) _load_shares_config /opt/stack/cinder/cinder/volume/drivers/quobyte.py:617}}
Apr 29 15:12:41 devstack cinder-volume[84448]: DEBUG cinder.volume.drivers.quobyte [req-76c93b85-1555-4957-8434-9bdded20fc7f req-4644577f-f6cd-47cb-9260-429baaef2773 tempest-VolumesSnapshotsTestJSON-885180718 None] Available shares ['osci02.corp.quobyte.com/cinder-vol-ef2edf86-99cd-47e9-841f-2a4c943fce7a'] {{(pid=84448) _ensure_shares_mounted /opt/stack/cinder/cinder/volume/drivers/quobyte.py:647}}
Apr 29 15:12:41 devstack cinder-volume[84448]: DEBUG oslo_concurrency.lockutils [req-76c93b85-1555-4957-8434-9bdded20fc7f req-4644577f-f6cd-47cb-9260-429baaef2773 tempest-VolumesSnapshotsTestJSON-885180718 None] Lock "quobyte_ensure" "released" by "cinder.volume.drivers.quobyte.QuobyteDriver._ensure_shares_mounted" :: held 0.011s {{(pid=84448) inner /opt/stack/data/venv/lib/python3.12/site-packages/oslo_concurrency/lockutils.py:538}}
Apr 29 15:12:41 devstack cinder-volume[84448]: DEBUG cinder.volume.drivers.quobyte [req-76c93b85-1555-4957-8434-9bdded20fc7f req-4644577f-f6cd-47cb-9260-429baaef2773 tempest-VolumesSnapshotsTestJSON-885180718 None] Selected osci02.corp.quobyte.com/cinder-vol-ef2edf86-99cd-47e9-841f-2a4c943fce7a as target Quobyte volume. {{(pid=84448) _find_share /opt/stack/cinder/cinder/volume/drivers/quobyte.py:668}}
Apr 29 15:12:41 devstack cinder-volume[84448]: INFO cinder.volume.drivers.remotefs [req-76c93b85-1555-4957-8434-9bdded20fc7f req-4644577f-f6cd-47cb-9260-429baaef2773 tempest-VolumesSnapshotsTestJSON-885180718 None] casted to osci02.corp.quobyte.com/cinder-vol-ef2edf86-99cd-47e9-841f-2a4c943fce7a
Apr 29 15:12:41 devstack cinder-volume[84448]: DEBUG oslo_concurrency.processutils [req-76c93b85-1555-4957-8434-9bdded20fc7f req-4644577f-f6cd-47cb-9260-429baaef2773 tempest-VolumesSnapshotsTestJSON-885180718 None] Running cmd (subprocess): sudo cinder-rootwrap /etc/cinder/rootwrap.conf qemu-img create -f qcow2 -o preallocation=metadata /opt/stack/data/cinder/mnt/1995038d8335bcc65ed240f93b806ab3/volume-eae92c75-d4bc-4e26-863f-a2fe40892b63 1073741824 {{(pid=84448) execute /opt/stack/data/venv/lib/python3.12/site-packages/oslo_concurrency/processutils.py:440}}
Apr 29 15:12:41 devstack sudo[93544]: quobyte : PWD=/ ; USER=root ; COMMAND=/opt/stack/data/venv/bin/cinder-rootwrap /etc/cinder/rootwrap.conf qemu-img create -f qcow2 -o preallocation=metadata /opt/stack/data/cinder/mnt/1995038d8335bcc65ed240f93b806ab3/volume-eae92c75-d4bc-4e26-863f-a2fe40892b63 1073741824
Apr 29 15:12:41 devstack sudo[93544]: pam_unix(sudo:session): session opened for user root(uid=0) by (uid=1000)
Apr 29 15:12:41 devstack cinder-volume[84448]: DEBUG cinder.volume.manager [req-2e3e3009-7162-4df1-a129-67593ff71c47 req-91ffac99-7dd4-41c4-b558-2d9f22da93c6 tempest-ServerBootFromVolumeStableRescueTest-1324557987 None] Connection info returned from driver {'export': 'osci02.corp.quobyte.com/cinder-vol-ef2edf86-99cd-47e9-841f-2a4c943fce7a', 'name': 'volume-d04ea0f4-4cb2-4e64-a05f-3208620dfbe1', 'options': None, 'format': 'qcow2', 'qos_specs': None, 'access_mode': 'rw', 'encrypted': False, 'cacheable': False, 'driver_volume_type': 'quobyte', 'mount_point_base': '/opt/stack/data/cinder/mnt', 'attachment_id': 'e8004ef4-6f22-4fc4-9b2c-6f93b7138739', 'enforce_multipath': True} {{(pid=84448) _connection_create /opt/stack/cinder/cinder/volume/manager.py:4924}}
Apr 29 15:12:41 devstack cinder-volume[84448]: INFO cinder.volume.manager [req-2e3e3009-7162-4df1-a129-67593ff71c47 req-91ffac99-7dd4-41c4-b558-2d9f22da93c6 tempest-ServerBootFromVolumeStableRescueTest-1324557987 None] attachment_update completed successfully.
Apr 29 15:12:41 devstack cinder-volume[84448]: INFO cinder.volume.manager [req-bd04c8a5-81cc-44a9-8be2-2c03890895a2 req-25c776b0-2a8c-4dfb-be25-cc63fa9ab52c tempest-ServerActionsTestOtherB-242761823 None] Terminate volume connection completed successfully.
Apr 29 15:12:41 devstack cinder-volume[84448]: DEBUG cinder.volume.manager [req-bd04c8a5-81cc-44a9-8be2-2c03890895a2 req-25c776b0-2a8c-4dfb-be25-cc63fa9ab52c tempest-ServerActionsTestOtherB-242761823 None] Deleting attachment e5f94b7b-94df-4491-b3a9-e4dc989eb2b9. {{(pid=84448) attachment_delete /opt/stack/cinder/cinder/volume/manager.py:5055}}
Apr 29 15:12:42 devstack sudo[93544]: pam_unix(sudo:session): session closed for user root
Apr 29 15:12:42 devstack cinder-volume[84448]: DEBUG oslo_concurrency.processutils [req-76c93b85-1555-4957-8434-9bdded20fc7f req-4644577f-f6cd-47cb-9260-429baaef2773 tempest-VolumesSnapshotsTestJSON-885180718 None] CMD "sudo cinder-rootwrap /etc/cinder/rootwrap.conf qemu-img create -f qcow2 -o preallocation=metadata /opt/stack/data/cinder/mnt/1995038d8335bcc65ed240f93b806ab3/volume-eae92c75-d4bc-4e26-863f-a2fe40892b63 1073741824" returned: 0 in 0.982s {{(pid=84448) execute /opt/stack/data/venv/lib/python3.12/site-packages/oslo_concurrency/processutils.py:468}}
Apr 29 15:12:42 devstack cinder-volume[84448]: DEBUG oslo_concurrency.processutils [req-76c93b85-1555-4957-8434-9bdded20fc7f req-4644577f-f6cd-47cb-9260-429baaef2773 tempest-VolumesSnapshotsTestJSON-885180718 None] Running cmd (subprocess): sudo cinder-rootwrap /etc/cinder/rootwrap.conf chmod ugo+rw /opt/stack/data/cinder/mnt/1995038d8335bcc65ed240f93b806ab3/volume-eae92c75-d4bc-4e26-863f-a2fe40892b63 {{(pid=84448) execute /opt/stack/data/venv/lib/python3.12/site-packages/oslo_concurrency/processutils.py:440}}
Apr 29 15:12:42 devstack sudo[93579]: quobyte : PWD=/ ; USER=root ; COMMAND=/opt/stack/data/venv/bin/cinder-rootwrap /etc/cinder/rootwrap.conf chmod ugo+rw /opt/stack/data/cinder/mnt/1995038d8335bcc65ed240f93b806ab3/volume-eae92c75-d4bc-4e26-863f-a2fe40892b63
Apr 29 15:12:42 devstack sudo[93579]: pam_unix(sudo:session): session opened for user root(uid=0) by (uid=1000)
Apr 29 15:12:42 devstack sudo[93579]: pam_unix(sudo:session): session closed for user root
Apr 29 15:12:42 devstack cinder-volume[84448]: DEBUG oslo_concurrency.processutils [req-76c93b85-1555-4957-8434-9bdded20fc7f req-4644577f-f6cd-47cb-9260-429baaef2773 tempest-VolumesSnapshotsTestJSON-885180718 None] CMD "sudo cinder-rootwrap /etc/cinder/rootwrap.conf chmod ugo+rw /opt/stack/data/cinder/mnt/1995038d8335bcc65ed240f93b806ab3/volume-eae92c75-d4bc-4e26-863f-a2fe40892b63" returned: 0 in 0.655s {{(pid=84448) execute /opt/stack/data/venv/lib/python3.12/site-packages/oslo_concurrency/processutils.py:468}}
Apr 29 15:12:42 devstack cinder-volume[84448]: DEBUG cinder.volume.drivers.quobyte [req-76c93b85-1555-4957-8434-9bdded20fc7f req-4644577f-f6cd-47cb-9260-429baaef2773 tempest-VolumesSnapshotsTestJSON-885180718 None] <== create_volume: return (1686ms) {'provider_location': 'osci02.corp.quobyte.com/cinder-vol-ef2edf86-99cd-47e9-841f-2a4c943fce7a'} {{(pid=84448) trace_logging_wrapper /opt/stack/cinder/cinder/volume/volume_utils.py:1523}}
Apr 29 15:12:42 devstack cinder-volume[84448]: DEBUG oslo_concurrency.lockutils [req-76c93b85-1555-4957-8434-9bdded20fc7f req-4644577f-f6cd-47cb-9260-429baaef2773 tempest-VolumesSnapshotsTestJSON-885180718 None] Lock "quobyte" "released" by "cinder.volume.drivers.quobyte.QuobyteDriver.create_volume" :: held 1.690s {{(pid=84448) inner /opt/stack/data/venv/lib/python3.12/site-packages/oslo_concurrency/lockutils.py:538}}
Apr 29 15:12:42 devstack cinder-volume[84448]: DEBUG cinder.volume.manager [req-76c93b85-1555-4957-8434-9bdded20fc7f req-4644577f-f6cd-47cb-9260-429baaef2773 tempest-VolumesSnapshotsTestJSON-885180718 None] Task 'cinder.volume.flows.manager.create_volume.CreateVolumeFromSpecTask;volume:create' (00660bb0-3793-4ebc-9d62-a350bb728519) transitioned into state 'SUCCESS' from state 'RUNNING' with result '{'status': 'creating', 'volume_name': 'volume-eae92c75-d4bc-4e26-863f-a2fe40892b63', 'volume_size': 1}' {{(pid=84448) _task_receiver /opt/stack/data/venv/lib/python3.12/site-packages/taskflow/listeners/logging.py:182}}
Apr 29 15:12:42 devstack cinder-volume[84448]: DEBUG cinder.volume.manager [req-76c93b85-1555-4957-8434-9bdded20fc7f req-4644577f-f6cd-47cb-9260-429baaef2773 tempest-VolumesSnapshotsTestJSON-885180718 None] Task 'cinder.volume.flows.manager.create_volume.CreateVolumeOnFinishTask;volume:create, create.end' (1dd2e4f4-3e85-4112-ac7e-af0d6aadbd42) transitioned into state 'RUNNING' from state 'PENDING' {{(pid=84448) _task_receiver /opt/stack/data/venv/lib/python3.12/site-packages/taskflow/listeners/logging.py:194}}
Apr 29 15:12:42 devstack cinder-volume[84448]: INFO cinder.volume.flows.manager.create_volume [req-76c93b85-1555-4957-8434-9bdded20fc7f req-4644577f-f6cd-47cb-9260-429baaef2773 tempest-VolumesSnapshotsTestJSON-885180718 None] Volume volume-eae92c75-d4bc-4e26-863f-a2fe40892b63 (eae92c75-d4bc-4e26-863f-a2fe40892b63): created successfully
Apr 29 15:12:42 devstack cinder-volume[84448]: DEBUG cinder.volume.manager [req-76c93b85-1555-4957-8434-9bdded20fc7f req-4644577f-f6cd-47cb-9260-429baaef2773 tempest-VolumesSnapshotsTestJSON-885180718 None] Task 'cinder.volume.flows.manager.create_volume.CreateVolumeOnFinishTask;volume:create, create.end' (1dd2e4f4-3e85-4112-ac7e-af0d6aadbd42) transitioned into state 'SUCCESS' from state 'RUNNING' with result 'None' {{(pid=84448) _task_receiver /opt/stack/data/venv/lib/python3.12/site-packages/taskflow/listeners/logging.py:182}}
Apr 29 15:12:42 devstack cinder-volume[84448]: DEBUG cinder.volume.manager [req-76c93b85-1555-4957-8434-9bdded20fc7f req-4644577f-f6cd-47cb-9260-429baaef2773 tempest-VolumesSnapshotsTestJSON-885180718 None] Flow 'volume_create_manager' (f994ad2b-17a4-4cf9-a46c-47dfe8f6a2ce) transitioned into state 'SUCCESS' from state 'RUNNING' {{(pid=84448) _flow_receiver /opt/stack/data/venv/lib/python3.12/site-packages/taskflow/listeners/logging.py:145}}
Apr 29 15:12:42 devstack cinder-volume[84448]: INFO cinder.volume.manager [req-76c93b85-1555-4957-8434-9bdded20fc7f req-4644577f-f6cd-47cb-9260-429baaef2773 tempest-VolumesSnapshotsTestJSON-885180718 None] Created volume successfully.
Apr 29 15:12:44 devstack cinder-volume[84448]: DEBUG oslo_concurrency.lockutils [req-011730a5-2f31-41e5-a509-f815bd2f41e7 req-3070cdff-4046-403c-b571-95fed6c12c84 tempest-VolumesSnapshotsTestJSON-885180718 None] Acquiring lock "quobyte" by "cinder.volume.drivers.quobyte.QuobyteDriver.create_snapshot" {{(pid=84448) inner /opt/stack/data/venv/lib/python3.12/site-packages/oslo_concurrency/lockutils.py:506}}
Apr 29 15:12:44 devstack cinder-volume[84448]: DEBUG oslo_concurrency.lockutils [req-011730a5-2f31-41e5-a509-f815bd2f41e7 req-3070cdff-4046-403c-b571-95fed6c12c84 tempest-VolumesSnapshotsTestJSON-885180718 None] Lock "quobyte" acquired by "cinder.volume.drivers.quobyte.QuobyteDriver.create_snapshot" :: waited 0.001s {{(pid=84448) inner /opt/stack/data/venv/lib/python3.12/site-packages/oslo_concurrency/lockutils.py:519}}
Apr 29 15:12:44 devstack cinder-volume[84448]: DEBUG cinder.volume.drivers.remotefs [req-011730a5-2f31-41e5-a509-f815bd2f41e7 req-3070cdff-4046-403c-b571-95fed6c12c84 tempest-VolumesSnapshotsTestJSON-885180718 None] Creating offline snapshot d81f6844-b7fd-44f5-8928-70c4fc1d5961 of volume eae92c75-d4bc-4e26-863f-a2fe40892b63 {{(pid=84448) _create_snapshot /opt/stack/cinder/cinder/volume/drivers/remotefs.py:1816}}
Apr 29 15:12:44 devstack cinder-volume[84448]: DEBUG oslo.privsep.daemon [-] privsep: reply[6625b174-fe34-4d05-b842-1ff4be89ca66]: (4, 'qcow2') {{(pid=84914) _call_back /opt/stack/data/venv/lib/python3.12/site-packages/oslo_privsep/daemon.py:573}}
Apr 29 15:12:44 devstack cinder-volume[84448]: DEBUG oslo_concurrency.processutils [req-011730a5-2f31-41e5-a509-f815bd2f41e7 req-3070cdff-4046-403c-b571-95fed6c12c84 tempest-VolumesSnapshotsTestJSON-885180718 None] Running cmd (subprocess): /opt/stack/data/venv/bin/python3.12 -m oslo_concurrency.prlimit --as=1073741824 --cpu=60 -- sudo cinder-rootwrap /etc/cinder/rootwrap.conf env LC_ALL=C qemu-img info -f qcow2 --output=json --force-share /opt/stack/data/cinder/mnt/1995038d8335bcc65ed240f93b806ab3/volume-eae92c75-d4bc-4e26-863f-a2fe40892b63 {{(pid=84448) execute /opt/stack/data/venv/lib/python3.12/site-packages/oslo_concurrency/processutils.py:440}}
Apr 29 15:12:44 devstack sudo[93584]: quobyte : PWD=/ ; USER=root ; COMMAND=/opt/stack/data/venv/bin/cinder-rootwrap /etc/cinder/rootwrap.conf env LC_ALL=C qemu-img info -f qcow2 --output=json --force-share /opt/stack/data/cinder/mnt/1995038d8335bcc65ed240f93b806ab3/volume-eae92c75-d4bc-4e26-863f-a2fe40892b63
Apr 29 15:12:44 devstack sudo[93584]: pam_unix(sudo:session): session opened for user root(uid=0) by (uid=1000)
Apr 29 15:12:44 devstack sudo[93584]: pam_unix(sudo:session): session closed for user root
Apr 29 15:12:44 devstack cinder-volume[84448]: DEBUG oslo_concurrency.processutils [req-011730a5-2f31-41e5-a509-f815bd2f41e7 req-3070cdff-4046-403c-b571-95fed6c12c84 tempest-VolumesSnapshotsTestJSON-885180718 None] CMD "/opt/stack/data/venv/bin/python3.12 -m oslo_concurrency.prlimit --as=1073741824 --cpu=60 -- sudo cinder-rootwrap /etc/cinder/rootwrap.conf env LC_ALL=C qemu-img info -f qcow2 --output=json --force-share /opt/stack/data/cinder/mnt/1995038d8335bcc65ed240f93b806ab3/volume-eae92c75-d4bc-4e26-863f-a2fe40892b63" returned: 0 in 0.742s {{(pid=84448) execute /opt/stack/data/venv/lib/python3.12/site-packages/oslo_concurrency/processutils.py:468}}
Apr 29 15:12:44 devstack cinder-volume[84448]: DEBUG oslo_concurrency.processutils [req-011730a5-2f31-41e5-a509-f815bd2f41e7 req-3070cdff-4046-403c-b571-95fed6c12c84 tempest-VolumesSnapshotsTestJSON-885180718 None] Running cmd (subprocess): sudo cinder-rootwrap /etc/cinder/rootwrap.conf qemu-img create -f qcow2 -o backing_file=/opt/stack/data/cinder/mnt/1995038d8335bcc65ed240f93b806ab3/volume-eae92c75-d4bc-4e26-863f-a2fe40892b63,backing_fmt=qcow2 /opt/stack/data/cinder/mnt/1995038d8335bcc65ed240f93b806ab3/volume-eae92c75-d4bc-4e26-863f-a2fe40892b63.d81f6844-b7fd-44f5-8928-70c4fc1d5961 1G {{(pid=84448) execute /opt/stack/data/venv/lib/python3.12/site-packages/oslo_concurrency/processutils.py:440}}
Apr 29 15:12:44 devstack sudo[93595]: quobyte : PWD=/ ; USER=root ; COMMAND=/opt/stack/data/venv/bin/cinder-rootwrap /etc/cinder/rootwrap.conf qemu-img create -f qcow2 -o backing_file=/opt/stack/data/cinder/mnt/1995038d8335bcc65ed240f93b806ab3/volume-eae92c75-d4bc-4e26-863f-a2fe40892b63,backing_fmt=qcow2 /opt/stack/data/cinder/mnt/1995038d8335bcc65ed240f93b806ab3/volume-eae92c75-d4bc-4e26-863f-a2fe40892b63.d81f6844-b7fd-44f5-8928-70c4fc1d5961 1G
Apr 29 15:12:44 devstack sudo[93595]: pam_unix(sudo:session): session opened for user root(uid=0) by (uid=1000)
Apr 29 15:12:45 devstack sudo[93595]: pam_unix(sudo:session): session closed for user root
Apr 29 15:12:45 devstack cinder-volume[84448]: DEBUG oslo_concurrency.processutils [req-011730a5-2f31-41e5-a509-f815bd2f41e7 req-3070cdff-4046-403c-b571-95fed6c12c84 tempest-VolumesSnapshotsTestJSON-885180718 None] CMD "sudo cinder-rootwrap /etc/cinder/rootwrap.conf qemu-img create -f qcow2 -o backing_file=/opt/stack/data/cinder/mnt/1995038d8335bcc65ed240f93b806ab3/volume-eae92c75-d4bc-4e26-863f-a2fe40892b63,backing_fmt=qcow2 /opt/stack/data/cinder/mnt/1995038d8335bcc65ed240f93b806ab3/volume-eae92c75-d4bc-4e26-863f-a2fe40892b63.d81f6844-b7fd-44f5-8928-70c4fc1d5961 1G" returned: 0 in 0.750s {{(pid=84448) execute /opt/stack/data/venv/lib/python3.12/site-packages/oslo_concurrency/processutils.py:468}}
Apr 29 15:12:45 devstack cinder-volume[84448]: DEBUG oslo_concurrency.processutils [req-011730a5-2f31-41e5-a509-f815bd2f41e7 req-3070cdff-4046-403c-b571-95fed6c12c84 tempest-VolumesSnapshotsTestJSON-885180718 None] Running cmd (subprocess): sudo cinder-rootwrap /etc/cinder/rootwrap.conf qemu-img rebase -u -b volume-eae92c75-d4bc-4e26-863f-a2fe40892b63 -F qcow2 /opt/stack/data/cinder/mnt/1995038d8335bcc65ed240f93b806ab3/volume-eae92c75-d4bc-4e26-863f-a2fe40892b63.d81f6844-b7fd-44f5-8928-70c4fc1d5961 {{(pid=84448) execute /opt/stack/data/venv/lib/python3.12/site-packages/oslo_concurrency/processutils.py:440}}
Apr 29 15:12:45 devstack sudo[93600]: quobyte : PWD=/ ; USER=root ; COMMAND=/opt/stack/data/venv/bin/cinder-rootwrap /etc/cinder/rootwrap.conf qemu-img rebase -u -b volume-eae92c75-d4bc-4e26-863f-a2fe40892b63 -F qcow2 /opt/stack/data/cinder/mnt/1995038d8335bcc65ed240f93b806ab3/volume-eae92c75-d4bc-4e26-863f-a2fe40892b63.d81f6844-b7fd-44f5-8928-70c4fc1d5961
Apr 29 15:12:45 devstack sudo[93600]: pam_unix(sudo:session): session opened for user root(uid=0) by (uid=1000)
Apr 29 15:12:46 devstack sudo[93600]: pam_unix(sudo:session): session closed for user root
Apr 29 15:12:46 devstack cinder-volume[84448]: DEBUG oslo_concurrency.processutils [req-011730a5-2f31-41e5-a509-f815bd2f41e7 req-3070cdff-4046-403c-b571-95fed6c12c84 tempest-VolumesSnapshotsTestJSON-885180718 None] CMD "sudo cinder-rootwrap /etc/cinder/rootwrap.conf qemu-img rebase -u -b volume-eae92c75-d4bc-4e26-863f-a2fe40892b63 -F qcow2 /opt/stack/data/cinder/mnt/1995038d8335bcc65ed240f93b806ab3/volume-eae92c75-d4bc-4e26-863f-a2fe40892b63.d81f6844-b7fd-44f5-8928-70c4fc1d5961" returned: 0 in 0.818s {{(pid=84448) execute /opt/stack/data/venv/lib/python3.12/site-packages/oslo_concurrency/processutils.py:468}}
Apr 29 15:12:46 devstack cinder-volume[84448]: WARNING cinder.volume.drivers.remotefs [req-011730a5-2f31-41e5-a509-f815bd2f41e7 req-3070cdff-4046-403c-b571-95fed6c12c84 tempest-VolumesSnapshotsTestJSON-885180718 None] /opt/stack/data/cinder/mnt/1995038d8335bcc65ed240f93b806ab3/volume-eae92c75-d4bc-4e26-863f-a2fe40892b63.d81f6844-b7fd-44f5-8928-70c4fc1d5961 is being set with open permissions: ugo+rw
Apr 29 15:12:46 devstack cinder-volume[84448]: DEBUG oslo_concurrency.processutils [req-011730a5-2f31-41e5-a509-f815bd2f41e7 req-3070cdff-4046-403c-b571-95fed6c12c84 tempest-VolumesSnapshotsTestJSON-885180718 None] Running cmd (subprocess): sudo cinder-rootwrap /etc/cinder/rootwrap.conf chmod ugo+rw /opt/stack/data/cinder/mnt/1995038d8335bcc65ed240f93b806ab3/volume-eae92c75-d4bc-4e26-863f-a2fe40892b63.d81f6844-b7fd-44f5-8928-70c4fc1d5961 {{(pid=84448) execute /opt/stack/data/venv/lib/python3.12/site-packages/oslo_concurrency/processutils.py:440}}
Apr 29 15:12:46 devstack sudo[93631]: quobyte : PWD=/ ; USER=root ; COMMAND=/opt/stack/data/venv/bin/cinder-rootwrap /etc/cinder/rootwrap.conf chmod ugo+rw /opt/stack/data/cinder/mnt/1995038d8335bcc65ed240f93b806ab3/volume-eae92c75-d4bc-4e26-863f-a2fe40892b63.d81f6844-b7fd-44f5-8928-70c4fc1d5961
Apr 29 15:12:46 devstack sudo[93631]: pam_unix(sudo:session): session opened for user root(uid=0) by (uid=1000)
Apr 29 15:12:47 devstack sudo[93631]: pam_unix(sudo:session): session closed for user root
Apr 29 15:12:47 devstack cinder-volume[84448]: DEBUG oslo_concurrency.processutils [req-011730a5-2f31-41e5-a509-f815bd2f41e7 req-3070cdff-4046-403c-b571-95fed6c12c84 tempest-VolumesSnapshotsTestJSON-885180718 None] CMD "sudo cinder-rootwrap /etc/cinder/rootwrap.conf chmod ugo+rw /opt/stack/data/cinder/mnt/1995038d8335bcc65ed240f93b806ab3/volume-eae92c75-d4bc-4e26-863f-a2fe40892b63.d81f6844-b7fd-44f5-8928-70c4fc1d5961" returned: 0 in 0.811s {{(pid=84448) execute /opt/stack/data/venv/lib/python3.12/site-packages/oslo_concurrency/processutils.py:468}}
Apr 29 15:12:47 devstack cinder-volume[84448]: DEBUG oslo_concurrency.processutils [req-011730a5-2f31-41e5-a509-f815bd2f41e7 req-3070cdff-4046-403c-b571-95fed6c12c84 tempest-VolumesSnapshotsTestJSON-885180718 None] Running cmd (subprocess): sudo cinder-rootwrap /etc/cinder/rootwrap.conf truncate -s0 /opt/stack/data/cinder/mnt/1995038d8335bcc65ed240f93b806ab3/volume-eae92c75-d4bc-4e26-863f-a2fe40892b63.info {{(pid=84448) execute /opt/stack/data/venv/lib/python3.12/site-packages/oslo_concurrency/processutils.py:440}}
Apr 29 15:12:47 devstack sudo[93644]: quobyte : PWD=/ ; USER=root ; COMMAND=/opt/stack/data/venv/bin/cinder-rootwrap /etc/cinder/rootwrap.conf truncate -s0 /opt/stack/data/cinder/mnt/1995038d8335bcc65ed240f93b806ab3/volume-eae92c75-d4bc-4e26-863f-a2fe40892b63.info
Apr 29 15:12:47 devstack sudo[93644]: pam_unix(sudo:session): session opened for user root(uid=0) by (uid=1000)
Apr 29 15:12:47 devstack cinder-volume[84448]: DEBUG oslo_concurrency.lockutils [req-bd04c8a5-81cc-44a9-8be2-2c03890895a2 req-d686c13c-5c64-4c21-9c82-4dd91baf638b tempest-ServerActionsTestOtherB-242761823 None] Acquiring lock "quobyte" by "cinder.volume.drivers.quobyte.QuobyteDriver.initialize_connection" {{(pid=84448) inner /opt/stack/data/venv/lib/python3.12/site-packages/oslo_concurrency/lockutils.py:506}}
Apr 29 15:12:48 devstack sudo[93644]: pam_unix(sudo:session): session closed for user root
Apr 29 15:12:48 devstack cinder-volume[84448]: DEBUG oslo_concurrency.processutils [req-011730a5-2f31-41e5-a509-f815bd2f41e7 req-3070cdff-4046-403c-b571-95fed6c12c84 tempest-VolumesSnapshotsTestJSON-885180718 None] CMD "sudo cinder-rootwrap /etc/cinder/rootwrap.conf truncate -s0 /opt/stack/data/cinder/mnt/1995038d8335bcc65ed240f93b806ab3/volume-eae92c75-d4bc-4e26-863f-a2fe40892b63.info" returned: 0 in 0.827s {{(pid=84448) execute /opt/stack/data/venv/lib/python3.12/site-packages/oslo_concurrency/processutils.py:468}}
Apr 29 15:12:48 devstack cinder-volume[84448]: WARNING cinder.volume.drivers.remotefs [req-011730a5-2f31-41e5-a509-f815bd2f41e7 req-3070cdff-4046-403c-b571-95fed6c12c84 tempest-VolumesSnapshotsTestJSON-885180718 None] /opt/stack/data/cinder/mnt/1995038d8335bcc65ed240f93b806ab3/volume-eae92c75-d4bc-4e26-863f-a2fe40892b63.info is being set with open permissions: ugo+rw
Apr 29 15:12:48 devstack cinder-volume[84448]: DEBUG oslo_concurrency.processutils [req-011730a5-2f31-41e5-a509-f815bd2f41e7 req-3070cdff-4046-403c-b571-95fed6c12c84 tempest-VolumesSnapshotsTestJSON-885180718 None] Running cmd (subprocess): sudo cinder-rootwrap /etc/cinder/rootwrap.conf chmod ugo+rw /opt/stack/data/cinder/mnt/1995038d8335bcc65ed240f93b806ab3/volume-eae92c75-d4bc-4e26-863f-a2fe40892b63.info {{(pid=84448) execute /opt/stack/data/venv/lib/python3.12/site-packages/oslo_concurrency/processutils.py:440}}
Apr 29 15:12:48 devstack sudo[93658]: quobyte : PWD=/ ; USER=root ; COMMAND=/opt/stack/data/venv/bin/cinder-rootwrap /etc/cinder/rootwrap.conf chmod ugo+rw /opt/stack/data/cinder/mnt/1995038d8335bcc65ed240f93b806ab3/volume-eae92c75-d4bc-4e26-863f-a2fe40892b63.info
Apr 29 15:12:48 devstack sudo[93658]: pam_unix(sudo:session): session opened for user root(uid=0) by (uid=1000)
Apr 29 15:12:48 devstack sudo[93658]: pam_unix(sudo:session): session closed for user root
Apr 29 15:12:48 devstack cinder-volume[84448]: DEBUG oslo_concurrency.processutils [req-011730a5-2f31-41e5-a509-f815bd2f41e7 req-3070cdff-4046-403c-b571-95fed6c12c84 tempest-VolumesSnapshotsTestJSON-885180718 None] CMD "sudo cinder-rootwrap /etc/cinder/rootwrap.conf chmod ugo+rw /opt/stack/data/cinder/mnt/1995038d8335bcc65ed240f93b806ab3/volume-eae92c75-d4bc-4e26-863f-a2fe40892b63.info" returned: 0 in 0.673s {{(pid=84448) execute /opt/stack/data/venv/lib/python3.12/site-packages/oslo_concurrency/processutils.py:468}}
Apr 29 15:12:48 devstack cinder-volume[84448]: DEBUG oslo_concurrency.lockutils [req-011730a5-2f31-41e5-a509-f815bd2f41e7 req-3070cdff-4046-403c-b571-95fed6c12c84 tempest-VolumesSnapshotsTestJSON-885180718 None] Lock "quobyte" "released" by "cinder.volume.drivers.quobyte.QuobyteDriver.create_snapshot" :: held 4.739s {{(pid=84448) inner /opt/stack/data/venv/lib/python3.12/site-packages/oslo_concurrency/lockutils.py:538}}
Apr 29 15:12:48 devstack cinder-volume[84448]: DEBUG oslo_concurrency.lockutils [req-bd04c8a5-81cc-44a9-8be2-2c03890895a2 req-d686c13c-5c64-4c21-9c82-4dd91baf638b tempest-ServerActionsTestOtherB-242761823 None] Lock "quobyte" acquired by "cinder.volume.drivers.quobyte.QuobyteDriver.initialize_connection" :: waited 1.046s {{(pid=84448) inner /opt/stack/data/venv/lib/python3.12/site-packages/oslo_concurrency/lockutils.py:519}}
Apr 29 15:12:48 devstack cinder-volume[84448]: DEBUG oslo.privsep.daemon [-] privsep: reply[f39a977f-e60d-4837-94f2-f99b13f29e30]: (4, 'qcow2') {{(pid=84914) _call_back /opt/stack/data/venv/lib/python3.12/site-packages/oslo_privsep/daemon.py:573}}
Apr 29 15:12:48 devstack cinder-volume[84448]: DEBUG oslo_concurrency.processutils [req-bd04c8a5-81cc-44a9-8be2-2c03890895a2 req-d686c13c-5c64-4c21-9c82-4dd91baf638b tempest-ServerActionsTestOtherB-242761823 None] Running cmd (subprocess): /opt/stack/data/venv/bin/python3.12 -m oslo_concurrency.prlimit --as=1073741824 --cpu=60 -- sudo cinder-rootwrap /etc/cinder/rootwrap.conf env LC_ALL=C qemu-img info -f qcow2 --output=json --force-share /opt/stack/data/cinder/mnt/1995038d8335bcc65ed240f93b806ab3/volume-2dec142d-c8b2-4d90-aab1-d8cd5b0b5ed3 {{(pid=84448) execute /opt/stack/data/venv/lib/python3.12/site-packages/oslo_concurrency/processutils.py:440}}
Apr 29 15:12:48 devstack cinder-volume[84448]: INFO cinder.volume.manager [req-011730a5-2f31-41e5-a509-f815bd2f41e7 req-3070cdff-4046-403c-b571-95fed6c12c84 tempest-VolumesSnapshotsTestJSON-885180718 None] Create snapshot completed successfully
Apr 29 15:12:48 devstack sudo[93662]: quobyte : PWD=/ ; USER=root ; COMMAND=/opt/stack/data/venv/bin/cinder-rootwrap /etc/cinder/rootwrap.conf env LC_ALL=C qemu-img info -f qcow2 --output=json --force-share /opt/stack/data/cinder/mnt/1995038d8335bcc65ed240f93b806ab3/volume-2dec142d-c8b2-4d90-aab1-d8cd5b0b5ed3
Apr 29 15:12:48 devstack sudo[93662]: pam_unix(sudo:session): session opened for user root(uid=0) by (uid=1000)
Apr 29 15:12:49 devstack cinder-volume[84448]: DEBUG cinder.coordination [req-2fa84680-d847-4cb9-853a-70887bd3d16b req-19634987-7b5a-4ccd-ab88-c804d137bf59 tempest-VolumesSnapshotsTestJSON-885180718 None] Acquiring lock "cinder-d81f6844-b7fd-44f5-8928-70c4fc1d5961-delete_snapshot" by "delete_snapshot" {{(pid=84448) __acquire /opt/stack/cinder/cinder/coordination.py:138}}
Apr 29 15:12:49 devstack cinder-volume[84448]: DEBUG cinder.coordination [req-2fa84680-d847-4cb9-853a-70887bd3d16b req-19634987-7b5a-4ccd-ab88-c804d137bf59 tempest-VolumesSnapshotsTestJSON-885180718 None] Lock "cinder-d81f6844-b7fd-44f5-8928-70c4fc1d5961-delete_snapshot" acquired by "delete_snapshot" :: waited 0.023s {{(pid=84448) __acquire /opt/stack/cinder/cinder/coordination.py:141}}
Apr 29 15:12:49 devstack cinder-volume[84448]: DEBUG cinder.coordination [req-2fa84680-d847-4cb9-853a-70887bd3d16b req-19634987-7b5a-4ccd-ab88-c804d137bf59 tempest-VolumesSnapshotsTestJSON-885180718 None] Acquiring lock "cinder-quobyte-eae92c75-d4bc-4e26-863f-a2fe40892b63" by "delete_snapshot" {{(pid=84448) __acquire /opt/stack/cinder/cinder/coordination.py:138}}
Apr 29 15:12:49 devstack cinder-volume[84448]: DEBUG cinder.coordination [req-2fa84680-d847-4cb9-853a-70887bd3d16b req-19634987-7b5a-4ccd-ab88-c804d137bf59 tempest-VolumesSnapshotsTestJSON-885180718 None] Lock "cinder-quobyte-eae92c75-d4bc-4e26-863f-a2fe40892b63" acquired by "delete_snapshot" :: waited 0.017s {{(pid=84448) __acquire /opt/stack/cinder/cinder/coordination.py:141}}
Apr 29 15:12:49 devstack cinder-volume[84448]: DEBUG cinder.coordination [req-2fa84680-d847-4cb9-853a-70887bd3d16b req-19634987-7b5a-4ccd-ab88-c804d137bf59 tempest-VolumesSnapshotsTestJSON-885180718 None] Acquiring lock "cinder-quobyte-d81f6844-b7fd-44f5-8928-70c4fc1d5961" by "_delete_snapshot" {{(pid=84448) __acquire /opt/stack/cinder/cinder/coordination.py:138}}
Apr 29 15:12:49 devstack cinder-volume[84448]: DEBUG cinder.coordination [req-2fa84680-d847-4cb9-853a-70887bd3d16b req-19634987-7b5a-4ccd-ab88-c804d137bf59 tempest-VolumesSnapshotsTestJSON-885180718 None] Lock "cinder-quobyte-d81f6844-b7fd-44f5-8928-70c4fc1d5961" acquired by "_delete_snapshot" :: waited 0.016s {{(pid=84448) __acquire /opt/stack/cinder/cinder/coordination.py:141}}
Apr 29 15:12:49 devstack cinder-volume[84448]: DEBUG cinder.volume.drivers.remotefs [req-2fa84680-d847-4cb9-853a-70887bd3d16b req-19634987-7b5a-4ccd-ab88-c804d137bf59 tempest-VolumesSnapshotsTestJSON-885180718 None] Deleting offline snapshot d81f6844-b7fd-44f5-8928-70c4fc1d5961 of volume eae92c75-d4bc-4e26-863f-a2fe40892b63 {{(pid=84448) _delete_snapshot /opt/stack/cinder/cinder/volume/drivers/remotefs.py:1288}}
Apr 29 15:12:49 devstack cinder-volume[84448]: DEBUG cinder.volume.drivers.remotefs [req-2fa84680-d847-4cb9-853a-70887bd3d16b req-19634987-7b5a-4ccd-ab88-c804d137bf59 tempest-VolumesSnapshotsTestJSON-885180718 None] snapshot_file for this snap is: volume-eae92c75-d4bc-4e26-863f-a2fe40892b63.d81f6844-b7fd-44f5-8928-70c4fc1d5961 {{(pid=84448) _delete_snapshot /opt/stack/cinder/cinder/volume/drivers/remotefs.py:1317}}
Apr 29 15:12:49 devstack cinder-volume[84448]: DEBUG oslo.privsep.daemon [-] privsep: reply[a3d4b7bd-f429-4c79-b9e1-9eaae8df28a7]: (4, 'qcow2') {{(pid=84914) _call_back /opt/stack/data/venv/lib/python3.12/site-packages/oslo_privsep/daemon.py:573}}
Apr 29 15:12:49 devstack cinder-volume[84448]: DEBUG oslo_concurrency.processutils [req-2fa84680-d847-4cb9-853a-70887bd3d16b req-19634987-7b5a-4ccd-ab88-c804d137bf59 tempest-VolumesSnapshotsTestJSON-885180718 None] Running cmd (subprocess): /opt/stack/data/venv/bin/python3.12 -m oslo_concurrency.prlimit --as=1073741824 --cpu=60 -- sudo cinder-rootwrap /etc/cinder/rootwrap.conf env LC_ALL=C qemu-img info -f qcow2 --output=json --force-share /opt/stack/data/cinder/mnt/1995038d8335bcc65ed240f93b806ab3/volume-eae92c75-d4bc-4e26-863f-a2fe40892b63.d81f6844-b7fd-44f5-8928-70c4fc1d5961 {{(pid=84448) execute /opt/stack/data/venv/lib/python3.12/site-packages/oslo_concurrency/processutils.py:440}}
Apr 29 15:12:49 devstack sudo[93664]: quobyte : PWD=/ ; USER=root ; COMMAND=/opt/stack/data/venv/bin/cinder-rootwrap /etc/cinder/rootwrap.conf env LC_ALL=C qemu-img info -f qcow2 --output=json --force-share /opt/stack/data/cinder/mnt/1995038d8335bcc65ed240f93b806ab3/volume-eae92c75-d4bc-4e26-863f-a2fe40892b63.d81f6844-b7fd-44f5-8928-70c4fc1d5961
Apr 29 15:12:49 devstack sudo[93664]: pam_unix(sudo:session): session opened for user root(uid=0) by (uid=1000)
Apr 29 15:12:49 devstack sudo[93662]: pam_unix(sudo:session): session closed for user root
Apr 29 15:12:49 devstack cinder-volume[84448]: DEBUG oslo_concurrency.processutils [req-bd04c8a5-81cc-44a9-8be2-2c03890895a2 req-d686c13c-5c64-4c21-9c82-4dd91baf638b tempest-ServerActionsTestOtherB-242761823 None] CMD "/opt/stack/data/venv/bin/python3.12 -m oslo_concurrency.prlimit --as=1073741824 --cpu=60 -- sudo cinder-rootwrap /etc/cinder/rootwrap.conf env LC_ALL=C qemu-img info -f qcow2 --output=json --force-share /opt/stack/data/cinder/mnt/1995038d8335bcc65ed240f93b806ab3/volume-2dec142d-c8b2-4d90-aab1-d8cd5b0b5ed3" returned: 0 in 0.719s {{(pid=84448) execute /opt/stack/data/venv/lib/python3.12/site-packages/oslo_concurrency/processutils.py:468}}
Apr 29 15:12:49 devstack cinder-volume[84448]: DEBUG oslo_concurrency.lockutils [req-bd04c8a5-81cc-44a9-8be2-2c03890895a2 req-d686c13c-5c64-4c21-9c82-4dd91baf638b tempest-ServerActionsTestOtherB-242761823 None] Lock "quobyte" "released" by "cinder.volume.drivers.quobyte.QuobyteDriver.initialize_connection" :: held 0.740s {{(pid=84448) inner /opt/stack/data/venv/lib/python3.12/site-packages/oslo_concurrency/lockutils.py:538}}
Apr 29 15:12:49 devstack cinder-volume[84448]: DEBUG cinder.volume.manager [req-bd04c8a5-81cc-44a9-8be2-2c03890895a2 req-d686c13c-5c64-4c21-9c82-4dd91baf638b tempest-ServerActionsTestOtherB-242761823 None] Connection info returned from driver {'export': 'osci02.corp.quobyte.com/cinder-vol-ef2edf86-99cd-47e9-841f-2a4c943fce7a', 'name': 'volume-2dec142d-c8b2-4d90-aab1-d8cd5b0b5ed3', 'options': None, 'format': 'qcow2', 'qos_specs': None, 'access_mode': 'rw', 'encrypted': False, 'cacheable': False, 'driver_volume_type': 'quobyte', 'mount_point_base': '/opt/stack/data/cinder/mnt', 'attachment_id': '76b0fd04-4b8c-4b71-9b4c-65c3cd3b1aea', 'enforce_multipath': True} {{(pid=84448) _connection_create /opt/stack/cinder/cinder/volume/manager.py:4924}}
Apr 29 15:12:49 devstack cinder-volume[84448]: INFO cinder.volume.manager [req-bd04c8a5-81cc-44a9-8be2-2c03890895a2 req-d686c13c-5c64-4c21-9c82-4dd91baf638b tempest-ServerActionsTestOtherB-242761823 None] attachment_update completed successfully.
Apr 29 15:12:50 devstack sudo[93664]: pam_unix(sudo:session): session closed for user root
Apr 29 15:12:50 devstack cinder-volume[84448]: DEBUG oslo_concurrency.processutils [req-2fa84680-d847-4cb9-853a-70887bd3d16b req-19634987-7b5a-4ccd-ab88-c804d137bf59 tempest-VolumesSnapshotsTestJSON-885180718 None] CMD "/opt/stack/data/venv/bin/python3.12 -m oslo_concurrency.prlimit --as=1073741824 --cpu=60 -- sudo cinder-rootwrap /etc/cinder/rootwrap.conf env LC_ALL=C qemu-img info -f qcow2 --output=json --force-share /opt/stack/data/cinder/mnt/1995038d8335bcc65ed240f93b806ab3/volume-eae92c75-d4bc-4e26-863f-a2fe40892b63.d81f6844-b7fd-44f5-8928-70c4fc1d5961" returned: 0 in 0.794s {{(pid=84448) execute /opt/stack/data/venv/lib/python3.12/site-packages/oslo_concurrency/processutils.py:468}}
Apr 29 15:12:50 devstack cinder-volume[84448]: DEBUG cinder.volume.drivers.remotefs [req-2fa84680-d847-4cb9-853a-70887bd3d16b req-19634987-7b5a-4ccd-ab88-c804d137bf59 tempest-VolumesSnapshotsTestJSON-885180718 None] Fetching qemu-img info with special backing_file_template: (/opt/stack/data/cinder/mnt/[0-9a-f]+/)?(volume-eae92c75-d4bc-4e26-863f-a2fe40892b63(.(tmp-snap-)?[0-9a-f-]+)?|volume_from_snapshot_cache/(tmp-snap-)?[0-9a-f-]+(.(child-|parent-)[0-9a-f-]+)?)$ {{(pid=84448) _qemu_img_info_base /opt/stack/cinder/cinder/volume/drivers/remotefs.py:896}}
Apr 29 15:12:50 devstack cinder-volume[84448]: DEBUG oslo.privsep.daemon [-] privsep: reply[f49776e6-ac18-417f-af04-a006486f1449]: (4, 'qcow2') {{(pid=84914) _call_back /opt/stack/data/venv/lib/python3.12/site-packages/oslo_privsep/daemon.py:573}}
Apr 29 15:12:50 devstack cinder-volume[84448]: DEBUG oslo_concurrency.processutils [req-2fa84680-d847-4cb9-853a-70887bd3d16b req-19634987-7b5a-4ccd-ab88-c804d137bf59 tempest-VolumesSnapshotsTestJSON-885180718 None] Running cmd (subprocess): /opt/stack/data/venv/bin/python3.12 -m oslo_concurrency.prlimit --as=1073741824 --cpu=60 -- sudo cinder-rootwrap /etc/cinder/rootwrap.conf env LC_ALL=C qemu-img info -f qcow2 --output=json --force-share /opt/stack/data/cinder/mnt/1995038d8335bcc65ed240f93b806ab3/volume-eae92c75-d4bc-4e26-863f-a2fe40892b63 {{(pid=84448) execute /opt/stack/data/venv/lib/python3.12/site-packages/oslo_concurrency/processutils.py:440}}
Apr 29 15:12:50 devstack sudo[93672]: quobyte : PWD=/ ; USER=root ; COMMAND=/opt/stack/data/venv/bin/cinder-rootwrap /etc/cinder/rootwrap.conf env LC_ALL=C qemu-img info -f qcow2 --output=json --force-share /opt/stack/data/cinder/mnt/1995038d8335bcc65ed240f93b806ab3/volume-eae92c75-d4bc-4e26-863f-a2fe40892b63
Apr 29 15:12:50 devstack sudo[93672]: pam_unix(sudo:session): session opened for user root(uid=0) by (uid=1000)
Apr 29 15:12:50 devstack cinder-volume[84448]: INFO cinder.volume.manager [req-30875697-7fca-47e4-b73e-ace2363175e5 req-6a649035-7baf-403a-bb84-7523b5653672 tempest-ServerStableDeviceRescueTest-87139885 None] Terminate volume connection completed successfully.
Apr 29 15:12:50 devstack cinder-volume[84448]: DEBUG cinder.volume.manager [req-30875697-7fca-47e4-b73e-ace2363175e5 req-6a649035-7baf-403a-bb84-7523b5653672 tempest-ServerStableDeviceRescueTest-87139885 None] Deleting attachment 813d0231-4d6d-4dce-9c59-a51331d651f5. {{(pid=84448) attachment_delete /opt/stack/cinder/cinder/volume/manager.py:5055}}
Apr 29 15:12:50 devstack sudo[93672]: pam_unix(sudo:session): session closed for user root
Apr 29 15:12:50 devstack cinder-volume[84448]: DEBUG oslo_concurrency.processutils [req-2fa84680-d847-4cb9-853a-70887bd3d16b req-19634987-7b5a-4ccd-ab88-c804d137bf59 tempest-VolumesSnapshotsTestJSON-885180718 None] CMD "/opt/stack/data/venv/bin/python3.12 -m oslo_concurrency.prlimit --as=1073741824 --cpu=60 -- sudo cinder-rootwrap /etc/cinder/rootwrap.conf env LC_ALL=C qemu-img info -f qcow2 --output=json --force-share /opt/stack/data/cinder/mnt/1995038d8335bcc65ed240f93b806ab3/volume-eae92c75-d4bc-4e26-863f-a2fe40892b63" returned: 0 in 0.781s {{(pid=84448) execute /opt/stack/data/venv/lib/python3.12/site-packages/oslo_concurrency/processutils.py:468}}
Apr 29 15:12:50 devstack cinder-volume[84448]: DEBUG oslo_concurrency.processutils [req-2fa84680-d847-4cb9-853a-70887bd3d16b req-19634987-7b5a-4ccd-ab88-c804d137bf59 tempest-VolumesSnapshotsTestJSON-885180718 None] Running cmd (subprocess): sudo cinder-rootwrap /etc/cinder/rootwrap.conf qemu-img commit -d /opt/stack/data/cinder/mnt/1995038d8335bcc65ed240f93b806ab3/volume-eae92c75-d4bc-4e26-863f-a2fe40892b63.d81f6844-b7fd-44f5-8928-70c4fc1d5961 {{(pid=84448) execute /opt/stack/data/venv/lib/python3.12/site-packages/oslo_concurrency/processutils.py:440}}
Apr 29 15:12:50 devstack sudo[93685]: quobyte : PWD=/ ; USER=root ; COMMAND=/opt/stack/data/venv/bin/cinder-rootwrap /etc/cinder/rootwrap.conf qemu-img commit -d /opt/stack/data/cinder/mnt/1995038d8335bcc65ed240f93b806ab3/volume-eae92c75-d4bc-4e26-863f-a2fe40892b63.d81f6844-b7fd-44f5-8928-70c4fc1d5961
Apr 29 15:12:50 devstack sudo[93685]: pam_unix(sudo:session): session opened for user root(uid=0) by (uid=1000)
Apr 29 15:12:51 devstack sudo[93685]: pam_unix(sudo:session): session closed for user root
Apr 29 15:12:51 devstack cinder-volume[84448]: DEBUG oslo_concurrency.processutils [req-2fa84680-d847-4cb9-853a-70887bd3d16b req-19634987-7b5a-4ccd-ab88-c804d137bf59 tempest-VolumesSnapshotsTestJSON-885180718 None] CMD "sudo cinder-rootwrap /etc/cinder/rootwrap.conf qemu-img commit -d /opt/stack/data/cinder/mnt/1995038d8335bcc65ed240f93b806ab3/volume-eae92c75-d4bc-4e26-863f-a2fe40892b63.d81f6844-b7fd-44f5-8928-70c4fc1d5961" returned: 0 in 0.716s {{(pid=84448) execute /opt/stack/data/venv/lib/python3.12/site-packages/oslo_concurrency/processutils.py:468}}
Apr 29 15:12:51 devstack cinder-volume[84448]: DEBUG oslo_concurrency.processutils [req-2fa84680-d847-4cb9-853a-70887bd3d16b req-19634987-7b5a-4ccd-ab88-c804d137bf59 tempest-VolumesSnapshotsTestJSON-885180718 None] Running cmd (subprocess): sudo cinder-rootwrap /etc/cinder/rootwrap.conf rm -f /opt/stack/data/cinder/mnt/1995038d8335bcc65ed240f93b806ab3/volume-eae92c75-d4bc-4e26-863f-a2fe40892b63.d81f6844-b7fd-44f5-8928-70c4fc1d5961 {{(pid=84448) execute /opt/stack/data/venv/lib/python3.12/site-packages/oslo_concurrency/processutils.py:440}}
Apr 29 15:12:51 devstack sudo[93690]: quobyte : PWD=/ ; USER=root ; COMMAND=/opt/stack/data/venv/bin/cinder-rootwrap /etc/cinder/rootwrap.conf rm -f /opt/stack/data/cinder/mnt/1995038d8335bcc65ed240f93b806ab3/volume-eae92c75-d4bc-4e26-863f-a2fe40892b63.d81f6844-b7fd-44f5-8928-70c4fc1d5961
Apr 29 15:12:51 devstack sudo[93690]: pam_unix(sudo:session): session opened for user root(uid=0) by (uid=1000)
Apr 29 15:12:52 devstack sudo[93690]: pam_unix(sudo:session): session closed for user root
Apr 29 15:12:52 devstack cinder-volume[84448]: DEBUG oslo_concurrency.processutils [req-2fa84680-d847-4cb9-853a-70887bd3d16b req-19634987-7b5a-4ccd-ab88-c804d137bf59 tempest-VolumesSnapshotsTestJSON-885180718 None] CMD "sudo cinder-rootwrap /etc/cinder/rootwrap.conf rm -f /opt/stack/data/cinder/mnt/1995038d8335bcc65ed240f93b806ab3/volume-eae92c75-d4bc-4e26-863f-a2fe40892b63.d81f6844-b7fd-44f5-8928-70c4fc1d5961" returned: 0 in 0.613s {{(pid=84448) execute /opt/stack/data/venv/lib/python3.12/site-packages/oslo_concurrency/processutils.py:468}}
Apr 29 15:12:52 devstack cinder-volume[84448]: DEBUG cinder.coordination [req-2fa84680-d847-4cb9-853a-70887bd3d16b req-19634987-7b5a-4ccd-ab88-c804d137bf59 tempest-VolumesSnapshotsTestJSON-885180718 None] Lock "cinder-quobyte-d81f6844-b7fd-44f5-8928-70c4fc1d5961" released by "_delete_snapshot" :: held 3.021s {{(pid=84448) __release /opt/stack/cinder/cinder/coordination.py:152}}
Apr 29 15:12:52 devstack cinder-volume[84448]: DEBUG cinder.coordination [req-2fa84680-d847-4cb9-853a-70887bd3d16b req-19634987-7b5a-4ccd-ab88-c804d137bf59 tempest-VolumesSnapshotsTestJSON-885180718 None] Lock "cinder-quobyte-eae92c75-d4bc-4e26-863f-a2fe40892b63" released by "delete_snapshot" :: held 3.047s {{(pid=84448) __release /opt/stack/cinder/cinder/coordination.py:152}}
Apr 29 15:12:52 devstack cinder-volume[84448]: WARNING cinder.quota [req-2fa84680-d847-4cb9-853a-70887bd3d16b req-19634987-7b5a-4ccd-ab88-c804d137bf59 tempest-VolumesSnapshotsTestJSON-885180718 None] Deprecated: Default quota for resource: snapshots_QuobyteHD is set by the default quota flag: quota_snapshots_QuobyteHD, it is now deprecated. Please use the default quota class for default quota.
Apr 29 15:12:52 devstack cinder-volume[84448]: DEBUG cinder.quota [req-2fa84680-d847-4cb9-853a-70887bd3d16b req-19634987-7b5a-4ccd-ab88-c804d137bf59 tempest-VolumesSnapshotsTestJSON-885180718 None] Created reservations ['c85d0ea6-dc84-45d3-b0f6-dd948d1e9ad1', '596a5d65-6dee-4a37-aede-1ce5d54e770f', '0d6d56a5-d2f1-4a05-9135-11fc1e08a65b', '3389ae70-92ce-4002-84f1-6a4ed4eed912'] {{(pid=84448) reserve /opt/stack/cinder/cinder/quota.py:752}}
Apr 29 15:12:52 devstack cinder-volume[84448]: INFO cinder.volume.manager [req-2fa84680-d847-4cb9-853a-70887bd3d16b req-19634987-7b5a-4ccd-ab88-c804d137bf59 tempest-VolumesSnapshotsTestJSON-885180718 None] Delete snapshot completed successfully.
Apr 29 15:12:52 devstack cinder-volume[84448]: DEBUG cinder.coordination [req-2fa84680-d847-4cb9-853a-70887bd3d16b req-19634987-7b5a-4ccd-ab88-c804d137bf59 tempest-VolumesSnapshotsTestJSON-885180718 None] Lock "cinder-d81f6844-b7fd-44f5-8928-70c4fc1d5961-delete_snapshot" released by "delete_snapshot" :: held 3.284s {{(pid=84448) __release /opt/stack/cinder/cinder/coordination.py:152}}
Apr 29 15:12:52 devstack cinder-volume[84448]: DEBUG cinder.coordination [req-836e3740-8830-4098-821a-c4949ae10056 req-0a31f490-51d3-4c4f-a8ca-52dafcf75923 tempest-VolumesSnapshotsTestJSON-885180718 None] Acquiring lock "cinder-eae92c75-d4bc-4e26-863f-a2fe40892b63-delete_volume" by "delete_volume" {{(pid=84448) __acquire /opt/stack/cinder/cinder/coordination.py:138}}
Apr 29 15:12:52 devstack cinder-volume[84448]: DEBUG cinder.coordination [req-836e3740-8830-4098-821a-c4949ae10056 req-0a31f490-51d3-4c4f-a8ca-52dafcf75923 tempest-VolumesSnapshotsTestJSON-885180718 None] Lock "cinder-eae92c75-d4bc-4e26-863f-a2fe40892b63-delete_volume" acquired by "delete_volume" :: waited 0.032s {{(pid=84448) __acquire /opt/stack/cinder/cinder/coordination.py:141}}
Apr 29 15:12:52 devstack cinder-volume[84448]: DEBUG cinder.coordination [req-836e3740-8830-4098-821a-c4949ae10056 req-0a31f490-51d3-4c4f-a8ca-52dafcf75923 tempest-VolumesSnapshotsTestJSON-885180718 None] Acquiring lock "cinder-quobyte-eae92c75-d4bc-4e26-863f-a2fe40892b63" by "delete_volume" {{(pid=84448) __acquire /opt/stack/cinder/cinder/coordination.py:138}}
Apr 29 15:12:52 devstack cinder-volume[84448]: DEBUG cinder.coordination [req-836e3740-8830-4098-821a-c4949ae10056 req-0a31f490-51d3-4c4f-a8ca-52dafcf75923 tempest-VolumesSnapshotsTestJSON-885180718 None] Lock "cinder-quobyte-eae92c75-d4bc-4e26-863f-a2fe40892b63" acquired by "delete_volume" :: waited 0.017s {{(pid=84448) __acquire /opt/stack/cinder/cinder/coordination.py:141}}
Apr 29 15:12:52 devstack cinder-volume[84448]: DEBUG oslo.privsep.daemon [-] privsep: reply[628bffae-156c-4b11-8e45-29be61a945c9]: (4, 'qcow2') {{(pid=84914) _call_back /opt/stack/data/venv/lib/python3.12/site-packages/oslo_privsep/daemon.py:573}}
Apr 29 15:12:52 devstack cinder-volume[84448]: DEBUG oslo_concurrency.processutils [req-836e3740-8830-4098-821a-c4949ae10056 req-0a31f490-51d3-4c4f-a8ca-52dafcf75923 tempest-VolumesSnapshotsTestJSON-885180718 None] Running cmd (subprocess): /opt/stack/data/venv/bin/python3.12 -m oslo_concurrency.prlimit --as=1073741824 --cpu=60 -- sudo cinder-rootwrap /etc/cinder/rootwrap.conf env LC_ALL=C qemu-img info -f qcow2 --output=json --force-share /opt/stack/data/cinder/mnt/1995038d8335bcc65ed240f93b806ab3/volume-eae92c75-d4bc-4e26-863f-a2fe40892b63 {{(pid=84448) execute /opt/stack/data/venv/lib/python3.12/site-packages/oslo_concurrency/processutils.py:440}}
Apr 29 15:12:52 devstack sudo[93697]: quobyte : PWD=/ ; USER=root ; COMMAND=/opt/stack/data/venv/bin/cinder-rootwrap /etc/cinder/rootwrap.conf env LC_ALL=C qemu-img info -f qcow2 --output=json --force-share /opt/stack/data/cinder/mnt/1995038d8335bcc65ed240f93b806ab3/volume-eae92c75-d4bc-4e26-863f-a2fe40892b63
Apr 29 15:12:52 devstack sudo[93697]: pam_unix(sudo:session): session opened for user root(uid=0) by (uid=1000)
Apr 29 15:12:53 devstack sudo[93697]: pam_unix(sudo:session): session closed for user root
Apr 29 15:12:53 devstack cinder-volume[84448]: DEBUG oslo_concurrency.processutils [req-836e3740-8830-4098-821a-c4949ae10056 req-0a31f490-51d3-4c4f-a8ca-52dafcf75923 tempest-VolumesSnapshotsTestJSON-885180718 None] CMD "/opt/stack/data/venv/bin/python3.12 -m oslo_concurrency.prlimit --as=1073741824 --cpu=60 -- sudo cinder-rootwrap /etc/cinder/rootwrap.conf env LC_ALL=C qemu-img info -f qcow2 --output=json --force-share /opt/stack/data/cinder/mnt/1995038d8335bcc65ed240f93b806ab3/volume-eae92c75-d4bc-4e26-863f-a2fe40892b63" returned: 0 in 0.742s {{(pid=84448) execute /opt/stack/data/venv/lib/python3.12/site-packages/oslo_concurrency/processutils.py:468}}
Apr 29 15:12:53 devstack cinder-volume[84448]: DEBUG oslo_concurrency.processutils [req-836e3740-8830-4098-821a-c4949ae10056 req-0a31f490-51d3-4c4f-a8ca-52dafcf75923 tempest-VolumesSnapshotsTestJSON-885180718 None] Running cmd (subprocess): sudo cinder-rootwrap /etc/cinder/rootwrap.conf rm -f /opt/stack/data/cinder/mnt/1995038d8335bcc65ed240f93b806ab3/volume-eae92c75-d4bc-4e26-863f-a2fe40892b63 {{(pid=84448) execute /opt/stack/data/venv/lib/python3.12/site-packages/oslo_concurrency/processutils.py:440}}
Apr 29 15:12:53 devstack sudo[93709]: quobyte : PWD=/ ; USER=root ; COMMAND=/opt/stack/data/venv/bin/cinder-rootwrap /etc/cinder/rootwrap.conf rm -f /opt/stack/data/cinder/mnt/1995038d8335bcc65ed240f93b806ab3/volume-eae92c75-d4bc-4e26-863f-a2fe40892b63
Apr 29 15:12:53 devstack sudo[93709]: pam_unix(sudo:session): session opened for user root(uid=0) by (uid=1000)
Apr 29 15:12:54 devstack sudo[93709]: pam_unix(sudo:session): session closed for user root
Apr 29 15:12:54 devstack cinder-volume[84448]: DEBUG oslo_concurrency.processutils [req-836e3740-8830-4098-821a-c4949ae10056 req-0a31f490-51d3-4c4f-a8ca-52dafcf75923 tempest-VolumesSnapshotsTestJSON-885180718 None] CMD "sudo cinder-rootwrap /etc/cinder/rootwrap.conf rm -f /opt/stack/data/cinder/mnt/1995038d8335bcc65ed240f93b806ab3/volume-eae92c75-d4bc-4e26-863f-a2fe40892b63" returned: 0 in 1.254s {{(pid=84448) execute /opt/stack/data/venv/lib/python3.12/site-packages/oslo_concurrency/processutils.py:468}}
