Apr 29 15:03:08 devstack devstack@c-api.service[83688]: DEBUG cinder.api.extensions [-] Ext alias: os-extended-services {{(pid=83688) _check_extension /opt/stack/cinder/cinder/api/extensions.py:175}}
Apr 29 15:03:08 devstack devstack@c-api.service[83689]: DEBUG cinder.api.extensions [-] Ext description: QoS specs support. {{(pid=83689) _check_extension /opt/stack/cinder/cinder/api/extensions.py:176}}
Apr 29 15:03:08 devstack devstack@c-api.service[83688]: DEBUG cinder.api.extensions [-] Ext description: Extended services support. {{(pid=83688) _check_extension /opt/stack/cinder/cinder/api/extensions.py:176}}
Apr 29 15:03:08 devstack devstack@c-api.service[83689]: DEBUG cinder.api.extensions [-] Ext updated: 2013-08-02T00:00:00+00:00 {{(pid=83689) _check_extension /opt/stack/cinder/cinder/api/extensions.py:178}}
Apr 29 15:03:08 devstack devstack@c-api.service[83688]: DEBUG cinder.api.extensions [-] Ext updated: 2014-01-10T00:00:00-00:00 {{(pid=83688) _check_extension /opt/stack/cinder/cinder/api/extensions.py:178}}
Apr 29 15:03:08 devstack devstack@c-api.service[83689]: DEBUG cinder.api.extensions [-] Loaded extension: qos-specs {{(pid=83689) register /opt/stack/cinder/cinder/api/extensions.py:135}}
Apr 29 15:03:08 devstack devstack@c-api.service[83688]: DEBUG cinder.api.extensions [-] Loaded extension: os-extended-services {{(pid=83688) register /opt/stack/cinder/cinder/api/extensions.py:135}}
Apr 29 15:03:08 devstack devstack@c-api.service[83689]: DEBUG cinder.api.extensions [-] Loading extension cinder.api.contrib.types_extra_specs.Types_extra_specs {{(pid=83689) load_extension /opt/stack/cinder/cinder/api/extensions.py:194}}
Apr 29 15:03:08 devstack devstack@c-api.service[83688]: DEBUG cinder.api.extensions [-] Loading extension cinder.api.contrib.volume_type_access.Volume_type_access {{(pid=83688) load_extension /opt/stack/cinder/cinder/api/extensions.py:194}}
Apr 29 15:03:08 devstack devstack@c-api.service[83689]: DEBUG cinder.api.extensions [-] Calling extension factory cinder.api.contrib.types_extra_specs.Types_extra_specs {{(pid=83689) load_extension /opt/stack/cinder/cinder/api/extensions.py:200}}
Apr 29 15:03:08 devstack devstack@c-api.service[83689]: DEBUG cinder.api.extensions [-] Ext name: TypesExtraSpecs {{(pid=83689) _check_extension /opt/stack/cinder/cinder/api/extensions.py:174}}
Apr 29 15:03:08 devstack devstack@c-api.service[83688]: DEBUG cinder.api.extensions [-] Calling extension factory cinder.api.contrib.volume_type_access.Volume_type_access {{(pid=83688) load_extension /opt/stack/cinder/cinder/api/extensions.py:200}}
Apr 29 15:03:08 devstack devstack@c-api.service[83689]: DEBUG cinder.api.extensions [-] Ext alias: os-types-extra-specs {{(pid=83689) _check_extension /opt/stack/cinder/cinder/api/extensions.py:175}}
Apr 29 15:03:08 devstack devstack@c-api.service[83689]: DEBUG cinder.api.extensions [-] Ext description: Type extra specs support. {{(pid=83689) _check_extension /opt/stack/cinder/cinder/api/extensions.py:176}}
Apr 29 15:03:08 devstack devstack@c-api.service[83688]: DEBUG cinder.api.extensions [-] Ext name: VolumeTypeAccess {{(pid=83688) _check_extension /opt/stack/cinder/cinder/api/extensions.py:174}}
Apr 29 15:03:08 devstack devstack@c-api.service[83689]: DEBUG cinder.api.extensions [-] Ext updated: 2011-08-24T00:00:00+00:00 {{(pid=83689) _check_extension /opt/stack/cinder/cinder/api/extensions.py:178}}
Apr 29 15:03:08 devstack devstack@c-api.service[83688]: DEBUG cinder.api.extensions [-] Ext alias: os-volume-type-access {{(pid=83688) _check_extension /opt/stack/cinder/cinder/api/extensions.py:175}}
Apr 29 15:03:08 devstack devstack@c-api.service[83689]: DEBUG cinder.api.extensions [-] Loaded extension: os-types-extra-specs {{(pid=83689) register /opt/stack/cinder/cinder/api/extensions.py:135}}
Apr 29 15:03:08 devstack devstack@c-api.service[83688]: DEBUG cinder.api.extensions [-] Ext description: Volume type access support. {{(pid=83688) _check_extension /opt/stack/cinder/cinder/api/extensions.py:176}}
Apr 29 15:03:08 devstack devstack@c-api.service[83688]: DEBUG cinder.api.extensions [-] Ext updated: 2014-06-26T00:00:00Z {{(pid=83688) _check_extension /opt/stack/cinder/cinder/api/extensions.py:178}}
Apr 29 15:03:08 devstack devstack@c-api.service[83688]: DEBUG cinder.api.extensions [-] Loaded extension: os-volume-type-access {{(pid=83688) register /opt/stack/cinder/cinder/api/extensions.py:135}}
Apr 29 15:03:08 devstack devstack@c-api.service[83688]: DEBUG cinder.api.extensions [-] Loading extension cinder.api.contrib.backups.Backups {{(pid=83688) load_extension /opt/stack/cinder/cinder/api/extensions.py:194}}
Apr 29 15:03:08 devstack devstack@c-api.service[83688]: DEBUG cinder.api.extensions [-] Calling extension factory cinder.api.contrib.backups.Backups {{(pid=83688) load_extension /opt/stack/cinder/cinder/api/extensions.py:200}}
Apr 29 15:03:08 devstack devstack@c-api.service[83688]: DEBUG cinder.api.extensions [-] Ext name: Backups {{(pid=83688) _check_extension /opt/stack/cinder/cinder/api/extensions.py:174}}
Apr 29 15:03:08 devstack devstack@c-api.service[83688]: DEBUG cinder.api.extensions [-] Ext alias: backups {{(pid=83688) _check_extension /opt/stack/cinder/cinder/api/extensions.py:175}}
Apr 29 15:03:08 devstack devstack@c-api.service[83688]: DEBUG cinder.api.extensions [-] Ext description: Backups support. {{(pid=83688) _check_extension /opt/stack/cinder/cinder/api/extensions.py:176}}
Apr 29 15:03:08 devstack devstack@c-api.service[83688]: DEBUG cinder.api.extensions [-] Ext updated: 2012-12-12T00:00:00+00:00 {{(pid=83688) _check_extension /opt/stack/cinder/cinder/api/extensions.py:178}}
Apr 29 15:03:08 devstack devstack@c-api.service[83688]: DEBUG cinder.api.extensions [-] Loaded extension: backups {{(pid=83688) register /opt/stack/cinder/cinder/api/extensions.py:135}}
Apr 29 15:03:08 devstack devstack@c-api.service[83688]: DEBUG cinder.api.extensions [-] Loading extension cinder.api.contrib.used_limits.Used_limits {{(pid=83688) load_extension /opt/stack/cinder/cinder/api/extensions.py:194}}
Apr 29 15:03:08 devstack devstack@c-api.service[83688]: DEBUG cinder.api.extensions [-] Calling extension factory cinder.api.contrib.used_limits.Used_limits {{(pid=83688) load_extension /opt/stack/cinder/cinder/api/extensions.py:200}}
Apr 29 15:03:08 devstack devstack@c-api.service[83688]: DEBUG cinder.api.extensions [-] Ext name: UsedLimits {{(pid=83688) _check_extension /opt/stack/cinder/cinder/api/extensions.py:174}}
Apr 29 15:03:08 devstack devstack@c-api.service[83688]: DEBUG cinder.api.extensions [-] Ext alias: os-used-limits {{(pid=83688) _check_extension /opt/stack/cinder/cinder/api/extensions.py:175}}
Apr 29 15:03:08 devstack devstack@c-api.service[83688]: DEBUG cinder.api.extensions [-] Ext description: Provide data on limited resources that are being used. {{(pid=83688) _check_extension /opt/stack/cinder/cinder/api/extensions.py:176}}
Apr 29 15:03:08 devstack devstack@c-api.service[83688]: DEBUG cinder.api.extensions [-] Ext updated: 2013-10-03T00:00:00+00:00 {{(pid=83688) _check_extension /opt/stack/cinder/cinder/api/extensions.py:178}}
Apr 29 15:03:08 devstack devstack@c-api.service[83688]: DEBUG cinder.api.extensions [-] Loaded extension: os-used-limits {{(pid=83688) register /opt/stack/cinder/cinder/api/extensions.py:135}}
Apr 29 15:03:08 devstack devstack@c-api.service[83688]: DEBUG cinder.api.extensions [-] Loading extension cinder.api.contrib.volume_type_encryption.Volume_type_encryption {{(pid=83688) load_extension /opt/stack/cinder/cinder/api/extensions.py:194}}
Apr 29 15:03:08 devstack devstack@c-api.service[83688]: DEBUG cinder.api.extensions [-] Calling extension factory cinder.api.contrib.volume_type_encryption.Volume_type_encryption {{(pid=83688) load_extension /opt/stack/cinder/cinder/api/extensions.py:200}}
Apr 29 15:03:08 devstack devstack@c-api.service[83688]: DEBUG cinder.api.extensions [-] Ext name: VolumeTypeEncryption {{(pid=83688) _check_extension /opt/stack/cinder/cinder/api/extensions.py:174}}
Apr 29 15:03:08 devstack devstack@c-api.service[83688]: DEBUG cinder.api.extensions [-] Ext alias: encryption {{(pid=83688) _check_extension /opt/stack/cinder/cinder/api/extensions.py:175}}
Apr 29 15:03:08 devstack devstack@c-api.service[83688]: DEBUG cinder.api.extensions [-] Ext description: Encryption support for volume types. {{(pid=83688) _check_extension /opt/stack/cinder/cinder/api/extensions.py:176}}
Apr 29 15:03:08 devstack devstack@c-api.service[83688]: DEBUG cinder.api.extensions [-] Ext updated: 2013-07-01T00:00:00+00:00 {{(pid=83688) _check_extension /opt/stack/cinder/cinder/api/extensions.py:178}}
Apr 29 15:03:08 devstack devstack@c-api.service[83688]: DEBUG cinder.api.extensions [-] Loaded extension: encryption {{(pid=83688) register /opt/stack/cinder/cinder/api/extensions.py:135}}
Apr 29 15:03:08 devstack devstack@c-api.service[83688]: DEBUG cinder.api.extensions [-] Loading extension cinder.api.contrib.extended_snapshot_attributes.Extended_snapshot_attributes {{(pid=83688) load_extension /opt/stack/cinder/cinder/api/extensions.py:194}}
Apr 29 15:03:08 devstack devstack@c-api.service[83688]: DEBUG cinder.api.extensions [-] Calling extension factory cinder.api.contrib.extended_snapshot_attributes.Extended_snapshot_attributes {{(pid=83688) load_extension /opt/stack/cinder/cinder/api/extensions.py:200}}
Apr 29 15:03:08 devstack devstack@c-api.service[83688]: DEBUG cinder.api.extensions [-] Ext name: ExtendedSnapshotAttributes {{(pid=83688) _check_extension /opt/stack/cinder/cinder/api/extensions.py:174}}
Apr 29 15:03:08 devstack devstack@c-api.service[83688]: DEBUG cinder.api.extensions [-] Ext alias: os-extended-snapshot-attributes {{(pid=83688) _check_extension /opt/stack/cinder/cinder/api/extensions.py:175}}
Apr 29 15:03:08 devstack devstack@c-api.service[83688]: DEBUG cinder.api.extensions [-] Ext description: Extended SnapshotAttributes support. {{(pid=83688) _check_extension /opt/stack/cinder/cinder/api/extensions.py:176}}
Apr 29 15:03:08 devstack devstack@c-api.service[83688]: DEBUG cinder.api.extensions [-] Ext updated: 2012-06-19T00:00:00+00:00 {{(pid=83688) _check_extension /opt/stack/cinder/cinder/api/extensions.py:178}}
Apr 29 15:03:08 devstack devstack@c-api.service[83688]: DEBUG cinder.api.extensions [-] Loaded extension: os-extended-snapshot-attributes {{(pid=83688) register /opt/stack/cinder/cinder/api/extensions.py:135}}
Apr 29 15:03:08 devstack devstack@c-api.service[83688]: DEBUG cinder.api.extensions [-] Loading extension cinder.api.contrib.quotas.Quotas {{(pid=83688) load_extension /opt/stack/cinder/cinder/api/extensions.py:194}}
Apr 29 15:03:08 devstack devstack@c-api.service[83688]: DEBUG cinder.api.extensions [-] Calling extension factory cinder.api.contrib.quotas.Quotas {{(pid=83688) load_extension /opt/stack/cinder/cinder/api/extensions.py:200}}
Apr 29 15:03:08 devstack devstack@c-api.service[83688]: DEBUG cinder.api.extensions [-] Ext name: Quotas {{(pid=83688) _check_extension /opt/stack/cinder/cinder/api/extensions.py:174}}
Apr 29 15:03:08 devstack devstack@c-api.service[83688]: DEBUG cinder.api.extensions [-] Ext alias: os-quota-sets {{(pid=83688) _check_extension /opt/stack/cinder/cinder/api/extensions.py:175}}
Apr 29 15:03:08 devstack devstack@c-api.service[83688]: DEBUG cinder.api.extensions [-] Ext description: Quota management support. {{(pid=83688) _check_extension /opt/stack/cinder/cinder/api/extensions.py:176}}
Apr 29 15:03:08 devstack devstack@c-api.service[83688]: DEBUG cinder.api.extensions [-] Ext updated: 2011-08-08T00:00:00+00:00 {{(pid=83688) _check_extension /opt/stack/cinder/cinder/api/extensions.py:178}}
Apr 29 15:03:08 devstack devstack@c-api.service[83688]: DEBUG cinder.api.extensions [-] Loaded extension: os-quota-sets {{(pid=83688) register /opt/stack/cinder/cinder/api/extensions.py:135}}
Apr 29 15:03:08 devstack devstack@c-api.service[83688]: DEBUG cinder.api.extensions [-] Loading extension cinder.api.contrib.capabilities.Capabilities {{(pid=83688) load_extension /opt/stack/cinder/cinder/api/extensions.py:194}}
Apr 29 15:03:08 devstack devstack@c-api.service[83688]: DEBUG cinder.api.extensions [-] Calling extension factory cinder.api.contrib.capabilities.Capabilities {{(pid=83688) load_extension /opt/stack/cinder/cinder/api/extensions.py:200}}
Apr 29 15:03:08 devstack devstack@c-api.service[83688]: DEBUG cinder.api.extensions [-] Ext name: Capabilities {{(pid=83688) _check_extension /opt/stack/cinder/cinder/api/extensions.py:174}}
Apr 29 15:03:08 devstack devstack@c-api.service[83688]: DEBUG cinder.api.extensions [-] Ext alias: capabilities {{(pid=83688) _check_extension /opt/stack/cinder/cinder/api/extensions.py:175}}
Apr 29 15:03:08 devstack devstack@c-api.service[83688]: DEBUG cinder.api.extensions [-] Ext description: Capabilities support. {{(pid=83688) _check_extension /opt/stack/cinder/cinder/api/extensions.py:176}}
Apr 29 15:03:08 devstack devstack@c-api.service[83688]: DEBUG cinder.api.extensions [-] Ext updated: 2015-08-31T00:00:00+00:00 {{(pid=83688) _check_extension /opt/stack/cinder/cinder/api/extensions.py:178}}
Apr 29 15:03:08 devstack devstack@c-api.service[83688]: DEBUG cinder.api.extensions [-] Loaded extension: capabilities {{(pid=83688) register /opt/stack/cinder/cinder/api/extensions.py:135}}
Apr 29 15:03:08 devstack devstack@c-api.service[83688]: DEBUG cinder.api.extensions [-] Loading extension cinder.api.contrib.volume_actions.Volume_actions {{(pid=83688) load_extension /opt/stack/cinder/cinder/api/extensions.py:194}}
Apr 29 15:03:08 devstack devstack@c-api.service[83688]: DEBUG cinder.api.extensions [-] Calling extension factory cinder.api.contrib.volume_actions.Volume_actions {{(pid=83688) load_extension /opt/stack/cinder/cinder/api/extensions.py:200}}
Apr 29 15:03:08 devstack devstack@c-api.service[83688]: DEBUG cinder.api.extensions [-] Ext name: VolumeActions {{(pid=83688) _check_extension /opt/stack/cinder/cinder/api/extensions.py:174}}
Apr 29 15:03:08 devstack devstack@c-api.service[83688]: DEBUG cinder.api.extensions [-] Ext alias: os-volume-actions {{(pid=83688) _check_extension /opt/stack/cinder/cinder/api/extensions.py:175}}
Apr 29 15:03:08 devstack devstack@c-api.service[83688]: DEBUG cinder.api.extensions [-] Ext description: Enable volume actions. {{(pid=83688) _check_extension /opt/stack/cinder/cinder/api/extensions.py:176}}
Apr 29 15:03:08 devstack devstack@c-api.service[83688]: DEBUG cinder.api.extensions [-] Ext updated: 2012-05-31T00:00:00+00:00 {{(pid=83688) _check_extension /opt/stack/cinder/cinder/api/extensions.py:178}}
Apr 29 15:03:08 devstack devstack@c-api.service[83688]: DEBUG cinder.api.extensions [-] Loaded extension: os-volume-actions {{(pid=83688) register /opt/stack/cinder/cinder/api/extensions.py:135}}
Apr 29 15:03:08 devstack devstack@c-api.service[83688]: DEBUG cinder.api.extensions [-] Loading extension cinder.api.contrib.services.Services {{(pid=83688) load_extension /opt/stack/cinder/cinder/api/extensions.py:194}}
Apr 29 15:03:08 devstack devstack@c-api.service[83688]: DEBUG cinder.api.extensions [-] Calling extension factory cinder.api.contrib.services.Services {{(pid=83688) load_extension /opt/stack/cinder/cinder/api/extensions.py:200}}
Apr 29 15:03:08 devstack devstack@c-api.service[83688]: DEBUG cinder.api.extensions [-] Ext name: Services {{(pid=83688) _check_extension /opt/stack/cinder/cinder/api/extensions.py:174}}
Apr 29 15:03:08 devstack devstack@c-api.service[83688]: DEBUG cinder.api.extensions [-] Ext alias: os-services {{(pid=83688) _check_extension /opt/stack/cinder/cinder/api/extensions.py:175}}
Apr 29 15:03:08 devstack devstack@c-api.service[83688]: DEBUG cinder.api.extensions [-] Ext description: Services support. {{(pid=83688) _check_extension /opt/stack/cinder/cinder/api/extensions.py:176}}
Apr 29 15:03:08 devstack devstack@c-api.service[83688]: DEBUG cinder.api.extensions [-] Ext updated: 2012-10-28T00:00:00-00:00 {{(pid=83688) _check_extension /opt/stack/cinder/cinder/api/extensions.py:178}}
Apr 29 15:03:08 devstack devstack@c-api.service[83688]: DEBUG cinder.api.extensions [-] Loaded extension: os-services {{(pid=83688) register /opt/stack/cinder/cinder/api/extensions.py:135}}
Apr 29 15:03:08 devstack devstack@c-api.service[83688]: DEBUG cinder.api.extensions [-] Loading extension cinder.api.contrib.volume_tenant_attribute.Volume_tenant_attribute {{(pid=83688) load_extension /opt/stack/cinder/cinder/api/extensions.py:194}}
Apr 29 15:03:08 devstack devstack@c-api.service[83688]: DEBUG cinder.api.extensions [-] Calling extension factory cinder.api.contrib.volume_tenant_attribute.Volume_tenant_attribute {{(pid=83688) load_extension /opt/stack/cinder/cinder/api/extensions.py:200}}
Apr 29 15:03:08 devstack devstack@c-api.service[83688]: DEBUG cinder.api.extensions [-] Ext name: VolumeTenantAttribute {{(pid=83688) _check_extension /opt/stack/cinder/cinder/api/extensions.py:174}}
Apr 29 15:03:08 devstack devstack@c-api.service[83688]: DEBUG cinder.api.extensions [-] Ext alias: os-vol-tenant-attr {{(pid=83688) _check_extension /opt/stack/cinder/cinder/api/extensions.py:175}}
Apr 29 15:03:08 devstack devstack@c-api.service[83688]: DEBUG cinder.api.extensions [-] Ext description: Expose the internal project_id as an attribute of a volume. {{(pid=83688) _check_extension /opt/stack/cinder/cinder/api/extensions.py:176}}
Apr 29 15:03:08 devstack devstack@c-api.service[83688]: DEBUG cinder.api.extensions [-] Ext updated: 2011-11-03T00:00:00+00:00 {{(pid=83688) _check_extension /opt/stack/cinder/cinder/api/extensions.py:178}}
Apr 29 15:03:08 devstack devstack@c-api.service[83688]: DEBUG cinder.api.extensions [-] Loaded extension: os-vol-tenant-attr {{(pid=83688) register /opt/stack/cinder/cinder/api/extensions.py:135}}
Apr 29 15:03:08 devstack devstack@c-api.service[83688]: DEBUG cinder.api.extensions [-] Loading extension cinder.api.contrib.volume_mig_status_attribute.Volume_mig_status_attribute {{(pid=83688) load_extension /opt/stack/cinder/cinder/api/extensions.py:194}}
Apr 29 15:03:08 devstack devstack@c-api.service[83688]: DEBUG cinder.api.extensions [-] Calling extension factory cinder.api.contrib.volume_mig_status_attribute.Volume_mig_status_attribute {{(pid=83688) load_extension /opt/stack/cinder/cinder/api/extensions.py:200}}
Apr 29 15:03:08 devstack devstack@c-api.service[83688]: DEBUG cinder.api.extensions [-] Ext name: VolumeMigStatusAttribute {{(pid=83688) _check_extension /opt/stack/cinder/cinder/api/extensions.py:174}}
Apr 29 15:03:08 devstack devstack@c-api.service[83688]: DEBUG cinder.api.extensions [-] Ext alias: os-vol-mig-status-attr {{(pid=83688) _check_extension /opt/stack/cinder/cinder/api/extensions.py:175}}
Apr 29 15:03:08 devstack devstack@c-api.service[83688]: DEBUG cinder.api.extensions [-] Ext description: Expose migration_status as an attribute of a volume. {{(pid=83688) _check_extension /opt/stack/cinder/cinder/api/extensions.py:176}}
Apr 29 15:03:08 devstack devstack@c-api.service[83688]: DEBUG cinder.api.extensions [-] Ext updated: 2013-08-08T00:00:00+00:00 {{(pid=83688) _check_extension /opt/stack/cinder/cinder/api/extensions.py:178}}
Apr 29 15:03:08 devstack devstack@c-api.service[83688]: DEBUG cinder.api.extensions [-] Loaded extension: os-vol-mig-status-attr {{(pid=83688) register /opt/stack/cinder/cinder/api/extensions.py:135}}
Apr 29 15:03:08 devstack devstack@c-api.service[83688]: DEBUG cinder.api.extensions [-] Loading extension cinder.api.contrib.cgsnapshots.Cgsnapshots {{(pid=83688) load_extension /opt/stack/cinder/cinder/api/extensions.py:194}}
Apr 29 15:03:08 devstack devstack@c-api.service[83688]: DEBUG cinder.api.extensions [-] Calling extension factory cinder.api.contrib.cgsnapshots.Cgsnapshots {{(pid=83688) load_extension /opt/stack/cinder/cinder/api/extensions.py:200}}
Apr 29 15:03:08 devstack devstack@c-api.service[83688]: DEBUG cinder.api.extensions [-] Ext name: Cgsnapshots {{(pid=83688) _check_extension /opt/stack/cinder/cinder/api/extensions.py:174}}
Apr 29 15:03:08 devstack devstack@c-api.service[83688]: DEBUG cinder.api.extensions [-] Ext alias: cgsnapshots {{(pid=83688) _check_extension /opt/stack/cinder/cinder/api/extensions.py:175}}
Apr 29 15:03:08 devstack devstack@c-api.service[83688]: DEBUG cinder.api.extensions [-] Ext description: cgsnapshots support. {{(pid=83688) _check_extension /opt/stack/cinder/cinder/api/extensions.py:176}}
Apr 29 15:03:08 devstack devstack@c-api.service[83688]: DEBUG cinder.api.extensions [-] Ext updated: 2014-08-18T00:00:00+00:00 {{(pid=83688) _check_extension /opt/stack/cinder/cinder/api/extensions.py:178}}
Apr 29 15:03:08 devstack devstack@c-api.service[83688]: DEBUG cinder.api.extensions [-] Loaded extension: cgsnapshots {{(pid=83688) register /opt/stack/cinder/cinder/api/extensions.py:135}}
Apr 29 15:03:08 devstack devstack@c-api.service[83688]: DEBUG cinder.api.extensions [-] Loading extension cinder.api.contrib.types_manage.Types_manage {{(pid=83688) load_extension /opt/stack/cinder/cinder/api/extensions.py:194}}
Apr 29 15:03:08 devstack devstack@c-api.service[83688]: DEBUG cinder.api.extensions [-] Calling extension factory cinder.api.contrib.types_manage.Types_manage {{(pid=83688) load_extension /opt/stack/cinder/cinder/api/extensions.py:200}}
Apr 29 15:03:08 devstack devstack@c-api.service[83688]: DEBUG cinder.api.extensions [-] Ext name: TypesManage {{(pid=83688) _check_extension /opt/stack/cinder/cinder/api/extensions.py:174}}
Apr 29 15:03:08 devstack devstack@c-api.service[83688]: DEBUG cinder.api.extensions [-] Ext alias: os-types-manage {{(pid=83688) _check_extension /opt/stack/cinder/cinder/api/extensions.py:175}}
Apr 29 15:03:08 devstack devstack@c-api.service[83688]: DEBUG cinder.api.extensions [-] Ext description: Types manage support. {{(pid=83688) _check_extension /opt/stack/cinder/cinder/api/extensions.py:176}}
Apr 29 15:03:08 devstack devstack@c-api.service[83688]: DEBUG cinder.api.extensions [-] Ext updated: 2011-08-24T00:00:00+00:00 {{(pid=83688) _check_extension /opt/stack/cinder/cinder/api/extensions.py:178}}
Apr 29 15:03:08 devstack devstack@c-api.service[83688]: DEBUG cinder.api.extensions [-] Loaded extension: os-types-manage {{(pid=83688) register /opt/stack/cinder/cinder/api/extensions.py:135}}
Apr 29 15:03:08 devstack devstack@c-api.service[83688]: DEBUG cinder.api.extensions [-] Loading extension cinder.api.contrib.admin_actions.Admin_actions {{(pid=83688) load_extension /opt/stack/cinder/cinder/api/extensions.py:194}}
Apr 29 15:03:08 devstack devstack@c-api.service[83688]: DEBUG cinder.api.extensions [-] Calling extension factory cinder.api.contrib.admin_actions.Admin_actions {{(pid=83688) load_extension /opt/stack/cinder/cinder/api/extensions.py:200}}
Apr 29 15:03:08 devstack devstack@c-api.service[83688]: DEBUG cinder.api.extensions [-] Ext name: AdminActions {{(pid=83688) _check_extension /opt/stack/cinder/cinder/api/extensions.py:174}}
Apr 29 15:03:08 devstack devstack@c-api.service[83688]: DEBUG cinder.api.extensions [-] Ext alias: os-admin-actions {{(pid=83688) _check_extension /opt/stack/cinder/cinder/api/extensions.py:175}}
Apr 29 15:03:08 devstack devstack@c-api.service[83688]: DEBUG cinder.api.extensions [-] Ext description: Enable admin actions. {{(pid=83688) _check_extension /opt/stack/cinder/cinder/api/extensions.py:176}}
Apr 29 15:03:08 devstack devstack@c-api.service[83688]: DEBUG cinder.api.extensions [-] Ext updated: 2012-08-25T00:00:00+00:00 {{(pid=83688) _check_extension /opt/stack/cinder/cinder/api/extensions.py:178}}
Apr 29 15:03:08 devstack devstack@c-api.service[83688]: DEBUG cinder.api.extensions [-] Loaded extension: os-admin-actions {{(pid=83688) register /opt/stack/cinder/cinder/api/extensions.py:135}}
Apr 29 15:03:08 devstack devstack@c-api.service[83688]: DEBUG cinder.api.extensions [-] Loading extension cinder.api.contrib.scheduler_stats.Scheduler_stats {{(pid=83688) load_extension /opt/stack/cinder/cinder/api/extensions.py:194}}
Apr 29 15:03:08 devstack devstack@c-api.service[83688]: DEBUG cinder.api.extensions [-] Calling extension factory cinder.api.contrib.scheduler_stats.Scheduler_stats {{(pid=83688) load_extension /opt/stack/cinder/cinder/api/extensions.py:200}}
Apr 29 15:03:08 devstack devstack@c-api.service[83688]: DEBUG cinder.api.extensions [-] Ext name: Scheduler_stats {{(pid=83688) _check_extension /opt/stack/cinder/cinder/api/extensions.py:174}}
Apr 29 15:03:08 devstack devstack@c-api.service[83688]: DEBUG cinder.api.extensions [-] Ext alias: scheduler-stats {{(pid=83688) _check_extension /opt/stack/cinder/cinder/api/extensions.py:175}}
Apr 29 15:03:08 devstack devstack@c-api.service[83688]: DEBUG cinder.api.extensions [-] Ext description: Scheduler stats support. {{(pid=83688) _check_extension /opt/stack/cinder/cinder/api/extensions.py:176}}
Apr 29 15:03:08 devstack devstack@c-api.service[83688]: DEBUG cinder.api.extensions [-] Ext updated: 2014-09-07T00:00:00+00:00 {{(pid=83688) _check_extension /opt/stack/cinder/cinder/api/extensions.py:178}}
Apr 29 15:03:08 devstack devstack@c-api.service[83688]: DEBUG cinder.api.extensions [-] Loaded extension: scheduler-stats {{(pid=83688) register /opt/stack/cinder/cinder/api/extensions.py:135}}
Apr 29 15:03:08 devstack devstack@c-api.service[83688]: DEBUG cinder.api.extensions [-] Loading extension cinder.api.contrib.volume_transfer.Volume_transfer {{(pid=83688) load_extension /opt/stack/cinder/cinder/api/extensions.py:194}}
Apr 29 15:03:08 devstack devstack@c-api.service[83688]: DEBUG cinder.api.extensions [-] Calling extension factory cinder.api.contrib.volume_transfer.Volume_transfer {{(pid=83688) load_extension /opt/stack/cinder/cinder/api/extensions.py:200}}
Apr 29 15:03:08 devstack devstack@c-api.service[83688]: DEBUG cinder.api.extensions [-] Ext name: VolumeTransfer {{(pid=83688) _check_extension /opt/stack/cinder/cinder/api/extensions.py:174}}
Apr 29 15:03:08 devstack devstack@c-api.service[83688]: DEBUG cinder.api.extensions [-] Ext alias: os-volume-transfer {{(pid=83688) _check_extension /opt/stack/cinder/cinder/api/extensions.py:175}}
Apr 29 15:03:08 devstack devstack@c-api.service[83688]: DEBUG cinder.api.extensions [-] Ext description: Volume transfer management support. {{(pid=83688) _check_extension /opt/stack/cinder/cinder/api/extensions.py:176}}
Apr 29 15:03:08 devstack devstack@c-api.service[83688]: DEBUG cinder.api.extensions [-] Ext updated: 2013-05-29T00:00:00+00:00 {{(pid=83688) _check_extension /opt/stack/cinder/cinder/api/extensions.py:178}}
Apr 29 15:03:08 devstack devstack@c-api.service[83688]: DEBUG cinder.api.extensions [-] Loaded extension: os-volume-transfer {{(pid=83688) register /opt/stack/cinder/cinder/api/extensions.py:135}}
Apr 29 15:03:08 devstack devstack@c-api.service[83688]: DEBUG cinder.api.extensions [-] Loading extension cinder.api.contrib.availability_zones.Availability_zones {{(pid=83688) load_extension /opt/stack/cinder/cinder/api/extensions.py:194}}
Apr 29 15:03:08 devstack devstack@c-api.service[83688]: DEBUG cinder.api.extensions [-] Calling extension factory cinder.api.contrib.availability_zones.Availability_zones {{(pid=83688) load_extension /opt/stack/cinder/cinder/api/extensions.py:200}}
Apr 29 15:03:08 devstack devstack@c-api.service[83688]: DEBUG cinder.api.extensions [-] Ext name: AvailabilityZones {{(pid=83688) _check_extension /opt/stack/cinder/cinder/api/extensions.py:174}}
Apr 29 15:03:08 devstack devstack@c-api.service[83688]: DEBUG cinder.api.extensions [-] Ext alias: os-availability-zone {{(pid=83688) _check_extension /opt/stack/cinder/cinder/api/extensions.py:175}}
Apr 29 15:03:08 devstack devstack@c-api.service[83688]: DEBUG cinder.api.extensions [-] Ext description: Describe Availability Zones. {{(pid=83688) _check_extension /opt/stack/cinder/cinder/api/extensions.py:176}}
Apr 29 15:03:08 devstack devstack@c-api.service[83688]: DEBUG cinder.api.extensions [-] Ext updated: 2013-06-27T00:00:00+00:00 {{(pid=83688) _check_extension /opt/stack/cinder/cinder/api/extensions.py:178}}
Apr 29 15:03:08 devstack devstack@c-api.service[83688]: DEBUG cinder.api.extensions [-] Loaded extension: os-availability-zone {{(pid=83688) register /opt/stack/cinder/cinder/api/extensions.py:135}}
Apr 29 15:03:08 devstack devstack@c-api.service[83688]: DEBUG cinder.api.extensions [-] Loading extension cinder.api.contrib.hosts.Hosts {{(pid=83688) load_extension /opt/stack/cinder/cinder/api/extensions.py:194}}
Apr 29 15:03:08 devstack devstack@c-api.service[83688]: DEBUG cinder.api.extensions [-] Calling extension factory cinder.api.contrib.hosts.Hosts {{(pid=83688) load_extension /opt/stack/cinder/cinder/api/extensions.py:200}}
Apr 29 15:03:08 devstack devstack@c-api.service[83688]: DEBUG cinder.api.extensions [-] Ext name: Hosts {{(pid=83688) _check_extension /opt/stack/cinder/cinder/api/extensions.py:174}}
Apr 29 15:03:08 devstack devstack@c-api.service[83688]: DEBUG cinder.api.extensions [-] Ext alias: os-hosts {{(pid=83688) _check_extension /opt/stack/cinder/cinder/api/extensions.py:175}}
Apr 29 15:03:08 devstack devstack@c-api.service[83688]: DEBUG cinder.api.extensions [-] Ext description: Admin-only host administration. {{(pid=83688) _check_extension /opt/stack/cinder/cinder/api/extensions.py:176}}
Apr 29 15:03:08 devstack devstack@c-api.service[83688]: DEBUG cinder.api.extensions [-] Ext updated: 2011-06-29T00:00:00+00:00 {{(pid=83688) _check_extension /opt/stack/cinder/cinder/api/extensions.py:178}}
Apr 29 15:03:08 devstack devstack@c-api.service[83688]: DEBUG cinder.api.extensions [-] Loaded extension: os-hosts {{(pid=83688) register /opt/stack/cinder/cinder/api/extensions.py:135}}
Apr 29 15:03:08 devstack devstack@c-api.service[83688]: DEBUG cinder.api.extensions [-] Loading extension cinder.api.contrib.qos_specs_manage.Qos_specs_manage {{(pid=83688) load_extension /opt/stack/cinder/cinder/api/extensions.py:194}}
Apr 29 15:03:08 devstack devstack@c-api.service[83688]: DEBUG cinder.api.extensions [-] Calling extension factory cinder.api.contrib.qos_specs_manage.Qos_specs_manage {{(pid=83688) load_extension /opt/stack/cinder/cinder/api/extensions.py:200}}
Apr 29 15:03:08 devstack devstack@c-api.service[83688]: DEBUG cinder.api.extensions [-] Ext name: Qos_specs_manage {{(pid=83688) _check_extension /opt/stack/cinder/cinder/api/extensions.py:174}}
Apr 29 15:03:08 devstack devstack@c-api.service[83688]: DEBUG cinder.api.extensions [-] Ext alias: qos-specs {{(pid=83688) _check_extension /opt/stack/cinder/cinder/api/extensions.py:175}}
Apr 29 15:03:08 devstack devstack@c-api.service[83688]: DEBUG cinder.api.extensions [-] Ext description: QoS specs support. {{(pid=83688) _check_extension /opt/stack/cinder/cinder/api/extensions.py:176}}
Apr 29 15:03:08 devstack devstack@c-api.service[83688]: DEBUG cinder.api.extensions [-] Ext updated: 2013-08-02T00:00:00+00:00 {{(pid=83688) _check_extension /opt/stack/cinder/cinder/api/extensions.py:178}}
Apr 29 15:03:08 devstack devstack@c-api.service[83688]: DEBUG cinder.api.extensions [-] Loaded extension: qos-specs {{(pid=83688) register /opt/stack/cinder/cinder/api/extensions.py:135}}
Apr 29 15:03:08 devstack devstack@c-api.service[83688]: DEBUG cinder.api.extensions [-] Loading extension cinder.api.contrib.types_extra_specs.Types_extra_specs {{(pid=83688) load_extension /opt/stack/cinder/cinder/api/extensions.py:194}}
Apr 29 15:03:08 devstack devstack@c-api.service[83688]: DEBUG cinder.api.extensions [-] Calling extension factory cinder.api.contrib.types_extra_specs.Types_extra_specs {{(pid=83688) load_extension /opt/stack/cinder/cinder/api/extensions.py:200}}
Apr 29 15:03:08 devstack devstack@c-api.service[83688]: DEBUG cinder.api.extensions [-] Ext name: TypesExtraSpecs {{(pid=83688) _check_extension /opt/stack/cinder/cinder/api/extensions.py:174}}
Apr 29 15:03:08 devstack devstack@c-api.service[83688]: DEBUG cinder.api.extensions [-] Ext alias: os-types-extra-specs {{(pid=83688) _check_extension /opt/stack/cinder/cinder/api/extensions.py:175}}
Apr 29 15:03:08 devstack devstack@c-api.service[83688]: DEBUG cinder.api.extensions [-] Ext description: Type extra specs support. {{(pid=83688) _check_extension /opt/stack/cinder/cinder/api/extensions.py:176}}
Apr 29 15:03:08 devstack devstack@c-api.service[83688]: DEBUG cinder.api.extensions [-] Ext updated: 2011-08-24T00:00:00+00:00 {{(pid=83688) _check_extension /opt/stack/cinder/cinder/api/extensions.py:178}}
Apr 29 15:03:08 devstack devstack@c-api.service[83688]: DEBUG cinder.api.extensions [-] Loaded extension: os-types-extra-specs {{(pid=83688) register /opt/stack/cinder/cinder/api/extensions.py:135}}
Apr 29 15:03:08 devstack devstack@c-api.service[83689]: INFO dbcounter [None req-6b325b08-cc59-44cb-afbe-00ddf61630d0 None None] Registered counter for database cinder
Apr 29 15:03:08 devstack devstack@c-api.service[83689]: DEBUG oslo_db.sqlalchemy.engines [None req-6b325b08-cc59-44cb-afbe-00ddf61630d0 None None] MySQL server mode set to STRICT_TRANS_TABLES,STRICT_ALL_TABLES,NO_ZERO_IN_DATE,NO_ZERO_DATE,ERROR_FOR_DIVISION_BY_ZERO,TRADITIONAL,NO_ENGINE_SUBSTITUTION {{(pid=83689) _check_effective_sql_mode /opt/stack/data/venv/lib/python3.12/site-packages/oslo_db/sqlalchemy/engines.py:325}}
Apr 29 15:03:08 devstack devstack@c-api.service[83688]: INFO dbcounter [None req-164aa9ed-5beb-4153-a8cd-a740b4d45c4d None None] Registered counter for database cinder
Apr 29 15:03:08 devstack devstack@c-api.service[83688]: DEBUG oslo_db.sqlalchemy.engines [None req-164aa9ed-5beb-4153-a8cd-a740b4d45c4d None None] MySQL server mode set to STRICT_TRANS_TABLES,STRICT_ALL_TABLES,NO_ZERO_IN_DATE,NO_ZERO_DATE,ERROR_FOR_DIVISION_BY_ZERO,TRADITIONAL,NO_ENGINE_SUBSTITUTION {{(pid=83688) _check_effective_sql_mode /opt/stack/data/venv/lib/python3.12/site-packages/oslo_db/sqlalchemy/engines.py:325}}
Apr 29 15:03:09 devstack devstack@c-api.service[83689]: DEBUG dbcounter [-] [83689] Writer thread running {{(pid=83689) stat_writer /opt/stack/data/venv/lib/python3.12/site-packages/dbcounter.py:102}}
Apr 29 15:03:09 devstack devstack@c-api.service[83689]: INFO cinder.rpc [None req-6b325b08-cc59-44cb-afbe-00ddf61630d0 None None] Automatically selected cinder-scheduler objects version 1.39 as minimum service version.
Apr 29 15:03:09 devstack devstack@c-api.service[83689]: INFO cinder.rpc [None req-6b325b08-cc59-44cb-afbe-00ddf61630d0 None None] Automatically selected cinder-scheduler RPC version 3.12 as minimum service version.
Apr 29 15:03:09 devstack devstack@c-api.service[83689]: INFO cinder.rpc [None req-6b325b08-cc59-44cb-afbe-00ddf61630d0 None None] Automatically selected cinder-volume objects version 1.39 as minimum service version.
Apr 29 15:03:09 devstack devstack@c-api.service[83689]: INFO cinder.rpc [None req-6b325b08-cc59-44cb-afbe-00ddf61630d0 None None] Automatically selected cinder-volume RPC version 3.20 as minimum service version.
Apr 29 15:03:09 devstack devstack@c-api.service[83689]: WARNING stevedore.named [None req-6b325b08-cc59-44cb-afbe-00ddf61630d0 None None] Could not load cinder.keymgr.conf_key_mgr.ConfKeyManager
Apr 29 15:03:09 devstack devstack@c-api.service[83689]: WARNING castellan.key_manager [None req-6b325b08-cc59-44cb-afbe-00ddf61630d0 None None] Deprecation Warning : cinder.keymgr.conf_key_mgr.ConfKeyManager is not a stevedore based driver, trying to load it as a class: stevedore.exception.NoMatches: No 'castellan.drivers' driver found, looking for 'cinder.keymgr.conf_key_mgr.ConfKeyManager'
Apr 29 15:03:09 devstack devstack@c-api.service[83689]: WARNING cinder.keymgr.conf_key_mgr [None req-6b325b08-cc59-44cb-afbe-00ddf61630d0 None None] This key manager is insecure and is not recommended for production deployments: stevedore.exception.NoMatches: No 'castellan.drivers' driver found, looking for 'cinder.keymgr.conf_key_mgr.ConfKeyManager'
Apr 29 15:03:09 devstack devstack@c-api.service[83689]: WARNING stevedore.named [None req-6b325b08-cc59-44cb-afbe-00ddf61630d0 None None] Could not load cinder.keymgr.conf_key_mgr.ConfKeyManager
Apr 29 15:03:09 devstack devstack@c-api.service[83689]: WARNING castellan.key_manager [None req-6b325b08-cc59-44cb-afbe-00ddf61630d0 None None] Deprecation Warning : cinder.keymgr.conf_key_mgr.ConfKeyManager is not a stevedore based driver, trying to load it as a class: stevedore.exception.NoMatches: No 'castellan.drivers' driver found, looking for 'cinder.keymgr.conf_key_mgr.ConfKeyManager'
Apr 29 15:03:09 devstack devstack@c-api.service[83689]: DEBUG oslo_db.sqlalchemy.engines [None req-6b325b08-cc59-44cb-afbe-00ddf61630d0 None None] MySQL server mode set to STRICT_TRANS_TABLES,STRICT_ALL_TABLES,NO_ZERO_IN_DATE,NO_ZERO_DATE,ERROR_FOR_DIVISION_BY_ZERO,TRADITIONAL,NO_ENGINE_SUBSTITUTION {{(pid=83689) _check_effective_sql_mode /opt/stack/data/venv/lib/python3.12/site-packages/oslo_db/sqlalchemy/engines.py:325}}
Apr 29 15:03:09 devstack devstack@c-api.service[83689]: INFO cinder.rpc [None req-6b325b08-cc59-44cb-afbe-00ddf61630d0 None None] Automatically selected cinder-backup objects version 1.39 as minimum service version.
Apr 29 15:03:09 devstack devstack@c-api.service[83689]: INFO cinder.rpc [None req-6b325b08-cc59-44cb-afbe-00ddf61630d0 None None] Automatically selected cinder-backup RPC version 2.4 as minimum service version.
Apr 29 15:03:09 devstack devstack@c-api.service[83689]: WARNING stevedore.named [None req-6b325b08-cc59-44cb-afbe-00ddf61630d0 None None] Could not load cinder.keymgr.conf_key_mgr.ConfKeyManager
Apr 29 15:03:09 devstack devstack@c-api.service[83689]: WARNING castellan.key_manager [None req-6b325b08-cc59-44cb-afbe-00ddf61630d0 None None] Deprecation Warning : cinder.keymgr.conf_key_mgr.ConfKeyManager is not a stevedore based driver, trying to load it as a class: stevedore.exception.NoMatches: No 'castellan.drivers' driver found, looking for 'cinder.keymgr.conf_key_mgr.ConfKeyManager'
Apr 29 15:03:09 devstack devstack@c-api.service[83688]: DEBUG dbcounter [-] [83688] Writer thread running {{(pid=83688) stat_writer /opt/stack/data/venv/lib/python3.12/site-packages/dbcounter.py:102}}
Apr 29 15:03:09 devstack devstack@c-api.service[83688]: INFO cinder.rpc [None req-164aa9ed-5beb-4153-a8cd-a740b4d45c4d None None] Automatically selected cinder-scheduler objects version 1.39 as minimum service version.
Apr 29 15:03:09 devstack devstack@c-api.service[83689]: WARNING stevedore.named [None req-6b325b08-cc59-44cb-afbe-00ddf61630d0 None None] Could not load cinder.keymgr.conf_key_mgr.ConfKeyManager
Apr 29 15:03:09 devstack devstack@c-api.service[83689]: WARNING castellan.key_manager [None req-6b325b08-cc59-44cb-afbe-00ddf61630d0 None None] Deprecation Warning : cinder.keymgr.conf_key_mgr.ConfKeyManager is not a stevedore based driver, trying to load it as a class: stevedore.exception.NoMatches: No 'castellan.drivers' driver found, looking for 'cinder.keymgr.conf_key_mgr.ConfKeyManager'
Apr 29 15:03:09 devstack devstack@c-api.service[83688]: INFO cinder.rpc [None req-164aa9ed-5beb-4153-a8cd-a740b4d45c4d None None] Automatically selected cinder-scheduler RPC version 3.12 as minimum service version.
Apr 29 15:03:09 devstack devstack@c-api.service[83689]: WARNING stevedore.named [None req-6b325b08-cc59-44cb-afbe-00ddf61630d0 None None] Could not load cinder.keymgr.conf_key_mgr.ConfKeyManager
Apr 29 15:03:09 devstack devstack@c-api.service[83689]: WARNING castellan.key_manager [None req-6b325b08-cc59-44cb-afbe-00ddf61630d0 None None] Deprecation Warning : cinder.keymgr.conf_key_mgr.ConfKeyManager is not a stevedore based driver, trying to load it as a class: stevedore.exception.NoMatches: No 'castellan.drivers' driver found, looking for 'cinder.keymgr.conf_key_mgr.ConfKeyManager'
Apr 29 15:03:09 devstack devstack@c-api.service[83688]: INFO cinder.rpc [None req-164aa9ed-5beb-4153-a8cd-a740b4d45c4d None None] Automatically selected cinder-volume objects version 1.39 as minimum service version.
Apr 29 15:03:09 devstack devstack@c-api.service[83689]: WARNING stevedore.named [None req-6b325b08-cc59-44cb-afbe-00ddf61630d0 None None] Could not load cinder.keymgr.conf_key_mgr.ConfKeyManager
Apr 29 15:03:09 devstack devstack@c-api.service[83689]: WARNING castellan.key_manager [None req-6b325b08-cc59-44cb-afbe-00ddf61630d0 None None] Deprecation Warning : cinder.keymgr.conf_key_mgr.ConfKeyManager is not a stevedore based driver, trying to load it as a class: stevedore.exception.NoMatches: No 'castellan.drivers' driver found, looking for 'cinder.keymgr.conf_key_mgr.ConfKeyManager'
Apr 29 15:03:09 devstack devstack@c-api.service[83688]: INFO cinder.rpc [None req-164aa9ed-5beb-4153-a8cd-a740b4d45c4d None None] Automatically selected cinder-volume RPC version 3.20 as minimum service version.
Apr 29 15:03:09 devstack devstack@c-api.service[83688]: WARNING stevedore.named [None req-164aa9ed-5beb-4153-a8cd-a740b4d45c4d None None] Could not load cinder.keymgr.conf_key_mgr.ConfKeyManager
Apr 29 15:03:09 devstack devstack@c-api.service[83688]: WARNING castellan.key_manager [None req-164aa9ed-5beb-4153-a8cd-a740b4d45c4d None None] Deprecation Warning : cinder.keymgr.conf_key_mgr.ConfKeyManager is not a stevedore based driver, trying to load it as a class: stevedore.exception.NoMatches: No 'castellan.drivers' driver found, looking for 'cinder.keymgr.conf_key_mgr.ConfKeyManager'
Apr 29 15:03:09 devstack devstack@c-api.service[83688]: WARNING cinder.keymgr.conf_key_mgr [None req-164aa9ed-5beb-4153-a8cd-a740b4d45c4d None None] This key manager is insecure and is not recommended for production deployments: stevedore.exception.NoMatches: No 'castellan.drivers' driver found, looking for 'cinder.keymgr.conf_key_mgr.ConfKeyManager'
Apr 29 15:03:09 devstack devstack@c-api.service[83689]: WARNING stevedore.named [None req-6b325b08-cc59-44cb-afbe-00ddf61630d0 None None] Could not load cinder.keymgr.conf_key_mgr.ConfKeyManager
Apr 29 15:03:09 devstack devstack@c-api.service[83689]: WARNING castellan.key_manager [None req-6b325b08-cc59-44cb-afbe-00ddf61630d0 None None] Deprecation Warning : cinder.keymgr.conf_key_mgr.ConfKeyManager is not a stevedore based driver, trying to load it as a class: stevedore.exception.NoMatches: No 'castellan.drivers' driver found, looking for 'cinder.keymgr.conf_key_mgr.ConfKeyManager'
Apr 29 15:03:09 devstack devstack@c-api.service[83688]: WARNING stevedore.named [None req-164aa9ed-5beb-4153-a8cd-a740b4d45c4d None None] Could not load cinder.keymgr.conf_key_mgr.ConfKeyManager
Apr 29 15:03:09 devstack devstack@c-api.service[83688]: WARNING castellan.key_manager [None req-164aa9ed-5beb-4153-a8cd-a740b4d45c4d None None] Deprecation Warning : cinder.keymgr.conf_key_mgr.ConfKeyManager is not a stevedore based driver, trying to load it as a class: stevedore.exception.NoMatches: No 'castellan.drivers' driver found, looking for 'cinder.keymgr.conf_key_mgr.ConfKeyManager'
Apr 29 15:03:09 devstack devstack@c-api.service[83689]: WARNING stevedore.named [None req-6b325b08-cc59-44cb-afbe-00ddf61630d0 None None] Could not load cinder.keymgr.conf_key_mgr.ConfKeyManager
Apr 29 15:03:09 devstack devstack@c-api.service[83689]: WARNING castellan.key_manager [None req-6b325b08-cc59-44cb-afbe-00ddf61630d0 None None] Deprecation Warning : cinder.keymgr.conf_key_mgr.ConfKeyManager is not a stevedore based driver, trying to load it as a class: stevedore.exception.NoMatches: No 'castellan.drivers' driver found, looking for 'cinder.keymgr.conf_key_mgr.ConfKeyManager'
Apr 29 15:03:09 devstack devstack@c-api.service[83689]: WARNING stevedore.named [None req-6b325b08-cc59-44cb-afbe-00ddf61630d0 None None] Could not load cinder.keymgr.conf_key_mgr.ConfKeyManager
Apr 29 15:03:09 devstack devstack@c-api.service[83689]: WARNING castellan.key_manager [None req-6b325b08-cc59-44cb-afbe-00ddf61630d0 None None] Deprecation Warning : cinder.keymgr.conf_key_mgr.ConfKeyManager is not a stevedore based driver, trying to load it as a class: stevedore.exception.NoMatches: No 'castellan.drivers' driver found, looking for 'cinder.keymgr.conf_key_mgr.ConfKeyManager'
Apr 29 15:03:09 devstack devstack@c-api.service[83688]: DEBUG oslo_db.sqlalchemy.engines [None req-164aa9ed-5beb-4153-a8cd-a740b4d45c4d None None] MySQL server mode set to STRICT_TRANS_TABLES,STRICT_ALL_TABLES,NO_ZERO_IN_DATE,NO_ZERO_DATE,ERROR_FOR_DIVISION_BY_ZERO,TRADITIONAL,NO_ENGINE_SUBSTITUTION {{(pid=83688) _check_effective_sql_mode /opt/stack/data/venv/lib/python3.12/site-packages/oslo_db/sqlalchemy/engines.py:325}}
Apr 29 15:03:09 devstack devstack@c-api.service[83689]: WARNING stevedore.named [None req-6b325b08-cc59-44cb-afbe-00ddf61630d0 None None] Could not load cinder.keymgr.conf_key_mgr.ConfKeyManager
Apr 29 15:03:09 devstack devstack@c-api.service[83689]: WARNING castellan.key_manager [None req-6b325b08-cc59-44cb-afbe-00ddf61630d0 None None] Deprecation Warning : cinder.keymgr.conf_key_mgr.ConfKeyManager is not a stevedore based driver, trying to load it as a class: stevedore.exception.NoMatches: No 'castellan.drivers' driver found, looking for 'cinder.keymgr.conf_key_mgr.ConfKeyManager'
Apr 29 15:03:09 devstack devstack@c-api.service[83688]: INFO cinder.rpc [None req-164aa9ed-5beb-4153-a8cd-a740b4d45c4d None None] Automatically selected cinder-backup objects version 1.39 as minimum service version.
Apr 29 15:03:09 devstack devstack@c-api.service[83689]: WARNING stevedore.named [None req-6b325b08-cc59-44cb-afbe-00ddf61630d0 None None] Could not load cinder.keymgr.conf_key_mgr.ConfKeyManager
Apr 29 15:03:09 devstack devstack@c-api.service[83689]: WARNING castellan.key_manager [None req-6b325b08-cc59-44cb-afbe-00ddf61630d0 None None] Deprecation Warning : cinder.keymgr.conf_key_mgr.ConfKeyManager is not a stevedore based driver, trying to load it as a class: stevedore.exception.NoMatches: No 'castellan.drivers' driver found, looking for 'cinder.keymgr.conf_key_mgr.ConfKeyManager'
Apr 29 15:03:09 devstack devstack@c-api.service[83688]: INFO cinder.rpc [None req-164aa9ed-5beb-4153-a8cd-a740b4d45c4d None None] Automatically selected cinder-backup RPC version 2.4 as minimum service version.
Apr 29 15:03:09 devstack devstack@c-api.service[83688]: WARNING stevedore.named [None req-164aa9ed-5beb-4153-a8cd-a740b4d45c4d None None] Could not load cinder.keymgr.conf_key_mgr.ConfKeyManager
Apr 29 15:03:09 devstack devstack@c-api.service[83688]: WARNING castellan.key_manager [None req-164aa9ed-5beb-4153-a8cd-a740b4d45c4d None None] Deprecation Warning : cinder.keymgr.conf_key_mgr.ConfKeyManager is not a stevedore based driver, trying to load it as a class: stevedore.exception.NoMatches: No 'castellan.drivers' driver found, looking for 'cinder.keymgr.conf_key_mgr.ConfKeyManager'
Apr 29 15:03:09 devstack devstack@c-api.service[83689]: WARNING stevedore.named [None req-6b325b08-cc59-44cb-afbe-00ddf61630d0 None None] Could not load cinder.keymgr.conf_key_mgr.ConfKeyManager
Apr 29 15:03:09 devstack devstack@c-api.service[83689]: WARNING castellan.key_manager [None req-6b325b08-cc59-44cb-afbe-00ddf61630d0 None None] Deprecation Warning : cinder.keymgr.conf_key_mgr.ConfKeyManager is not a stevedore based driver, trying to load it as a class: stevedore.exception.NoMatches: No 'castellan.drivers' driver found, looking for 'cinder.keymgr.conf_key_mgr.ConfKeyManager'
Apr 29 15:03:09 devstack devstack@c-api.service[83689]: WARNING stevedore.named [None req-6b325b08-cc59-44cb-afbe-00ddf61630d0 None None] Could not load cinder.keymgr.conf_key_mgr.ConfKeyManager
Apr 29 15:03:09 devstack devstack@c-api.service[83689]: WARNING castellan.key_manager [None req-6b325b08-cc59-44cb-afbe-00ddf61630d0 None None] Deprecation Warning : cinder.keymgr.conf_key_mgr.ConfKeyManager is not a stevedore based driver, trying to load it as a class: stevedore.exception.NoMatches: No 'castellan.drivers' driver found, looking for 'cinder.keymgr.conf_key_mgr.ConfKeyManager'
Apr 29 15:03:09 devstack devstack@c-api.service[83689]: WARNING stevedore.named [None req-6b325b08-cc59-44cb-afbe-00ddf61630d0 None None] Could not load cinder.keymgr.conf_key_mgr.ConfKeyManager
Apr 29 15:03:09 devstack devstack@c-api.service[83689]: WARNING castellan.key_manager [None req-6b325b08-cc59-44cb-afbe-00ddf61630d0 None None] Deprecation Warning : cinder.keymgr.conf_key_mgr.ConfKeyManager is not a stevedore based driver, trying to load it as a class: stevedore.exception.NoMatches: No 'castellan.drivers' driver found, looking for 'cinder.keymgr.conf_key_mgr.ConfKeyManager'
Apr 29 15:03:09 devstack devstack@c-api.service[83688]: WARNING stevedore.named [None req-164aa9ed-5beb-4153-a8cd-a740b4d45c4d None None] Could not load cinder.keymgr.conf_key_mgr.ConfKeyManager
Apr 29 15:03:09 devstack devstack@c-api.service[83688]: WARNING castellan.key_manager [None req-164aa9ed-5beb-4153-a8cd-a740b4d45c4d None None] Deprecation Warning : cinder.keymgr.conf_key_mgr.ConfKeyManager is not a stevedore based driver, trying to load it as a class: stevedore.exception.NoMatches: No 'castellan.drivers' driver found, looking for 'cinder.keymgr.conf_key_mgr.ConfKeyManager'
Apr 29 15:03:09 devstack devstack@c-api.service[83689]: WARNING stevedore.named [None req-6b325b08-cc59-44cb-afbe-00ddf61630d0 None None] Could not load cinder.keymgr.conf_key_mgr.ConfKeyManager
Apr 29 15:03:09 devstack devstack@c-api.service[83689]: WARNING castellan.key_manager [None req-6b325b08-cc59-44cb-afbe-00ddf61630d0 None None] Deprecation Warning : cinder.keymgr.conf_key_mgr.ConfKeyManager is not a stevedore based driver, trying to load it as a class: stevedore.exception.NoMatches: No 'castellan.drivers' driver found, looking for 'cinder.keymgr.conf_key_mgr.ConfKeyManager'
Apr 29 15:03:09 devstack devstack@c-api.service[83688]: WARNING stevedore.named [None req-164aa9ed-5beb-4153-a8cd-a740b4d45c4d None None] Could not load cinder.keymgr.conf_key_mgr.ConfKeyManager
