Jul 06 09:58:17 devstack devstack@c-api.service[73961]: DEBUG cinder.api.v3.router [None req-ee3b0087-a653-4440-8ac6-cb237d057793 None None] Extended resource: backups {{(pid=73961) _setup_ext_routes /opt/stack/cinder/cinder/api/v3/router.py:122}}
Jul 06 09:58:17 devstack devstack@c-api.service[73962]: DEBUG cinder.api.v3.router [None req-c8259895-37c7-40e1-b45a-4608fbcd72d3 None None] Extended resource: encryption {{(pid=73962) _setup_ext_routes /opt/stack/cinder/cinder/api/v3/router.py:122}}
Jul 06 09:58:17 devstack devstack@c-api.service[73962]: DEBUG cinder.api.v3.router [None req-c8259895-37c7-40e1-b45a-4608fbcd72d3 None None] Extended resource: os-volume-transfer {{(pid=73962) _setup_ext_routes /opt/stack/cinder/cinder/api/v3/router.py:122}}
Jul 06 09:58:17 devstack devstack@c-api.service[73961]: DEBUG cinder.api.v3.router [None req-ee3b0087-a653-4440-8ac6-cb237d057793 None None] Extended resource: os-snapshot-manage {{(pid=73961) _setup_ext_routes /opt/stack/cinder/cinder/api/v3/router.py:122}}
Jul 06 09:58:17 devstack devstack@c-api.service[73962]: WARNING stevedore.named [None req-c8259895-37c7-40e1-b45a-4608fbcd72d3 None None] Could not load cinder.keymgr.conf_key_mgr.ConfKeyManager
Jul 06 09:58:17 devstack devstack@c-api.service[73962]: WARNING castellan.key_manager [None req-c8259895-37c7-40e1-b45a-4608fbcd72d3 None None] Deprecation Warning : cinder.keymgr.conf_key_mgr.ConfKeyManager is not a stevedore based driver, trying to load it as a class: stevedore.exception.NoMatches: No 'castellan.drivers' driver found, looking for 'cinder.keymgr.conf_key_mgr.ConfKeyManager'
Jul 06 09:58:17 devstack devstack@c-api.service[73961]: DEBUG cinder.api.v3.router [None req-ee3b0087-a653-4440-8ac6-cb237d057793 None None] Extended resource: os-quota-class-sets {{(pid=73961) _setup_ext_routes /opt/stack/cinder/cinder/api/v3/router.py:122}}
Jul 06 09:58:17 devstack devstack@c-api.service[73962]: DEBUG cinder.api.contrib.snapshot_actions [None req-c8259895-37c7-40e1-b45a-4608fbcd72d3 None None] SnapshotActionsController initialized {{(pid=73962) __init__ /opt/stack/cinder/cinder/api/contrib/snapshot_actions.py:33}}
Jul 06 09:58:18 devstack devstack@c-api.service[73962]: WARNING stevedore.named [None req-c8259895-37c7-40e1-b45a-4608fbcd72d3 None None] Could not load cinder.keymgr.conf_key_mgr.ConfKeyManager
Jul 06 09:58:18 devstack devstack@c-api.service[73962]: WARNING castellan.key_manager [None req-c8259895-37c7-40e1-b45a-4608fbcd72d3 None None] Deprecation Warning : cinder.keymgr.conf_key_mgr.ConfKeyManager is not a stevedore based driver, trying to load it as a class: stevedore.exception.NoMatches: No 'castellan.drivers' driver found, looking for 'cinder.keymgr.conf_key_mgr.ConfKeyManager'
Jul 06 09:58:18 devstack devstack@c-api.service[73961]: DEBUG cinder.api.v3.router [None req-ee3b0087-a653-4440-8ac6-cb237d057793 None None] Extended resource: os-hosts {{(pid=73961) _setup_ext_routes /opt/stack/cinder/cinder/api/v3/router.py:122}}
Jul 06 09:58:18 devstack devstack@c-api.service[73962]: WARNING stevedore.named [None req-c8259895-37c7-40e1-b45a-4608fbcd72d3 None None] Could not load cinder.keymgr.conf_key_mgr.ConfKeyManager
Jul 06 09:58:18 devstack devstack@c-api.service[73962]: WARNING castellan.key_manager [None req-c8259895-37c7-40e1-b45a-4608fbcd72d3 None None] Deprecation Warning : cinder.keymgr.conf_key_mgr.ConfKeyManager is not a stevedore based driver, trying to load it as a class: stevedore.exception.NoMatches: No 'castellan.drivers' driver found, looking for 'cinder.keymgr.conf_key_mgr.ConfKeyManager'
Jul 06 09:58:18 devstack devstack@c-api.service[73961]: DEBUG cinder.api.v3.router [None req-ee3b0087-a653-4440-8ac6-cb237d057793 None None] Extended resource: encryption {{(pid=73961) _setup_ext_routes /opt/stack/cinder/cinder/api/v3/router.py:122}}
Jul 06 09:58:18 devstack devstack@c-api.service[73962]: WARNING stevedore.named [None req-c8259895-37c7-40e1-b45a-4608fbcd72d3 None None] Could not load cinder.keymgr.conf_key_mgr.ConfKeyManager
Jul 06 09:58:18 devstack devstack@c-api.service[73962]: WARNING castellan.key_manager [None req-c8259895-37c7-40e1-b45a-4608fbcd72d3 None None] Deprecation Warning : cinder.keymgr.conf_key_mgr.ConfKeyManager is not a stevedore based driver, trying to load it as a class: stevedore.exception.NoMatches: No 'castellan.drivers' driver found, looking for 'cinder.keymgr.conf_key_mgr.ConfKeyManager'
Jul 06 09:58:18 devstack devstack@c-api.service[73962]: WARNING stevedore.named [None req-c8259895-37c7-40e1-b45a-4608fbcd72d3 None None] Could not load cinder.keymgr.conf_key_mgr.ConfKeyManager
Jul 06 09:58:18 devstack devstack@c-api.service[73962]: WARNING castellan.key_manager [None req-c8259895-37c7-40e1-b45a-4608fbcd72d3 None None] Deprecation Warning : cinder.keymgr.conf_key_mgr.ConfKeyManager is not a stevedore based driver, trying to load it as a class: stevedore.exception.NoMatches: No 'castellan.drivers' driver found, looking for 'cinder.keymgr.conf_key_mgr.ConfKeyManager'
Jul 06 09:58:18 devstack devstack@c-api.service[73961]: DEBUG cinder.api.v3.router [None req-ee3b0087-a653-4440-8ac6-cb237d057793 None None] Extended resource: os-volume-transfer {{(pid=73961) _setup_ext_routes /opt/stack/cinder/cinder/api/v3/router.py:122}}
Jul 06 09:58:18 devstack devstack@c-api.service[73962]: WARNING stevedore.named [None req-c8259895-37c7-40e1-b45a-4608fbcd72d3 None None] Could not load cinder.keymgr.conf_key_mgr.ConfKeyManager
Jul 06 09:58:18 devstack devstack@c-api.service[73962]: WARNING castellan.key_manager [None req-c8259895-37c7-40e1-b45a-4608fbcd72d3 None None] Deprecation Warning : cinder.keymgr.conf_key_mgr.ConfKeyManager is not a stevedore based driver, trying to load it as a class: stevedore.exception.NoMatches: No 'castellan.drivers' driver found, looking for 'cinder.keymgr.conf_key_mgr.ConfKeyManager'
Jul 06 09:58:18 devstack devstack@c-api.service[73962]: WARNING stevedore.named [None req-c8259895-37c7-40e1-b45a-4608fbcd72d3 None None] Could not load cinder.keymgr.conf_key_mgr.ConfKeyManager
Jul 06 09:58:18 devstack devstack@c-api.service[73962]: WARNING castellan.key_manager [None req-c8259895-37c7-40e1-b45a-4608fbcd72d3 None None] Deprecation Warning : cinder.keymgr.conf_key_mgr.ConfKeyManager is not a stevedore based driver, trying to load it as a class: stevedore.exception.NoMatches: No 'castellan.drivers' driver found, looking for 'cinder.keymgr.conf_key_mgr.ConfKeyManager'
Jul 06 09:58:18 devstack devstack@c-api.service[73961]: WARNING stevedore.named [None req-ee3b0087-a653-4440-8ac6-cb237d057793 None None] Could not load cinder.keymgr.conf_key_mgr.ConfKeyManager
Jul 06 09:58:18 devstack devstack@c-api.service[73961]: WARNING castellan.key_manager [None req-ee3b0087-a653-4440-8ac6-cb237d057793 None None] Deprecation Warning : cinder.keymgr.conf_key_mgr.ConfKeyManager is not a stevedore based driver, trying to load it as a class: stevedore.exception.NoMatches: No 'castellan.drivers' driver found, looking for 'cinder.keymgr.conf_key_mgr.ConfKeyManager'
Jul 06 09:58:18 devstack devstack@c-api.service[73962]: DEBUG cinder.api.v3.router [None req-c8259895-37c7-40e1-b45a-4608fbcd72d3 None None] Extension TypesManage extending resource: types {{(pid=73962) _setup_extensions /opt/stack/cinder/cinder/api/v3/router.py:155}}
Jul 06 09:58:18 devstack devstack@c-api.service[73962]: DEBUG cinder.api.v3.router [None req-c8259895-37c7-40e1-b45a-4608fbcd72d3 None None] Extension SnapshotUnmanage extending resource: snapshots {{(pid=73962) _setup_extensions /opt/stack/cinder/cinder/api/v3/router.py:155}}
Jul 06 09:58:18 devstack devstack@c-api.service[73962]: DEBUG cinder.api.v3.router [None req-c8259895-37c7-40e1-b45a-4608fbcd72d3 None None] Extension VolumeTypeAccess extending resource: types {{(pid=73962) _setup_extensions /opt/stack/cinder/cinder/api/v3/router.py:155}}
Jul 06 09:58:18 devstack devstack@c-api.service[73962]: DEBUG cinder.api.v3.router [None req-c8259895-37c7-40e1-b45a-4608fbcd72d3 None None] Extension VolumeHostAttribute extending resource: volumes {{(pid=73962) _setup_extensions /opt/stack/cinder/cinder/api/v3/router.py:155}}
Jul 06 09:58:18 devstack devstack@c-api.service[73961]: DEBUG cinder.api.contrib.snapshot_actions [None req-ee3b0087-a653-4440-8ac6-cb237d057793 None None] SnapshotActionsController initialized {{(pid=73961) __init__ /opt/stack/cinder/cinder/api/contrib/snapshot_actions.py:33}}
Jul 06 09:58:18 devstack devstack@c-api.service[73962]: DEBUG cinder.api.v3.router [None req-c8259895-37c7-40e1-b45a-4608fbcd72d3 None None] Extension SnapshotActions extending resource: snapshots {{(pid=73962) _setup_extensions /opt/stack/cinder/cinder/api/v3/router.py:155}}
Jul 06 09:58:18 devstack devstack@c-api.service[73962]: DEBUG cinder.api.v3.router [None req-c8259895-37c7-40e1-b45a-4608fbcd72d3 None None] Extension VolumeTenantAttribute extending resource: volumes {{(pid=73962) _setup_extensions /opt/stack/cinder/cinder/api/v3/router.py:155}}
Jul 06 09:58:18 devstack devstack@c-api.service[73961]: WARNING stevedore.named [None req-ee3b0087-a653-4440-8ac6-cb237d057793 None None] Could not load cinder.keymgr.conf_key_mgr.ConfKeyManager
Jul 06 09:58:18 devstack devstack@c-api.service[73962]: DEBUG cinder.api.v3.router [None req-c8259895-37c7-40e1-b45a-4608fbcd72d3 None None] Extension VolumeMigStatusAttribute extending resource: volumes {{(pid=73962) _setup_extensions /opt/stack/cinder/cinder/api/v3/router.py:155}}
Jul 06 09:58:18 devstack devstack@c-api.service[73961]: WARNING castellan.key_manager [None req-ee3b0087-a653-4440-8ac6-cb237d057793 None None] Deprecation Warning : cinder.keymgr.conf_key_mgr.ConfKeyManager is not a stevedore based driver, trying to load it as a class: stevedore.exception.NoMatches: No 'castellan.drivers' driver found, looking for 'cinder.keymgr.conf_key_mgr.ConfKeyManager'
Jul 06 09:58:18 devstack devstack@c-api.service[73962]: DEBUG cinder.api.v3.router [None req-c8259895-37c7-40e1-b45a-4608fbcd72d3 None None] Extension VolumeImageMetadata extending resource: volumes {{(pid=73962) _setup_extensions /opt/stack/cinder/cinder/api/v3/router.py:155}}
Jul 06 09:58:18 devstack devstack@c-api.service[73962]: DEBUG cinder.api.v3.router [None req-c8259895-37c7-40e1-b45a-4608fbcd72d3 None None] Extension VolumeTypeEncryption extending resource: types {{(pid=73962) _setup_extensions /opt/stack/cinder/cinder/api/v3/router.py:155}}
Jul 06 09:58:18 devstack devstack@c-api.service[73962]: DEBUG cinder.api.v3.router [None req-c8259895-37c7-40e1-b45a-4608fbcd72d3 None None] Extension AdminActions extending resource: volumes {{(pid=73962) _setup_extensions /opt/stack/cinder/cinder/api/v3/router.py:155}}
Jul 06 09:58:18 devstack devstack@c-api.service[73962]: DEBUG cinder.api.v3.router [None req-c8259895-37c7-40e1-b45a-4608fbcd72d3 None None] Extension AdminActions extending resource: snapshots {{(pid=73962) _setup_extensions /opt/stack/cinder/cinder/api/v3/router.py:155}}
Jul 06 09:58:18 devstack devstack@c-api.service[73961]: WARNING stevedore.named [None req-ee3b0087-a653-4440-8ac6-cb237d057793 None None] Could not load cinder.keymgr.conf_key_mgr.ConfKeyManager
Jul 06 09:58:18 devstack devstack@c-api.service[73962]: DEBUG cinder.api.v3.router [None req-c8259895-37c7-40e1-b45a-4608fbcd72d3 None None] Extension AdminActions extending resource: backups {{(pid=73962) _setup_extensions /opt/stack/cinder/cinder/api/v3/router.py:155}}
Jul 06 09:58:18 devstack devstack@c-api.service[73961]: WARNING castellan.key_manager [None req-ee3b0087-a653-4440-8ac6-cb237d057793 None None] Deprecation Warning : cinder.keymgr.conf_key_mgr.ConfKeyManager is not a stevedore based driver, trying to load it as a class: stevedore.exception.NoMatches: No 'castellan.drivers' driver found, looking for 'cinder.keymgr.conf_key_mgr.ConfKeyManager'
Jul 06 09:58:18 devstack devstack@c-api.service[73962]: DEBUG cinder.api.v3.router [None req-c8259895-37c7-40e1-b45a-4608fbcd72d3 None None] Extension UsedLimits extending resource: limits {{(pid=73962) _setup_extensions /opt/stack/cinder/cinder/api/v3/router.py:155}}
Jul 06 09:58:18 devstack devstack@c-api.service[73962]: DEBUG cinder.api.v3.router [None req-c8259895-37c7-40e1-b45a-4608fbcd72d3 None None] Extension VolumeActions extending resource: volumes {{(pid=73962) _setup_extensions /opt/stack/cinder/cinder/api/v3/router.py:155}}
Jul 06 09:58:18 devstack devstack@c-api.service[73962]: DEBUG cinder.api.v3.router [None req-c8259895-37c7-40e1-b45a-4608fbcd72d3 None None] Extension ExtendedSnapshotAttributes extending resource: snapshots {{(pid=73962) _setup_extensions /opt/stack/cinder/cinder/api/v3/router.py:155}}
Jul 06 09:58:18 devstack devstack@c-api.service[73962]: DEBUG cinder.api.v3.router [None req-c8259895-37c7-40e1-b45a-4608fbcd72d3 None None] Extension VolumeUnmanage extending resource: volumes {{(pid=73962) _setup_extensions /opt/stack/cinder/cinder/api/v3/router.py:155}}
Jul 06 09:58:18 devstack devstack@c-api.service[73961]: WARNING stevedore.named [None req-ee3b0087-a653-4440-8ac6-cb237d057793 None None] Could not load cinder.keymgr.conf_key_mgr.ConfKeyManager
Jul 06 09:58:18 devstack devstack@c-api.service[73961]: WARNING castellan.key_manager [None req-ee3b0087-a653-4440-8ac6-cb237d057793 None None] Deprecation Warning : cinder.keymgr.conf_key_mgr.ConfKeyManager is not a stevedore based driver, trying to load it as a class: stevedore.exception.NoMatches: No 'castellan.drivers' driver found, looking for 'cinder.keymgr.conf_key_mgr.ConfKeyManager'
Jul 06 09:58:18 devstack devstack@c-api.service[73961]: WARNING stevedore.named [None req-ee3b0087-a653-4440-8ac6-cb237d057793 None None] Could not load cinder.keymgr.conf_key_mgr.ConfKeyManager
Jul 06 09:58:18 devstack devstack@c-api.service[73961]: WARNING castellan.key_manager [None req-ee3b0087-a653-4440-8ac6-cb237d057793 None None] Deprecation Warning : cinder.keymgr.conf_key_mgr.ConfKeyManager is not a stevedore based driver, trying to load it as a class: stevedore.exception.NoMatches: No 'castellan.drivers' driver found, looking for 'cinder.keymgr.conf_key_mgr.ConfKeyManager'
Jul 06 09:58:18 devstack devstack@c-api.service[73961]: WARNING stevedore.named [None req-ee3b0087-a653-4440-8ac6-cb237d057793 None None] Could not load cinder.keymgr.conf_key_mgr.ConfKeyManager
Jul 06 09:58:18 devstack devstack@c-api.service[73961]: WARNING castellan.key_manager [None req-ee3b0087-a653-4440-8ac6-cb237d057793 None None] Deprecation Warning : cinder.keymgr.conf_key_mgr.ConfKeyManager is not a stevedore based driver, trying to load it as a class: stevedore.exception.NoMatches: No 'castellan.drivers' driver found, looking for 'cinder.keymgr.conf_key_mgr.ConfKeyManager'
Jul 06 09:58:18 devstack devstack@c-api.service[73961]: WARNING stevedore.named [None req-ee3b0087-a653-4440-8ac6-cb237d057793 None None] Could not load cinder.keymgr.conf_key_mgr.ConfKeyManager
Jul 06 09:58:18 devstack devstack@c-api.service[73961]: WARNING castellan.key_manager [None req-ee3b0087-a653-4440-8ac6-cb237d057793 None None] Deprecation Warning : cinder.keymgr.conf_key_mgr.ConfKeyManager is not a stevedore based driver, trying to load it as a class: stevedore.exception.NoMatches: No 'castellan.drivers' driver found, looking for 'cinder.keymgr.conf_key_mgr.ConfKeyManager'
Jul 06 09:58:18 devstack devstack@c-api.service[73961]: DEBUG cinder.api.v3.router [None req-ee3b0087-a653-4440-8ac6-cb237d057793 None None] Extension TypesManage extending resource: types {{(pid=73961) _setup_extensions /opt/stack/cinder/cinder/api/v3/router.py:155}}
Jul 06 09:58:18 devstack devstack@c-api.service[73961]: DEBUG cinder.api.v3.router [None req-ee3b0087-a653-4440-8ac6-cb237d057793 None None] Extension SnapshotUnmanage extending resource: snapshots {{(pid=73961) _setup_extensions /opt/stack/cinder/cinder/api/v3/router.py:155}}
Jul 06 09:58:18 devstack devstack@c-api.service[73961]: DEBUG cinder.api.v3.router [None req-ee3b0087-a653-4440-8ac6-cb237d057793 None None] Extension VolumeTypeAccess extending resource: types {{(pid=73961) _setup_extensions /opt/stack/cinder/cinder/api/v3/router.py:155}}
Jul 06 09:58:18 devstack devstack@c-api.service[73961]: DEBUG cinder.api.v3.router [None req-ee3b0087-a653-4440-8ac6-cb237d057793 None None] Extension VolumeHostAttribute extending resource: volumes {{(pid=73961) _setup_extensions /opt/stack/cinder/cinder/api/v3/router.py:155}}
Jul 06 09:58:18 devstack devstack@c-api.service[73961]: DEBUG cinder.api.v3.router [None req-ee3b0087-a653-4440-8ac6-cb237d057793 None None] Extension SnapshotActions extending resource: snapshots {{(pid=73961) _setup_extensions /opt/stack/cinder/cinder/api/v3/router.py:155}}
Jul 06 09:58:18 devstack devstack@c-api.service[73961]: DEBUG cinder.api.v3.router [None req-ee3b0087-a653-4440-8ac6-cb237d057793 None None] Extension VolumeTenantAttribute extending resource: volumes {{(pid=73961) _setup_extensions /opt/stack/cinder/cinder/api/v3/router.py:155}}
Jul 06 09:58:18 devstack devstack@c-api.service[73961]: DEBUG cinder.api.v3.router [None req-ee3b0087-a653-4440-8ac6-cb237d057793 None None] Extension VolumeMigStatusAttribute extending resource: volumes {{(pid=73961) _setup_extensions /opt/stack/cinder/cinder/api/v3/router.py:155}}
Jul 06 09:58:18 devstack devstack@c-api.service[73961]: DEBUG cinder.api.v3.router [None req-ee3b0087-a653-4440-8ac6-cb237d057793 None None] Extension VolumeImageMetadata extending resource: volumes {{(pid=73961) _setup_extensions /opt/stack/cinder/cinder/api/v3/router.py:155}}
Jul 06 09:58:18 devstack devstack@c-api.service[73961]: DEBUG cinder.api.v3.router [None req-ee3b0087-a653-4440-8ac6-cb237d057793 None None] Extension VolumeTypeEncryption extending resource: types {{(pid=73961) _setup_extensions /opt/stack/cinder/cinder/api/v3/router.py:155}}
Jul 06 09:58:18 devstack devstack@c-api.service[73961]: DEBUG cinder.api.v3.router [None req-ee3b0087-a653-4440-8ac6-cb237d057793 None None] Extension AdminActions extending resource: volumes {{(pid=73961) _setup_extensions /opt/stack/cinder/cinder/api/v3/router.py:155}}
Jul 06 09:58:18 devstack devstack@c-api.service[73961]: DEBUG cinder.api.v3.router [None req-ee3b0087-a653-4440-8ac6-cb237d057793 None None] Extension AdminActions extending resource: snapshots {{(pid=73961) _setup_extensions /opt/stack/cinder/cinder/api/v3/router.py:155}}
Jul 06 09:58:18 devstack devstack@c-api.service[73961]: DEBUG cinder.api.v3.router [None req-ee3b0087-a653-4440-8ac6-cb237d057793 None None] Extension AdminActions extending resource: backups {{(pid=73961) _setup_extensions /opt/stack/cinder/cinder/api/v3/router.py:155}}
Jul 06 09:58:18 devstack devstack@c-api.service[73961]: DEBUG cinder.api.v3.router [None req-ee3b0087-a653-4440-8ac6-cb237d057793 None None] Extension UsedLimits extending resource: limits {{(pid=73961) _setup_extensions /opt/stack/cinder/cinder/api/v3/router.py:155}}
Jul 06 09:58:18 devstack devstack@c-api.service[73961]: DEBUG cinder.api.v3.router [None req-ee3b0087-a653-4440-8ac6-cb237d057793 None None] Extension VolumeActions extending resource: volumes {{(pid=73961) _setup_extensions /opt/stack/cinder/cinder/api/v3/router.py:155}}
Jul 06 09:58:18 devstack devstack@c-api.service[73961]: DEBUG cinder.api.v3.router [None req-ee3b0087-a653-4440-8ac6-cb237d057793 None None] Extension ExtendedSnapshotAttributes extending resource: snapshots {{(pid=73961) _setup_extensions /opt/stack/cinder/cinder/api/v3/router.py:155}}
Jul 06 09:58:18 devstack devstack@c-api.service[73961]: DEBUG cinder.api.v3.router [None req-ee3b0087-a653-4440-8ac6-cb237d057793 None None] Extension VolumeUnmanage extending resource: volumes {{(pid=73961) _setup_extensions /opt/stack/cinder/cinder/api/v3/router.py:155}}
Jul 06 09:58:18 devstack devstack@c-api.service[73962]: WSGI app 0 (mountpoint='') ready in 6 seconds on interpreter 0x7fe24aea3668 pid: 73962 (default app)
Jul 06 09:58:18 devstack devstack@c-api.service[73961]: WSGI app 0 (mountpoint='') ready in 6 seconds on interpreter 0x7fe24aea3668 pid: 73961 (default app)
Jul 06 09:58:18 devstack devstack@c-api.service[73962]: DEBUG cinder.api.middleware.request_id [None req-f691db90-3a4d-4d1d-a2d4-b5c9a6c41344 None None] RequestId filter calling following filter/app {{(pid=73962) _context_setter /opt/stack/cinder/cinder/api/middleware/request_id.py:62}}
Jul 06 09:58:18 devstack devstack@c-api.service[73962]: [pid: 73962|app: 0|req: 1/1] 192.168.122.191 () {50 vars in 785 bytes} [Mon Jul 6 09:58:18 2026] GET /volume/v3/ => generated 114 bytes in 33 msecs (HTTP/1.1 401) 5 headers in 233 bytes (1 switches on core 0)
Jul 06 09:58:26 devstack devstack@c-api.service[73961]: DEBUG cinder.api.middleware.request_id [None req-6ba5e0df-1b25-4d22-b75b-a7e686089d7b None None] RequestId filter calling following filter/app {{(pid=73961) _context_setter /opt/stack/cinder/cinder/api/middleware/request_id.py:62}}
Jul 06 09:58:26 devstack devstack@c-api.service[73961]: INFO cinder.api.openstack.wsgi [None req-6ba5e0df-1b25-4d22-b75b-a7e686089d7b admin admin] POST http://192.168.122.191/volume/v3/types
Jul 06 09:58:26 devstack devstack@c-api.service[73961]: DEBUG cinder.api.openstack.wsgi [None req-6ba5e0df-1b25-4d22-b75b-a7e686089d7b admin admin] Action: 'create', calling method: _create, body: {"volume_type": {"name": "lvmdriver-1", "description": null, "os-volume-type-access:is_public": true}} {{(pid=73961) _process_stack /opt/stack/cinder/cinder/api/openstack/wsgi.py:876}}
Jul 06 09:58:26 devstack devstack@c-api.service[73961]: /opt/stack/data/venv/lib/python3.12/site-packages/oslo_context/context.py:102: DeprecationWarning: Policy enforcement is depending on the value of is_admin. This key is deprecated. Please update your policy file to use the standard policy values.
Jul 06 09:58:26 devstack devstack@c-api.service[73961]: warnings.warn(
Jul 06 09:58:26 devstack devstack@c-api.service[73961]: DEBUG oslo_db.sqlalchemy.engines [None req-6ba5e0df-1b25-4d22-b75b-a7e686089d7b admin admin] MySQL server mode set to STRICT_TRANS_TABLES,STRICT_ALL_TABLES,NO_ZERO_IN_DATE,NO_ZERO_DATE,ERROR_FOR_DIVISION_BY_ZERO,TRADITIONAL,NO_ENGINE_SUBSTITUTION {{(pid=73961) _check_effective_sql_mode /opt/stack/data/venv/lib/python3.12/site-packages/oslo_db/sqlalchemy/engines.py:325}}
Jul 06 09:58:27 devstack devstack@c-api.service[73961]: INFO cinder.api.openstack.wsgi [None req-6ba5e0df-1b25-4d22-b75b-a7e686089d7b admin admin] http://192.168.122.191/volume/v3/types returned with HTTP 200
Jul 06 09:58:27 devstack devstack@c-api.service[73961]: [pid: 73961|app: 0|req: 1/2] 192.168.122.191 () {60 vars in 1146 bytes} [Mon Jul 6 09:58:25 2026] POST /volume/v3/types => generated 186 bytes in 1026 msecs (HTTP/1.1 200) 7 headers in 285 bytes (1 switches on core 0)
Jul 06 09:58:27 devstack devstack@c-api.service[73962]: DEBUG cinder.api.middleware.request_id [req-6ba5e0df-1b25-4d22-b75b-a7e686089d7b req-8516fc48-7848-41b5-a630-c197d434a22c None None] RequestId filter calling following filter/app {{(pid=73962) _context_setter /opt/stack/cinder/cinder/api/middleware/request_id.py:62}}
Jul 06 09:58:27 devstack devstack@c-api.service[73962]: INFO cinder.api.openstack.wsgi [req-6ba5e0df-1b25-4d22-b75b-a7e686089d7b req-8516fc48-7848-41b5-a630-c197d434a22c admin admin] POST http://192.168.122.191/volume/v3/types/ac515fb2-2209-4192-a48e-bb3a6053cb29/extra_specs
Jul 06 09:58:27 devstack devstack@c-api.service[73962]: DEBUG cinder.api.openstack.wsgi [req-6ba5e0df-1b25-4d22-b75b-a7e686089d7b req-8516fc48-7848-41b5-a630-c197d434a22c admin admin] Action: 'create', calling method: create, body: {"extra_specs": {"volume_backend_name": "lvmdriver-1"}} {{(pid=73962) _process_stack /opt/stack/cinder/cinder/api/openstack/wsgi.py:876}}
Jul 06 09:58:27 devstack devstack@c-api.service[73962]: /opt/stack/data/venv/lib/python3.12/site-packages/oslo_context/context.py:102: DeprecationWarning: Policy enforcement is depending on the value of is_admin. This key is deprecated. Please update your policy file to use the standard policy values.
Jul 06 09:58:27 devstack devstack@c-api.service[73962]: warnings.warn(
Jul 06 09:58:27 devstack devstack@c-api.service[73962]: DEBUG oslo_db.sqlalchemy.engines [req-6ba5e0df-1b25-4d22-b75b-a7e686089d7b req-8516fc48-7848-41b5-a630-c197d434a22c admin admin] MySQL server mode set to STRICT_TRANS_TABLES,STRICT_ALL_TABLES,NO_ZERO_IN_DATE,NO_ZERO_DATE,ERROR_FOR_DIVISION_BY_ZERO,TRADITIONAL,NO_ENGINE_SUBSTITUTION {{(pid=73962) _check_effective_sql_mode /opt/stack/data/venv/lib/python3.12/site-packages/oslo_db/sqlalchemy/engines.py:325}}
Jul 06 09:58:27 devstack devstack@c-api.service[73962]: INFO cinder.api.openstack.wsgi [req-6ba5e0df-1b25-4d22-b75b-a7e686089d7b req-8516fc48-7848-41b5-a630-c197d434a22c admin admin] http://192.168.122.191/volume/v3/types/ac515fb2-2209-4192-a48e-bb3a6053cb29/extra_specs returned with HTTP 200
Jul 06 09:58:27 devstack devstack@c-api.service[73962]: [pid: 73962|app: 0|req: 2/3] 192.168.122.191 () {62 vars in 1363 bytes} [Mon Jul 6 09:58:27 2026] POST /volume/v3/types/ac515fb2-2209-4192-a48e-bb3a6053cb29/extra_specs => generated 55 bytes in 897 msecs (HTTP/1.1 200) 7 headers in 284 bytes (1 switches on core 0)
Jul 06 09:58:37 devstack devstack@c-api.service[73961]: DEBUG dbcounter [-] [73961] Writing DB stats cinder:SELECT=9,cinder:INSERT=1 {{(pid=73961) stat_writer /opt/stack/data/venv/lib/python3.12/site-packages/dbcounter.py:115}}
Jul 06 09:58:37 devstack devstack@c-api.service[73962]: DEBUG dbcounter [-] [73962] Writing DB stats cinder:SELECT=11,cinder:INSERT=1 {{(pid=73962) stat_writer /opt/stack/data/venv/lib/python3.12/site-packages/dbcounter.py:115}}
Jul 06 09:59:14 devstack devstack@c-api.service[73961]: DEBUG cinder.api.middleware.request_id [None req-cb0cbc53-af7e-43a8-bd8e-f4f56550dc62 None None] RequestId filter calling following filter/app {{(pid=73961) _context_setter /opt/stack/cinder/cinder/api/middleware/request_id.py:62}}
Jul 06 09:59:14 devstack devstack@c-api.service[73961]: INFO cinder.api.openstack.wsgi [None req-cb0cbc53-af7e-43a8-bd8e-f4f56550dc62 None None] GET http://192.168.122.191/volume//
Jul 06 09:59:14 devstack devstack@c-api.service[73961]: DEBUG cinder.api.openstack.wsgi [None req-cb0cbc53-af7e-43a8-bd8e-f4f56550dc62 None None] Empty body provided in request {{(pid=73961) get_body /opt/stack/cinder/cinder/api/openstack/wsgi.py:725}}
Jul 06 09:59:14 devstack devstack@c-api.service[73961]: DEBUG cinder.api.openstack.wsgi [None req-cb0cbc53-af7e-43a8-bd8e-f4f56550dc62 None None] Calling method 'all' {{(pid=73961) _process_stack /opt/stack/cinder/cinder/api/openstack/wsgi.py:878}}
Jul 06 09:59:14 devstack devstack@c-api.service[73961]: INFO cinder.api.openstack.wsgi [None req-cb0cbc53-af7e-43a8-bd8e-f4f56550dc62 None None] http://192.168.122.191/volume// returned with HTTP 300
Jul 06 09:59:14 devstack devstack@c-api.service[73961]: [pid: 73961|app: 0|req: 2/4] 192.168.122.191 () {58 vars in 1314 bytes} [Mon Jul 6 09:59:14 2026] GET /volume/ => generated 390 bytes in 5 msecs (HTTP/1.1 300) 7 headers in 299 bytes (1 switches on core 0)
Jul 06 10:01:10 devstack devstack@c-api.service[73962]: DEBUG cinder.api.middleware.request_id [None req-6bffb8e4-1fc0-400f-a4da-0113b2e0bfc9 None None] RequestId filter calling following filter/app {{(pid=73962) _context_setter /opt/stack/cinder/cinder/api/middleware/request_id.py:62}}
Jul 06 10:01:10 devstack devstack@c-api.service[73962]: INFO cinder.api.openstack.wsgi [None req-6bffb8e4-1fc0-400f-a4da-0113b2e0bfc9 tempest-verify_tempest_config-733965633 tempest-verify_tempest_config-733965633-project-member] GET http://192.168.122.191/volume/v3/extensions
Jul 06 10:01:10 devstack devstack@c-api.service[73962]: DEBUG cinder.api.openstack.wsgi [None req-6bffb8e4-1fc0-400f-a4da-0113b2e0bfc9 tempest-verify_tempest_config-733965633 tempest-verify_tempest_config-733965633-project-member] Empty body provided in request {{(pid=73962) get_body /opt/stack/cinder/cinder/api/openstack/wsgi.py:725}}
Jul 06 10:01:10 devstack devstack@c-api.service[73962]: DEBUG cinder.api.openstack.wsgi [None req-6bffb8e4-1fc0-400f-a4da-0113b2e0bfc9 tempest-verify_tempest_config-733965633 tempest-verify_tempest_config-733965633-project-member] Calling method 'index' {{(pid=73962) _process_stack /opt/stack/cinder/cinder/api/openstack/wsgi.py:878}}
Jul 06 10:01:10 devstack devstack@c-api.service[73962]: INFO cinder.api.openstack.wsgi [None req-6bffb8e4-1fc0-400f-a4da-0113b2e0bfc9 tempest-verify_tempest_config-733965633 tempest-verify_tempest_config-733965633-project-member] http://192.168.122.191/volume/v3/extensions returned with HTTP 200
Jul 06 10:01:10 devstack devstack@c-api.service[73962]: [pid: 73962|app: 0|req: 3/5] 192.168.122.191 () {58 vars in 1130 bytes} [Mon Jul 6 10:01:10 2026] GET /volume/v3/extensions => generated 5245 bytes in 218 msecs (HTTP/1.1 200) 7 headers in 286 bytes (1 switches on core 0)
Jul 06 10:01:18 devstack devstack@c-api.service[73961]: DEBUG cinder.api.middleware.request_id [None req-013921fd-4d33-4e74-a6a1-ec78c26dbfc2 None None] RequestId filter calling following filter/app {{(pid=73961) _context_setter /opt/stack/cinder/cinder/api/middleware/request_id.py:62}}
Jul 06 10:01:18 devstack devstack@c-api.service[73961]: INFO cinder.api.openstack.wsgi [None req-013921fd-4d33-4e74-a6a1-ec78c26dbfc2 demo admin] POST http://192.168.122.191/volume/v3/types
Jul 06 10:01:18 devstack devstack@c-api.service[73961]: DEBUG cinder.api.openstack.wsgi [None req-013921fd-4d33-4e74-a6a1-ec78c26dbfc2 demo admin] Action: 'create', calling method: _create, body: {"volume_type": {"name": "QuobyteHD", "description": null, "os-volume-type-access:is_public": true}} {{(pid=73961) _process_stack /opt/stack/cinder/cinder/api/openstack/wsgi.py:876}}
Jul 06 10:01:18 devstack devstack@c-api.service[73961]: INFO cinder.api.openstack.wsgi [None req-013921fd-4d33-4e74-a6a1-ec78c26dbfc2 demo admin] http://192.168.122.191/volume/v3/types returned with HTTP 200
Jul 06 10:01:18 devstack devstack@c-api.service[73961]: [pid: 73961|app: 0|req: 3/6] 192.168.122.191 () {60 vars in 1146 bytes} [Mon Jul 6 10:01:18 2026] POST /volume/v3/types => generated 184 bytes in 165 msecs (HTTP/1.1 200) 7 headers in 285 bytes (1 switches on core 0)
Jul 06 10:01:28 devstack devstack@c-api.service[73961]: DEBUG dbcounter [-] [73961] Writing DB stats cinder:SELECT=3,cinder:INSERT=1 {{(pid=73961) stat_writer /opt/stack/data/venv/lib/python3.12/site-packages/dbcounter.py:115}}
Jul 06 10:03:24 devstack devstack@c-api.service[73934]: Mon Jul 6 10:03:24 2026 - graceful shutdown triggered...
Jul 06 10:03:24 devstack devstack@c-api.service[73962]: Gracefully killing worker 2 (pid: 73962)...
Jul 06 10:03:24 devstack devstack@c-api.service[73961]: Gracefully killing worker 1 (pid: 73961)...
Jul 06 10:03:25 devstack devstack@c-api.service[73934]: worker 1 buried after 1 seconds
Jul 06 10:03:25 devstack devstack@c-api.service[73934]: worker 2 buried after 1 seconds
Jul 06 10:03:25 devstack devstack@c-api.service[73934]: goodbye to uWSGI.
Jul 06 10:03:26 devstack devstack@c-api.service[85765]: [uWSGI] getting INI configuration from /etc/cinder/cinder-api-uwsgi.ini
Jul 06 10:03:26 devstack devstack@c-api.service[85765]: *** Starting uWSGI 2.0.24-debian (64bit) on [Mon Jul 6 10:03:25 2026] ***
Jul 06 10:03:26 devstack devstack@c-api.service[85765]: compiled with version: 13.2.0 on 17 April 2024 16:23:48
Jul 06 10:03:26 devstack devstack@c-api.service[85765]: os: Linux-6.8.0-124-generic #124-Ubuntu SMP PREEMPT_DYNAMIC Tue May 26 13:00:45 UTC 2026
Jul 06 10:03:26 devstack devstack@c-api.service[85765]: nodename: devstack
Jul 06 10:03:26 devstack devstack@c-api.service[85765]: machine: x86_64
Jul 06 10:03:26 devstack devstack@c-api.service[85765]: clock source: unix
Jul 06 10:03:26 devstack devstack@c-api.service[85765]: pcre jit disabled
Jul 06 10:03:26 devstack devstack@c-api.service[85765]: detected number of CPU cores: 4
Jul 06 10:03:26 devstack devstack@c-api.service[85765]: current working directory: /
Jul 06 10:03:26 devstack devstack@c-api.service[85765]: detected binary path: /usr/bin/uwsgi-core
Jul 06 10:03:26 devstack devstack@c-api.service[85765]: your processes number limit is 47518
Jul 06 10:03:26 devstack devstack@c-api.service[85765]: your memory page size is 4096 bytes
Jul 06 10:03:26 devstack devstack@c-api.service[85765]: detected max file descriptor number: 2048
Jul 06 10:03:26 devstack devstack@c-api.service[85765]: lock engine: pthread robust mutexes
Jul 06 10:03:26 devstack devstack@c-api.service[85765]: thunder lock: enabled
Jul 06 10:03:26 devstack devstack@c-api.service[85765]: uwsgi socket 0 bound to UNIX address /var/run/uwsgi/cinder-api.socket fd 4
Jul 06 10:03:26 devstack devstack@c-api.service[85765]: Python version: 3.12.3 (main, Mar 23 2026, 19:04:32) [GCC 13.3.0]
Jul 06 10:03:26 devstack devstack@c-api.service[85765]: PEP 405 virtualenv detected: /opt/stack/data/venv
Jul 06 10:03:26 devstack devstack@c-api.service[85765]: Set PythonHome to /opt/stack/data/venv
Jul 06 10:03:26 devstack devstack@c-api.service[85765]: Python main interpreter initialized at 0x7cf8e0aa3668
Jul 06 10:03:26 devstack devstack@c-api.service[85765]: python threads support enabled
Jul 06 10:03:26 devstack devstack@c-api.service[85765]: your server socket listen backlog is limited to 100 connections
Jul 06 10:03:26 devstack devstack@c-api.service[85765]: your mercy for graceful operations on workers is 80 seconds
Jul 06 10:03:26 devstack devstack@c-api.service[85765]: mapped 403077 bytes (393 KB) for 2 cores
Jul 06 10:03:26 devstack devstack@c-api.service[85765]: *** Operational MODE: preforking ***
Jul 06 10:03:26 devstack devstack@c-api.service[85765]: *** uWSGI is running in multiple interpreter mode ***
Jul 06 10:03:26 devstack devstack@c-api.service[85765]: spawned uWSGI master process (pid: 85765)
Jul 06 10:03:26 devstack devstack@c-api.service[85765]: spawned uWSGI worker 1 (pid: 85767, cores: 1)
Jul 06 10:03:26 devstack devstack@c-api.service[85765]: spawned uWSGI worker 2 (pid: 85768, cores: 1)
Jul 06 10:03:26 devstack devstack@c-api.service[85765]: running "unix_signal:15 gracefully_kill_them_all" (master-start)...
Jul 06 10:03:26 devstack devstack@c-api.service[85767]: /opt/stack/cinder/cinder/__init__.py:21: EventletDeprecationWarning:
Jul 06 10:03:26 devstack devstack@c-api.service[85767]: Eventlet is deprecated. It is currently being maintained in bugfix mode, and
Jul 06 10:03:26 devstack devstack@c-api.service[85767]: we strongly recommend against using it for new projects.
Jul 06 10:03:26 devstack devstack@c-api.service[85767]: If you are already using Eventlet, we recommend migrating to a different
Jul 06 10:03:26 devstack devstack@c-api.service[85767]: framework. For more detail see
Jul 06 10:03:26 devstack devstack@c-api.service[85767]: https://eventlet.readthedocs.io/en/latest/asyncio/migration.html
Jul 06 10:03:26 devstack devstack@c-api.service[85767]: import eventlet # noqa
Jul 06 10:03:26 devstack devstack@c-api.service[85768]: /opt/stack/cinder/cinder/__init__.py:21: EventletDeprecationWarning:
Jul 06 10:03:26 devstack devstack@c-api.service[85768]: Eventlet is deprecated. It is currently being maintained in bugfix mode, and
Jul 06 10:03:26 devstack devstack@c-api.service[85768]: we strongly recommend against using it for new projects.
Jul 06 10:03:26 devstack devstack@c-api.service[85768]: If you are already using Eventlet, we recommend migrating to a different
Jul 06 10:03:26 devstack devstack@c-api.service[85768]: framework. For more detail see
Jul 06 10:03:26 devstack devstack@c-api.service[85768]: https://eventlet.readthedocs.io/en/latest/asyncio/migration.html
Jul 06 10:03:26 devstack devstack@c-api.service[85768]: import eventlet # noqa
Jul 06 10:03:26 devstack devstack@c-api.service[85768]: /opt/stack/data/venv/lib/python3.12/site-packages/oslo_utils/eventletutils.py:34: DeprecationWarning: eventletutils module is deprecated and will be removed.
Jul 06 10:03:26 devstack devstack@c-api.service[85768]: warnings.warn(
Jul 06 10:03:26 devstack devstack@c-api.service[85767]: /opt/stack/data/venv/lib/python3.12/site-packages/oslo_utils/eventletutils.py:34: DeprecationWarning: eventletutils module is deprecated and will be removed.
Jul 06 10:03:26 devstack devstack@c-api.service[85767]: warnings.warn(
Jul 06 10:03:26 devstack devstack@c-api.service[85768]: /opt/stack/data/venv/lib/python3.12/site-packages/webob/compat.py:5: DeprecationWarning: 'cgi' is deprecated and slated for removal in Python 3.13
Jul 06 10:03:26 devstack devstack@c-api.service[85768]: from cgi import parse_header
Jul 06 10:03:26 devstack devstack@c-api.service[85767]: /opt/stack/data/venv/lib/python3.12/site-packages/webob/compat.py:5: DeprecationWarning: 'cgi' is deprecated and slated for removal in Python 3.13
Jul 06 10:03:26 devstack devstack@c-api.service[85767]: from cgi import parse_header
Jul 06 10:03:26 devstack devstack@c-api.service[85768]: /opt/stack/data/venv/lib/python3.12/site-packages/oslo_service/eventlet_backdoor.py:36: DeprecationWarning: The 'oslo_service.eventlet_backdoor' module usage is deprecated and will be removed in version '2026.2': The 'eventlet_backdoor' module is deprecated and will be removed in version 2026.2. This module is not being replaced. Please migrate away from using it and remove any dependencies on this module.
Jul 06 10:03:26 devstack devstack@c-api.service[85768]: removals.removed_module(
Jul 06 10:03:26 devstack devstack@c-api.service[85768]: /opt/stack/data/venv/lib/python3.12/site-packages/oslo_service/sslutils.py:24: DeprecationWarning: The 'oslo_service.sslutils' module usage is deprecated and will be removed in version '2026.2': The 'oslo_service.sslutils' module is deprecated and will be removed in version 2026.2.
Jul 06 10:03:26 devstack devstack@c-api.service[85768]: removals.removed_module(
Jul 06 10:03:26 devstack devstack@c-api.service[85767]: /opt/stack/data/venv/lib/python3.12/site-packages/oslo_service/eventlet_backdoor.py:36: DeprecationWarning: The 'oslo_service.eventlet_backdoor' module usage is deprecated and will be removed in version '2026.2': The 'eventlet_backdoor' module is deprecated and will be removed in version 2026.2. This module is not being replaced. Please migrate away from using it and remove any dependencies on this module.
Jul 06 10:03:26 devstack devstack@c-api.service[85767]: removals.removed_module(
Jul 06 10:03:26 devstack devstack@c-api.service[85767]: /opt/stack/data/venv/lib/python3.12/site-packages/oslo_service/sslutils.py:24: DeprecationWarning: The 'oslo_service.sslutils' module usage is deprecated and will be removed in version '2026.2': The 'oslo_service.sslutils' module is deprecated and will be removed in version 2026.2.
Jul 06 10:03:26 devstack devstack@c-api.service[85767]: removals.removed_module(
Jul 06 10:03:29 devstack devstack@c-api.service[85768]: /opt/stack/data/venv/lib/python3.12/site-packages/oslo_policy/policy.py:1644: DeprecationWarning: volume_extension:quotas:show deprecated without deprecated_reason or deprecated_since. This will be an error in a future release
Jul 06 10:03:29 devstack devstack@c-api.service[85768]: warnings.warn(
Jul 06 10:03:29 devstack devstack@c-api.service[85767]: /opt/stack/data/venv/lib/python3.12/site-packages/oslo_policy/policy.py:1644: DeprecationWarning: volume_extension:quotas:show deprecated without deprecated_reason or deprecated_since. This will be an error in a future release
Jul 06 10:03:29 devstack devstack@c-api.service[85767]: warnings.warn(
Jul 06 10:03:29 devstack devstack@c-api.service[85768]: /opt/stack/data/venv/lib/python3.12/site-packages/eventlet/__init__.py:83: DeprecationWarning: Using fork() is a bad idea, and there is no guarantee eventlet will work. See https://eventlet.readthedocs.io/en/latest/fork.html for more details.
Jul 06 10:03:29 devstack devstack@c-api.service[85768]: warnings.warn(
Jul 06 10:03:29 devstack devstack@c-api.service[85767]: /opt/stack/data/venv/lib/python3.12/site-packages/eventlet/__init__.py:83: DeprecationWarning: Using fork() is a bad idea, and there is no guarantee eventlet will work. See https://eventlet.readthedocs.io/en/latest/fork.html for more details.
Jul 06 10:03:29 devstack devstack@c-api.service[85767]: warnings.warn(
Jul 06 10:03:29 devstack devstack@c-api.service[85768]: WARNING oslo_config.cfg [-] Deprecated: Option "api_paste_config" from group "DEFAULT" is deprecated for removal (The 'api_paste_config' option is deprecated and will be removed in a future release.). Its value may be silently ignored in the future.
Jul 06 10:03:29 devstack devstack@c-api.service[85768]: DEBUG oslo.service.wsgi [-] Loading app osapi_volume from /etc/cinder/api-paste.ini {{(pid=85768) load_app /opt/stack/data/venv/lib/python3.12/site-packages/oslo_service/wsgi.py:380}}
Jul 06 10:03:29 devstack devstack@c-api.service[85767]: WARNING oslo_config.cfg [-] Deprecated: Option "api_paste_config" from group "DEFAULT" is deprecated for removal (The 'api_paste_config' option is deprecated and will be removed in a future release.). Its value may be silently ignored in the future.
Jul 06 10:03:29 devstack devstack@c-api.service[85767]: DEBUG oslo.service.wsgi [-] Loading app osapi_volume from /etc/cinder/api-paste.ini {{(pid=85767) load_app /opt/stack/data/venv/lib/python3.12/site-packages/oslo_service/wsgi.py:380}}
Jul 06 10:03:29 devstack devstack@c-api.service[85768]: /opt/stack/cinder/cinder/api/validation/validators.py:126: DeprecationWarning: FormatChecker.cls_checks is deprecated. Call FormatChecker.checks on a specific FormatChecker instance instead.
Jul 06 10:03:29 devstack devstack@c-api.service[85768]: @jsonschema.FormatChecker.cls_checks('date-time')
Jul 06 10:03:30 devstack devstack@c-api.service[85767]: /opt/stack/cinder/cinder/api/validation/validators.py:126: DeprecationWarning: FormatChecker.cls_checks is deprecated. Call FormatChecker.checks on a specific FormatChecker instance instead.
Jul 06 10:03:30 devstack devstack@c-api.service[85767]: @jsonschema.FormatChecker.cls_checks('date-time')
Jul 06 10:03:30 devstack devstack@c-api.service[85768]: DEBUG cinder.api.extensions [-] Initializing extension manager. {{(pid=85768) __init__ /opt/stack/cinder/cinder/api/extensions.py:120}}
Jul 06 10:03:30 devstack devstack@c-api.service[85768]: DEBUG cinder.api.extensions [-] Loading extension cinder.api.contrib.standard_extensions {{(pid=85768) load_extension /opt/stack/cinder/cinder/api/extensions.py:194}}
Jul 06 10:03:30 devstack devstack@c-api.service[85768]: DEBUG cinder.api.extensions [-] Calling extension factory cinder.api.contrib.standard_extensions {{(pid=85768) load_extension /opt/stack/cinder/cinder/api/extensions.py:200}}
Jul 06 10:03:30 devstack devstack@c-api.service[85768]: DEBUG cinder.api.extensions [-] Loading extension cinder.api.contrib.types_manage.Types_manage {{(pid=85768) load_extension /opt/stack/cinder/cinder/api/extensions.py:194}}
Jul 06 10:03:30 devstack devstack@c-api.service[85768]: DEBUG cinder.api.extensions [-] Calling extension factory cinder.api.contrib.types_manage.Types_manage {{(pid=85768) load_extension /opt/stack/cinder/cinder/api/extensions.py:200}}
Jul 06 10:03:30 devstack devstack@c-api.service[85768]: DEBUG cinder.api.extensions [-] Ext name: TypesManage {{(pid=85768) _check_extension /opt/stack/cinder/cinder/api/extensions.py:174}}
Jul 06 10:03:30 devstack devstack@c-api.service[85768]: DEBUG cinder.api.extensions [-] Ext alias: os-types-manage {{(pid=85768) _check_extension /opt/stack/cinder/cinder/api/extensions.py:175}}
Jul 06 10:03:30 devstack devstack@c-api.service[85768]: DEBUG cinder.api.extensions [-] Ext description: Types manage support. {{(pid=85768) _check_extension /opt/stack/cinder/cinder/api/extensions.py:176}}
Jul 06 10:03:30 devstack devstack@c-api.service[85768]: DEBUG cinder.api.extensions [-] Ext updated: 2011-08-24T00:00:00+00:00 {{(pid=85768) _check_extension /opt/stack/cinder/cinder/api/extensions.py:178}}
Jul 06 10:03:30 devstack devstack@c-api.service[85768]: DEBUG cinder.api.extensions [-] Loaded extension: os-types-manage {{(pid=85768) register /opt/stack/cinder/cinder/api/extensions.py:135}}
Jul 06 10:03:30 devstack devstack@c-api.service[85768]: DEBUG cinder.api.extensions [-] Loading extension cinder.api.contrib.scheduler_hints.Scheduler_hints {{(pid=85768) load_extension /opt/stack/cinder/cinder/api/extensions.py:194}}
Jul 06 10:03:30 devstack devstack@c-api.service[85768]: DEBUG cinder.api.extensions [-] Calling extension factory cinder.api.contrib.scheduler_hints.Scheduler_hints {{(pid=85768) load_extension /opt/stack/cinder/cinder/api/extensions.py:200}}
Jul 06 10:03:30 devstack devstack@c-api.service[85768]: DEBUG cinder.api.extensions [-] Ext name: SchedulerHints {{(pid=85768) _check_extension /opt/stack/cinder/cinder/api/extensions.py:174}}
Jul 06 10:03:30 devstack devstack@c-api.service[85768]: DEBUG cinder.api.extensions [-] Ext alias: OS-SCH-HNT {{(pid=85768) _check_extension /opt/stack/cinder/cinder/api/extensions.py:175}}
Jul 06 10:03:30 devstack devstack@c-api.service[85768]: DEBUG cinder.api.extensions [-] Ext description: Pass arbitrary key/value pairs to the scheduler. {{(pid=85768) _check_extension /opt/stack/cinder/cinder/api/extensions.py:176}}
Jul 06 10:03:30 devstack devstack@c-api.service[85768]: DEBUG cinder.api.extensions [-] Ext updated: 2013-04-18T00:00:00+00:00 {{(pid=85768) _check_extension /opt/stack/cinder/cinder/api/extensions.py:178}}
Jul 06 10:03:30 devstack devstack@c-api.service[85768]: DEBUG cinder.api.extensions [-] Loaded extension: OS-SCH-HNT {{(pid=85768) register /opt/stack/cinder/cinder/api/extensions.py:135}}
Jul 06 10:03:30 devstack devstack@c-api.service[85768]: DEBUG cinder.api.extensions [-] Loading extension cinder.api.contrib.qos_specs_manage.Qos_specs_manage {{(pid=85768) load_extension /opt/stack/cinder/cinder/api/extensions.py:194}}
Jul 06 10:03:30 devstack devstack@c-api.service[85768]: DEBUG cinder.api.extensions [-] Calling extension factory cinder.api.contrib.qos_specs_manage.Qos_specs_manage {{(pid=85768) load_extension /opt/stack/cinder/cinder/api/extensions.py:200}}
Jul 06 10:03:30 devstack devstack@c-api.service[85768]: DEBUG cinder.api.extensions [-] Ext name: Qos_specs_manage {{(pid=85768) _check_extension /opt/stack/cinder/cinder/api/extensions.py:174}}
Jul 06 10:03:30 devstack devstack@c-api.service[85768]: DEBUG cinder.api.extensions [-] Ext alias: qos-specs {{(pid=85768) _check_extension /opt/stack/cinder/cinder/api/extensions.py:175}}
Jul 06 10:03:30 devstack devstack@c-api.service[85768]: DEBUG cinder.api.extensions [-] Ext description: QoS specs support. {{(pid=85768) _check_extension /opt/stack/cinder/cinder/api/extensions.py:176}}
Jul 06 10:03:30 devstack devstack@c-api.service[85768]: DEBUG cinder.api.extensions [-] Ext updated: 2013-08-02T00:00:00+00:00 {{(pid=85768) _check_extension /opt/stack/cinder/cinder/api/extensions.py:178}}
Jul 06 10:03:30 devstack devstack@c-api.service[85768]: DEBUG cinder.api.extensions [-] Loaded extension: qos-specs {{(pid=85768) register /opt/stack/cinder/cinder/api/extensions.py:135}}
Jul 06 10:03:30 devstack devstack@c-api.service[85768]: DEBUG cinder.api.extensions [-] Loading extension cinder.api.contrib.cgsnapshots.Cgsnapshots {{(pid=85768) load_extension /opt/stack/cinder/cinder/api/extensions.py:194}}
Jul 06 10:03:30 devstack devstack@c-api.service[85768]: DEBUG cinder.api.extensions [-] Calling extension factory cinder.api.contrib.cgsnapshots.Cgsnapshots {{(pid=85768) load_extension /opt/stack/cinder/cinder/api/extensions.py:200}}
Jul 06 10:03:30 devstack devstack@c-api.service[85768]: DEBUG cinder.api.extensions [-] Ext name: Cgsnapshots {{(pid=85768) _check_extension /opt/stack/cinder/cinder/api/extensions.py:174}}
Jul 06 10:03:30 devstack devstack@c-api.service[85768]: DEBUG cinder.api.extensions [-] Ext alias: cgsnapshots {{(pid=85768) _check_extension /opt/stack/cinder/cinder/api/extensions.py:175}}
Jul 06 10:03:30 devstack devstack@c-api.service[85768]: DEBUG cinder.api.extensions [-] Ext description: cgsnapshots support. {{(pid=85768) _check_extension /opt/stack/cinder/cinder/api/extensions.py:176}}
Jul 06 10:03:30 devstack devstack@c-api.service[85768]: DEBUG cinder.api.extensions [-] Ext updated: 2014-08-18T00:00:00+00:00 {{(pid=85768) _check_extension /opt/stack/cinder/cinder/api/extensions.py:178}}
Jul 06 10:03:30 devstack devstack@c-api.service[85768]: DEBUG cinder.api.extensions [-] Loaded extension: cgsnapshots {{(pid=85768) register /opt/stack/cinder/cinder/api/extensions.py:135}}
Jul 06 10:03:30 devstack devstack@c-api.service[85768]: DEBUG cinder.api.extensions [-] Loading extension cinder.api.contrib.volume_manage.Volume_manage {{(pid=85768) load_extension /opt/stack/cinder/cinder/api/extensions.py:194}}
Jul 06 10:03:30 devstack devstack@c-api.service[85768]: DEBUG cinder.api.extensions [-] Calling extension factory cinder.api.contrib.volume_manage.Volume_manage {{(pid=85768) load_extension /opt/stack/cinder/cinder/api/extensions.py:200}}
Jul 06 10:03:30 devstack devstack@c-api.service[85768]: DEBUG cinder.api.extensions [-] Ext name: VolumeManage {{(pid=85768) _check_extension /opt/stack/cinder/cinder/api/extensions.py:174}}
Jul 06 10:03:30 devstack devstack@c-api.service[85768]: DEBUG cinder.api.extensions [-] Ext alias: os-volume-manage {{(pid=85768) _check_extension /opt/stack/cinder/cinder/api/extensions.py:175}}
Jul 06 10:03:30 devstack devstack@c-api.service[85768]: DEBUG cinder.api.extensions [-] Ext description: Allows existing backend storage to be 'managed' by Cinder. {{(pid=85768) _check_extension /opt/stack/cinder/cinder/api/extensions.py:176}}
Jul 06 10:03:30 devstack devstack@c-api.service[85768]: DEBUG cinder.api.extensions [-] Ext updated: 2014-02-10T00:00:00+00:00 {{(pid=85768) _check_extension /opt/stack/cinder/cinder/api/extensions.py:178}}
