Feb 20 12:52:42 devstack cinder-volume[82215]: DEBUG oslo_concurrency.processutils [req-0ff14e5e-aa0c-4b9e-9368-ae183a15bced req-be643711-d407-4f66-9ca5-2ea0d45a4608 tempest-VolumesSnapshotsTestJSON-59575905 None] Running cmd (subprocess): sudo cinder-rootwrap /etc/cinder/rootwrap.conf qemu-img create -f qcow2 -o backing_file=/opt/stack/data/cinder/mnt/d7897c913a02cec46a59c436fa2fb51a/volume-39ac5505-bdb4-46cf-beb6-176b8e09b512,backing_fmt=qcow2 /opt/stack/data/cinder/mnt/d7897c913a02cec46a59c436fa2fb51a/volume-39ac5505-bdb4-46cf-beb6-176b8e09b512.32b2e79a-2a3c-4183-976f-7e22d0325da2 1G {{(pid=82215) execute /opt/stack/data/venv/lib/python3.10/site-packages/oslo_concurrency/processutils.py:368}}
Feb 20 12:52:43 devstack sudo[83697]: quobyte : PWD=/ ; USER=root ; COMMAND=/opt/stack/data/venv/bin/cinder-rootwrap /etc/cinder/rootwrap.conf qemu-img create -f qcow2 -o backing_file=/opt/stack/data/cinder/mnt/d7897c913a02cec46a59c436fa2fb51a/volume-39ac5505-bdb4-46cf-beb6-176b8e09b512,backing_fmt=qcow2 /opt/stack/data/cinder/mnt/d7897c913a02cec46a59c436fa2fb51a/volume-39ac5505-bdb4-46cf-beb6-176b8e09b512.32b2e79a-2a3c-4183-976f-7e22d0325da2 1G
Feb 20 12:52:43 devstack sudo[83697]: pam_unix(sudo:session): session opened for user root(uid=0) by (uid=1000)
Feb 20 12:52:43 devstack sudo[83697]: pam_unix(sudo:session): session closed for user root
Feb 20 12:52:43 devstack cinder-volume[82215]: DEBUG oslo_concurrency.processutils [req-0ff14e5e-aa0c-4b9e-9368-ae183a15bced req-be643711-d407-4f66-9ca5-2ea0d45a4608 tempest-VolumesSnapshotsTestJSON-59575905 None] CMD "sudo cinder-rootwrap /etc/cinder/rootwrap.conf qemu-img create -f qcow2 -o backing_file=/opt/stack/data/cinder/mnt/d7897c913a02cec46a59c436fa2fb51a/volume-39ac5505-bdb4-46cf-beb6-176b8e09b512,backing_fmt=qcow2 /opt/stack/data/cinder/mnt/d7897c913a02cec46a59c436fa2fb51a/volume-39ac5505-bdb4-46cf-beb6-176b8e09b512.32b2e79a-2a3c-4183-976f-7e22d0325da2 1G" returned: 0 in 0.540s {{(pid=82215) execute /opt/stack/data/venv/lib/python3.10/site-packages/oslo_concurrency/processutils.py:396}}
Feb 20 12:52:43 devstack cinder-volume[82215]: DEBUG oslo_concurrency.processutils [req-0ff14e5e-aa0c-4b9e-9368-ae183a15bced req-be643711-d407-4f66-9ca5-2ea0d45a4608 tempest-VolumesSnapshotsTestJSON-59575905 None] Running cmd (subprocess): sudo cinder-rootwrap /etc/cinder/rootwrap.conf qemu-img rebase -u -b volume-39ac5505-bdb4-46cf-beb6-176b8e09b512 -F qcow2 /opt/stack/data/cinder/mnt/d7897c913a02cec46a59c436fa2fb51a/volume-39ac5505-bdb4-46cf-beb6-176b8e09b512.32b2e79a-2a3c-4183-976f-7e22d0325da2 {{(pid=82215) execute /opt/stack/data/venv/lib/python3.10/site-packages/oslo_concurrency/processutils.py:368}}
Feb 20 12:52:43 devstack sudo[83702]: quobyte : PWD=/ ; USER=root ; COMMAND=/opt/stack/data/venv/bin/cinder-rootwrap /etc/cinder/rootwrap.conf qemu-img rebase -u -b volume-39ac5505-bdb4-46cf-beb6-176b8e09b512 -F qcow2 /opt/stack/data/cinder/mnt/d7897c913a02cec46a59c436fa2fb51a/volume-39ac5505-bdb4-46cf-beb6-176b8e09b512.32b2e79a-2a3c-4183-976f-7e22d0325da2
Feb 20 12:52:43 devstack sudo[83702]: pam_unix(sudo:session): session opened for user root(uid=0) by (uid=1000)
Feb 20 12:52:44 devstack sudo[83702]: pam_unix(sudo:session): session closed for user root
Feb 20 12:52:44 devstack cinder-volume[82215]: DEBUG oslo_concurrency.processutils [req-0ff14e5e-aa0c-4b9e-9368-ae183a15bced req-be643711-d407-4f66-9ca5-2ea0d45a4608 tempest-VolumesSnapshotsTestJSON-59575905 None] CMD "sudo cinder-rootwrap /etc/cinder/rootwrap.conf qemu-img rebase -u -b volume-39ac5505-bdb4-46cf-beb6-176b8e09b512 -F qcow2 /opt/stack/data/cinder/mnt/d7897c913a02cec46a59c436fa2fb51a/volume-39ac5505-bdb4-46cf-beb6-176b8e09b512.32b2e79a-2a3c-4183-976f-7e22d0325da2" returned: 0 in 0.509s {{(pid=82215) execute /opt/stack/data/venv/lib/python3.10/site-packages/oslo_concurrency/processutils.py:396}}
Feb 20 12:52:44 devstack cinder-volume[82215]: WARNING cinder.volume.drivers.remotefs [req-0ff14e5e-aa0c-4b9e-9368-ae183a15bced req-be643711-d407-4f66-9ca5-2ea0d45a4608 tempest-VolumesSnapshotsTestJSON-59575905 None] /opt/stack/data/cinder/mnt/d7897c913a02cec46a59c436fa2fb51a/volume-39ac5505-bdb4-46cf-beb6-176b8e09b512.32b2e79a-2a3c-4183-976f-7e22d0325da2 is being set with open permissions: ugo+rw
Feb 20 12:52:44 devstack cinder-volume[82215]: DEBUG oslo_concurrency.processutils [req-0ff14e5e-aa0c-4b9e-9368-ae183a15bced req-be643711-d407-4f66-9ca5-2ea0d45a4608 tempest-VolumesSnapshotsTestJSON-59575905 None] Running cmd (subprocess): sudo cinder-rootwrap /etc/cinder/rootwrap.conf chmod ugo+rw /opt/stack/data/cinder/mnt/d7897c913a02cec46a59c436fa2fb51a/volume-39ac5505-bdb4-46cf-beb6-176b8e09b512.32b2e79a-2a3c-4183-976f-7e22d0325da2 {{(pid=82215) execute /opt/stack/data/venv/lib/python3.10/site-packages/oslo_concurrency/processutils.py:368}}
Feb 20 12:52:44 devstack sudo[83707]: quobyte : PWD=/ ; USER=root ; COMMAND=/opt/stack/data/venv/bin/cinder-rootwrap /etc/cinder/rootwrap.conf chmod ugo+rw /opt/stack/data/cinder/mnt/d7897c913a02cec46a59c436fa2fb51a/volume-39ac5505-bdb4-46cf-beb6-176b8e09b512.32b2e79a-2a3c-4183-976f-7e22d0325da2
Feb 20 12:52:44 devstack sudo[83707]: pam_unix(sudo:session): session opened for user root(uid=0) by (uid=1000)
Feb 20 12:52:44 devstack sudo[83707]: pam_unix(sudo:session): session closed for user root
Feb 20 12:52:44 devstack cinder-volume[82215]: DEBUG oslo_concurrency.processutils [req-0ff14e5e-aa0c-4b9e-9368-ae183a15bced req-be643711-d407-4f66-9ca5-2ea0d45a4608 tempest-VolumesSnapshotsTestJSON-59575905 None] CMD "sudo cinder-rootwrap /etc/cinder/rootwrap.conf chmod ugo+rw /opt/stack/data/cinder/mnt/d7897c913a02cec46a59c436fa2fb51a/volume-39ac5505-bdb4-46cf-beb6-176b8e09b512.32b2e79a-2a3c-4183-976f-7e22d0325da2" returned: 0 in 0.458s {{(pid=82215) execute /opt/stack/data/venv/lib/python3.10/site-packages/oslo_concurrency/processutils.py:396}}
Feb 20 12:52:44 devstack cinder-volume[82215]: DEBUG oslo_concurrency.processutils [req-0ff14e5e-aa0c-4b9e-9368-ae183a15bced req-be643711-d407-4f66-9ca5-2ea0d45a4608 tempest-VolumesSnapshotsTestJSON-59575905 None] Running cmd (subprocess): sudo cinder-rootwrap /etc/cinder/rootwrap.conf truncate -s0 /opt/stack/data/cinder/mnt/d7897c913a02cec46a59c436fa2fb51a/volume-39ac5505-bdb4-46cf-beb6-176b8e09b512.info {{(pid=82215) execute /opt/stack/data/venv/lib/python3.10/site-packages/oslo_concurrency/processutils.py:368}}
Feb 20 12:52:44 devstack sudo[83710]: quobyte : PWD=/ ; USER=root ; COMMAND=/opt/stack/data/venv/bin/cinder-rootwrap /etc/cinder/rootwrap.conf truncate -s0 /opt/stack/data/cinder/mnt/d7897c913a02cec46a59c436fa2fb51a/volume-39ac5505-bdb4-46cf-beb6-176b8e09b512.info
Feb 20 12:52:44 devstack sudo[83710]: pam_unix(sudo:session): session opened for user root(uid=0) by (uid=1000)
Feb 20 12:52:44 devstack sudo[83710]: pam_unix(sudo:session): session closed for user root
Feb 20 12:52:44 devstack cinder-volume[82215]: DEBUG oslo_concurrency.processutils [req-0ff14e5e-aa0c-4b9e-9368-ae183a15bced req-be643711-d407-4f66-9ca5-2ea0d45a4608 tempest-VolumesSnapshotsTestJSON-59575905 None] CMD "sudo cinder-rootwrap /etc/cinder/rootwrap.conf truncate -s0 /opt/stack/data/cinder/mnt/d7897c913a02cec46a59c436fa2fb51a/volume-39ac5505-bdb4-46cf-beb6-176b8e09b512.info" returned: 0 in 0.442s {{(pid=82215) execute /opt/stack/data/venv/lib/python3.10/site-packages/oslo_concurrency/processutils.py:396}}
Feb 20 12:52:44 devstack cinder-volume[82215]: WARNING cinder.volume.drivers.remotefs [req-0ff14e5e-aa0c-4b9e-9368-ae183a15bced req-be643711-d407-4f66-9ca5-2ea0d45a4608 tempest-VolumesSnapshotsTestJSON-59575905 None] /opt/stack/data/cinder/mnt/d7897c913a02cec46a59c436fa2fb51a/volume-39ac5505-bdb4-46cf-beb6-176b8e09b512.info is being set with open permissions: ugo+rw
Feb 20 12:52:44 devstack cinder-volume[82215]: DEBUG oslo_concurrency.processutils [req-0ff14e5e-aa0c-4b9e-9368-ae183a15bced req-be643711-d407-4f66-9ca5-2ea0d45a4608 tempest-VolumesSnapshotsTestJSON-59575905 None] Running cmd (subprocess): sudo cinder-rootwrap /etc/cinder/rootwrap.conf chmod ugo+rw /opt/stack/data/cinder/mnt/d7897c913a02cec46a59c436fa2fb51a/volume-39ac5505-bdb4-46cf-beb6-176b8e09b512.info {{(pid=82215) execute /opt/stack/data/venv/lib/python3.10/site-packages/oslo_concurrency/processutils.py:368}}
Feb 20 12:52:44 devstack sudo[83713]: quobyte : PWD=/ ; USER=root ; COMMAND=/opt/stack/data/venv/bin/cinder-rootwrap /etc/cinder/rootwrap.conf chmod ugo+rw /opt/stack/data/cinder/mnt/d7897c913a02cec46a59c436fa2fb51a/volume-39ac5505-bdb4-46cf-beb6-176b8e09b512.info
Feb 20 12:52:44 devstack sudo[83713]: pam_unix(sudo:session): session opened for user root(uid=0) by (uid=1000)
Feb 20 12:52:45 devstack sudo[83713]: pam_unix(sudo:session): session closed for user root
Feb 20 12:52:45 devstack cinder-volume[82215]: DEBUG oslo_concurrency.processutils [req-0ff14e5e-aa0c-4b9e-9368-ae183a15bced req-be643711-d407-4f66-9ca5-2ea0d45a4608 tempest-VolumesSnapshotsTestJSON-59575905 None] CMD "sudo cinder-rootwrap /etc/cinder/rootwrap.conf chmod ugo+rw /opt/stack/data/cinder/mnt/d7897c913a02cec46a59c436fa2fb51a/volume-39ac5505-bdb4-46cf-beb6-176b8e09b512.info" returned: 0 in 0.535s {{(pid=82215) execute /opt/stack/data/venv/lib/python3.10/site-packages/oslo_concurrency/processutils.py:396}}
Feb 20 12:52:45 devstack cinder-volume[82215]: DEBUG oslo_concurrency.lockutils [req-0ff14e5e-aa0c-4b9e-9368-ae183a15bced req-be643711-d407-4f66-9ca5-2ea0d45a4608 tempest-VolumesSnapshotsTestJSON-59575905 None] Lock "quobyte" "released" by "cinder.volume.drivers.quobyte.QuobyteDriver.create_snapshot" :: held 3.313s {{(pid=82215) inner /opt/stack/data/venv/lib/python3.10/site-packages/oslo_concurrency/lockutils.py:538}}
Feb 20 12:52:45 devstack cinder-volume[82215]: DEBUG oslo_concurrency.lockutils [None req-4924de19-ad57-4b98-a776-62278cbbffaf tempest-GroupSnapshotsTest-1572260719 None] Lock "quobyte" acquired by "cinder.volume.drivers.quobyte.QuobyteDriver.create_volume" :: waited 2.700s {{(pid=82215) inner /opt/stack/data/venv/lib/python3.10/site-packages/oslo_concurrency/lockutils.py:519}}
Feb 20 12:52:45 devstack cinder-volume[82215]: DEBUG cinder.volume.drivers.quobyte [None req-4924de19-ad57-4b98-a776-62278cbbffaf tempest-GroupSnapshotsTest-1572260719 None] ==> create_volume: call "{'self': , 'volume': Volume(_name_id=None,admin_metadata=,attach_status='detached',availability_zone='nova',bootable=False,cluster=,cluster_name=None,consistencygroup=,consistencygroup_id=1d4d4363-d97f-4b32-8f43-93ef869f2083,created_at=2026-02-20T11:52:42Z,deleted=False,deleted_at=None,display_description=None,display_name='tempest-volume-1097718064',ec2_id=None,encryption_key_id=None,glance_metadata=,group=,group_id=1d4d4363-d97f-4b32-8f43-93ef869f2083,host='devstack@QuobyteHD#QuobyteHD',id=6f47394c-1553-4240-a801-6fecfef26c41,launched_at=None,metadata={},migration_status=None,multiattach=False,previous_status=None,project_id='ebce93c9544143798e09f45195452b59',provider_auth=None,provider_geometry=None,provider_id=None,provider_location=None,replication_driver_data=None,replication_extended_status=None,replication_status=None,scheduled_at=2026-02-20T11:52:43Z,service_uuid=None,shared_targets=True,size=1,snapshot_id=None,snapshots=,source_volid=None,status='creating',terminated_at=None,updated_at=2026-02-20T11:52:43Z,use_quota=True,user_id='fed34fa193334a4095b91eb6c5d8dd13',volume_attachment=VolumeAttachmentList,volume_type=VolumeType(5f395e92-93ce-4396-aec5-cb227d21f245),volume_type_id=5f395e92-93ce-4396-aec5-cb227d21f245)}" {{(pid=82215) trace_logging_wrapper /opt/stack/cinder/cinder/volume/volume_utils.py:1498}}
Feb 20 12:52:45 devstack cinder-volume[82215]: DEBUG cinder.volume.drivers.remotefs [None req-4924de19-ad57-4b98-a776-62278cbbffaf tempest-GroupSnapshotsTest-1572260719 None] Creating volume 6f47394c-1553-4240-a801-6fecfef26c41 {{(pid=82215) create_volume /opt/stack/cinder/cinder/volume/drivers/remotefs.py:292}}
Feb 20 12:52:45 devstack cinder-volume[82215]: DEBUG oslo_concurrency.lockutils [None req-4924de19-ad57-4b98-a776-62278cbbffaf tempest-GroupSnapshotsTest-1572260719 None] Acquiring lock "quobyte_ensure" by "cinder.volume.drivers.quobyte.QuobyteDriver._ensure_shares_mounted" {{(pid=82215) inner /opt/stack/data/venv/lib/python3.10/site-packages/oslo_concurrency/lockutils.py:506}}
Feb 20 12:52:45 devstack cinder-volume[82215]: DEBUG oslo_concurrency.lockutils [None req-4924de19-ad57-4b98-a776-62278cbbffaf tempest-GroupSnapshotsTest-1572260719 None] Lock "quobyte_ensure" acquired by "cinder.volume.drivers.quobyte.QuobyteDriver._ensure_shares_mounted" :: waited 0.001s {{(pid=82215) inner /opt/stack/data/venv/lib/python3.10/site-packages/oslo_concurrency/lockutils.py:519}}
Feb 20 12:52:45 devstack cinder-volume[82215]: DEBUG cinder.volume.drivers.quobyte [None req-4924de19-ad57-4b98-a776-62278cbbffaf tempest-GroupSnapshotsTest-1572260719 None] Quobyte Volume URL set to: {'osci02.corp.quobyte.com/cinder-vol-d126d632-6640-4230-8ba2-ff02a3f82009': None} {{(pid=82215) _load_shares_config /opt/stack/cinder/cinder/volume/drivers/quobyte.py:617}}
Feb 20 12:52:45 devstack cinder-volume[82215]: DEBUG cinder.volume.drivers.quobyte [None req-4924de19-ad57-4b98-a776-62278cbbffaf tempest-GroupSnapshotsTest-1572260719 None] Available shares ['osci02.corp.quobyte.com/cinder-vol-d126d632-6640-4230-8ba2-ff02a3f82009'] {{(pid=82215) _ensure_shares_mounted /opt/stack/cinder/cinder/volume/drivers/quobyte.py:647}}
Feb 20 12:52:45 devstack cinder-volume[82215]: DEBUG oslo_concurrency.lockutils [None req-4924de19-ad57-4b98-a776-62278cbbffaf tempest-GroupSnapshotsTest-1572260719 None] Lock "quobyte_ensure" "released" by "cinder.volume.drivers.quobyte.QuobyteDriver._ensure_shares_mounted" :: held 0.004s {{(pid=82215) inner /opt/stack/data/venv/lib/python3.10/site-packages/oslo_concurrency/lockutils.py:538}}
Feb 20 12:52:45 devstack cinder-volume[82215]: DEBUG cinder.volume.drivers.quobyte [None req-4924de19-ad57-4b98-a776-62278cbbffaf tempest-GroupSnapshotsTest-1572260719 None] Selected osci02.corp.quobyte.com/cinder-vol-d126d632-6640-4230-8ba2-ff02a3f82009 as target Quobyte volume. {{(pid=82215) _find_share /opt/stack/cinder/cinder/volume/drivers/quobyte.py:668}}
Feb 20 12:52:45 devstack cinder-volume[82215]: INFO cinder.volume.drivers.remotefs [None req-4924de19-ad57-4b98-a776-62278cbbffaf tempest-GroupSnapshotsTest-1572260719 None] casted to osci02.corp.quobyte.com/cinder-vol-d126d632-6640-4230-8ba2-ff02a3f82009
Feb 20 12:52:45 devstack cinder-volume[82215]: DEBUG oslo_concurrency.processutils [None req-4924de19-ad57-4b98-a776-62278cbbffaf tempest-GroupSnapshotsTest-1572260719 None] Running cmd (subprocess): sudo cinder-rootwrap /etc/cinder/rootwrap.conf qemu-img create -f qcow2 -o preallocation=metadata /opt/stack/data/cinder/mnt/d7897c913a02cec46a59c436fa2fb51a/volume-6f47394c-1553-4240-a801-6fecfef26c41 1073741824 {{(pid=82215) execute /opt/stack/data/venv/lib/python3.10/site-packages/oslo_concurrency/processutils.py:368}}
Feb 20 12:52:45 devstack sudo[83716]: quobyte : PWD=/ ; USER=root ; COMMAND=/opt/stack/data/venv/bin/cinder-rootwrap /etc/cinder/rootwrap.conf qemu-img create -f qcow2 -o preallocation=metadata /opt/stack/data/cinder/mnt/d7897c913a02cec46a59c436fa2fb51a/volume-6f47394c-1553-4240-a801-6fecfef26c41 1073741824
Feb 20 12:52:45 devstack sudo[83716]: pam_unix(sudo:session): session opened for user root(uid=0) by (uid=1000)
Feb 20 12:52:45 devstack cinder-volume[82215]: INFO cinder.volume.manager [req-0ff14e5e-aa0c-4b9e-9368-ae183a15bced req-be643711-d407-4f66-9ca5-2ea0d45a4608 tempest-VolumesSnapshotsTestJSON-59575905 None] Create snapshot completed successfully
Feb 20 12:52:46 devstack sudo[83716]: pam_unix(sudo:session): session closed for user root
Feb 20 12:52:46 devstack cinder-volume[82215]: DEBUG oslo_concurrency.processutils [None req-4924de19-ad57-4b98-a776-62278cbbffaf tempest-GroupSnapshotsTest-1572260719 None] CMD "sudo cinder-rootwrap /etc/cinder/rootwrap.conf qemu-img create -f qcow2 -o preallocation=metadata /opt/stack/data/cinder/mnt/d7897c913a02cec46a59c436fa2fb51a/volume-6f47394c-1553-4240-a801-6fecfef26c41 1073741824" returned: 0 in 0.629s {{(pid=82215) execute /opt/stack/data/venv/lib/python3.10/site-packages/oslo_concurrency/processutils.py:396}}
Feb 20 12:52:46 devstack cinder-volume[82215]: DEBUG oslo_concurrency.processutils [None req-4924de19-ad57-4b98-a776-62278cbbffaf tempest-GroupSnapshotsTest-1572260719 None] Running cmd (subprocess): sudo cinder-rootwrap /etc/cinder/rootwrap.conf chmod ugo+rw /opt/stack/data/cinder/mnt/d7897c913a02cec46a59c436fa2fb51a/volume-6f47394c-1553-4240-a801-6fecfef26c41 {{(pid=82215) execute /opt/stack/data/venv/lib/python3.10/site-packages/oslo_concurrency/processutils.py:368}}
Feb 20 12:52:46 devstack sudo[83721]: quobyte : PWD=/ ; USER=root ; COMMAND=/opt/stack/data/venv/bin/cinder-rootwrap /etc/cinder/rootwrap.conf chmod ugo+rw /opt/stack/data/cinder/mnt/d7897c913a02cec46a59c436fa2fb51a/volume-6f47394c-1553-4240-a801-6fecfef26c41
Feb 20 12:52:46 devstack sudo[83721]: pam_unix(sudo:session): session opened for user root(uid=0) by (uid=1000)
Feb 20 12:52:46 devstack cinder-volume[82215]: DEBUG cinder.coordination [req-fb81e46a-dda7-42a7-8b0f-ad15543c4d0e req-abf12507-9a43-46d6-9225-037fc65fa7db tempest-VolumesSnapshotsTestJSON-59575905 None] Acquiring lock "cinder-32b2e79a-2a3c-4183-976f-7e22d0325da2-delete_snapshot" by "delete_snapshot" {{(pid=82215) __acquire /opt/stack/cinder/cinder/coordination.py:138}}
Feb 20 12:52:46 devstack cinder-volume[82215]: DEBUG cinder.coordination [req-fb81e46a-dda7-42a7-8b0f-ad15543c4d0e req-abf12507-9a43-46d6-9225-037fc65fa7db tempest-VolumesSnapshotsTestJSON-59575905 None] Lock "cinder-32b2e79a-2a3c-4183-976f-7e22d0325da2-delete_snapshot" acquired by "delete_snapshot" :: waited 0.018s {{(pid=82215) __acquire /opt/stack/cinder/cinder/coordination.py:141}}
Feb 20 12:52:46 devstack cinder-volume[82215]: DEBUG cinder.coordination [req-fb81e46a-dda7-42a7-8b0f-ad15543c4d0e req-abf12507-9a43-46d6-9225-037fc65fa7db tempest-VolumesSnapshotsTestJSON-59575905 None] Acquiring lock "cinder-quobyte-39ac5505-bdb4-46cf-beb6-176b8e09b512" by "delete_snapshot" {{(pid=82215) __acquire /opt/stack/cinder/cinder/coordination.py:138}}
Feb 20 12:52:46 devstack cinder-volume[82215]: DEBUG cinder.coordination [req-fb81e46a-dda7-42a7-8b0f-ad15543c4d0e req-abf12507-9a43-46d6-9225-037fc65fa7db tempest-VolumesSnapshotsTestJSON-59575905 None] Lock "cinder-quobyte-39ac5505-bdb4-46cf-beb6-176b8e09b512" acquired by "delete_snapshot" :: waited 0.009s {{(pid=82215) __acquire /opt/stack/cinder/cinder/coordination.py:141}}
Feb 20 12:52:46 devstack cinder-volume[82215]: DEBUG cinder.coordination [req-fb81e46a-dda7-42a7-8b0f-ad15543c4d0e req-abf12507-9a43-46d6-9225-037fc65fa7db tempest-VolumesSnapshotsTestJSON-59575905 None] Acquiring lock "cinder-quobyte-32b2e79a-2a3c-4183-976f-7e22d0325da2" by "_delete_snapshot" {{(pid=82215) __acquire /opt/stack/cinder/cinder/coordination.py:138}}
Feb 20 12:52:46 devstack cinder-volume[82215]: DEBUG cinder.coordination [req-fb81e46a-dda7-42a7-8b0f-ad15543c4d0e req-abf12507-9a43-46d6-9225-037fc65fa7db tempest-VolumesSnapshotsTestJSON-59575905 None] Lock "cinder-quobyte-32b2e79a-2a3c-4183-976f-7e22d0325da2" acquired by "_delete_snapshot" :: waited 0.020s {{(pid=82215) __acquire /opt/stack/cinder/cinder/coordination.py:141}}
Feb 20 12:52:46 devstack cinder-volume[82215]: DEBUG cinder.volume.drivers.remotefs [req-fb81e46a-dda7-42a7-8b0f-ad15543c4d0e req-abf12507-9a43-46d6-9225-037fc65fa7db tempest-VolumesSnapshotsTestJSON-59575905 None] Deleting offline snapshot 32b2e79a-2a3c-4183-976f-7e22d0325da2 of volume 39ac5505-bdb4-46cf-beb6-176b8e09b512 {{(pid=82215) _delete_snapshot /opt/stack/cinder/cinder/volume/drivers/remotefs.py:1288}}
Feb 20 12:52:46 devstack cinder-volume[82215]: DEBUG cinder.volume.drivers.remotefs [req-fb81e46a-dda7-42a7-8b0f-ad15543c4d0e req-abf12507-9a43-46d6-9225-037fc65fa7db tempest-VolumesSnapshotsTestJSON-59575905 None] snapshot_file for this snap is: volume-39ac5505-bdb4-46cf-beb6-176b8e09b512.32b2e79a-2a3c-4183-976f-7e22d0325da2 {{(pid=82215) _delete_snapshot /opt/stack/cinder/cinder/volume/drivers/remotefs.py:1317}}
Feb 20 12:52:46 devstack cinder-volume[82215]: DEBUG oslo.privsep.daemon [-] privsep: reply[151accd7-56af-4e61-8344-2825104edcb6]: (4, 'qcow2') {{(pid=82912) _call_back /opt/stack/data/venv/lib/python3.10/site-packages/oslo_privsep/daemon.py:573}}
Feb 20 12:52:46 devstack cinder-volume[82215]: DEBUG oslo_concurrency.processutils [req-fb81e46a-dda7-42a7-8b0f-ad15543c4d0e req-abf12507-9a43-46d6-9225-037fc65fa7db tempest-VolumesSnapshotsTestJSON-59575905 None] Running cmd (subprocess): /opt/stack/data/venv/bin/python3.10 -m oslo_concurrency.prlimit --as=1073741824 --cpu=60 -- sudo cinder-rootwrap /etc/cinder/rootwrap.conf env LC_ALL=C qemu-img info -f qcow2 --output=json --force-share /opt/stack/data/cinder/mnt/d7897c913a02cec46a59c436fa2fb51a/volume-39ac5505-bdb4-46cf-beb6-176b8e09b512.32b2e79a-2a3c-4183-976f-7e22d0325da2 {{(pid=82215) execute /opt/stack/data/venv/lib/python3.10/site-packages/oslo_concurrency/processutils.py:368}}
Feb 20 12:52:46 devstack sudo[83721]: pam_unix(sudo:session): session closed for user root
Feb 20 12:52:46 devstack cinder-volume[82215]: DEBUG oslo_concurrency.processutils [None req-4924de19-ad57-4b98-a776-62278cbbffaf tempest-GroupSnapshotsTest-1572260719 None] CMD "sudo cinder-rootwrap /etc/cinder/rootwrap.conf chmod ugo+rw /opt/stack/data/cinder/mnt/d7897c913a02cec46a59c436fa2fb51a/volume-6f47394c-1553-4240-a801-6fecfef26c41" returned: 0 in 0.522s {{(pid=82215) execute /opt/stack/data/venv/lib/python3.10/site-packages/oslo_concurrency/processutils.py:396}}
Feb 20 12:52:46 devstack cinder-volume[82215]: DEBUG cinder.volume.drivers.quobyte [None req-4924de19-ad57-4b98-a776-62278cbbffaf tempest-GroupSnapshotsTest-1572260719 None] <== create_volume: return (1179ms) {'provider_location': 'osci02.corp.quobyte.com/cinder-vol-d126d632-6640-4230-8ba2-ff02a3f82009'} {{(pid=82215) trace_logging_wrapper /opt/stack/cinder/cinder/volume/volume_utils.py:1523}}
Feb 20 12:52:46 devstack cinder-volume[82215]: DEBUG oslo_concurrency.lockutils [None req-4924de19-ad57-4b98-a776-62278cbbffaf tempest-GroupSnapshotsTest-1572260719 None] Lock "quobyte" "released" by "cinder.volume.drivers.quobyte.QuobyteDriver.create_volume" :: held 1.183s {{(pid=82215) inner /opt/stack/data/venv/lib/python3.10/site-packages/oslo_concurrency/lockutils.py:538}}
Feb 20 12:52:46 devstack cinder-volume[82215]: DEBUG cinder.volume.manager [None req-4924de19-ad57-4b98-a776-62278cbbffaf tempest-GroupSnapshotsTest-1572260719 None] Task 'cinder.volume.flows.manager.create_volume.CreateVolumeFromSpecTask;volume:create' (244132df-17f4-41b6-ba33-19a17c0fe519) transitioned into state 'SUCCESS' from state 'RUNNING' with result '{'status': 'creating', 'volume_name': 'volume-6f47394c-1553-4240-a801-6fecfef26c41', 'volume_size': 1}' {{(pid=82215) _task_receiver /opt/stack/data/venv/lib/python3.10/site-packages/taskflow/listeners/logging.py:182}}
Feb 20 12:52:46 devstack sudo[83724]: quobyte : PWD=/ ; USER=root ; COMMAND=/opt/stack/data/venv/bin/cinder-rootwrap /etc/cinder/rootwrap.conf env LC_ALL=C qemu-img info -f qcow2 --output=json --force-share /opt/stack/data/cinder/mnt/d7897c913a02cec46a59c436fa2fb51a/volume-39ac5505-bdb4-46cf-beb6-176b8e09b512.32b2e79a-2a3c-4183-976f-7e22d0325da2
Feb 20 12:52:46 devstack sudo[83724]: pam_unix(sudo:session): session opened for user root(uid=0) by (uid=1000)
Feb 20 12:52:46 devstack cinder-volume[82215]: DEBUG cinder.volume.manager [None req-4924de19-ad57-4b98-a776-62278cbbffaf tempest-GroupSnapshotsTest-1572260719 None] Task 'cinder.volume.flows.manager.create_volume.CreateVolumeOnFinishTask;volume:create, create.end' (0151eece-22ce-41c6-a4a0-4e7230eddccb) transitioned into state 'RUNNING' from state 'PENDING' {{(pid=82215) _task_receiver /opt/stack/data/venv/lib/python3.10/site-packages/taskflow/listeners/logging.py:194}}
Feb 20 12:52:46 devstack cinder-volume[82215]: INFO cinder.volume.flows.manager.create_volume [None req-4924de19-ad57-4b98-a776-62278cbbffaf tempest-GroupSnapshotsTest-1572260719 None] Volume volume-6f47394c-1553-4240-a801-6fecfef26c41 (6f47394c-1553-4240-a801-6fecfef26c41): created successfully
Feb 20 12:52:46 devstack cinder-volume[82215]: DEBUG cinder.volume.manager [None req-4924de19-ad57-4b98-a776-62278cbbffaf tempest-GroupSnapshotsTest-1572260719 None] Task 'cinder.volume.flows.manager.create_volume.CreateVolumeOnFinishTask;volume:create, create.end' (0151eece-22ce-41c6-a4a0-4e7230eddccb) transitioned into state 'SUCCESS' from state 'RUNNING' with result 'None' {{(pid=82215) _task_receiver /opt/stack/data/venv/lib/python3.10/site-packages/taskflow/listeners/logging.py:182}}
Feb 20 12:52:46 devstack cinder-volume[82215]: DEBUG cinder.volume.manager [None req-4924de19-ad57-4b98-a776-62278cbbffaf tempest-GroupSnapshotsTest-1572260719 None] Flow 'volume_create_manager' (db202565-efec-40f1-abd8-95cdbeeb3f7e) transitioned into state 'SUCCESS' from state 'RUNNING' {{(pid=82215) _flow_receiver /opt/stack/data/venv/lib/python3.10/site-packages/taskflow/listeners/logging.py:145}}
Feb 20 12:52:46 devstack cinder-volume[82215]: INFO cinder.volume.manager [None req-4924de19-ad57-4b98-a776-62278cbbffaf tempest-GroupSnapshotsTest-1572260719 None] Created volume successfully.
Feb 20 12:52:47 devstack cinder-volume[82215]: INFO cinder.volume.manager [None req-61fef62c-e6de-4833-b9eb-532721d01c19 tempest-GroupSnapshotsTest-1572260719 None] Update group completed successfully.
Feb 20 12:52:47 devstack sudo[83724]: pam_unix(sudo:session): session closed for user root
Feb 20 12:52:47 devstack cinder-volume[82215]: DEBUG oslo_concurrency.processutils [req-fb81e46a-dda7-42a7-8b0f-ad15543c4d0e req-abf12507-9a43-46d6-9225-037fc65fa7db tempest-VolumesSnapshotsTestJSON-59575905 None] CMD "/opt/stack/data/venv/bin/python3.10 -m oslo_concurrency.prlimit --as=1073741824 --cpu=60 -- sudo cinder-rootwrap /etc/cinder/rootwrap.conf env LC_ALL=C qemu-img info -f qcow2 --output=json --force-share /opt/stack/data/cinder/mnt/d7897c913a02cec46a59c436fa2fb51a/volume-39ac5505-bdb4-46cf-beb6-176b8e09b512.32b2e79a-2a3c-4183-976f-7e22d0325da2" returned: 0 in 0.588s {{(pid=82215) execute /opt/stack/data/venv/lib/python3.10/site-packages/oslo_concurrency/processutils.py:396}}
Feb 20 12:52:47 devstack cinder-volume[82215]: DEBUG cinder.volume.drivers.remotefs [req-fb81e46a-dda7-42a7-8b0f-ad15543c4d0e req-abf12507-9a43-46d6-9225-037fc65fa7db tempest-VolumesSnapshotsTestJSON-59575905 None] Fetching qemu-img info with special backing_file_template: (/opt/stack/data/cinder/mnt/[0-9a-f]+/)?(volume-39ac5505-bdb4-46cf-beb6-176b8e09b512(.(tmp-snap-)?[0-9a-f-]+)?|volume_from_snapshot_cache/(tmp-snap-)?[0-9a-f-]+(.(child-|parent-)[0-9a-f-]+)?)$ {{(pid=82215) _qemu_img_info_base /opt/stack/cinder/cinder/volume/drivers/remotefs.py:896}}
Feb 20 12:52:47 devstack cinder-volume[82215]: DEBUG oslo.privsep.daemon [-] privsep: reply[7a1a67d2-4fc2-4eb7-9624-226eb3ccf91d]: (4, 'qcow2') {{(pid=82912) _call_back /opt/stack/data/venv/lib/python3.10/site-packages/oslo_privsep/daemon.py:573}}
Feb 20 12:52:47 devstack cinder-volume[82215]: DEBUG oslo_concurrency.processutils [req-fb81e46a-dda7-42a7-8b0f-ad15543c4d0e req-abf12507-9a43-46d6-9225-037fc65fa7db tempest-VolumesSnapshotsTestJSON-59575905 None] Running cmd (subprocess): /opt/stack/data/venv/bin/python3.10 -m oslo_concurrency.prlimit --as=1073741824 --cpu=60 -- sudo cinder-rootwrap /etc/cinder/rootwrap.conf env LC_ALL=C qemu-img info -f qcow2 --output=json --force-share /opt/stack/data/cinder/mnt/d7897c913a02cec46a59c436fa2fb51a/volume-39ac5505-bdb4-46cf-beb6-176b8e09b512 {{(pid=82215) execute /opt/stack/data/venv/lib/python3.10/site-packages/oslo_concurrency/processutils.py:368}}
Feb 20 12:52:47 devstack sudo[83729]: quobyte : PWD=/ ; USER=root ; COMMAND=/opt/stack/data/venv/bin/cinder-rootwrap /etc/cinder/rootwrap.conf env LC_ALL=C qemu-img info -f qcow2 --output=json --force-share /opt/stack/data/cinder/mnt/d7897c913a02cec46a59c436fa2fb51a/volume-39ac5505-bdb4-46cf-beb6-176b8e09b512
Feb 20 12:52:47 devstack sudo[83729]: pam_unix(sudo:session): session opened for user root(uid=0) by (uid=1000)
Feb 20 12:52:47 devstack sudo[83729]: pam_unix(sudo:session): session closed for user root
Feb 20 12:52:47 devstack cinder-volume[82215]: DEBUG oslo_concurrency.processutils [req-fb81e46a-dda7-42a7-8b0f-ad15543c4d0e req-abf12507-9a43-46d6-9225-037fc65fa7db tempest-VolumesSnapshotsTestJSON-59575905 None] CMD "/opt/stack/data/venv/bin/python3.10 -m oslo_concurrency.prlimit --as=1073741824 --cpu=60 -- sudo cinder-rootwrap /etc/cinder/rootwrap.conf env LC_ALL=C qemu-img info -f qcow2 --output=json --force-share /opt/stack/data/cinder/mnt/d7897c913a02cec46a59c436fa2fb51a/volume-39ac5505-bdb4-46cf-beb6-176b8e09b512" returned: 0 in 0.599s {{(pid=82215) execute /opt/stack/data/venv/lib/python3.10/site-packages/oslo_concurrency/processutils.py:396}}
Feb 20 12:52:47 devstack cinder-volume[82215]: DEBUG oslo_concurrency.processutils [req-fb81e46a-dda7-42a7-8b0f-ad15543c4d0e req-abf12507-9a43-46d6-9225-037fc65fa7db tempest-VolumesSnapshotsTestJSON-59575905 None] Running cmd (subprocess): sudo cinder-rootwrap /etc/cinder/rootwrap.conf qemu-img commit -d /opt/stack/data/cinder/mnt/d7897c913a02cec46a59c436fa2fb51a/volume-39ac5505-bdb4-46cf-beb6-176b8e09b512.32b2e79a-2a3c-4183-976f-7e22d0325da2 {{(pid=82215) execute /opt/stack/data/venv/lib/python3.10/site-packages/oslo_concurrency/processutils.py:368}}
Feb 20 12:52:47 devstack sudo[83734]: quobyte : PWD=/ ; USER=root ; COMMAND=/opt/stack/data/venv/bin/cinder-rootwrap /etc/cinder/rootwrap.conf qemu-img commit -d /opt/stack/data/cinder/mnt/d7897c913a02cec46a59c436fa2fb51a/volume-39ac5505-bdb4-46cf-beb6-176b8e09b512.32b2e79a-2a3c-4183-976f-7e22d0325da2
Feb 20 12:52:47 devstack sudo[83734]: pam_unix(sudo:session): session opened for user root(uid=0) by (uid=1000)
Feb 20 12:52:48 devstack cinder-volume[82215]: INFO cinder.volume.manager [None req-c5fdb32f-122d-447d-b8b8-b3f1272ad260 tempest-GroupSnapshotsTest-1572260719 None] Update group completed successfully.
Feb 20 12:52:48 devstack sudo[83734]: pam_unix(sudo:session): session closed for user root
Feb 20 12:52:48 devstack cinder-volume[82215]: DEBUG oslo_concurrency.processutils [req-fb81e46a-dda7-42a7-8b0f-ad15543c4d0e req-abf12507-9a43-46d6-9225-037fc65fa7db tempest-VolumesSnapshotsTestJSON-59575905 None] CMD "sudo cinder-rootwrap /etc/cinder/rootwrap.conf qemu-img commit -d /opt/stack/data/cinder/mnt/d7897c913a02cec46a59c436fa2fb51a/volume-39ac5505-bdb4-46cf-beb6-176b8e09b512.32b2e79a-2a3c-4183-976f-7e22d0325da2" returned: 0 in 0.593s {{(pid=82215) execute /opt/stack/data/venv/lib/python3.10/site-packages/oslo_concurrency/processutils.py:396}}
Feb 20 12:52:48 devstack cinder-volume[82215]: DEBUG oslo_concurrency.processutils [req-fb81e46a-dda7-42a7-8b0f-ad15543c4d0e req-abf12507-9a43-46d6-9225-037fc65fa7db tempest-VolumesSnapshotsTestJSON-59575905 None] Running cmd (subprocess): sudo cinder-rootwrap /etc/cinder/rootwrap.conf rm -f /opt/stack/data/cinder/mnt/d7897c913a02cec46a59c436fa2fb51a/volume-39ac5505-bdb4-46cf-beb6-176b8e09b512.32b2e79a-2a3c-4183-976f-7e22d0325da2 {{(pid=82215) execute /opt/stack/data/venv/lib/python3.10/site-packages/oslo_concurrency/processutils.py:368}}
Feb 20 12:52:48 devstack sudo[83739]: quobyte : PWD=/ ; USER=root ; COMMAND=/opt/stack/data/venv/bin/cinder-rootwrap /etc/cinder/rootwrap.conf rm -f /opt/stack/data/cinder/mnt/d7897c913a02cec46a59c436fa2fb51a/volume-39ac5505-bdb4-46cf-beb6-176b8e09b512.32b2e79a-2a3c-4183-976f-7e22d0325da2
Feb 20 12:52:48 devstack sudo[83739]: pam_unix(sudo:session): session opened for user root(uid=0) by (uid=1000)
Feb 20 12:52:48 devstack sudo[83739]: pam_unix(sudo:session): session closed for user root
Feb 20 12:52:48 devstack cinder-volume[82215]: DEBUG oslo_concurrency.processutils [req-fb81e46a-dda7-42a7-8b0f-ad15543c4d0e req-abf12507-9a43-46d6-9225-037fc65fa7db tempest-VolumesSnapshotsTestJSON-59575905 None] CMD "sudo cinder-rootwrap /etc/cinder/rootwrap.conf rm -f /opt/stack/data/cinder/mnt/d7897c913a02cec46a59c436fa2fb51a/volume-39ac5505-bdb4-46cf-beb6-176b8e09b512.32b2e79a-2a3c-4183-976f-7e22d0325da2" returned: 0 in 0.498s {{(pid=82215) execute /opt/stack/data/venv/lib/python3.10/site-packages/oslo_concurrency/processutils.py:396}}
Feb 20 12:52:48 devstack cinder-volume[82215]: DEBUG cinder.coordination [req-fb81e46a-dda7-42a7-8b0f-ad15543c4d0e req-abf12507-9a43-46d6-9225-037fc65fa7db tempest-VolumesSnapshotsTestJSON-59575905 None] Lock "cinder-quobyte-32b2e79a-2a3c-4183-976f-7e22d0325da2" released by "_delete_snapshot" :: held 2.348s {{(pid=82215) __release /opt/stack/cinder/cinder/coordination.py:152}}
Feb 20 12:52:48 devstack cinder-volume[82215]: DEBUG cinder.coordination [req-fb81e46a-dda7-42a7-8b0f-ad15543c4d0e req-abf12507-9a43-46d6-9225-037fc65fa7db tempest-VolumesSnapshotsTestJSON-59575905 None] Lock "cinder-quobyte-39ac5505-bdb4-46cf-beb6-176b8e09b512" released by "delete_snapshot" :: held 2.379s {{(pid=82215) __release /opt/stack/cinder/cinder/coordination.py:152}}
Feb 20 12:52:49 devstack cinder-volume[82215]: WARNING cinder.quota [req-fb81e46a-dda7-42a7-8b0f-ad15543c4d0e req-abf12507-9a43-46d6-9225-037fc65fa7db tempest-VolumesSnapshotsTestJSON-59575905 None] Deprecated: Default quota for resource: snapshots_QuobyteHD is set by the default quota flag: quota_snapshots_QuobyteHD, it is now deprecated. Please use the default quota class for default quota.
Feb 20 12:52:49 devstack cinder-volume[82215]: DEBUG cinder.quota [req-fb81e46a-dda7-42a7-8b0f-ad15543c4d0e req-abf12507-9a43-46d6-9225-037fc65fa7db tempest-VolumesSnapshotsTestJSON-59575905 None] Created reservations ['3a1819a5-b1dd-4852-b5e1-6257ae9d6283', '79940c0c-ed22-4e5a-97b0-6c7ccee61f50', 'e1d59bf0-2878-47cf-ac4a-bd84cc8a9a2b', '47b0dee2-3f22-4307-ad49-6c3ef01afda4'] {{(pid=82215) reserve /opt/stack/cinder/cinder/quota.py:752}}
Feb 20 12:52:49 devstack cinder-volume[82215]: INFO cinder.volume.manager [req-fb81e46a-dda7-42a7-8b0f-ad15543c4d0e req-abf12507-9a43-46d6-9225-037fc65fa7db tempest-VolumesSnapshotsTestJSON-59575905 None] Delete snapshot completed successfully.
Feb 20 12:52:49 devstack cinder-volume[82215]: DEBUG cinder.coordination [req-fb81e46a-dda7-42a7-8b0f-ad15543c4d0e req-abf12507-9a43-46d6-9225-037fc65fa7db tempest-VolumesSnapshotsTestJSON-59575905 None] Lock "cinder-32b2e79a-2a3c-4183-976f-7e22d0325da2-delete_snapshot" released by "delete_snapshot" :: held 2.537s {{(pid=82215) __release /opt/stack/cinder/cinder/coordination.py:152}}
Feb 20 12:52:49 devstack cinder-volume[82215]: INFO cinder.volume.manager [None req-3952720b-a2da-4eac-8941-d9f3b84a85f5 tempest-GroupSnapshotsTest-1572260719 None] Update group completed successfully.
Feb 20 12:52:49 devstack cinder-volume[82215]: DEBUG cinder.coordination [req-ba324567-0069-4cc7-8a9e-ef18ad175571 req-a376b6f1-bc2f-4c12-bdeb-d68893566686 tempest-VolumesSnapshotsTestJSON-59575905 None] Acquiring lock "cinder-39ac5505-bdb4-46cf-beb6-176b8e09b512-delete_volume" by "delete_volume" {{(pid=82215) __acquire /opt/stack/cinder/cinder/coordination.py:138}}
Feb 20 12:52:49 devstack cinder-volume[82215]: DEBUG cinder.coordination [req-ba324567-0069-4cc7-8a9e-ef18ad175571 req-a376b6f1-bc2f-4c12-bdeb-d68893566686 tempest-VolumesSnapshotsTestJSON-59575905 None] Lock "cinder-39ac5505-bdb4-46cf-beb6-176b8e09b512-delete_volume" acquired by "delete_volume" :: waited 0.014s {{(pid=82215) __acquire /opt/stack/cinder/cinder/coordination.py:141}}
Feb 20 12:52:49 devstack cinder-volume[82215]: DEBUG cinder.coordination [req-ba324567-0069-4cc7-8a9e-ef18ad175571 req-a376b6f1-bc2f-4c12-bdeb-d68893566686 tempest-VolumesSnapshotsTestJSON-59575905 None] Acquiring lock "cinder-quobyte-39ac5505-bdb4-46cf-beb6-176b8e09b512" by "delete_volume" {{(pid=82215) __acquire /opt/stack/cinder/cinder/coordination.py:138}}
Feb 20 12:52:49 devstack cinder-volume[82215]: DEBUG cinder.coordination [req-ba324567-0069-4cc7-8a9e-ef18ad175571 req-a376b6f1-bc2f-4c12-bdeb-d68893566686 tempest-VolumesSnapshotsTestJSON-59575905 None] Lock "cinder-quobyte-39ac5505-bdb4-46cf-beb6-176b8e09b512" acquired by "delete_volume" :: waited 0.011s {{(pid=82215) __acquire /opt/stack/cinder/cinder/coordination.py:141}}
Feb 20 12:52:49 devstack cinder-volume[82215]: DEBUG oslo.privsep.daemon [-] privsep: reply[6ae5d1ac-e131-4100-a383-08d206ac3afd]: (4, 'qcow2') {{(pid=82912) _call_back /opt/stack/data/venv/lib/python3.10/site-packages/oslo_privsep/daemon.py:573}}
Feb 20 12:52:49 devstack cinder-volume[82215]: DEBUG oslo_concurrency.processutils [req-ba324567-0069-4cc7-8a9e-ef18ad175571 req-a376b6f1-bc2f-4c12-bdeb-d68893566686 tempest-VolumesSnapshotsTestJSON-59575905 None] Running cmd (subprocess): /opt/stack/data/venv/bin/python3.10 -m oslo_concurrency.prlimit --as=1073741824 --cpu=60 -- sudo cinder-rootwrap /etc/cinder/rootwrap.conf env LC_ALL=C qemu-img info -f qcow2 --output=json --force-share /opt/stack/data/cinder/mnt/d7897c913a02cec46a59c436fa2fb51a/volume-39ac5505-bdb4-46cf-beb6-176b8e09b512 {{(pid=82215) execute /opt/stack/data/venv/lib/python3.10/site-packages/oslo_concurrency/processutils.py:368}}
Feb 20 12:52:50 devstack sudo[83742]: quobyte : PWD=/ ; USER=root ; COMMAND=/opt/stack/data/venv/bin/cinder-rootwrap /etc/cinder/rootwrap.conf env LC_ALL=C qemu-img info -f qcow2 --output=json --force-share /opt/stack/data/cinder/mnt/d7897c913a02cec46a59c436fa2fb51a/volume-39ac5505-bdb4-46cf-beb6-176b8e09b512
Feb 20 12:52:50 devstack sudo[83742]: pam_unix(sudo:session): session opened for user root(uid=0) by (uid=1000)
Feb 20 12:52:50 devstack sudo[83742]: pam_unix(sudo:session): session closed for user root
Feb 20 12:52:50 devstack cinder-volume[82215]: DEBUG oslo_concurrency.processutils [req-ba324567-0069-4cc7-8a9e-ef18ad175571 req-a376b6f1-bc2f-4c12-bdeb-d68893566686 tempest-VolumesSnapshotsTestJSON-59575905 None] CMD "/opt/stack/data/venv/bin/python3.10 -m oslo_concurrency.prlimit --as=1073741824 --cpu=60 -- sudo cinder-rootwrap /etc/cinder/rootwrap.conf env LC_ALL=C qemu-img info -f qcow2 --output=json --force-share /opt/stack/data/cinder/mnt/d7897c913a02cec46a59c436fa2fb51a/volume-39ac5505-bdb4-46cf-beb6-176b8e09b512" returned: 0 in 0.644s {{(pid=82215) execute /opt/stack/data/venv/lib/python3.10/site-packages/oslo_concurrency/processutils.py:396}}
Feb 20 12:52:50 devstack cinder-volume[82215]: DEBUG oslo_concurrency.processutils [req-ba324567-0069-4cc7-8a9e-ef18ad175571 req-a376b6f1-bc2f-4c12-bdeb-d68893566686 tempest-VolumesSnapshotsTestJSON-59575905 None] Running cmd (subprocess): sudo cinder-rootwrap /etc/cinder/rootwrap.conf rm -f /opt/stack/data/cinder/mnt/d7897c913a02cec46a59c436fa2fb51a/volume-39ac5505-bdb4-46cf-beb6-176b8e09b512 {{(pid=82215) execute /opt/stack/data/venv/lib/python3.10/site-packages/oslo_concurrency/processutils.py:368}}
Feb 20 12:52:50 devstack sudo[83747]: quobyte : PWD=/ ; USER=root ; COMMAND=/opt/stack/data/venv/bin/cinder-rootwrap /etc/cinder/rootwrap.conf rm -f /opt/stack/data/cinder/mnt/d7897c913a02cec46a59c436fa2fb51a/volume-39ac5505-bdb4-46cf-beb6-176b8e09b512
Feb 20 12:52:50 devstack sudo[83747]: pam_unix(sudo:session): session opened for user root(uid=0) by (uid=1000)
Feb 20 12:52:50 devstack cinder-volume[82215]: INFO cinder.volume.manager [None req-9cf632e1-9871-4172-a2c2-f1e3246d42a1 tempest-GroupSnapshotsTest-1572260719 None] Update group completed successfully.
Feb 20 12:52:51 devstack sudo[83747]: pam_unix(sudo:session): session closed for user root
Feb 20 12:52:51 devstack cinder-volume[82215]: DEBUG oslo_concurrency.processutils [req-ba324567-0069-4cc7-8a9e-ef18ad175571 req-a376b6f1-bc2f-4c12-bdeb-d68893566686 tempest-VolumesSnapshotsTestJSON-59575905 None] CMD "sudo cinder-rootwrap /etc/cinder/rootwrap.conf rm -f /opt/stack/data/cinder/mnt/d7897c913a02cec46a59c436fa2fb51a/volume-39ac5505-bdb4-46cf-beb6-176b8e09b512" returned: 0 in 0.513s {{(pid=82215) execute /opt/stack/data/venv/lib/python3.10/site-packages/oslo_concurrency/processutils.py:396}}
Feb 20 12:52:51 devstack cinder-volume[82215]: DEBUG cinder.coordination [req-ba324567-0069-4cc7-8a9e-ef18ad175571 req-a376b6f1-bc2f-4c12-bdeb-d68893566686 tempest-VolumesSnapshotsTestJSON-59575905 None] Lock "cinder-quobyte-39ac5505-bdb4-46cf-beb6-176b8e09b512" released by "delete_volume" :: held 1.196s {{(pid=82215) __release /opt/stack/cinder/cinder/coordination.py:152}}
Feb 20 12:52:51 devstack cinder-volume[82215]: DEBUG cinder.quota [req-ba324567-0069-4cc7-8a9e-ef18ad175571 req-a376b6f1-bc2f-4c12-bdeb-d68893566686 tempest-VolumesSnapshotsTestJSON-59575905 None] Created reservations ['ed71a06f-f8ac-4905-9edf-892f2a01f3f0', '64fa8600-9233-4ae0-a379-c135c2212e87', '33ec2a2b-efef-4547-8b8f-e0fb83fe336f', '6b500859-4490-4fbf-b7af-2af41f293880'] {{(pid=82215) reserve /opt/stack/cinder/cinder/quota.py:752}}
Feb 20 12:52:51 devstack cinder-volume[82215]: DEBUG oslo_concurrency.lockutils [req-ba324567-0069-4cc7-8a9e-ef18ad175571 req-a376b6f1-bc2f-4c12-bdeb-d68893566686 tempest-VolumesSnapshotsTestJSON-59575905 None] Acquiring lock "quobyte_ensure" by "cinder.volume.drivers.quobyte.QuobyteDriver._ensure_shares_mounted" {{(pid=82215) inner /opt/stack/data/venv/lib/python3.10/site-packages/oslo_concurrency/lockutils.py:506}}
Feb 20 12:52:51 devstack cinder-volume[82215]: DEBUG oslo_concurrency.lockutils [req-ba324567-0069-4cc7-8a9e-ef18ad175571 req-a376b6f1-bc2f-4c12-bdeb-d68893566686 tempest-VolumesSnapshotsTestJSON-59575905 None] Lock "quobyte_ensure" acquired by "cinder.volume.drivers.quobyte.QuobyteDriver._ensure_shares_mounted" :: waited 0.001s {{(pid=82215) inner /opt/stack/data/venv/lib/python3.10/site-packages/oslo_concurrency/lockutils.py:519}}
Feb 20 12:52:51 devstack cinder-volume[82215]: DEBUG cinder.volume.drivers.quobyte [req-ba324567-0069-4cc7-8a9e-ef18ad175571 req-a376b6f1-bc2f-4c12-bdeb-d68893566686 tempest-VolumesSnapshotsTestJSON-59575905 None] Quobyte Volume URL set to: {'osci02.corp.quobyte.com/cinder-vol-d126d632-6640-4230-8ba2-ff02a3f82009': None} {{(pid=82215) _load_shares_config /opt/stack/cinder/cinder/volume/drivers/quobyte.py:617}}
Feb 20 12:52:51 devstack cinder-volume[82215]: DEBUG cinder.volume.drivers.quobyte [req-ba324567-0069-4cc7-8a9e-ef18ad175571 req-a376b6f1-bc2f-4c12-bdeb-d68893566686 tempest-VolumesSnapshotsTestJSON-59575905 None] Available shares ['osci02.corp.quobyte.com/cinder-vol-d126d632-6640-4230-8ba2-ff02a3f82009'] {{(pid=82215) _ensure_shares_mounted /opt/stack/cinder/cinder/volume/drivers/quobyte.py:647}}
Feb 20 12:52:51 devstack cinder-volume[82215]: DEBUG oslo_concurrency.lockutils [req-ba324567-0069-4cc7-8a9e-ef18ad175571 req-a376b6f1-bc2f-4c12-bdeb-d68893566686 tempest-VolumesSnapshotsTestJSON-59575905 None] Lock "quobyte_ensure" "released" by "cinder.volume.drivers.quobyte.QuobyteDriver._ensure_shares_mounted" :: held 0.004s {{(pid=82215) inner /opt/stack/data/venv/lib/python3.10/site-packages/oslo_concurrency/lockutils.py:538}}
Feb 20 12:52:51 devstack cinder-volume[82215]: DEBUG oslo_concurrency.processutils [req-ba324567-0069-4cc7-8a9e-ef18ad175571 req-a376b6f1-bc2f-4c12-bdeb-d68893566686 tempest-VolumesSnapshotsTestJSON-59575905 None] Running cmd (subprocess): sudo cinder-rootwrap /etc/cinder/rootwrap.conf df --portability --block-size 1 /opt/stack/data/cinder/mnt/d7897c913a02cec46a59c436fa2fb51a {{(pid=82215) execute /opt/stack/data/venv/lib/python3.10/site-packages/oslo_concurrency/processutils.py:368}}
Feb 20 12:52:51 devstack sudo[83751]: quobyte : PWD=/ ; USER=root ; COMMAND=/opt/stack/data/venv/bin/cinder-rootwrap /etc/cinder/rootwrap.conf df --portability --block-size 1 /opt/stack/data/cinder/mnt/d7897c913a02cec46a59c436fa2fb51a
Feb 20 12:52:51 devstack sudo[83751]: pam_unix(sudo:session): session opened for user root(uid=0) by (uid=1000)
Feb 20 12:52:51 devstack sudo[83751]: pam_unix(sudo:session): session closed for user root
Feb 20 12:52:51 devstack cinder-volume[82215]: DEBUG oslo_concurrency.processutils [req-ba324567-0069-4cc7-8a9e-ef18ad175571 req-a376b6f1-bc2f-4c12-bdeb-d68893566686 tempest-VolumesSnapshotsTestJSON-59575905 None] CMD "sudo cinder-rootwrap /etc/cinder/rootwrap.conf df --portability --block-size 1 /opt/stack/data/cinder/mnt/d7897c913a02cec46a59c436fa2fb51a" returned: 0 in 0.527s {{(pid=82215) execute /opt/stack/data/venv/lib/python3.10/site-packages/oslo_concurrency/processutils.py:396}}
Feb 20 12:52:51 devstack cinder-volume[82215]: DEBUG cinder.manager [req-ba324567-0069-4cc7-8a9e-ef18ad175571 req-a376b6f1-bc2f-4c12-bdeb-d68893566686 tempest-VolumesSnapshotsTestJSON-59575905 None] Notifying Schedulers of capabilities ... {{(pid=82215) _publish_service_capabilities /opt/stack/cinder/cinder/manager.py:202}}
Feb 20 12:52:51 devstack cinder-volume[82215]: INFO cinder.volume.manager [req-ba324567-0069-4cc7-8a9e-ef18ad175571 req-a376b6f1-bc2f-4c12-bdeb-d68893566686 tempest-VolumesSnapshotsTestJSON-59575905 None] Deleted volume successfully.
Feb 20 12:52:51 devstack cinder-volume[82215]: DEBUG cinder.coordination [req-ba324567-0069-4cc7-8a9e-ef18ad175571 req-a376b6f1-bc2f-4c12-bdeb-d68893566686 tempest-VolumesSnapshotsTestJSON-59575905 None] Lock "cinder-39ac5505-bdb4-46cf-beb6-176b8e09b512-delete_volume" released by "delete_volume" :: held 1.891s {{(pid=82215) __release /opt/stack/cinder/cinder/coordination.py:152}}
Feb 20 12:52:52 devstack cinder-volume[82215]: INFO cinder.volume.manager [None req-d3158de2-28a6-4ab3-aeb1-f598bda941b7 tempest-GroupSnapshotsTest-1572260719 None] GroupSnapshot 8f3447fa-e116-483f-9e80-028ae78565ec: creating.
Feb 20 12:52:52 devstack cinder-volume[82215]: DEBUG cinder.volume.manager [None req-d3158de2-28a6-4ab3-aeb1-f598bda941b7 tempest-GroupSnapshotsTest-1572260719 None] Group snapshot 8f3447fa-e116-483f-9e80-028ae78565ec: creating. {{(pid=82215) create_group_snapshot /opt/stack/cinder/cinder/volume/manager.py:4175}}
Feb 20 12:52:52 devstack cinder-volume[82215]: DEBUG oslo_concurrency.lockutils [None req-d3158de2-28a6-4ab3-aeb1-f598bda941b7 tempest-GroupSnapshotsTest-1572260719 None] Acquiring lock "quobyte" by "cinder.volume.drivers.quobyte.QuobyteDriver.create_snapshot" {{(pid=82215) inner /opt/stack/data/venv/lib/python3.10/site-packages/oslo_concurrency/lockutils.py:506}}
Feb 20 12:52:52 devstack cinder-volume[82215]: DEBUG oslo_concurrency.lockutils [None req-d3158de2-28a6-4ab3-aeb1-f598bda941b7 tempest-GroupSnapshotsTest-1572260719 None] Lock "quobyte" acquired by "cinder.volume.drivers.quobyte.QuobyteDriver.create_snapshot" :: waited 0.001s {{(pid=82215) inner /opt/stack/data/venv/lib/python3.10/site-packages/oslo_concurrency/lockutils.py:519}}
Feb 20 12:52:52 devstack cinder-volume[82215]: DEBUG cinder.volume.drivers.remotefs [None req-d3158de2-28a6-4ab3-aeb1-f598bda941b7 tempest-GroupSnapshotsTest-1572260719 None] Creating offline snapshot 15f2d716-1800-45e2-92aa-f7f250b035d8 of volume c284505c-b484-45e9-9dfe-77aef1e2a4b7 {{(pid=82215) _create_snapshot /opt/stack/cinder/cinder/volume/drivers/remotefs.py:1815}}
Feb 20 12:52:52 devstack cinder-volume[82215]: DEBUG oslo.privsep.daemon [-] privsep: reply[9f36b723-554a-4f81-8ff3-88370a926623]: (4, 'qcow2') {{(pid=82912) _call_back /opt/stack/data/venv/lib/python3.10/site-packages/oslo_privsep/daemon.py:573}}
Feb 20 12:52:52 devstack cinder-volume[82215]: DEBUG oslo_concurrency.processutils [None req-d3158de2-28a6-4ab3-aeb1-f598bda941b7 tempest-GroupSnapshotsTest-1572260719 None] Running cmd (subprocess): /opt/stack/data/venv/bin/python3.10 -m oslo_concurrency.prlimit --as=1073741824 --cpu=60 -- sudo cinder-rootwrap /etc/cinder/rootwrap.conf env LC_ALL=C qemu-img info -f qcow2 --output=json --force-share /opt/stack/data/cinder/mnt/d7897c913a02cec46a59c436fa2fb51a/volume-c284505c-b484-45e9-9dfe-77aef1e2a4b7 {{(pid=82215) execute /opt/stack/data/venv/lib/python3.10/site-packages/oslo_concurrency/processutils.py:368}}
Feb 20 12:52:52 devstack sudo[83758]: quobyte : PWD=/ ; USER=root ; COMMAND=/opt/stack/data/venv/bin/cinder-rootwrap /etc/cinder/rootwrap.conf env LC_ALL=C qemu-img info -f qcow2 --output=json --force-share /opt/stack/data/cinder/mnt/d7897c913a02cec46a59c436fa2fb51a/volume-c284505c-b484-45e9-9dfe-77aef1e2a4b7
Feb 20 12:52:52 devstack sudo[83758]: pam_unix(sudo:session): session opened for user root(uid=0) by (uid=1000)
Feb 20 12:52:52 devstack sudo[83758]: pam_unix(sudo:session): session closed for user root
Feb 20 12:52:52 devstack cinder-volume[82215]: DEBUG oslo_concurrency.processutils [None req-d3158de2-28a6-4ab3-aeb1-f598bda941b7 tempest-GroupSnapshotsTest-1572260719 None] CMD "/opt/stack/data/venv/bin/python3.10 -m oslo_concurrency.prlimit --as=1073741824 --cpu=60 -- sudo cinder-rootwrap /etc/cinder/rootwrap.conf env LC_ALL=C qemu-img info -f qcow2 --output=json --force-share /opt/stack/data/cinder/mnt/d7897c913a02cec46a59c436fa2fb51a/volume-c284505c-b484-45e9-9dfe-77aef1e2a4b7" returned: 0 in 0.634s {{(pid=82215) execute /opt/stack/data/venv/lib/python3.10/site-packages/oslo_concurrency/processutils.py:396}}
Feb 20 12:52:52 devstack cinder-volume[82215]: DEBUG oslo_concurrency.processutils [None req-d3158de2-28a6-4ab3-aeb1-f598bda941b7 tempest-GroupSnapshotsTest-1572260719 None] Running cmd (subprocess): sudo cinder-rootwrap /etc/cinder/rootwrap.conf qemu-img create -f qcow2 -o backing_file=/opt/stack/data/cinder/mnt/d7897c913a02cec46a59c436fa2fb51a/volume-c284505c-b484-45e9-9dfe-77aef1e2a4b7,backing_fmt=qcow2 /opt/stack/data/cinder/mnt/d7897c913a02cec46a59c436fa2fb51a/volume-c284505c-b484-45e9-9dfe-77aef1e2a4b7.15f2d716-1800-45e2-92aa-f7f250b035d8 1G {{(pid=82215) execute /opt/stack/data/venv/lib/python3.10/site-packages/oslo_concurrency/processutils.py:368}}
