Apr 29 17:17:12 devstack cinder-volume[84547]: INFO cinder.volume.drivers.remotefs [None req-e2ac7cf5-4346-4507-8db0-5eebaaf7199a tempest-ServerStableDeviceRescueTest-508512582 None] casted to osci02.corp.quobyte.com/cinder-vol-c1218849-f455-4b33-80fb-6d753db01de6
Apr 29 17:17:12 devstack cinder-volume[84547]: DEBUG oslo_concurrency.processutils [None req-e2ac7cf5-4346-4507-8db0-5eebaaf7199a tempest-ServerStableDeviceRescueTest-508512582 None] Running cmd (subprocess): sudo cinder-rootwrap /etc/cinder/rootwrap.conf qemu-img create -f qcow2 -o preallocation=metadata /opt/stack/data/cinder/mnt/9c63f729801ae21d2d0cd4a3966b3685/volume-68f40b90-f156-4d4b-97c1-3c62ecc4146c 1073741824 {{(pid=84547) execute /opt/stack/data/venv/lib/python3.12/site-packages/oslo_concurrency/processutils.py:440}}
Apr 29 17:17:12 devstack sudo[94739]: quobyte : PWD=/ ; USER=root ; COMMAND=/opt/stack/data/venv/bin/cinder-rootwrap /etc/cinder/rootwrap.conf qemu-img create -f qcow2 -o preallocation=metadata /opt/stack/data/cinder/mnt/9c63f729801ae21d2d0cd4a3966b3685/volume-68f40b90-f156-4d4b-97c1-3c62ecc4146c 1073741824
Apr 29 17:17:12 devstack sudo[94739]: pam_unix(sudo:session): session opened for user root(uid=0) by (uid=1000)
Apr 29 17:17:12 devstack cinder-volume[84547]: DEBUG oslo_concurrency.lockutils [None req-314f6deb-9447-478a-8317-76f35e884dba tempest-GroupsV314Test-1321972206 None] Acquiring lock "quobyte" by "cinder.volume.drivers.quobyte.QuobyteDriver.create_cloned_volume" {{(pid=84547) inner /opt/stack/data/venv/lib/python3.12/site-packages/oslo_concurrency/lockutils.py:506}}
Apr 29 17:17:13 devstack sudo[94739]: pam_unix(sudo:session): session closed for user root
Apr 29 17:17:13 devstack cinder-volume[84547]: DEBUG oslo_concurrency.processutils [None req-e2ac7cf5-4346-4507-8db0-5eebaaf7199a tempest-ServerStableDeviceRescueTest-508512582 None] CMD "sudo cinder-rootwrap /etc/cinder/rootwrap.conf qemu-img create -f qcow2 -o preallocation=metadata /opt/stack/data/cinder/mnt/9c63f729801ae21d2d0cd4a3966b3685/volume-68f40b90-f156-4d4b-97c1-3c62ecc4146c 1073741824" returned: 0 in 0.955s {{(pid=84547) execute /opt/stack/data/venv/lib/python3.12/site-packages/oslo_concurrency/processutils.py:468}}
Apr 29 17:17:13 devstack cinder-volume[84547]: DEBUG oslo_concurrency.processutils [None req-e2ac7cf5-4346-4507-8db0-5eebaaf7199a tempest-ServerStableDeviceRescueTest-508512582 None] Running cmd (subprocess): sudo cinder-rootwrap /etc/cinder/rootwrap.conf chmod ugo+rw /opt/stack/data/cinder/mnt/9c63f729801ae21d2d0cd4a3966b3685/volume-68f40b90-f156-4d4b-97c1-3c62ecc4146c {{(pid=84547) execute /opt/stack/data/venv/lib/python3.12/site-packages/oslo_concurrency/processutils.py:440}}
Apr 29 17:17:13 devstack sudo[94745]: quobyte : PWD=/ ; USER=root ; COMMAND=/opt/stack/data/venv/bin/cinder-rootwrap /etc/cinder/rootwrap.conf chmod ugo+rw /opt/stack/data/cinder/mnt/9c63f729801ae21d2d0cd4a3966b3685/volume-68f40b90-f156-4d4b-97c1-3c62ecc4146c
Apr 29 17:17:13 devstack sudo[94745]: pam_unix(sudo:session): session opened for user root(uid=0) by (uid=1000)
Apr 29 17:17:14 devstack cinder-volume[84547]: INFO cinder.volume.manager [req-994e4220-f179-481b-8b50-888738743beb req-cf340979-4e39-4d66-8dc0-958fe2ca4649 tempest-ServerActionsTestOtherA-1495812231 None] Terminate volume connection completed successfully.
Apr 29 17:17:14 devstack cinder-volume[84547]: DEBUG cinder.volume.manager [req-994e4220-f179-481b-8b50-888738743beb req-cf340979-4e39-4d66-8dc0-958fe2ca4649 tempest-ServerActionsTestOtherA-1495812231 None] Deleting attachment d2dc127f-3af8-4bf2-94aa-a6118c956d00. {{(pid=84547) attachment_delete /opt/stack/cinder/cinder/volume/manager.py:5055}}
Apr 29 17:17:14 devstack sudo[94745]: pam_unix(sudo:session): session closed for user root
Apr 29 17:17:14 devstack cinder-volume[84547]: DEBUG oslo_concurrency.processutils [None req-e2ac7cf5-4346-4507-8db0-5eebaaf7199a tempest-ServerStableDeviceRescueTest-508512582 None] CMD "sudo cinder-rootwrap /etc/cinder/rootwrap.conf chmod ugo+rw /opt/stack/data/cinder/mnt/9c63f729801ae21d2d0cd4a3966b3685/volume-68f40b90-f156-4d4b-97c1-3c62ecc4146c" returned: 0 in 0.829s {{(pid=84547) execute /opt/stack/data/venv/lib/python3.12/site-packages/oslo_concurrency/processutils.py:468}}
Apr 29 17:17:14 devstack cinder-volume[84547]: DEBUG cinder.volume.drivers.quobyte [None req-e2ac7cf5-4346-4507-8db0-5eebaaf7199a tempest-ServerStableDeviceRescueTest-508512582 None] <== create_volume: return (1837ms) {'provider_location': 'osci02.corp.quobyte.com/cinder-vol-c1218849-f455-4b33-80fb-6d753db01de6'} {{(pid=84547) trace_logging_wrapper /opt/stack/cinder/cinder/volume/volume_utils.py:1523}}
Apr 29 17:17:14 devstack cinder-volume[84547]: DEBUG oslo_concurrency.lockutils [None req-e2ac7cf5-4346-4507-8db0-5eebaaf7199a tempest-ServerStableDeviceRescueTest-508512582 None] Lock "quobyte" "released" by "cinder.volume.drivers.quobyte.QuobyteDriver.create_volume" :: held 1.841s {{(pid=84547) inner /opt/stack/data/venv/lib/python3.12/site-packages/oslo_concurrency/lockutils.py:538}}
Apr 29 17:17:14 devstack cinder-volume[84547]: DEBUG oslo_concurrency.lockutils [None req-314f6deb-9447-478a-8317-76f35e884dba tempest-GroupsV314Test-1321972206 None] Lock "quobyte" acquired by "cinder.volume.drivers.quobyte.QuobyteDriver.create_cloned_volume" :: waited 1.738s {{(pid=84547) inner /opt/stack/data/venv/lib/python3.12/site-packages/oslo_concurrency/lockutils.py:519}}
Apr 29 17:17:14 devstack cinder-volume[84547]: INFO cinder.volume.drivers.remotefs [None req-314f6deb-9447-478a-8317-76f35e884dba tempest-GroupsV314Test-1321972206 None] Cloning volume f41d1864-6493-498f-b4e9-07ac9f48fc43 to volume e9727856-82fb-4820-a410-6b464a762e59
Apr 29 17:17:14 devstack cinder-volume[84547]: DEBUG cinder.volume.manager [None req-e2ac7cf5-4346-4507-8db0-5eebaaf7199a tempest-ServerStableDeviceRescueTest-508512582 None] Task 'cinder.volume.flows.manager.create_volume.CreateVolumeFromSpecTask;volume:create' (bf74e57e-9824-4310-ada8-2391329a10b3) transitioned into state 'SUCCESS' from state 'RUNNING' with result '{'status': 'creating', 'volume_name': 'volume-68f40b90-f156-4d4b-97c1-3c62ecc4146c', 'volume_size': 1}' {{(pid=84547) _task_receiver /opt/stack/data/venv/lib/python3.12/site-packages/taskflow/listeners/logging.py:182}}
Apr 29 17:17:14 devstack cinder-volume[84547]: DEBUG cinder.volume.manager [None req-e2ac7cf5-4346-4507-8db0-5eebaaf7199a tempest-ServerStableDeviceRescueTest-508512582 None] Task 'cinder.volume.flows.manager.create_volume.CreateVolumeOnFinishTask;volume:create, create.end' (c1041831-3d92-4447-9a12-127a79d0fa63) transitioned into state 'RUNNING' from state 'PENDING' {{(pid=84547) _task_receiver /opt/stack/data/venv/lib/python3.12/site-packages/taskflow/listeners/logging.py:194}}
Apr 29 17:17:14 devstack cinder-volume[84547]: INFO cinder.volume.flows.manager.create_volume [None req-e2ac7cf5-4346-4507-8db0-5eebaaf7199a tempest-ServerStableDeviceRescueTest-508512582 None] Volume volume-68f40b90-f156-4d4b-97c1-3c62ecc4146c (68f40b90-f156-4d4b-97c1-3c62ecc4146c): created successfully
Apr 29 17:17:14 devstack cinder-volume[84547]: DEBUG cinder.volume.manager [None req-e2ac7cf5-4346-4507-8db0-5eebaaf7199a tempest-ServerStableDeviceRescueTest-508512582 None] Task 'cinder.volume.flows.manager.create_volume.CreateVolumeOnFinishTask;volume:create, create.end' (c1041831-3d92-4447-9a12-127a79d0fa63) transitioned into state 'SUCCESS' from state 'RUNNING' with result 'None' {{(pid=84547) _task_receiver /opt/stack/data/venv/lib/python3.12/site-packages/taskflow/listeners/logging.py:182}}
Apr 29 17:17:14 devstack cinder-volume[84547]: DEBUG cinder.volume.manager [None req-e2ac7cf5-4346-4507-8db0-5eebaaf7199a tempest-ServerStableDeviceRescueTest-508512582 None] Flow 'volume_create_manager' (49cf98a7-788a-4dd7-9904-e585629aefa5) transitioned into state 'SUCCESS' from state 'RUNNING' {{(pid=84547) _flow_receiver /opt/stack/data/venv/lib/python3.12/site-packages/taskflow/listeners/logging.py:145}}
Apr 29 17:17:14 devstack cinder-volume[84547]: DEBUG cinder.volume.drivers.remotefs [None req-314f6deb-9447-478a-8317-76f35e884dba tempest-GroupsV314Test-1321972206 None] Creating offline snapshot 41a0befc-6b16-4ef6-95cb-2dc2adc0871c of volume f41d1864-6493-498f-b4e9-07ac9f48fc43 {{(pid=84547) _create_snapshot /opt/stack/cinder/cinder/volume/drivers/remotefs.py:1816}}
Apr 29 17:17:14 devstack cinder-volume[84547]: INFO cinder.volume.manager [None req-e2ac7cf5-4346-4507-8db0-5eebaaf7199a tempest-ServerStableDeviceRescueTest-508512582 None] Created volume successfully.
Apr 29 17:17:14 devstack cinder-volume[84547]: DEBUG oslo.privsep.daemon [-] privsep: reply[7d40da58-84c5-429f-922f-4429d87f4873]: (4, 'qcow2') {{(pid=85470) _call_back /opt/stack/data/venv/lib/python3.12/site-packages/oslo_privsep/daemon.py:573}}
Apr 29 17:17:14 devstack cinder-volume[84547]: DEBUG oslo_concurrency.processutils [None req-314f6deb-9447-478a-8317-76f35e884dba tempest-GroupsV314Test-1321972206 None] Running cmd (subprocess): /opt/stack/data/venv/bin/python3.12 -m oslo_concurrency.prlimit --as=1073741824 --cpu=60 -- sudo cinder-rootwrap /etc/cinder/rootwrap.conf env LC_ALL=C qemu-img info -f qcow2 --output=json --force-share /opt/stack/data/cinder/mnt/9c63f729801ae21d2d0cd4a3966b3685/volume-f41d1864-6493-498f-b4e9-07ac9f48fc43 {{(pid=84547) execute /opt/stack/data/venv/lib/python3.12/site-packages/oslo_concurrency/processutils.py:440}}
Apr 29 17:17:14 devstack sudo[94808]: quobyte : PWD=/ ; USER=root ; COMMAND=/opt/stack/data/venv/bin/cinder-rootwrap /etc/cinder/rootwrap.conf env LC_ALL=C qemu-img info -f qcow2 --output=json --force-share /opt/stack/data/cinder/mnt/9c63f729801ae21d2d0cd4a3966b3685/volume-f41d1864-6493-498f-b4e9-07ac9f48fc43
Apr 29 17:17:14 devstack sudo[94808]: pam_unix(sudo:session): session opened for user root(uid=0) by (uid=1000)
Apr 29 17:17:15 devstack sudo[94808]: pam_unix(sudo:session): session closed for user root
Apr 29 17:17:15 devstack cinder-volume[84547]: DEBUG oslo_concurrency.processutils [None req-314f6deb-9447-478a-8317-76f35e884dba tempest-GroupsV314Test-1321972206 None] CMD "/opt/stack/data/venv/bin/python3.12 -m oslo_concurrency.prlimit --as=1073741824 --cpu=60 -- sudo cinder-rootwrap /etc/cinder/rootwrap.conf env LC_ALL=C qemu-img info -f qcow2 --output=json --force-share /opt/stack/data/cinder/mnt/9c63f729801ae21d2d0cd4a3966b3685/volume-f41d1864-6493-498f-b4e9-07ac9f48fc43" returned: 0 in 0.822s {{(pid=84547) execute /opt/stack/data/venv/lib/python3.12/site-packages/oslo_concurrency/processutils.py:468}}
Apr 29 17:17:15 devstack cinder-volume[84547]: DEBUG oslo_concurrency.processutils [None req-314f6deb-9447-478a-8317-76f35e884dba tempest-GroupsV314Test-1321972206 None] Running cmd (subprocess): sudo cinder-rootwrap /etc/cinder/rootwrap.conf qemu-img create -f qcow2 -o backing_file=/opt/stack/data/cinder/mnt/9c63f729801ae21d2d0cd4a3966b3685/volume-f41d1864-6493-498f-b4e9-07ac9f48fc43,backing_fmt=qcow2 /opt/stack/data/cinder/mnt/9c63f729801ae21d2d0cd4a3966b3685/volume-f41d1864-6493-498f-b4e9-07ac9f48fc43.41a0befc-6b16-4ef6-95cb-2dc2adc0871c 1G {{(pid=84547) execute /opt/stack/data/venv/lib/python3.12/site-packages/oslo_concurrency/processutils.py:440}}
Apr 29 17:17:15 devstack sudo[94828]: quobyte : PWD=/ ; USER=root ; COMMAND=/opt/stack/data/venv/bin/cinder-rootwrap /etc/cinder/rootwrap.conf qemu-img create -f qcow2 -o backing_file=/opt/stack/data/cinder/mnt/9c63f729801ae21d2d0cd4a3966b3685/volume-f41d1864-6493-498f-b4e9-07ac9f48fc43,backing_fmt=qcow2 /opt/stack/data/cinder/mnt/9c63f729801ae21d2d0cd4a3966b3685/volume-f41d1864-6493-498f-b4e9-07ac9f48fc43.41a0befc-6b16-4ef6-95cb-2dc2adc0871c 1G
Apr 29 17:17:15 devstack sudo[94828]: pam_unix(sudo:session): session opened for user root(uid=0) by (uid=1000)
Apr 29 17:17:16 devstack sudo[94828]: pam_unix(sudo:session): session closed for user root
Apr 29 17:17:16 devstack cinder-volume[84547]: DEBUG oslo_concurrency.processutils [None req-314f6deb-9447-478a-8317-76f35e884dba tempest-GroupsV314Test-1321972206 None] CMD "sudo cinder-rootwrap /etc/cinder/rootwrap.conf qemu-img create -f qcow2 -o backing_file=/opt/stack/data/cinder/mnt/9c63f729801ae21d2d0cd4a3966b3685/volume-f41d1864-6493-498f-b4e9-07ac9f48fc43,backing_fmt=qcow2 /opt/stack/data/cinder/mnt/9c63f729801ae21d2d0cd4a3966b3685/volume-f41d1864-6493-498f-b4e9-07ac9f48fc43.41a0befc-6b16-4ef6-95cb-2dc2adc0871c 1G" returned: 0 in 0.880s {{(pid=84547) execute /opt/stack/data/venv/lib/python3.12/site-packages/oslo_concurrency/processutils.py:468}}
Apr 29 17:17:16 devstack cinder-volume[84547]: DEBUG oslo_concurrency.processutils [None req-314f6deb-9447-478a-8317-76f35e884dba tempest-GroupsV314Test-1321972206 None] Running cmd (subprocess): sudo cinder-rootwrap /etc/cinder/rootwrap.conf qemu-img rebase -u -b volume-f41d1864-6493-498f-b4e9-07ac9f48fc43 -F qcow2 /opt/stack/data/cinder/mnt/9c63f729801ae21d2d0cd4a3966b3685/volume-f41d1864-6493-498f-b4e9-07ac9f48fc43.41a0befc-6b16-4ef6-95cb-2dc2adc0871c {{(pid=84547) execute /opt/stack/data/venv/lib/python3.12/site-packages/oslo_concurrency/processutils.py:440}}
Apr 29 17:17:16 devstack sudo[94837]: quobyte : PWD=/ ; USER=root ; COMMAND=/opt/stack/data/venv/bin/cinder-rootwrap /etc/cinder/rootwrap.conf qemu-img rebase -u -b volume-f41d1864-6493-498f-b4e9-07ac9f48fc43 -F qcow2 /opt/stack/data/cinder/mnt/9c63f729801ae21d2d0cd4a3966b3685/volume-f41d1864-6493-498f-b4e9-07ac9f48fc43.41a0befc-6b16-4ef6-95cb-2dc2adc0871c
Apr 29 17:17:16 devstack sudo[94837]: pam_unix(sudo:session): session opened for user root(uid=0) by (uid=1000)
Apr 29 17:17:16 devstack cinder-volume[84547]: DEBUG oslo_concurrency.lockutils [req-994e4220-f179-481b-8b50-888738743beb req-f78cff4c-2a2d-4b29-9772-9eb8023d2bcb tempest-ServerActionsTestOtherA-1495812231 None] Acquiring lock "quobyte" by "cinder.volume.drivers.quobyte.QuobyteDriver.initialize_connection" {{(pid=84547) inner /opt/stack/data/venv/lib/python3.12/site-packages/oslo_concurrency/lockutils.py:506}}
Apr 29 17:17:16 devstack sudo[94837]: pam_unix(sudo:session): session closed for user root
Apr 29 17:17:16 devstack cinder-volume[84547]: DEBUG oslo_concurrency.processutils [None req-314f6deb-9447-478a-8317-76f35e884dba tempest-GroupsV314Test-1321972206 None] CMD "sudo cinder-rootwrap /etc/cinder/rootwrap.conf qemu-img rebase -u -b volume-f41d1864-6493-498f-b4e9-07ac9f48fc43 -F qcow2 /opt/stack/data/cinder/mnt/9c63f729801ae21d2d0cd4a3966b3685/volume-f41d1864-6493-498f-b4e9-07ac9f48fc43.41a0befc-6b16-4ef6-95cb-2dc2adc0871c" returned: 0 in 0.689s {{(pid=84547) execute /opt/stack/data/venv/lib/python3.12/site-packages/oslo_concurrency/processutils.py:468}}
Apr 29 17:17:16 devstack cinder-volume[84547]: WARNING cinder.volume.drivers.remotefs [None req-314f6deb-9447-478a-8317-76f35e884dba tempest-GroupsV314Test-1321972206 None] /opt/stack/data/cinder/mnt/9c63f729801ae21d2d0cd4a3966b3685/volume-f41d1864-6493-498f-b4e9-07ac9f48fc43.41a0befc-6b16-4ef6-95cb-2dc2adc0871c is being set with open permissions: ugo+rw: NotImplementedError
Apr 29 17:17:16 devstack cinder-volume[84547]: DEBUG oslo_concurrency.processutils [None req-314f6deb-9447-478a-8317-76f35e884dba tempest-GroupsV314Test-1321972206 None] Running cmd (subprocess): sudo cinder-rootwrap /etc/cinder/rootwrap.conf chmod ugo+rw /opt/stack/data/cinder/mnt/9c63f729801ae21d2d0cd4a3966b3685/volume-f41d1864-6493-498f-b4e9-07ac9f48fc43.41a0befc-6b16-4ef6-95cb-2dc2adc0871c {{(pid=84547) execute /opt/stack/data/venv/lib/python3.12/site-packages/oslo_concurrency/processutils.py:440}}
Apr 29 17:17:16 devstack sudo[94850]: quobyte : PWD=/ ; USER=root ; COMMAND=/opt/stack/data/venv/bin/cinder-rootwrap /etc/cinder/rootwrap.conf chmod ugo+rw /opt/stack/data/cinder/mnt/9c63f729801ae21d2d0cd4a3966b3685/volume-f41d1864-6493-498f-b4e9-07ac9f48fc43.41a0befc-6b16-4ef6-95cb-2dc2adc0871c
Apr 29 17:17:16 devstack sudo[94850]: pam_unix(sudo:session): session opened for user root(uid=0) by (uid=1000)
Apr 29 17:17:17 devstack sudo[94850]: pam_unix(sudo:session): session closed for user root
Apr 29 17:17:17 devstack cinder-volume[84547]: DEBUG oslo_concurrency.processutils [None req-314f6deb-9447-478a-8317-76f35e884dba tempest-GroupsV314Test-1321972206 None] CMD "sudo cinder-rootwrap /etc/cinder/rootwrap.conf chmod ugo+rw /opt/stack/data/cinder/mnt/9c63f729801ae21d2d0cd4a3966b3685/volume-f41d1864-6493-498f-b4e9-07ac9f48fc43.41a0befc-6b16-4ef6-95cb-2dc2adc0871c" returned: 0 in 0.622s {{(pid=84547) execute /opt/stack/data/venv/lib/python3.12/site-packages/oslo_concurrency/processutils.py:468}}
Apr 29 17:17:17 devstack cinder-volume[84547]: DEBUG oslo_concurrency.processutils [None req-314f6deb-9447-478a-8317-76f35e884dba tempest-GroupsV314Test-1321972206 None] Running cmd (subprocess): sudo cinder-rootwrap /etc/cinder/rootwrap.conf truncate -s0 /opt/stack/data/cinder/mnt/9c63f729801ae21d2d0cd4a3966b3685/volume-f41d1864-6493-498f-b4e9-07ac9f48fc43.info {{(pid=84547) execute /opt/stack/data/venv/lib/python3.12/site-packages/oslo_concurrency/processutils.py:440}}
Apr 29 17:17:17 devstack sudo[94853]: quobyte : PWD=/ ; USER=root ; COMMAND=/opt/stack/data/venv/bin/cinder-rootwrap /etc/cinder/rootwrap.conf truncate -s0 /opt/stack/data/cinder/mnt/9c63f729801ae21d2d0cd4a3966b3685/volume-f41d1864-6493-498f-b4e9-07ac9f48fc43.info
Apr 29 17:17:17 devstack sudo[94853]: pam_unix(sudo:session): session opened for user root(uid=0) by (uid=1000)
Apr 29 17:17:18 devstack sudo[94853]: pam_unix(sudo:session): session closed for user root
Apr 29 17:17:18 devstack cinder-volume[84547]: DEBUG oslo_concurrency.processutils [None req-314f6deb-9447-478a-8317-76f35e884dba tempest-GroupsV314Test-1321972206 None] CMD "sudo cinder-rootwrap /etc/cinder/rootwrap.conf truncate -s0 /opt/stack/data/cinder/mnt/9c63f729801ae21d2d0cd4a3966b3685/volume-f41d1864-6493-498f-b4e9-07ac9f48fc43.info" returned: 0 in 0.615s {{(pid=84547) execute /opt/stack/data/venv/lib/python3.12/site-packages/oslo_concurrency/processutils.py:468}}
Apr 29 17:17:18 devstack cinder-volume[84547]: WARNING cinder.volume.drivers.remotefs [None req-314f6deb-9447-478a-8317-76f35e884dba tempest-GroupsV314Test-1321972206 None] /opt/stack/data/cinder/mnt/9c63f729801ae21d2d0cd4a3966b3685/volume-f41d1864-6493-498f-b4e9-07ac9f48fc43.info is being set with open permissions: ugo+rw: NotImplementedError
Apr 29 17:17:18 devstack cinder-volume[84547]: DEBUG oslo_concurrency.processutils [None req-314f6deb-9447-478a-8317-76f35e884dba tempest-GroupsV314Test-1321972206 None] Running cmd (subprocess): sudo cinder-rootwrap /etc/cinder/rootwrap.conf chmod ugo+rw /opt/stack/data/cinder/mnt/9c63f729801ae21d2d0cd4a3966b3685/volume-f41d1864-6493-498f-b4e9-07ac9f48fc43.info {{(pid=84547) execute /opt/stack/data/venv/lib/python3.12/site-packages/oslo_concurrency/processutils.py:440}}
Apr 29 17:17:18 devstack sudo[94856]: quobyte : PWD=/ ; USER=root ; COMMAND=/opt/stack/data/venv/bin/cinder-rootwrap /etc/cinder/rootwrap.conf chmod ugo+rw /opt/stack/data/cinder/mnt/9c63f729801ae21d2d0cd4a3966b3685/volume-f41d1864-6493-498f-b4e9-07ac9f48fc43.info
Apr 29 17:17:18 devstack sudo[94856]: pam_unix(sudo:session): session opened for user root(uid=0) by (uid=1000)
Apr 29 17:17:18 devstack sudo[94856]: pam_unix(sudo:session): session closed for user root
Apr 29 17:17:18 devstack cinder-volume[84547]: DEBUG oslo_concurrency.processutils [None req-314f6deb-9447-478a-8317-76f35e884dba tempest-GroupsV314Test-1321972206 None] CMD "sudo cinder-rootwrap /etc/cinder/rootwrap.conf chmod ugo+rw /opt/stack/data/cinder/mnt/9c63f729801ae21d2d0cd4a3966b3685/volume-f41d1864-6493-498f-b4e9-07ac9f48fc43.info" returned: 0 in 0.622s {{(pid=84547) execute /opt/stack/data/venv/lib/python3.12/site-packages/oslo_concurrency/processutils.py:468}}
Apr 29 17:17:18 devstack cinder-volume[84547]: DEBUG cinder.coordination [None req-314f6deb-9447-478a-8317-76f35e884dba tempest-GroupsV314Test-1321972206 None] Acquiring lock "cinder-quobyte-e9727856-82fb-4820-a410-6b464a762e59" by "_copy_volume_from_snapshot" {{(pid=84547) __acquire /opt/stack/cinder/cinder/coordination.py:138}}
Apr 29 17:17:18 devstack cinder-volume[84547]: DEBUG cinder.coordination [None req-314f6deb-9447-478a-8317-76f35e884dba tempest-GroupsV314Test-1321972206 None] Lock "cinder-quobyte-e9727856-82fb-4820-a410-6b464a762e59" acquired by "_copy_volume_from_snapshot" :: waited 0.016s {{(pid=84547) __acquire /opt/stack/cinder/cinder/coordination.py:141}}
Apr 29 17:17:18 devstack cinder-volume[84547]: DEBUG cinder.volume.drivers.quobyte [None req-314f6deb-9447-478a-8317-76f35e884dba tempest-GroupsV314Test-1321972206 None] snapshot: 41a0befc-6b16-4ef6-95cb-2dc2adc0871c, volume: e9727856-82fb-4820-a410-6b464a762e59, {{(pid=84547) _copy_volume_from_snapshot /opt/stack/cinder/cinder/volume/drivers/quobyte.py:401}}
Apr 29 17:17:18 devstack cinder-volume[84547]: DEBUG oslo_concurrency.lockutils [None req-314f6deb-9447-478a-8317-76f35e884dba tempest-GroupsV314Test-1321972206 None] Acquiring lock "quobyte_ensure" by "cinder.volume.drivers.quobyte.QuobyteDriver._ensure_shares_mounted" {{(pid=84547) inner /opt/stack/data/venv/lib/python3.12/site-packages/oslo_concurrency/lockutils.py:506}}
Apr 29 17:17:18 devstack cinder-volume[84547]: DEBUG oslo_concurrency.lockutils [None req-314f6deb-9447-478a-8317-76f35e884dba tempest-GroupsV314Test-1321972206 None] Lock "quobyte_ensure" acquired by "cinder.volume.drivers.quobyte.QuobyteDriver._ensure_shares_mounted" :: waited 0.001s {{(pid=84547) inner /opt/stack/data/venv/lib/python3.12/site-packages/oslo_concurrency/lockutils.py:519}}
Apr 29 17:17:18 devstack cinder-volume[84547]: DEBUG cinder.volume.drivers.quobyte [None req-314f6deb-9447-478a-8317-76f35e884dba tempest-GroupsV314Test-1321972206 None] Quobyte Volume URL set to: {'osci02.corp.quobyte.com/cinder-vol-c1218849-f455-4b33-80fb-6d753db01de6': None} {{(pid=84547) _load_shares_config /opt/stack/cinder/cinder/volume/drivers/quobyte.py:617}}
Apr 29 17:17:18 devstack cinder-volume[84547]: DEBUG cinder.volume.drivers.quobyte [None req-314f6deb-9447-478a-8317-76f35e884dba tempest-GroupsV314Test-1321972206 None] Available shares ['osci02.corp.quobyte.com/cinder-vol-c1218849-f455-4b33-80fb-6d753db01de6'] {{(pid=84547) _ensure_shares_mounted /opt/stack/cinder/cinder/volume/drivers/quobyte.py:647}}
Apr 29 17:17:18 devstack cinder-volume[84547]: DEBUG oslo_concurrency.lockutils [None req-314f6deb-9447-478a-8317-76f35e884dba tempest-GroupsV314Test-1321972206 None] Lock "quobyte_ensure" "released" by "cinder.volume.drivers.quobyte.QuobyteDriver._ensure_shares_mounted" :: held 0.005s {{(pid=84547) inner /opt/stack/data/venv/lib/python3.12/site-packages/oslo_concurrency/lockutils.py:538}}
Apr 29 17:17:18 devstack cinder-volume[84547]: DEBUG oslo.privsep.daemon [-] privsep: reply[e5b4efeb-1fa5-4a06-9f23-c5754b7e602a]: (4, 'qcow2') {{(pid=85470) _call_back /opt/stack/data/venv/lib/python3.12/site-packages/oslo_privsep/daemon.py:573}}
Apr 29 17:17:18 devstack cinder-volume[84547]: DEBUG oslo_concurrency.processutils [None req-314f6deb-9447-478a-8317-76f35e884dba tempest-GroupsV314Test-1321972206 None] Running cmd (subprocess): /opt/stack/data/venv/bin/python3.12 -m oslo_concurrency.prlimit --as=1073741824 --cpu=60 -- sudo cinder-rootwrap /etc/cinder/rootwrap.conf env LC_ALL=C qemu-img info -f qcow2 --output=json --force-share /opt/stack/data/cinder/mnt/9c63f729801ae21d2d0cd4a3966b3685/volume-f41d1864-6493-498f-b4e9-07ac9f48fc43.41a0befc-6b16-4ef6-95cb-2dc2adc0871c {{(pid=84547) execute /opt/stack/data/venv/lib/python3.12/site-packages/oslo_concurrency/processutils.py:440}}
Apr 29 17:17:19 devstack sudo[94859]: quobyte : PWD=/ ; USER=root ; COMMAND=/opt/stack/data/venv/bin/cinder-rootwrap /etc/cinder/rootwrap.conf env LC_ALL=C qemu-img info -f qcow2 --output=json --force-share /opt/stack/data/cinder/mnt/9c63f729801ae21d2d0cd4a3966b3685/volume-f41d1864-6493-498f-b4e9-07ac9f48fc43.41a0befc-6b16-4ef6-95cb-2dc2adc0871c
Apr 29 17:17:19 devstack sudo[94859]: pam_unix(sudo:session): session opened for user root(uid=0) by (uid=1000)
Apr 29 17:17:19 devstack sudo[94859]: pam_unix(sudo:session): session closed for user root
Apr 29 17:17:19 devstack cinder-volume[84547]: DEBUG oslo_concurrency.processutils [None req-314f6deb-9447-478a-8317-76f35e884dba tempest-GroupsV314Test-1321972206 None] CMD "/opt/stack/data/venv/bin/python3.12 -m oslo_concurrency.prlimit --as=1073741824 --cpu=60 -- sudo cinder-rootwrap /etc/cinder/rootwrap.conf env LC_ALL=C qemu-img info -f qcow2 --output=json --force-share /opt/stack/data/cinder/mnt/9c63f729801ae21d2d0cd4a3966b3685/volume-f41d1864-6493-498f-b4e9-07ac9f48fc43.41a0befc-6b16-4ef6-95cb-2dc2adc0871c" returned: 0 in 0.764s {{(pid=84547) execute /opt/stack/data/venv/lib/python3.12/site-packages/oslo_concurrency/processutils.py:468}}
Apr 29 17:17:19 devstack cinder-volume[84547]: DEBUG cinder.volume.drivers.remotefs [None req-314f6deb-9447-478a-8317-76f35e884dba tempest-GroupsV314Test-1321972206 None] Fetching qemu-img info with special backing_file_template: (/opt/stack/data/cinder/mnt/[0-9a-f]+/)?(volume-f41d1864-6493-498f-b4e9-07ac9f48fc43(.(tmp-snap-)?[0-9a-f-]+)?|volume_from_snapshot_cache/(tmp-snap-)?[0-9a-f-]+(.(child-|parent-)[0-9a-f-]+)?)$ {{(pid=84547) _qemu_img_info_base /opt/stack/cinder/cinder/volume/drivers/remotefs.py:896}}
Apr 29 17:17:19 devstack cinder-volume[84547]: DEBUG cinder.volume.drivers.quobyte [None req-314f6deb-9447-478a-8317-76f35e884dba tempest-GroupsV314Test-1321972206 None] will copy from snapshot at /opt/stack/data/cinder/mnt/9c63f729801ae21d2d0cd4a3966b3685/volume-f41d1864-6493-498f-b4e9-07ac9f48fc43 {{(pid=84547) _copy_volume_from_snapshot /opt/stack/cinder/cinder/volume/drivers/quobyte.py:420}}
Apr 29 17:17:19 devstack cinder-volume[84547]: DEBUG cinder.volume.drivers.quobyte [None req-314f6deb-9447-478a-8317-76f35e884dba tempest-GroupsV314Test-1321972206 None] Creating direct copy from snapshot {{(pid=84547) _copy_volume_from_snapshot /opt/stack/cinder/cinder/volume/drivers/quobyte.py:428}}
Apr 29 17:17:19 devstack cinder-volume[84547]: DEBUG oslo.privsep.daemon [-] privsep: reply[bf1c7d84-56b1-43f2-a6f7-fc47a16b7283]: (4, 'qcow2') {{(pid=85470) _call_back /opt/stack/data/venv/lib/python3.12/site-packages/oslo_privsep/daemon.py:573}}
Apr 29 17:17:19 devstack cinder-volume[84547]: DEBUG oslo_concurrency.processutils [None req-314f6deb-9447-478a-8317-76f35e884dba tempest-GroupsV314Test-1321972206 None] Running cmd (subprocess): /opt/stack/data/venv/bin/python3.12 -m oslo_concurrency.prlimit --as=1073741824 --cpu=60 -- sudo cinder-rootwrap /etc/cinder/rootwrap.conf env LC_ALL=C qemu-img info -f qcow2 --output=json /opt/stack/data/cinder/mnt/9c63f729801ae21d2d0cd4a3966b3685/volume-f41d1864-6493-498f-b4e9-07ac9f48fc43 {{(pid=84547) execute /opt/stack/data/venv/lib/python3.12/site-packages/oslo_concurrency/processutils.py:440}}
Apr 29 17:17:19 devstack sudo[94864]: quobyte : PWD=/ ; USER=root ; COMMAND=/opt/stack/data/venv/bin/cinder-rootwrap /etc/cinder/rootwrap.conf env LC_ALL=C qemu-img info -f qcow2 --output=json /opt/stack/data/cinder/mnt/9c63f729801ae21d2d0cd4a3966b3685/volume-f41d1864-6493-498f-b4e9-07ac9f48fc43
Apr 29 17:17:19 devstack sudo[94864]: pam_unix(sudo:session): session opened for user root(uid=0) by (uid=1000)
Apr 29 17:17:20 devstack sudo[94864]: pam_unix(sudo:session): session closed for user root
Apr 29 17:17:20 devstack cinder-volume[84547]: DEBUG oslo_concurrency.processutils [None req-314f6deb-9447-478a-8317-76f35e884dba tempest-GroupsV314Test-1321972206 None] CMD "/opt/stack/data/venv/bin/python3.12 -m oslo_concurrency.prlimit --as=1073741824 --cpu=60 -- sudo cinder-rootwrap /etc/cinder/rootwrap.conf env LC_ALL=C qemu-img info -f qcow2 --output=json /opt/stack/data/cinder/mnt/9c63f729801ae21d2d0cd4a3966b3685/volume-f41d1864-6493-498f-b4e9-07ac9f48fc43" returned: 0 in 0.753s {{(pid=84547) execute /opt/stack/data/venv/lib/python3.12/site-packages/oslo_concurrency/processutils.py:468}}
Apr 29 17:17:20 devstack cinder-volume[84547]: DEBUG cinder.utils [None req-314f6deb-9447-478a-8317-76f35e884dba tempest-GroupsV314Test-1321972206 None] Path /opt/stack/data/cinder/mnt/9c63f729801ae21d2d0cd4a3966b3685/volume-e9727856-82fb-4820-a410-6b464a762e59 not found in is_blk_device check {{(pid=84547) is_blk_device /opt/stack/cinder/cinder/utils.py:602}}
Apr 29 17:17:20 devstack cinder-volume[84547]: DEBUG oslo_concurrency.processutils [None req-314f6deb-9447-478a-8317-76f35e884dba tempest-GroupsV314Test-1321972206 None] Running cmd (subprocess): sudo cinder-rootwrap /etc/cinder/rootwrap.conf qemu-img convert -O qcow2 /opt/stack/data/cinder/mnt/9c63f729801ae21d2d0cd4a3966b3685/volume-f41d1864-6493-498f-b4e9-07ac9f48fc43 /opt/stack/data/cinder/mnt/9c63f729801ae21d2d0cd4a3966b3685/volume-e9727856-82fb-4820-a410-6b464a762e59 {{(pid=84547) execute /opt/stack/data/venv/lib/python3.12/site-packages/oslo_concurrency/processutils.py:440}}
Apr 29 17:17:20 devstack sudo[94869]: quobyte : PWD=/ ; USER=root ; COMMAND=/opt/stack/data/venv/bin/cinder-rootwrap /etc/cinder/rootwrap.conf qemu-img convert -O qcow2 /opt/stack/data/cinder/mnt/9c63f729801ae21d2d0cd4a3966b3685/volume-f41d1864-6493-498f-b4e9-07ac9f48fc43 /opt/stack/data/cinder/mnt/9c63f729801ae21d2d0cd4a3966b3685/volume-e9727856-82fb-4820-a410-6b464a762e59
Apr 29 17:17:20 devstack sudo[94869]: pam_unix(sudo:session): session opened for user root(uid=0) by (uid=1000)
Apr 29 17:17:26 devstack sudo[94869]: pam_unix(sudo:session): session closed for user root
Apr 29 17:17:26 devstack cinder-volume[84547]: DEBUG oslo_concurrency.processutils [None req-314f6deb-9447-478a-8317-76f35e884dba tempest-GroupsV314Test-1321972206 None] CMD "sudo cinder-rootwrap /etc/cinder/rootwrap.conf qemu-img convert -O qcow2 /opt/stack/data/cinder/mnt/9c63f729801ae21d2d0cd4a3966b3685/volume-f41d1864-6493-498f-b4e9-07ac9f48fc43 /opt/stack/data/cinder/mnt/9c63f729801ae21d2d0cd4a3966b3685/volume-e9727856-82fb-4820-a410-6b464a762e59" returned: 0 in 6.122s {{(pid=84547) execute /opt/stack/data/venv/lib/python3.12/site-packages/oslo_concurrency/processutils.py:468}}
Apr 29 17:17:26 devstack cinder-volume[84547]: DEBUG oslo.privsep.daemon [-] privsep: reply[140996ac-d506-4ad4-ae74-ed9a43d6fc1e]: (4, 'qcow2') {{(pid=85470) _call_back /opt/stack/data/venv/lib/python3.12/site-packages/oslo_privsep/daemon.py:573}}
Apr 29 17:17:26 devstack cinder-volume[84547]: DEBUG oslo_concurrency.processutils [None req-314f6deb-9447-478a-8317-76f35e884dba tempest-GroupsV314Test-1321972206 None] Running cmd (subprocess): /opt/stack/data/venv/bin/python3.12 -m oslo_concurrency.prlimit --as=1073741824 --cpu=60 -- sudo cinder-rootwrap /etc/cinder/rootwrap.conf env LC_ALL=C qemu-img info -f qcow2 --output=json /opt/stack/data/cinder/mnt/9c63f729801ae21d2d0cd4a3966b3685/volume-f41d1864-6493-498f-b4e9-07ac9f48fc43 {{(pid=84547) execute /opt/stack/data/venv/lib/python3.12/site-packages/oslo_concurrency/processutils.py:440}}
Apr 29 17:17:26 devstack sudo[94913]: quobyte : PWD=/ ; USER=root ; COMMAND=/opt/stack/data/venv/bin/cinder-rootwrap /etc/cinder/rootwrap.conf env LC_ALL=C qemu-img info -f qcow2 --output=json /opt/stack/data/cinder/mnt/9c63f729801ae21d2d0cd4a3966b3685/volume-f41d1864-6493-498f-b4e9-07ac9f48fc43
Apr 29 17:17:26 devstack sudo[94913]: pam_unix(sudo:session): session opened for user root(uid=0) by (uid=1000)
Apr 29 17:17:27 devstack sudo[94913]: pam_unix(sudo:session): session closed for user root
Apr 29 17:17:27 devstack cinder-volume[84547]: DEBUG oslo_concurrency.processutils [None req-314f6deb-9447-478a-8317-76f35e884dba tempest-GroupsV314Test-1321972206 None] CMD "/opt/stack/data/venv/bin/python3.12 -m oslo_concurrency.prlimit --as=1073741824 --cpu=60 -- sudo cinder-rootwrap /etc/cinder/rootwrap.conf env LC_ALL=C qemu-img info -f qcow2 --output=json /opt/stack/data/cinder/mnt/9c63f729801ae21d2d0cd4a3966b3685/volume-f41d1864-6493-498f-b4e9-07ac9f48fc43" returned: 0 in 0.866s {{(pid=84547) execute /opt/stack/data/venv/lib/python3.12/site-packages/oslo_concurrency/processutils.py:468}}
Apr 29 17:17:27 devstack cinder-volume[84547]: DEBUG cinder.image.image_utils [None req-314f6deb-9447-478a-8317-76f35e884dba tempest-GroupsV314Test-1321972206 None] Image conversion details: src /opt/stack/data/cinder/mnt/9c63f729801ae21d2d0cd4a3966b3685/volume-f41d1864-6493-498f-b4e9-07ac9f48fc43, size 1024.00 MB, duration 6.12 sec, destination /opt/stack/data/cinder/mnt/9c63f729801ae21d2d0cd4a3966b3685/volume-e9727856-82fb-4820-a410-6b464a762e59 {{(pid=84547) _convert_image /opt/stack/cinder/cinder/image/image_utils.py:533}}
Apr 29 17:17:27 devstack cinder-volume[84547]: INFO cinder.image.image_utils [None req-314f6deb-9447-478a-8317-76f35e884dba tempest-GroupsV314Test-1321972206 None] Converted 1024.00 MB image at 167.24 MB/s
Apr 29 17:17:27 devstack cinder-volume[84547]: WARNING cinder.volume.drivers.remotefs [None req-314f6deb-9447-478a-8317-76f35e884dba tempest-GroupsV314Test-1321972206 None] /opt/stack/data/cinder/mnt/9c63f729801ae21d2d0cd4a3966b3685/volume-e9727856-82fb-4820-a410-6b464a762e59 is being set with open permissions: ugo+rw: NotImplementedError
Apr 29 17:17:27 devstack cinder-volume[84547]: DEBUG oslo_concurrency.processutils [None req-314f6deb-9447-478a-8317-76f35e884dba tempest-GroupsV314Test-1321972206 None] Running cmd (subprocess): sudo cinder-rootwrap /etc/cinder/rootwrap.conf chmod ugo+rw /opt/stack/data/cinder/mnt/9c63f729801ae21d2d0cd4a3966b3685/volume-e9727856-82fb-4820-a410-6b464a762e59 {{(pid=84547) execute /opt/stack/data/venv/lib/python3.12/site-packages/oslo_concurrency/processutils.py:440}}
Apr 29 17:17:27 devstack sudo[94918]: quobyte : PWD=/ ; USER=root ; COMMAND=/opt/stack/data/venv/bin/cinder-rootwrap /etc/cinder/rootwrap.conf chmod ugo+rw /opt/stack/data/cinder/mnt/9c63f729801ae21d2d0cd4a3966b3685/volume-e9727856-82fb-4820-a410-6b464a762e59
Apr 29 17:17:27 devstack sudo[94918]: pam_unix(sudo:session): session opened for user root(uid=0) by (uid=1000)
Apr 29 17:17:27 devstack cinder-volume[84547]: DEBUG dbcounter [-] [84547] Writing DB stats cinder:SELECT=73,cinder:UPDATE=57,cinder:INSERT=16,cinder:DELETE=4 {{(pid=84547) stat_writer /opt/stack/data/venv/lib/python3.12/site-packages/dbcounter.py:115}}
Apr 29 17:17:27 devstack cinder-volume[84547]: DEBUG dbcounter [-] [84547] Writing DB stats cinder:DELETE=1,cinder:UPDATE=4,cinder:SELECT=5,cinder:INSERT=2 {{(pid=84547) stat_writer /opt/stack/data/venv/lib/python3.12/site-packages/dbcounter.py:115}}
Apr 29 17:17:28 devstack sudo[94918]: pam_unix(sudo:session): session closed for user root
Apr 29 17:17:28 devstack cinder-volume[84547]: DEBUG oslo_concurrency.processutils [None req-314f6deb-9447-478a-8317-76f35e884dba tempest-GroupsV314Test-1321972206 None] CMD "sudo cinder-rootwrap /etc/cinder/rootwrap.conf chmod ugo+rw /opt/stack/data/cinder/mnt/9c63f729801ae21d2d0cd4a3966b3685/volume-e9727856-82fb-4820-a410-6b464a762e59" returned: 0 in 0.621s {{(pid=84547) execute /opt/stack/data/venv/lib/python3.12/site-packages/oslo_concurrency/processutils.py:468}}
Apr 29 17:17:28 devstack cinder-volume[84547]: DEBUG cinder.coordination [None req-314f6deb-9447-478a-8317-76f35e884dba tempest-GroupsV314Test-1321972206 None] Lock "cinder-quobyte-e9727856-82fb-4820-a410-6b464a762e59" released by "_copy_volume_from_snapshot" :: held 9.205s {{(pid=84547) __release /opt/stack/cinder/cinder/coordination.py:152}}
Apr 29 17:17:28 devstack cinder-volume[84547]: DEBUG cinder.coordination [None req-314f6deb-9447-478a-8317-76f35e884dba tempest-GroupsV314Test-1321972206 None] Acquiring lock "cinder-quobyte-41a0befc-6b16-4ef6-95cb-2dc2adc0871c" by "_delete_snapshot" {{(pid=84547) __acquire /opt/stack/cinder/cinder/coordination.py:138}}
Apr 29 17:17:28 devstack cinder-volume[84547]: DEBUG cinder.coordination [None req-314f6deb-9447-478a-8317-76f35e884dba tempest-GroupsV314Test-1321972206 None] Lock "cinder-quobyte-41a0befc-6b16-4ef6-95cb-2dc2adc0871c" acquired by "_delete_snapshot" :: waited 0.013s {{(pid=84547) __acquire /opt/stack/cinder/cinder/coordination.py:141}}
Apr 29 17:17:28 devstack cinder-volume[84547]: DEBUG cinder.volume.drivers.remotefs [None req-314f6deb-9447-478a-8317-76f35e884dba tempest-GroupsV314Test-1321972206 None] Deleting offline snapshot 41a0befc-6b16-4ef6-95cb-2dc2adc0871c of volume f41d1864-6493-498f-b4e9-07ac9f48fc43 {{(pid=84547) _delete_snapshot /opt/stack/cinder/cinder/volume/drivers/remotefs.py:1288}}
Apr 29 17:17:28 devstack cinder-volume[84547]: DEBUG cinder.volume.drivers.remotefs [None req-314f6deb-9447-478a-8317-76f35e884dba tempest-GroupsV314Test-1321972206 None] snapshot_file for this snap is: volume-f41d1864-6493-498f-b4e9-07ac9f48fc43.41a0befc-6b16-4ef6-95cb-2dc2adc0871c {{(pid=84547) _delete_snapshot /opt/stack/cinder/cinder/volume/drivers/remotefs.py:1317}}
Apr 29 17:17:28 devstack cinder-volume[84547]: DEBUG oslo.privsep.daemon [-] privsep: reply[5154bf30-d943-4ceb-934e-95038af181bd]: (4, 'qcow2') {{(pid=85470) _call_back /opt/stack/data/venv/lib/python3.12/site-packages/oslo_privsep/daemon.py:573}}
Apr 29 17:17:28 devstack cinder-volume[84547]: DEBUG oslo_concurrency.processutils [None req-314f6deb-9447-478a-8317-76f35e884dba tempest-GroupsV314Test-1321972206 None] Running cmd (subprocess): /opt/stack/data/venv/bin/python3.12 -m oslo_concurrency.prlimit --as=1073741824 --cpu=60 -- sudo cinder-rootwrap /etc/cinder/rootwrap.conf env LC_ALL=C qemu-img info -f qcow2 --output=json --force-share /opt/stack/data/cinder/mnt/9c63f729801ae21d2d0cd4a3966b3685/volume-f41d1864-6493-498f-b4e9-07ac9f48fc43.41a0befc-6b16-4ef6-95cb-2dc2adc0871c {{(pid=84547) execute /opt/stack/data/venv/lib/python3.12/site-packages/oslo_concurrency/processutils.py:440}}
Apr 29 17:17:28 devstack sudo[94921]: quobyte : PWD=/ ; USER=root ; COMMAND=/opt/stack/data/venv/bin/cinder-rootwrap /etc/cinder/rootwrap.conf env LC_ALL=C qemu-img info -f qcow2 --output=json --force-share /opt/stack/data/cinder/mnt/9c63f729801ae21d2d0cd4a3966b3685/volume-f41d1864-6493-498f-b4e9-07ac9f48fc43.41a0befc-6b16-4ef6-95cb-2dc2adc0871c
Apr 29 17:17:28 devstack sudo[94921]: pam_unix(sudo:session): session opened for user root(uid=0) by (uid=1000)
Apr 29 17:17:28 devstack sudo[94921]: pam_unix(sudo:session): session closed for user root
Apr 29 17:17:28 devstack cinder-volume[84547]: DEBUG oslo_concurrency.processutils [None req-314f6deb-9447-478a-8317-76f35e884dba tempest-GroupsV314Test-1321972206 None] CMD "/opt/stack/data/venv/bin/python3.12 -m oslo_concurrency.prlimit --as=1073741824 --cpu=60 -- sudo cinder-rootwrap /etc/cinder/rootwrap.conf env LC_ALL=C qemu-img info -f qcow2 --output=json --force-share /opt/stack/data/cinder/mnt/9c63f729801ae21d2d0cd4a3966b3685/volume-f41d1864-6493-498f-b4e9-07ac9f48fc43.41a0befc-6b16-4ef6-95cb-2dc2adc0871c" returned: 0 in 0.745s {{(pid=84547) execute /opt/stack/data/venv/lib/python3.12/site-packages/oslo_concurrency/processutils.py:468}}
Apr 29 17:17:28 devstack cinder-volume[84547]: DEBUG cinder.volume.drivers.remotefs [None req-314f6deb-9447-478a-8317-76f35e884dba tempest-GroupsV314Test-1321972206 None] Fetching qemu-img info with special backing_file_template: (/opt/stack/data/cinder/mnt/[0-9a-f]+/)?(volume-f41d1864-6493-498f-b4e9-07ac9f48fc43(.(tmp-snap-)?[0-9a-f-]+)?|volume_from_snapshot_cache/(tmp-snap-)?[0-9a-f-]+(.(child-|parent-)[0-9a-f-]+)?)$ {{(pid=84547) _qemu_img_info_base /opt/stack/cinder/cinder/volume/drivers/remotefs.py:896}}
Apr 29 17:17:28 devstack cinder-volume[84547]: DEBUG oslo.privsep.daemon [-] privsep: reply[67800926-f3f4-4dc8-9829-a9b707ddf6d0]: (4, 'qcow2') {{(pid=85470) _call_back /opt/stack/data/venv/lib/python3.12/site-packages/oslo_privsep/daemon.py:573}}
Apr 29 17:17:28 devstack cinder-volume[84547]: DEBUG oslo_concurrency.processutils [None req-314f6deb-9447-478a-8317-76f35e884dba tempest-GroupsV314Test-1321972206 None] Running cmd (subprocess): /opt/stack/data/venv/bin/python3.12 -m oslo_concurrency.prlimit --as=1073741824 --cpu=60 -- sudo cinder-rootwrap /etc/cinder/rootwrap.conf env LC_ALL=C qemu-img info -f qcow2 --output=json --force-share /opt/stack/data/cinder/mnt/9c63f729801ae21d2d0cd4a3966b3685/volume-f41d1864-6493-498f-b4e9-07ac9f48fc43 {{(pid=84547) execute /opt/stack/data/venv/lib/python3.12/site-packages/oslo_concurrency/processutils.py:440}}
Apr 29 17:17:29 devstack sudo[94927]: quobyte : PWD=/ ; USER=root ; COMMAND=/opt/stack/data/venv/bin/cinder-rootwrap /etc/cinder/rootwrap.conf env LC_ALL=C qemu-img info -f qcow2 --output=json --force-share /opt/stack/data/cinder/mnt/9c63f729801ae21d2d0cd4a3966b3685/volume-f41d1864-6493-498f-b4e9-07ac9f48fc43
Apr 29 17:17:29 devstack sudo[94927]: pam_unix(sudo:session): session opened for user root(uid=0) by (uid=1000)
Apr 29 17:17:29 devstack sudo[94927]: pam_unix(sudo:session): session closed for user root
Apr 29 17:17:29 devstack cinder-volume[84547]: DEBUG oslo_concurrency.processutils [None req-314f6deb-9447-478a-8317-76f35e884dba tempest-GroupsV314Test-1321972206 None] CMD "/opt/stack/data/venv/bin/python3.12 -m oslo_concurrency.prlimit --as=1073741824 --cpu=60 -- sudo cinder-rootwrap /etc/cinder/rootwrap.conf env LC_ALL=C qemu-img info -f qcow2 --output=json --force-share /opt/stack/data/cinder/mnt/9c63f729801ae21d2d0cd4a3966b3685/volume-f41d1864-6493-498f-b4e9-07ac9f48fc43" returned: 0 in 0.731s {{(pid=84547) execute /opt/stack/data/venv/lib/python3.12/site-packages/oslo_concurrency/processutils.py:468}}
Apr 29 17:17:29 devstack cinder-volume[84547]: DEBUG oslo_concurrency.processutils [None req-314f6deb-9447-478a-8317-76f35e884dba tempest-GroupsV314Test-1321972206 None] Running cmd (subprocess): sudo cinder-rootwrap /etc/cinder/rootwrap.conf qemu-img commit -d /opt/stack/data/cinder/mnt/9c63f729801ae21d2d0cd4a3966b3685/volume-f41d1864-6493-498f-b4e9-07ac9f48fc43.41a0befc-6b16-4ef6-95cb-2dc2adc0871c {{(pid=84547) execute /opt/stack/data/venv/lib/python3.12/site-packages/oslo_concurrency/processutils.py:440}}
Apr 29 17:17:29 devstack sudo[94935]: quobyte : PWD=/ ; USER=root ; COMMAND=/opt/stack/data/venv/bin/cinder-rootwrap /etc/cinder/rootwrap.conf qemu-img commit -d /opt/stack/data/cinder/mnt/9c63f729801ae21d2d0cd4a3966b3685/volume-f41d1864-6493-498f-b4e9-07ac9f48fc43.41a0befc-6b16-4ef6-95cb-2dc2adc0871c
Apr 29 17:17:29 devstack sudo[94935]: pam_unix(sudo:session): session opened for user root(uid=0) by (uid=1000)
Apr 29 17:17:30 devstack sudo[94935]: pam_unix(sudo:session): session closed for user root
Apr 29 17:17:30 devstack cinder-volume[84547]: DEBUG oslo_concurrency.processutils [None req-314f6deb-9447-478a-8317-76f35e884dba tempest-GroupsV314Test-1321972206 None] CMD "sudo cinder-rootwrap /etc/cinder/rootwrap.conf qemu-img commit -d /opt/stack/data/cinder/mnt/9c63f729801ae21d2d0cd4a3966b3685/volume-f41d1864-6493-498f-b4e9-07ac9f48fc43.41a0befc-6b16-4ef6-95cb-2dc2adc0871c" returned: 0 in 0.704s {{(pid=84547) execute /opt/stack/data/venv/lib/python3.12/site-packages/oslo_concurrency/processutils.py:468}}
Apr 29 17:17:30 devstack cinder-volume[84547]: DEBUG oslo_concurrency.processutils [None req-314f6deb-9447-478a-8317-76f35e884dba tempest-GroupsV314Test-1321972206 None] Running cmd (subprocess): sudo cinder-rootwrap /etc/cinder/rootwrap.conf rm -f /opt/stack/data/cinder/mnt/9c63f729801ae21d2d0cd4a3966b3685/volume-f41d1864-6493-498f-b4e9-07ac9f48fc43.41a0befc-6b16-4ef6-95cb-2dc2adc0871c {{(pid=84547) execute /opt/stack/data/venv/lib/python3.12/site-packages/oslo_concurrency/processutils.py:440}}
Apr 29 17:17:30 devstack sudo[94940]: quobyte : PWD=/ ; USER=root ; COMMAND=/opt/stack/data/venv/bin/cinder-rootwrap /etc/cinder/rootwrap.conf rm -f /opt/stack/data/cinder/mnt/9c63f729801ae21d2d0cd4a3966b3685/volume-f41d1864-6493-498f-b4e9-07ac9f48fc43.41a0befc-6b16-4ef6-95cb-2dc2adc0871c
Apr 29 17:17:30 devstack sudo[94940]: pam_unix(sudo:session): session opened for user root(uid=0) by (uid=1000)
Apr 29 17:17:30 devstack sudo[94940]: pam_unix(sudo:session): session closed for user root
Apr 29 17:17:30 devstack cinder-volume[84547]: DEBUG oslo_concurrency.processutils [None req-314f6deb-9447-478a-8317-76f35e884dba tempest-GroupsV314Test-1321972206 None] CMD "sudo cinder-rootwrap /etc/cinder/rootwrap.conf rm -f /opt/stack/data/cinder/mnt/9c63f729801ae21d2d0cd4a3966b3685/volume-f41d1864-6493-498f-b4e9-07ac9f48fc43.41a0befc-6b16-4ef6-95cb-2dc2adc0871c" returned: 0 in 0.615s {{(pid=84547) execute /opt/stack/data/venv/lib/python3.12/site-packages/oslo_concurrency/processutils.py:468}}
Apr 29 17:17:31 devstack cinder-volume[84547]: DEBUG cinder.coordination [None req-314f6deb-9447-478a-8317-76f35e884dba tempest-GroupsV314Test-1321972206 None] Lock "cinder-quobyte-41a0befc-6b16-4ef6-95cb-2dc2adc0871c" released by "_delete_snapshot" :: held 2.910s {{(pid=84547) __release /opt/stack/cinder/cinder/coordination.py:152}}
Apr 29 17:17:31 devstack cinder-volume[84547]: DEBUG oslo_concurrency.lockutils [None req-314f6deb-9447-478a-8317-76f35e884dba tempest-GroupsV314Test-1321972206 None] Lock "quobyte" "released" by "cinder.volume.drivers.quobyte.QuobyteDriver.create_cloned_volume" :: held 16.680s {{(pid=84547) inner /opt/stack/data/venv/lib/python3.12/site-packages/oslo_concurrency/lockutils.py:538}}
Apr 29 17:17:31 devstack cinder-volume[84547]: DEBUG oslo_concurrency.lockutils [req-994e4220-f179-481b-8b50-888738743beb req-f78cff4c-2a2d-4b29-9772-9eb8023d2bcb tempest-ServerActionsTestOtherA-1495812231 None] Lock "quobyte" acquired by "cinder.volume.drivers.quobyte.QuobyteDriver.initialize_connection" :: waited 14.190s {{(pid=84547) inner /opt/stack/data/venv/lib/python3.12/site-packages/oslo_concurrency/lockutils.py:519}}
Apr 29 17:17:31 devstack cinder-volume[84547]: DEBUG oslo.privsep.daemon [-] privsep: reply[a26c03c7-9d52-4da1-98c6-058b5d7e8ecd]: (4, 'qcow2') {{(pid=85470) _call_back /opt/stack/data/venv/lib/python3.12/site-packages/oslo_privsep/daemon.py:573}}
Apr 29 17:17:31 devstack cinder-volume[84547]: DEBUG oslo_concurrency.processutils [req-994e4220-f179-481b-8b50-888738743beb req-f78cff4c-2a2d-4b29-9772-9eb8023d2bcb tempest-ServerActionsTestOtherA-1495812231 None] Running cmd (subprocess): /opt/stack/data/venv/bin/python3.12 -m oslo_concurrency.prlimit --as=1073741824 --cpu=60 -- sudo cinder-rootwrap /etc/cinder/rootwrap.conf env LC_ALL=C qemu-img info -f qcow2 --output=json --force-share /opt/stack/data/cinder/mnt/9c63f729801ae21d2d0cd4a3966b3685/volume-33042986-a510-4011-9ef9-f94277a8d9f0 {{(pid=84547) execute /opt/stack/data/venv/lib/python3.12/site-packages/oslo_concurrency/processutils.py:440}}
Apr 29 17:17:31 devstack cinder-volume[84547]: INFO cinder.volume.manager [None req-314f6deb-9447-478a-8317-76f35e884dba tempest-GroupsV314Test-1321972206 None] Create group from source-group-4b690a28-fabd-4433-b8d5-29316047b093 completed successfully.
Apr 29 17:17:31 devstack sudo[94943]: quobyte : PWD=/ ; USER=root ; COMMAND=/opt/stack/data/venv/bin/cinder-rootwrap /etc/cinder/rootwrap.conf env LC_ALL=C qemu-img info -f qcow2 --output=json --force-share /opt/stack/data/cinder/mnt/9c63f729801ae21d2d0cd4a3966b3685/volume-33042986-a510-4011-9ef9-f94277a8d9f0
Apr 29 17:17:31 devstack sudo[94943]: pam_unix(sudo:session): session opened for user root(uid=0) by (uid=1000)
Apr 29 17:17:32 devstack sudo[94943]: pam_unix(sudo:session): session closed for user root
Apr 29 17:17:32 devstack cinder-volume[84547]: DEBUG oslo_concurrency.processutils [req-994e4220-f179-481b-8b50-888738743beb req-f78cff4c-2a2d-4b29-9772-9eb8023d2bcb tempest-ServerActionsTestOtherA-1495812231 None] CMD "/opt/stack/data/venv/bin/python3.12 -m oslo_concurrency.prlimit --as=1073741824 --cpu=60 -- sudo cinder-rootwrap /etc/cinder/rootwrap.conf env LC_ALL=C qemu-img info -f qcow2 --output=json --force-share /opt/stack/data/cinder/mnt/9c63f729801ae21d2d0cd4a3966b3685/volume-33042986-a510-4011-9ef9-f94277a8d9f0" returned: 0 in 1.234s {{(pid=84547) execute /opt/stack/data/venv/lib/python3.12/site-packages/oslo_concurrency/processutils.py:468}}
Apr 29 17:17:32 devstack cinder-volume[84547]: DEBUG oslo_concurrency.lockutils [req-994e4220-f179-481b-8b50-888738743beb req-f78cff4c-2a2d-4b29-9772-9eb8023d2bcb tempest-ServerActionsTestOtherA-1495812231 None] Lock "quobyte" "released" by "cinder.volume.drivers.quobyte.QuobyteDriver.initialize_connection" :: held 1.254s {{(pid=84547) inner /opt/stack/data/venv/lib/python3.12/site-packages/oslo_concurrency/lockutils.py:538}}
Apr 29 17:17:32 devstack cinder-volume[84547]: DEBUG cinder.volume.manager [req-994e4220-f179-481b-8b50-888738743beb req-f78cff4c-2a2d-4b29-9772-9eb8023d2bcb tempest-ServerActionsTestOtherA-1495812231 None] Connection info returned from driver {'export': 'osci02.corp.quobyte.com/cinder-vol-c1218849-f455-4b33-80fb-6d753db01de6', 'name': 'volume-33042986-a510-4011-9ef9-f94277a8d9f0', 'options': None, 'format': 'qcow2', 'qos_specs': None, 'access_mode': 'rw', 'encrypted': False, 'cacheable': False, 'driver_volume_type': 'quobyte', 'mount_point_base': '/opt/stack/data/cinder/mnt', 'attachment_id': '0c90e215-9a89-4495-a339-535fef905982', 'enforce_multipath': True} {{(pid=84547) _connection_create /opt/stack/cinder/cinder/volume/manager.py:4924}}
Apr 29 17:17:32 devstack cinder-volume[84547]: INFO cinder.volume.manager [req-994e4220-f179-481b-8b50-888738743beb req-f78cff4c-2a2d-4b29-9772-9eb8023d2bcb tempest-ServerActionsTestOtherA-1495812231 None] attachment_update completed successfully.
Apr 29 17:17:32 devstack cinder-volume[84547]: DEBUG cinder.coordination [None req-c14b1b17-ce85-4d10-8592-e5aaf4b3c8f7 tempest-GroupsV314Test-1321972206 None] Acquiring lock "cinder-quobyte-e9727856-82fb-4820-a410-6b464a762e59" by "delete_volume" {{(pid=84547) __acquire /opt/stack/cinder/cinder/coordination.py:138}}
Apr 29 17:17:32 devstack cinder-volume[84547]: DEBUG cinder.coordination [None req-c14b1b17-ce85-4d10-8592-e5aaf4b3c8f7 tempest-GroupsV314Test-1321972206 None] Lock "cinder-quobyte-e9727856-82fb-4820-a410-6b464a762e59" acquired by "delete_volume" :: waited 0.019s {{(pid=84547) __acquire /opt/stack/cinder/cinder/coordination.py:141}}
