Apr 29 17:18:09 devstack cinder-volume[84547]: DEBUG cinder.volume.drivers.remotefs [None req-ab0b3d5a-4348-43e9-a4c2-c7b37e0d3daa tempest-SnapshotsActionsTest-155426166 None] Creating offline snapshot 1a82e872-eeb0-46ca-b2da-d8c6762a00e0 of volume 1d4897cf-5e55-4e7f-8c98-7ea305747e12 {{(pid=84547) _create_snapshot /opt/stack/cinder/cinder/volume/drivers/remotefs.py:1816}}
Apr 29 17:18:09 devstack cinder-volume[84547]: DEBUG oslo.privsep.daemon [-] privsep: reply[25f05a66-5c94-4965-a5c6-e5adf89357ca]: (4, 'qcow2') {{(pid=85470) _call_back /opt/stack/data/venv/lib/python3.12/site-packages/oslo_privsep/daemon.py:573}}
Apr 29 17:18:09 devstack cinder-volume[84547]: DEBUG oslo_concurrency.processutils [None req-ab0b3d5a-4348-43e9-a4c2-c7b37e0d3daa tempest-SnapshotsActionsTest-155426166 None] Running cmd (subprocess): /opt/stack/data/venv/bin/python3.12 -m oslo_concurrency.prlimit --as=1073741824 --cpu=60 -- sudo cinder-rootwrap /etc/cinder/rootwrap.conf env LC_ALL=C qemu-img info -f qcow2 --output=json --force-share /opt/stack/data/cinder/mnt/9c63f729801ae21d2d0cd4a3966b3685/volume-1d4897cf-5e55-4e7f-8c98-7ea305747e12.64f3b446-d755-4f64-b5a9-f86e054ba4c8 {{(pid=84547) execute /opt/stack/data/venv/lib/python3.12/site-packages/oslo_concurrency/processutils.py:440}}
Apr 29 17:18:09 devstack sudo[95844]: quobyte : PWD=/ ; USER=root ; COMMAND=/opt/stack/data/venv/bin/cinder-rootwrap /etc/cinder/rootwrap.conf env LC_ALL=C qemu-img info -f qcow2 --output=json --force-share /opt/stack/data/cinder/mnt/9c63f729801ae21d2d0cd4a3966b3685/volume-1d4897cf-5e55-4e7f-8c98-7ea305747e12.64f3b446-d755-4f64-b5a9-f86e054ba4c8
Apr 29 17:18:09 devstack sudo[95844]: pam_unix(sudo:session): session opened for user root(uid=0) by (uid=1000)
Apr 29 17:18:10 devstack sudo[95844]: pam_unix(sudo:session): session closed for user root
Apr 29 17:18:10 devstack cinder-volume[84547]: DEBUG oslo_concurrency.processutils [None req-ab0b3d5a-4348-43e9-a4c2-c7b37e0d3daa tempest-SnapshotsActionsTest-155426166 None] CMD "/opt/stack/data/venv/bin/python3.12 -m oslo_concurrency.prlimit --as=1073741824 --cpu=60 -- sudo cinder-rootwrap /etc/cinder/rootwrap.conf env LC_ALL=C qemu-img info -f qcow2 --output=json --force-share /opt/stack/data/cinder/mnt/9c63f729801ae21d2d0cd4a3966b3685/volume-1d4897cf-5e55-4e7f-8c98-7ea305747e12.64f3b446-d755-4f64-b5a9-f86e054ba4c8" returned: 0 in 0.819s {{(pid=84547) execute /opt/stack/data/venv/lib/python3.12/site-packages/oslo_concurrency/processutils.py:468}}
Apr 29 17:18:10 devstack cinder-volume[84547]: DEBUG cinder.volume.drivers.remotefs [None req-ab0b3d5a-4348-43e9-a4c2-c7b37e0d3daa tempest-SnapshotsActionsTest-155426166 None] Fetching qemu-img info with special backing_file_template: (/opt/stack/data/cinder/mnt/[0-9a-f]+/)?(volume-1d4897cf-5e55-4e7f-8c98-7ea305747e12(.(tmp-snap-)?[0-9a-f-]+)?|volume_from_snapshot_cache/(tmp-snap-)?[0-9a-f-]+(.(child-|parent-)[0-9a-f-]+)?)$ {{(pid=84547) _qemu_img_info_base /opt/stack/cinder/cinder/volume/drivers/remotefs.py:896}}
Apr 29 17:18:10 devstack cinder-volume[84547]: DEBUG oslo_concurrency.processutils [None req-ab0b3d5a-4348-43e9-a4c2-c7b37e0d3daa tempest-SnapshotsActionsTest-155426166 None] Running cmd (subprocess): sudo cinder-rootwrap /etc/cinder/rootwrap.conf qemu-img create -f qcow2 -o backing_file=/opt/stack/data/cinder/mnt/9c63f729801ae21d2d0cd4a3966b3685/volume-1d4897cf-5e55-4e7f-8c98-7ea305747e12.64f3b446-d755-4f64-b5a9-f86e054ba4c8,backing_fmt=qcow2 /opt/stack/data/cinder/mnt/9c63f729801ae21d2d0cd4a3966b3685/volume-1d4897cf-5e55-4e7f-8c98-7ea305747e12.1a82e872-eeb0-46ca-b2da-d8c6762a00e0 1G {{(pid=84547) execute /opt/stack/data/venv/lib/python3.12/site-packages/oslo_concurrency/processutils.py:440}}
Apr 29 17:18:10 devstack sudo[95850]: quobyte : PWD=/ ; USER=root ; COMMAND=/opt/stack/data/venv/bin/cinder-rootwrap /etc/cinder/rootwrap.conf qemu-img create -f qcow2 -o backing_file=/opt/stack/data/cinder/mnt/9c63f729801ae21d2d0cd4a3966b3685/volume-1d4897cf-5e55-4e7f-8c98-7ea305747e12.64f3b446-d755-4f64-b5a9-f86e054ba4c8,backing_fmt=qcow2 /opt/stack/data/cinder/mnt/9c63f729801ae21d2d0cd4a3966b3685/volume-1d4897cf-5e55-4e7f-8c98-7ea305747e12.1a82e872-eeb0-46ca-b2da-d8c6762a00e0 1G
Apr 29 17:18:10 devstack sudo[95850]: pam_unix(sudo:session): session opened for user root(uid=0) by (uid=1000)
Apr 29 17:18:10 devstack cinder-volume[84547]: DEBUG oslo_concurrency.lockutils [req-e0674c16-89b3-4f97-98a7-b10e55d2da9f req-0fdfc758-305c-4bfe-833e-287d9302569b tempest-ServerStableDeviceRescueTest-508512582 None] Acquiring lock "quobyte" by "cinder.volume.drivers.quobyte.QuobyteDriver.initialize_connection" {{(pid=84547) inner /opt/stack/data/venv/lib/python3.12/site-packages/oslo_concurrency/lockutils.py:506}}
Apr 29 17:18:11 devstack sudo[95850]: pam_unix(sudo:session): session closed for user root
Apr 29 17:18:11 devstack cinder-volume[84547]: DEBUG oslo_concurrency.processutils [None req-ab0b3d5a-4348-43e9-a4c2-c7b37e0d3daa tempest-SnapshotsActionsTest-155426166 None] CMD "sudo cinder-rootwrap /etc/cinder/rootwrap.conf qemu-img create -f qcow2 -o backing_file=/opt/stack/data/cinder/mnt/9c63f729801ae21d2d0cd4a3966b3685/volume-1d4897cf-5e55-4e7f-8c98-7ea305747e12.64f3b446-d755-4f64-b5a9-f86e054ba4c8,backing_fmt=qcow2 /opt/stack/data/cinder/mnt/9c63f729801ae21d2d0cd4a3966b3685/volume-1d4897cf-5e55-4e7f-8c98-7ea305747e12.1a82e872-eeb0-46ca-b2da-d8c6762a00e0 1G" returned: 0 in 0.912s {{(pid=84547) execute /opt/stack/data/venv/lib/python3.12/site-packages/oslo_concurrency/processutils.py:468}}
Apr 29 17:18:11 devstack cinder-volume[84547]: DEBUG oslo_concurrency.processutils [None req-ab0b3d5a-4348-43e9-a4c2-c7b37e0d3daa tempest-SnapshotsActionsTest-155426166 None] Running cmd (subprocess): sudo cinder-rootwrap /etc/cinder/rootwrap.conf qemu-img rebase -u -b volume-1d4897cf-5e55-4e7f-8c98-7ea305747e12.64f3b446-d755-4f64-b5a9-f86e054ba4c8 -F qcow2 /opt/stack/data/cinder/mnt/9c63f729801ae21d2d0cd4a3966b3685/volume-1d4897cf-5e55-4e7f-8c98-7ea305747e12.1a82e872-eeb0-46ca-b2da-d8c6762a00e0 {{(pid=84547) execute /opt/stack/data/venv/lib/python3.12/site-packages/oslo_concurrency/processutils.py:440}}
Apr 29 17:18:11 devstack sudo[95865]: quobyte : PWD=/ ; USER=root ; COMMAND=/opt/stack/data/venv/bin/cinder-rootwrap /etc/cinder/rootwrap.conf qemu-img rebase -u -b volume-1d4897cf-5e55-4e7f-8c98-7ea305747e12.64f3b446-d755-4f64-b5a9-f86e054ba4c8 -F qcow2 /opt/stack/data/cinder/mnt/9c63f729801ae21d2d0cd4a3966b3685/volume-1d4897cf-5e55-4e7f-8c98-7ea305747e12.1a82e872-eeb0-46ca-b2da-d8c6762a00e0
Apr 29 17:18:11 devstack sudo[95865]: pam_unix(sudo:session): session opened for user root(uid=0) by (uid=1000)
Apr 29 17:18:11 devstack sudo[95865]: pam_unix(sudo:session): session closed for user root
Apr 29 17:18:11 devstack cinder-volume[84547]: DEBUG oslo_concurrency.processutils [None req-ab0b3d5a-4348-43e9-a4c2-c7b37e0d3daa tempest-SnapshotsActionsTest-155426166 None] CMD "sudo cinder-rootwrap /etc/cinder/rootwrap.conf qemu-img rebase -u -b volume-1d4897cf-5e55-4e7f-8c98-7ea305747e12.64f3b446-d755-4f64-b5a9-f86e054ba4c8 -F qcow2 /opt/stack/data/cinder/mnt/9c63f729801ae21d2d0cd4a3966b3685/volume-1d4897cf-5e55-4e7f-8c98-7ea305747e12.1a82e872-eeb0-46ca-b2da-d8c6762a00e0" returned: 0 in 0.671s {{(pid=84547) execute /opt/stack/data/venv/lib/python3.12/site-packages/oslo_concurrency/processutils.py:468}}
Apr 29 17:18:11 devstack cinder-volume[84547]: WARNING cinder.volume.drivers.remotefs [None req-ab0b3d5a-4348-43e9-a4c2-c7b37e0d3daa tempest-SnapshotsActionsTest-155426166 None] /opt/stack/data/cinder/mnt/9c63f729801ae21d2d0cd4a3966b3685/volume-1d4897cf-5e55-4e7f-8c98-7ea305747e12.1a82e872-eeb0-46ca-b2da-d8c6762a00e0 is being set with open permissions: ugo+rw
Apr 29 17:18:11 devstack cinder-volume[84547]: DEBUG oslo_concurrency.processutils [None req-ab0b3d5a-4348-43e9-a4c2-c7b37e0d3daa tempest-SnapshotsActionsTest-155426166 None] Running cmd (subprocess): sudo cinder-rootwrap /etc/cinder/rootwrap.conf chmod ugo+rw /opt/stack/data/cinder/mnt/9c63f729801ae21d2d0cd4a3966b3685/volume-1d4897cf-5e55-4e7f-8c98-7ea305747e12.1a82e872-eeb0-46ca-b2da-d8c6762a00e0 {{(pid=84547) execute /opt/stack/data/venv/lib/python3.12/site-packages/oslo_concurrency/processutils.py:440}}
Apr 29 17:18:11 devstack sudo[95870]: quobyte : PWD=/ ; USER=root ; COMMAND=/opt/stack/data/venv/bin/cinder-rootwrap /etc/cinder/rootwrap.conf chmod ugo+rw /opt/stack/data/cinder/mnt/9c63f729801ae21d2d0cd4a3966b3685/volume-1d4897cf-5e55-4e7f-8c98-7ea305747e12.1a82e872-eeb0-46ca-b2da-d8c6762a00e0
Apr 29 17:18:11 devstack sudo[95870]: pam_unix(sudo:session): session opened for user root(uid=0) by (uid=1000)
Apr 29 17:18:12 devstack sudo[95870]: pam_unix(sudo:session): session closed for user root
Apr 29 17:18:12 devstack cinder-volume[84547]: DEBUG oslo_concurrency.processutils [None req-ab0b3d5a-4348-43e9-a4c2-c7b37e0d3daa tempest-SnapshotsActionsTest-155426166 None] CMD "sudo cinder-rootwrap /etc/cinder/rootwrap.conf chmod ugo+rw /opt/stack/data/cinder/mnt/9c63f729801ae21d2d0cd4a3966b3685/volume-1d4897cf-5e55-4e7f-8c98-7ea305747e12.1a82e872-eeb0-46ca-b2da-d8c6762a00e0" returned: 0 in 0.633s {{(pid=84547) execute /opt/stack/data/venv/lib/python3.12/site-packages/oslo_concurrency/processutils.py:468}}
Apr 29 17:18:12 devstack cinder-volume[84547]: DEBUG oslo_concurrency.lockutils [None req-ab0b3d5a-4348-43e9-a4c2-c7b37e0d3daa tempest-SnapshotsActionsTest-155426166 None] Lock "quobyte" "released" by "cinder.volume.drivers.quobyte.QuobyteDriver.create_snapshot" :: held 3.129s {{(pid=84547) inner /opt/stack/data/venv/lib/python3.12/site-packages/oslo_concurrency/lockutils.py:538}}
Apr 29 17:18:12 devstack cinder-volume[84547]: DEBUG oslo_concurrency.lockutils [req-e0674c16-89b3-4f97-98a7-b10e55d2da9f req-0fdfc758-305c-4bfe-833e-287d9302569b tempest-ServerStableDeviceRescueTest-508512582 None] Lock "quobyte" acquired by "cinder.volume.drivers.quobyte.QuobyteDriver.initialize_connection" :: waited 1.525s {{(pid=84547) inner /opt/stack/data/venv/lib/python3.12/site-packages/oslo_concurrency/lockutils.py:519}}
Apr 29 17:18:12 devstack cinder-volume[84547]: DEBUG oslo.privsep.daemon [-] privsep: reply[a6fe8c46-04a0-46a4-8207-d6fd571e10a9]: (4, 'qcow2') {{(pid=85470) _call_back /opt/stack/data/venv/lib/python3.12/site-packages/oslo_privsep/daemon.py:573}}
Apr 29 17:18:12 devstack cinder-volume[84547]: DEBUG oslo_concurrency.processutils [req-e0674c16-89b3-4f97-98a7-b10e55d2da9f req-0fdfc758-305c-4bfe-833e-287d9302569b tempest-ServerStableDeviceRescueTest-508512582 None] Running cmd (subprocess): /opt/stack/data/venv/bin/python3.12 -m oslo_concurrency.prlimit --as=1073741824 --cpu=60 -- sudo cinder-rootwrap /etc/cinder/rootwrap.conf env LC_ALL=C qemu-img info -f qcow2 --output=json --force-share /opt/stack/data/cinder/mnt/9c63f729801ae21d2d0cd4a3966b3685/volume-68f40b90-f156-4d4b-97c1-3c62ecc4146c {{(pid=84547) execute /opt/stack/data/venv/lib/python3.12/site-packages/oslo_concurrency/processutils.py:440}}
Apr 29 17:18:12 devstack cinder-volume[84547]: INFO cinder.volume.manager [None req-ab0b3d5a-4348-43e9-a4c2-c7b37e0d3daa tempest-SnapshotsActionsTest-155426166 None] Create snapshot completed successfully
Apr 29 17:18:12 devstack sudo[95873]: quobyte : PWD=/ ; USER=root ; COMMAND=/opt/stack/data/venv/bin/cinder-rootwrap /etc/cinder/rootwrap.conf env LC_ALL=C qemu-img info -f qcow2 --output=json --force-share /opt/stack/data/cinder/mnt/9c63f729801ae21d2d0cd4a3966b3685/volume-68f40b90-f156-4d4b-97c1-3c62ecc4146c
Apr 29 17:18:12 devstack sudo[95873]: pam_unix(sudo:session): session opened for user root(uid=0) by (uid=1000)
Apr 29 17:18:13 devstack sudo[95873]: pam_unix(sudo:session): session closed for user root
Apr 29 17:18:13 devstack cinder-volume[84547]: DEBUG oslo_concurrency.processutils [req-e0674c16-89b3-4f97-98a7-b10e55d2da9f req-0fdfc758-305c-4bfe-833e-287d9302569b tempest-ServerStableDeviceRescueTest-508512582 None] CMD "/opt/stack/data/venv/bin/python3.12 -m oslo_concurrency.prlimit --as=1073741824 --cpu=60 -- sudo cinder-rootwrap /etc/cinder/rootwrap.conf env LC_ALL=C qemu-img info -f qcow2 --output=json --force-share /opt/stack/data/cinder/mnt/9c63f729801ae21d2d0cd4a3966b3685/volume-68f40b90-f156-4d4b-97c1-3c62ecc4146c" returned: 0 in 0.718s {{(pid=84547) execute /opt/stack/data/venv/lib/python3.12/site-packages/oslo_concurrency/processutils.py:468}}
Apr 29 17:18:13 devstack cinder-volume[84547]: DEBUG oslo_concurrency.lockutils [req-e0674c16-89b3-4f97-98a7-b10e55d2da9f req-0fdfc758-305c-4bfe-833e-287d9302569b tempest-ServerStableDeviceRescueTest-508512582 None] Lock "quobyte" "released" by "cinder.volume.drivers.quobyte.QuobyteDriver.initialize_connection" :: held 0.738s {{(pid=84547) inner /opt/stack/data/venv/lib/python3.12/site-packages/oslo_concurrency/lockutils.py:538}}
Apr 29 17:18:13 devstack cinder-volume[84547]: DEBUG cinder.volume.manager [req-e0674c16-89b3-4f97-98a7-b10e55d2da9f req-0fdfc758-305c-4bfe-833e-287d9302569b tempest-ServerStableDeviceRescueTest-508512582 None] Connection info returned from driver {'export': 'osci02.corp.quobyte.com/cinder-vol-c1218849-f455-4b33-80fb-6d753db01de6', 'name': 'volume-68f40b90-f156-4d4b-97c1-3c62ecc4146c', 'options': None, 'format': 'qcow2', 'qos_specs': None, 'access_mode': 'rw', 'encrypted': False, 'cacheable': False, 'driver_volume_type': 'quobyte', 'mount_point_base': '/opt/stack/data/cinder/mnt', 'attachment_id': '6a855059-467d-4f9a-bdc1-878d82a1cf0d', 'enforce_multipath': True} {{(pid=84547) _connection_create /opt/stack/cinder/cinder/volume/manager.py:4924}}
Apr 29 17:18:13 devstack cinder-volume[84547]: INFO cinder.volume.manager [req-e0674c16-89b3-4f97-98a7-b10e55d2da9f req-0fdfc758-305c-4bfe-833e-287d9302569b tempest-ServerStableDeviceRescueTest-508512582 None] attachment_update completed successfully.
Apr 29 17:18:13 devstack cinder-volume[84547]: DEBUG cinder.coordination [None req-e52f8629-c0d7-45b8-8d45-71fa4fb4229a tempest-SnapshotsActionsTest-859911226 None] Acquiring lock "cinder-1a82e872-eeb0-46ca-b2da-d8c6762a00e0-delete_snapshot" by "delete_snapshot" {{(pid=84547) __acquire /opt/stack/cinder/cinder/coordination.py:138}}
Apr 29 17:18:13 devstack cinder-volume[84547]: DEBUG cinder.coordination [None req-e52f8629-c0d7-45b8-8d45-71fa4fb4229a tempest-SnapshotsActionsTest-859911226 None] Lock "cinder-1a82e872-eeb0-46ca-b2da-d8c6762a00e0-delete_snapshot" acquired by "delete_snapshot" :: waited 0.022s {{(pid=84547) __acquire /opt/stack/cinder/cinder/coordination.py:141}}
Apr 29 17:18:13 devstack cinder-volume[84547]: DEBUG cinder.coordination [None req-e52f8629-c0d7-45b8-8d45-71fa4fb4229a tempest-SnapshotsActionsTest-859911226 None] Acquiring lock "cinder-quobyte-1d4897cf-5e55-4e7f-8c98-7ea305747e12" by "delete_snapshot" {{(pid=84547) __acquire /opt/stack/cinder/cinder/coordination.py:138}}
Apr 29 17:18:13 devstack cinder-volume[84547]: DEBUG cinder.coordination [None req-e52f8629-c0d7-45b8-8d45-71fa4fb4229a tempest-SnapshotsActionsTest-859911226 None] Lock "cinder-quobyte-1d4897cf-5e55-4e7f-8c98-7ea305747e12" acquired by "delete_snapshot" :: waited 0.024s {{(pid=84547) __acquire /opt/stack/cinder/cinder/coordination.py:141}}
Apr 29 17:18:13 devstack cinder-volume[84547]: DEBUG cinder.coordination [None req-e52f8629-c0d7-45b8-8d45-71fa4fb4229a tempest-SnapshotsActionsTest-859911226 None] Acquiring lock "cinder-quobyte-1a82e872-eeb0-46ca-b2da-d8c6762a00e0" by "_delete_snapshot" {{(pid=84547) __acquire /opt/stack/cinder/cinder/coordination.py:138}}
Apr 29 17:18:13 devstack cinder-volume[84547]: DEBUG cinder.coordination [None req-e52f8629-c0d7-45b8-8d45-71fa4fb4229a tempest-SnapshotsActionsTest-859911226 None] Lock "cinder-quobyte-1a82e872-eeb0-46ca-b2da-d8c6762a00e0" acquired by "_delete_snapshot" :: waited 0.020s {{(pid=84547) __acquire /opt/stack/cinder/cinder/coordination.py:141}}
Apr 29 17:18:13 devstack cinder-volume[84547]: DEBUG cinder.volume.drivers.remotefs [None req-e52f8629-c0d7-45b8-8d45-71fa4fb4229a tempest-SnapshotsActionsTest-859911226 None] Deleting offline snapshot 1a82e872-eeb0-46ca-b2da-d8c6762a00e0 of volume 1d4897cf-5e55-4e7f-8c98-7ea305747e12 {{(pid=84547) _delete_snapshot /opt/stack/cinder/cinder/volume/drivers/remotefs.py:1288}}
Apr 29 17:18:13 devstack cinder-volume[84547]: DEBUG cinder.volume.drivers.remotefs [None req-e52f8629-c0d7-45b8-8d45-71fa4fb4229a tempest-SnapshotsActionsTest-859911226 None] snapshot_file for this snap is: volume-1d4897cf-5e55-4e7f-8c98-7ea305747e12.1a82e872-eeb0-46ca-b2da-d8c6762a00e0 {{(pid=84547) _delete_snapshot /opt/stack/cinder/cinder/volume/drivers/remotefs.py:1317}}
Apr 29 17:18:13 devstack cinder-volume[84547]: DEBUG oslo.privsep.daemon [-] privsep: reply[a2ba6ac5-2aa0-41b9-9ac4-191c716d13c2]: (4, 'qcow2') {{(pid=85470) _call_back /opt/stack/data/venv/lib/python3.12/site-packages/oslo_privsep/daemon.py:573}}
Apr 29 17:18:13 devstack cinder-volume[84547]: DEBUG oslo_concurrency.processutils [None req-e52f8629-c0d7-45b8-8d45-71fa4fb4229a tempest-SnapshotsActionsTest-859911226 None] Running cmd (subprocess): /opt/stack/data/venv/bin/python3.12 -m oslo_concurrency.prlimit --as=1073741824 --cpu=60 -- sudo cinder-rootwrap /etc/cinder/rootwrap.conf env LC_ALL=C qemu-img info -f qcow2 --output=json --force-share /opt/stack/data/cinder/mnt/9c63f729801ae21d2d0cd4a3966b3685/volume-1d4897cf-5e55-4e7f-8c98-7ea305747e12.1a82e872-eeb0-46ca-b2da-d8c6762a00e0 {{(pid=84547) execute /opt/stack/data/venv/lib/python3.12/site-packages/oslo_concurrency/processutils.py:440}}
Apr 29 17:18:13 devstack sudo[95945]: quobyte : PWD=/ ; USER=root ; COMMAND=/opt/stack/data/venv/bin/cinder-rootwrap /etc/cinder/rootwrap.conf env LC_ALL=C qemu-img info -f qcow2 --output=json --force-share /opt/stack/data/cinder/mnt/9c63f729801ae21d2d0cd4a3966b3685/volume-1d4897cf-5e55-4e7f-8c98-7ea305747e12.1a82e872-eeb0-46ca-b2da-d8c6762a00e0
Apr 29 17:18:13 devstack sudo[95945]: pam_unix(sudo:session): session opened for user root(uid=0) by (uid=1000)
Apr 29 17:18:14 devstack sudo[95945]: pam_unix(sudo:session): session closed for user root
Apr 29 17:18:14 devstack cinder-volume[84547]: DEBUG oslo_concurrency.processutils [None req-e52f8629-c0d7-45b8-8d45-71fa4fb4229a tempest-SnapshotsActionsTest-859911226 None] CMD "/opt/stack/data/venv/bin/python3.12 -m oslo_concurrency.prlimit --as=1073741824 --cpu=60 -- sudo cinder-rootwrap /etc/cinder/rootwrap.conf env LC_ALL=C qemu-img info -f qcow2 --output=json --force-share /opt/stack/data/cinder/mnt/9c63f729801ae21d2d0cd4a3966b3685/volume-1d4897cf-5e55-4e7f-8c98-7ea305747e12.1a82e872-eeb0-46ca-b2da-d8c6762a00e0" returned: 0 in 0.779s {{(pid=84547) execute /opt/stack/data/venv/lib/python3.12/site-packages/oslo_concurrency/processutils.py:468}}
Apr 29 17:18:14 devstack cinder-volume[84547]: DEBUG cinder.volume.drivers.remotefs [None req-e52f8629-c0d7-45b8-8d45-71fa4fb4229a tempest-SnapshotsActionsTest-859911226 None] Fetching qemu-img info with special backing_file_template: (/opt/stack/data/cinder/mnt/[0-9a-f]+/)?(volume-1d4897cf-5e55-4e7f-8c98-7ea305747e12(.(tmp-snap-)?[0-9a-f-]+)?|volume_from_snapshot_cache/(tmp-snap-)?[0-9a-f-]+(.(child-|parent-)[0-9a-f-]+)?)$ {{(pid=84547) _qemu_img_info_base /opt/stack/cinder/cinder/volume/drivers/remotefs.py:896}}
Apr 29 17:18:14 devstack cinder-volume[84547]: DEBUG oslo.privsep.daemon [-] privsep: reply[51916b07-ebb5-4cc8-ba79-bc5f248ebb85]: (4, 'qcow2') {{(pid=85470) _call_back /opt/stack/data/venv/lib/python3.12/site-packages/oslo_privsep/daemon.py:573}}
Apr 29 17:18:14 devstack cinder-volume[84547]: DEBUG oslo_concurrency.processutils [None req-e52f8629-c0d7-45b8-8d45-71fa4fb4229a tempest-SnapshotsActionsTest-859911226 None] Running cmd (subprocess): /opt/stack/data/venv/bin/python3.12 -m oslo_concurrency.prlimit --as=1073741824 --cpu=60 -- sudo cinder-rootwrap /etc/cinder/rootwrap.conf env LC_ALL=C qemu-img info -f qcow2 --output=json --force-share /opt/stack/data/cinder/mnt/9c63f729801ae21d2d0cd4a3966b3685/volume-1d4897cf-5e55-4e7f-8c98-7ea305747e12.64f3b446-d755-4f64-b5a9-f86e054ba4c8 {{(pid=84547) execute /opt/stack/data/venv/lib/python3.12/site-packages/oslo_concurrency/processutils.py:440}}
Apr 29 17:18:14 devstack sudo[96266]: quobyte : PWD=/ ; USER=root ; COMMAND=/opt/stack/data/venv/bin/cinder-rootwrap /etc/cinder/rootwrap.conf env LC_ALL=C qemu-img info -f qcow2 --output=json --force-share /opt/stack/data/cinder/mnt/9c63f729801ae21d2d0cd4a3966b3685/volume-1d4897cf-5e55-4e7f-8c98-7ea305747e12.64f3b446-d755-4f64-b5a9-f86e054ba4c8
Apr 29 17:18:14 devstack sudo[96266]: pam_unix(sudo:session): session opened for user root(uid=0) by (uid=1000)
Apr 29 17:18:15 devstack sudo[96266]: pam_unix(sudo:session): session closed for user root
Apr 29 17:18:15 devstack cinder-volume[84547]: DEBUG oslo_concurrency.processutils [None req-e52f8629-c0d7-45b8-8d45-71fa4fb4229a tempest-SnapshotsActionsTest-859911226 None] CMD "/opt/stack/data/venv/bin/python3.12 -m oslo_concurrency.prlimit --as=1073741824 --cpu=60 -- sudo cinder-rootwrap /etc/cinder/rootwrap.conf env LC_ALL=C qemu-img info -f qcow2 --output=json --force-share /opt/stack/data/cinder/mnt/9c63f729801ae21d2d0cd4a3966b3685/volume-1d4897cf-5e55-4e7f-8c98-7ea305747e12.64f3b446-d755-4f64-b5a9-f86e054ba4c8" returned: 0 in 0.772s {{(pid=84547) execute /opt/stack/data/venv/lib/python3.12/site-packages/oslo_concurrency/processutils.py:468}}
Apr 29 17:18:15 devstack cinder-volume[84547]: DEBUG cinder.volume.drivers.remotefs [None req-e52f8629-c0d7-45b8-8d45-71fa4fb4229a tempest-SnapshotsActionsTest-859911226 None] Fetching qemu-img info with special backing_file_template: (/opt/stack/data/cinder/mnt/[0-9a-f]+/)?(volume-1d4897cf-5e55-4e7f-8c98-7ea305747e12(.(tmp-snap-)?[0-9a-f-]+)?|volume_from_snapshot_cache/(tmp-snap-)?[0-9a-f-]+(.(child-|parent-)[0-9a-f-]+)?)$ {{(pid=84547) _qemu_img_info_base /opt/stack/cinder/cinder/volume/drivers/remotefs.py:896}}
Apr 29 17:18:15 devstack cinder-volume[84547]: DEBUG oslo_concurrency.processutils [None req-e52f8629-c0d7-45b8-8d45-71fa4fb4229a tempest-SnapshotsActionsTest-859911226 None] Running cmd (subprocess): sudo cinder-rootwrap /etc/cinder/rootwrap.conf qemu-img commit -d /opt/stack/data/cinder/mnt/9c63f729801ae21d2d0cd4a3966b3685/volume-1d4897cf-5e55-4e7f-8c98-7ea305747e12.1a82e872-eeb0-46ca-b2da-d8c6762a00e0 {{(pid=84547) execute /opt/stack/data/venv/lib/python3.12/site-packages/oslo_concurrency/processutils.py:440}}
Apr 29 17:18:15 devstack sudo[96271]: quobyte : PWD=/ ; USER=root ; COMMAND=/opt/stack/data/venv/bin/cinder-rootwrap /etc/cinder/rootwrap.conf qemu-img commit -d /opt/stack/data/cinder/mnt/9c63f729801ae21d2d0cd4a3966b3685/volume-1d4897cf-5e55-4e7f-8c98-7ea305747e12.1a82e872-eeb0-46ca-b2da-d8c6762a00e0
Apr 29 17:18:15 devstack sudo[96271]: pam_unix(sudo:session): session opened for user root(uid=0) by (uid=1000)
Apr 29 17:18:15 devstack cinder-volume[84547]: DEBUG cinder.coordination [None req-f6ff39f4-93cf-4ecd-9030-ebca99470994 tempest-ServerActionsTestOtherA-1495812231 None] Acquiring lock "cinder-33042986-a510-4011-9ef9-f94277a8d9f0-delete_volume" by "delete_volume" {{(pid=84547) __acquire /opt/stack/cinder/cinder/coordination.py:138}}
Apr 29 17:18:15 devstack cinder-volume[84547]: DEBUG cinder.coordination [None req-f6ff39f4-93cf-4ecd-9030-ebca99470994 tempest-ServerActionsTestOtherA-1495812231 None] Lock "cinder-33042986-a510-4011-9ef9-f94277a8d9f0-delete_volume" acquired by "delete_volume" :: waited 0.028s {{(pid=84547) __acquire /opt/stack/cinder/cinder/coordination.py:141}}
Apr 29 17:18:15 devstack cinder-volume[84547]: DEBUG cinder.coordination [None req-f6ff39f4-93cf-4ecd-9030-ebca99470994 tempest-ServerActionsTestOtherA-1495812231 None] Acquiring lock "cinder-quobyte-33042986-a510-4011-9ef9-f94277a8d9f0" by "delete_volume" {{(pid=84547) __acquire /opt/stack/cinder/cinder/coordination.py:138}}
Apr 29 17:18:15 devstack cinder-volume[84547]: DEBUG cinder.coordination [None req-f6ff39f4-93cf-4ecd-9030-ebca99470994 tempest-ServerActionsTestOtherA-1495812231 None] Lock "cinder-quobyte-33042986-a510-4011-9ef9-f94277a8d9f0" acquired by "delete_volume" :: waited 0.014s {{(pid=84547) __acquire /opt/stack/cinder/cinder/coordination.py:141}}
Apr 29 17:18:15 devstack cinder-volume[84547]: DEBUG oslo.privsep.daemon [-] privsep: reply[56349b0d-1eae-4f55-858a-e28094967d3f]: (4, 'qcow2') {{(pid=85470) _call_back /opt/stack/data/venv/lib/python3.12/site-packages/oslo_privsep/daemon.py:573}}
Apr 29 17:18:15 devstack cinder-volume[84547]: DEBUG oslo_concurrency.processutils [None req-f6ff39f4-93cf-4ecd-9030-ebca99470994 tempest-ServerActionsTestOtherA-1495812231 None] Running cmd (subprocess): /opt/stack/data/venv/bin/python3.12 -m oslo_concurrency.prlimit --as=1073741824 --cpu=60 -- sudo cinder-rootwrap /etc/cinder/rootwrap.conf env LC_ALL=C qemu-img info -f qcow2 --output=json --force-share /opt/stack/data/cinder/mnt/9c63f729801ae21d2d0cd4a3966b3685/volume-33042986-a510-4011-9ef9-f94277a8d9f0 {{(pid=84547) execute /opt/stack/data/venv/lib/python3.12/site-packages/oslo_concurrency/processutils.py:440}}
Apr 29 17:18:15 devstack sudo[96273]: quobyte : PWD=/ ; USER=root ; COMMAND=/opt/stack/data/venv/bin/cinder-rootwrap /etc/cinder/rootwrap.conf env LC_ALL=C qemu-img info -f qcow2 --output=json --force-share /opt/stack/data/cinder/mnt/9c63f729801ae21d2d0cd4a3966b3685/volume-33042986-a510-4011-9ef9-f94277a8d9f0
Apr 29 17:18:15 devstack sudo[96273]: pam_unix(sudo:session): session opened for user root(uid=0) by (uid=1000)
Apr 29 17:18:16 devstack sudo[96271]: pam_unix(sudo:session): session closed for user root
Apr 29 17:18:16 devstack cinder-volume[84547]: DEBUG oslo_concurrency.processutils [None req-e52f8629-c0d7-45b8-8d45-71fa4fb4229a tempest-SnapshotsActionsTest-859911226 None] CMD "sudo cinder-rootwrap /etc/cinder/rootwrap.conf qemu-img commit -d /opt/stack/data/cinder/mnt/9c63f729801ae21d2d0cd4a3966b3685/volume-1d4897cf-5e55-4e7f-8c98-7ea305747e12.1a82e872-eeb0-46ca-b2da-d8c6762a00e0" returned: 0 in 0.818s {{(pid=84547) execute /opt/stack/data/venv/lib/python3.12/site-packages/oslo_concurrency/processutils.py:468}}
Apr 29 17:18:16 devstack cinder-volume[84547]: DEBUG oslo_concurrency.processutils [None req-e52f8629-c0d7-45b8-8d45-71fa4fb4229a tempest-SnapshotsActionsTest-859911226 None] Running cmd (subprocess): sudo cinder-rootwrap /etc/cinder/rootwrap.conf rm -f /opt/stack/data/cinder/mnt/9c63f729801ae21d2d0cd4a3966b3685/volume-1d4897cf-5e55-4e7f-8c98-7ea305747e12.1a82e872-eeb0-46ca-b2da-d8c6762a00e0 {{(pid=84547) execute /opt/stack/data/venv/lib/python3.12/site-packages/oslo_concurrency/processutils.py:440}}
Apr 29 17:18:16 devstack sudo[96282]: quobyte : PWD=/ ; USER=root ; COMMAND=/opt/stack/data/venv/bin/cinder-rootwrap /etc/cinder/rootwrap.conf rm -f /opt/stack/data/cinder/mnt/9c63f729801ae21d2d0cd4a3966b3685/volume-1d4897cf-5e55-4e7f-8c98-7ea305747e12.1a82e872-eeb0-46ca-b2da-d8c6762a00e0
Apr 29 17:18:16 devstack sudo[96282]: pam_unix(sudo:session): session opened for user root(uid=0) by (uid=1000)
Apr 29 17:18:16 devstack sudo[96273]: pam_unix(sudo:session): session closed for user root
Apr 29 17:18:16 devstack cinder-volume[84547]: DEBUG oslo_concurrency.processutils [None req-f6ff39f4-93cf-4ecd-9030-ebca99470994 tempest-ServerActionsTestOtherA-1495812231 None] CMD "/opt/stack/data/venv/bin/python3.12 -m oslo_concurrency.prlimit --as=1073741824 --cpu=60 -- sudo cinder-rootwrap /etc/cinder/rootwrap.conf env LC_ALL=C qemu-img info -f qcow2 --output=json --force-share /opt/stack/data/cinder/mnt/9c63f729801ae21d2d0cd4a3966b3685/volume-33042986-a510-4011-9ef9-f94277a8d9f0" returned: 0 in 0.735s {{(pid=84547) execute /opt/stack/data/venv/lib/python3.12/site-packages/oslo_concurrency/processutils.py:468}}
Apr 29 17:18:16 devstack cinder-volume[84547]: DEBUG oslo_concurrency.processutils [None req-f6ff39f4-93cf-4ecd-9030-ebca99470994 tempest-ServerActionsTestOtherA-1495812231 None] Running cmd (subprocess): sudo cinder-rootwrap /etc/cinder/rootwrap.conf rm -f /opt/stack/data/cinder/mnt/9c63f729801ae21d2d0cd4a3966b3685/volume-33042986-a510-4011-9ef9-f94277a8d9f0 {{(pid=84547) execute /opt/stack/data/venv/lib/python3.12/site-packages/oslo_concurrency/processutils.py:440}}
Apr 29 17:18:16 devstack sudo[96284]: quobyte : PWD=/ ; USER=root ; COMMAND=/opt/stack/data/venv/bin/cinder-rootwrap /etc/cinder/rootwrap.conf rm -f /opt/stack/data/cinder/mnt/9c63f729801ae21d2d0cd4a3966b3685/volume-33042986-a510-4011-9ef9-f94277a8d9f0
Apr 29 17:18:16 devstack sudo[96284]: pam_unix(sudo:session): session opened for user root(uid=0) by (uid=1000)
Apr 29 17:18:16 devstack sudo[96282]: pam_unix(sudo:session): session closed for user root
Apr 29 17:18:16 devstack cinder-volume[84547]: DEBUG oslo_concurrency.processutils [None req-e52f8629-c0d7-45b8-8d45-71fa4fb4229a tempest-SnapshotsActionsTest-859911226 None] CMD "sudo cinder-rootwrap /etc/cinder/rootwrap.conf rm -f /opt/stack/data/cinder/mnt/9c63f729801ae21d2d0cd4a3966b3685/volume-1d4897cf-5e55-4e7f-8c98-7ea305747e12.1a82e872-eeb0-46ca-b2da-d8c6762a00e0" returned: 0 in 0.610s {{(pid=84547) execute /opt/stack/data/venv/lib/python3.12/site-packages/oslo_concurrency/processutils.py:468}}
Apr 29 17:18:16 devstack cinder-volume[84547]: DEBUG cinder.coordination [None req-e52f8629-c0d7-45b8-8d45-71fa4fb4229a tempest-SnapshotsActionsTest-859911226 None] Lock "cinder-quobyte-1a82e872-eeb0-46ca-b2da-d8c6762a00e0" released by "_delete_snapshot" :: held 3.118s {{(pid=84547) __release /opt/stack/cinder/cinder/coordination.py:152}}
Apr 29 17:18:16 devstack cinder-volume[84547]: DEBUG cinder.coordination [None req-e52f8629-c0d7-45b8-8d45-71fa4fb4229a tempest-SnapshotsActionsTest-859911226 None] Lock "cinder-quobyte-1d4897cf-5e55-4e7f-8c98-7ea305747e12" released by "delete_snapshot" :: held 3.149s {{(pid=84547) __release /opt/stack/cinder/cinder/coordination.py:152}}
Apr 29 17:18:16 devstack sudo[96284]: pam_unix(sudo:session): session closed for user root
Apr 29 17:18:16 devstack cinder-volume[84547]: DEBUG oslo_concurrency.processutils [None req-f6ff39f4-93cf-4ecd-9030-ebca99470994 tempest-ServerActionsTestOtherA-1495812231 None] CMD "sudo cinder-rootwrap /etc/cinder/rootwrap.conf rm -f /opt/stack/data/cinder/mnt/9c63f729801ae21d2d0cd4a3966b3685/volume-33042986-a510-4011-9ef9-f94277a8d9f0" returned: 0 in 0.644s {{(pid=84547) execute /opt/stack/data/venv/lib/python3.12/site-packages/oslo_concurrency/processutils.py:468}}
Apr 29 17:18:16 devstack cinder-volume[84547]: DEBUG cinder.quota [None req-e52f8629-c0d7-45b8-8d45-71fa4fb4229a tempest-SnapshotsActionsTest-859911226 None] Created reservations ['afdd3dea-5045-4bd9-b67d-0fae0d5c6494', 'ec01333a-bf16-4ae9-a901-6aa8fb43983b', 'c9c20440-8913-429c-874b-d1e14d7afb40', 'cb31480e-a078-4880-a772-749e4e2693c2'] {{(pid=84547) reserve /opt/stack/cinder/cinder/quota.py:752}}
Apr 29 17:18:16 devstack cinder-volume[84547]: DEBUG cinder.coordination [None req-f6ff39f4-93cf-4ecd-9030-ebca99470994 tempest-ServerActionsTestOtherA-1495812231 None] Lock "cinder-quobyte-33042986-a510-4011-9ef9-f94277a8d9f0" released by "delete_volume" :: held 1.432s {{(pid=84547) __release /opt/stack/cinder/cinder/coordination.py:152}}
Apr 29 17:18:17 devstack cinder-volume[84547]: INFO cinder.volume.manager [None req-e52f8629-c0d7-45b8-8d45-71fa4fb4229a tempest-SnapshotsActionsTest-859911226 None] Delete snapshot completed successfully.
Apr 29 17:18:17 devstack cinder-volume[84547]: DEBUG cinder.coordination [None req-e52f8629-c0d7-45b8-8d45-71fa4fb4229a tempest-SnapshotsActionsTest-859911226 None] Lock "cinder-1a82e872-eeb0-46ca-b2da-d8c6762a00e0-delete_snapshot" released by "delete_snapshot" :: held 3.345s {{(pid=84547) __release /opt/stack/cinder/cinder/coordination.py:152}}
Apr 29 17:18:17 devstack cinder-volume[84547]: DEBUG cinder.quota [None req-f6ff39f4-93cf-4ecd-9030-ebca99470994 tempest-ServerActionsTestOtherA-1495812231 None] Created reservations ['5c3f4456-ad55-4628-8f1e-b6d96d398988', '3a766da6-8c30-411c-8e70-0425c91d3d8e', 'fc979a08-1780-4ee9-a5cf-886dfed1e500', 'f7fd79d1-eb51-4362-ad57-7fb2bdf7b867'] {{(pid=84547) reserve /opt/stack/cinder/cinder/quota.py:752}}
Apr 29 17:18:17 devstack cinder-volume[84547]: DEBUG oslo_concurrency.lockutils [None req-f6ff39f4-93cf-4ecd-9030-ebca99470994 tempest-ServerActionsTestOtherA-1495812231 None] Acquiring lock "quobyte_ensure" by "cinder.volume.drivers.quobyte.QuobyteDriver._ensure_shares_mounted" {{(pid=84547) inner /opt/stack/data/venv/lib/python3.12/site-packages/oslo_concurrency/lockutils.py:506}}
Apr 29 17:18:17 devstack cinder-volume[84547]: DEBUG oslo_concurrency.lockutils [None req-f6ff39f4-93cf-4ecd-9030-ebca99470994 tempest-ServerActionsTestOtherA-1495812231 None] Lock "quobyte_ensure" acquired by "cinder.volume.drivers.quobyte.QuobyteDriver._ensure_shares_mounted" :: waited 0.001s {{(pid=84547) inner /opt/stack/data/venv/lib/python3.12/site-packages/oslo_concurrency/lockutils.py:519}}
Apr 29 17:18:17 devstack cinder-volume[84547]: DEBUG cinder.volume.drivers.quobyte [None req-f6ff39f4-93cf-4ecd-9030-ebca99470994 tempest-ServerActionsTestOtherA-1495812231 None] Quobyte Volume URL set to: {'osci02.corp.quobyte.com/cinder-vol-c1218849-f455-4b33-80fb-6d753db01de6': None} {{(pid=84547) _load_shares_config /opt/stack/cinder/cinder/volume/drivers/quobyte.py:617}}
Apr 29 17:18:17 devstack cinder-volume[84547]: DEBUG cinder.volume.drivers.quobyte [None req-f6ff39f4-93cf-4ecd-9030-ebca99470994 tempest-ServerActionsTestOtherA-1495812231 None] Available shares ['osci02.corp.quobyte.com/cinder-vol-c1218849-f455-4b33-80fb-6d753db01de6'] {{(pid=84547) _ensure_shares_mounted /opt/stack/cinder/cinder/volume/drivers/quobyte.py:647}}
Apr 29 17:18:17 devstack cinder-volume[84547]: DEBUG oslo_concurrency.lockutils [None req-f6ff39f4-93cf-4ecd-9030-ebca99470994 tempest-ServerActionsTestOtherA-1495812231 None] Lock "quobyte_ensure" "released" by "cinder.volume.drivers.quobyte.QuobyteDriver._ensure_shares_mounted" :: held 0.008s {{(pid=84547) inner /opt/stack/data/venv/lib/python3.12/site-packages/oslo_concurrency/lockutils.py:538}}
Apr 29 17:18:17 devstack cinder-volume[84547]: DEBUG oslo_concurrency.processutils [None req-f6ff39f4-93cf-4ecd-9030-ebca99470994 tempest-ServerActionsTestOtherA-1495812231 None] Running cmd (subprocess): sudo cinder-rootwrap /etc/cinder/rootwrap.conf df --portability --block-size 1 /opt/stack/data/cinder/mnt/9c63f729801ae21d2d0cd4a3966b3685 {{(pid=84547) execute /opt/stack/data/venv/lib/python3.12/site-packages/oslo_concurrency/processutils.py:440}}
Apr 29 17:18:17 devstack sudo[96288]: quobyte : PWD=/ ; USER=root ; COMMAND=/opt/stack/data/venv/bin/cinder-rootwrap /etc/cinder/rootwrap.conf df --portability --block-size 1 /opt/stack/data/cinder/mnt/9c63f729801ae21d2d0cd4a3966b3685
Apr 29 17:18:17 devstack sudo[96288]: pam_unix(sudo:session): session opened for user root(uid=0) by (uid=1000)
Apr 29 17:18:17 devstack sudo[96288]: pam_unix(sudo:session): session closed for user root
Apr 29 17:18:17 devstack cinder-volume[84547]: DEBUG oslo_concurrency.processutils [None req-f6ff39f4-93cf-4ecd-9030-ebca99470994 tempest-ServerActionsTestOtherA-1495812231 None] CMD "sudo cinder-rootwrap /etc/cinder/rootwrap.conf df --portability --block-size 1 /opt/stack/data/cinder/mnt/9c63f729801ae21d2d0cd4a3966b3685" returned: 0 in 0.592s {{(pid=84547) execute /opt/stack/data/venv/lib/python3.12/site-packages/oslo_concurrency/processutils.py:468}}
Apr 29 17:18:17 devstack cinder-volume[84547]: DEBUG cinder.manager [None req-f6ff39f4-93cf-4ecd-9030-ebca99470994 tempest-ServerActionsTestOtherA-1495812231 None] Notifying Schedulers of capabilities ... {{(pid=84547) _publish_service_capabilities /opt/stack/cinder/cinder/manager.py:202}}
Apr 29 17:18:17 devstack cinder-volume[84547]: INFO cinder.volume.manager [None req-f6ff39f4-93cf-4ecd-9030-ebca99470994 tempest-ServerActionsTestOtherA-1495812231 None] Deleted volume successfully.
Apr 29 17:18:17 devstack cinder-volume[84547]: DEBUG cinder.coordination [None req-f6ff39f4-93cf-4ecd-9030-ebca99470994 tempest-ServerActionsTestOtherA-1495812231 None] Lock "cinder-33042986-a510-4011-9ef9-f94277a8d9f0-delete_volume" released by "delete_volume" :: held 2.313s {{(pid=84547) __release /opt/stack/cinder/cinder/coordination.py:152}}
Apr 29 17:18:18 devstack cinder-volume[84547]: DEBUG oslo_concurrency.lockutils [None req-a3c1aca0-1b98-4f6b-aa4d-27160872d1b2 tempest-SnapshotsActionsTest-155426166 None] Acquiring lock "quobyte" by "cinder.volume.drivers.quobyte.QuobyteDriver.create_snapshot" {{(pid=84547) inner /opt/stack/data/venv/lib/python3.12/site-packages/oslo_concurrency/lockutils.py:506}}
Apr 29 17:18:18 devstack cinder-volume[84547]: DEBUG oslo_concurrency.lockutils [None req-a3c1aca0-1b98-4f6b-aa4d-27160872d1b2 tempest-SnapshotsActionsTest-155426166 None] Lock "quobyte" acquired by "cinder.volume.drivers.quobyte.QuobyteDriver.create_snapshot" :: waited 0.001s {{(pid=84547) inner /opt/stack/data/venv/lib/python3.12/site-packages/oslo_concurrency/lockutils.py:519}}
Apr 29 17:18:18 devstack cinder-volume[84547]: DEBUG cinder.volume.drivers.remotefs [None req-a3c1aca0-1b98-4f6b-aa4d-27160872d1b2 tempest-SnapshotsActionsTest-155426166 None] Creating offline snapshot b739e35d-82ae-46e8-a142-60ce0f0daff9 of volume 1d4897cf-5e55-4e7f-8c98-7ea305747e12 {{(pid=84547) _create_snapshot /opt/stack/cinder/cinder/volume/drivers/remotefs.py:1816}}
Apr 29 17:18:18 devstack cinder-volume[84547]: DEBUG oslo.privsep.daemon [-] privsep: reply[04c2d946-5a36-43c1-9abb-15a5f6dda792]: (4, 'qcow2') {{(pid=85470) _call_back /opt/stack/data/venv/lib/python3.12/site-packages/oslo_privsep/daemon.py:573}}
Apr 29 17:18:18 devstack cinder-volume[84547]: DEBUG oslo_concurrency.processutils [None req-a3c1aca0-1b98-4f6b-aa4d-27160872d1b2 tempest-SnapshotsActionsTest-155426166 None] Running cmd (subprocess): /opt/stack/data/venv/bin/python3.12 -m oslo_concurrency.prlimit --as=1073741824 --cpu=60 -- sudo cinder-rootwrap /etc/cinder/rootwrap.conf env LC_ALL=C qemu-img info -f qcow2 --output=json --force-share /opt/stack/data/cinder/mnt/9c63f729801ae21d2d0cd4a3966b3685/volume-1d4897cf-5e55-4e7f-8c98-7ea305747e12.64f3b446-d755-4f64-b5a9-f86e054ba4c8 {{(pid=84547) execute /opt/stack/data/venv/lib/python3.12/site-packages/oslo_concurrency/processutils.py:440}}
Apr 29 17:18:18 devstack sudo[96291]: quobyte : PWD=/ ; USER=root ; COMMAND=/opt/stack/data/venv/bin/cinder-rootwrap /etc/cinder/rootwrap.conf env LC_ALL=C qemu-img info -f qcow2 --output=json --force-share /opt/stack/data/cinder/mnt/9c63f729801ae21d2d0cd4a3966b3685/volume-1d4897cf-5e55-4e7f-8c98-7ea305747e12.64f3b446-d755-4f64-b5a9-f86e054ba4c8
Apr 29 17:18:18 devstack sudo[96291]: pam_unix(sudo:session): session opened for user root(uid=0) by (uid=1000)
Apr 29 17:18:19 devstack sudo[96291]: pam_unix(sudo:session): session closed for user root
Apr 29 17:18:19 devstack cinder-volume[84547]: DEBUG oslo_concurrency.processutils [None req-a3c1aca0-1b98-4f6b-aa4d-27160872d1b2 tempest-SnapshotsActionsTest-155426166 None] CMD "/opt/stack/data/venv/bin/python3.12 -m oslo_concurrency.prlimit --as=1073741824 --cpu=60 -- sudo cinder-rootwrap /etc/cinder/rootwrap.conf env LC_ALL=C qemu-img info -f qcow2 --output=json --force-share /opt/stack/data/cinder/mnt/9c63f729801ae21d2d0cd4a3966b3685/volume-1d4897cf-5e55-4e7f-8c98-7ea305747e12.64f3b446-d755-4f64-b5a9-f86e054ba4c8" returned: 0 in 0.832s {{(pid=84547) execute /opt/stack/data/venv/lib/python3.12/site-packages/oslo_concurrency/processutils.py:468}}
Apr 29 17:18:19 devstack cinder-volume[84547]: DEBUG cinder.volume.drivers.remotefs [None req-a3c1aca0-1b98-4f6b-aa4d-27160872d1b2 tempest-SnapshotsActionsTest-155426166 None] Fetching qemu-img info with special backing_file_template: (/opt/stack/data/cinder/mnt/[0-9a-f]+/)?(volume-1d4897cf-5e55-4e7f-8c98-7ea305747e12(.(tmp-snap-)?[0-9a-f-]+)?|volume_from_snapshot_cache/(tmp-snap-)?[0-9a-f-]+(.(child-|parent-)[0-9a-f-]+)?)$ {{(pid=84547) _qemu_img_info_base /opt/stack/cinder/cinder/volume/drivers/remotefs.py:896}}
Apr 29 17:18:19 devstack cinder-volume[84547]: DEBUG oslo_concurrency.processutils [None req-a3c1aca0-1b98-4f6b-aa4d-27160872d1b2 tempest-SnapshotsActionsTest-155426166 None] Running cmd (subprocess): sudo cinder-rootwrap /etc/cinder/rootwrap.conf qemu-img create -f qcow2 -o backing_file=/opt/stack/data/cinder/mnt/9c63f729801ae21d2d0cd4a3966b3685/volume-1d4897cf-5e55-4e7f-8c98-7ea305747e12.64f3b446-d755-4f64-b5a9-f86e054ba4c8,backing_fmt=qcow2 /opt/stack/data/cinder/mnt/9c63f729801ae21d2d0cd4a3966b3685/volume-1d4897cf-5e55-4e7f-8c98-7ea305747e12.b739e35d-82ae-46e8-a142-60ce0f0daff9 1G {{(pid=84547) execute /opt/stack/data/venv/lib/python3.12/site-packages/oslo_concurrency/processutils.py:440}}
Apr 29 17:18:19 devstack sudo[96337]: quobyte : PWD=/ ; USER=root ; COMMAND=/opt/stack/data/venv/bin/cinder-rootwrap /etc/cinder/rootwrap.conf qemu-img create -f qcow2 -o backing_file=/opt/stack/data/cinder/mnt/9c63f729801ae21d2d0cd4a3966b3685/volume-1d4897cf-5e55-4e7f-8c98-7ea305747e12.64f3b446-d755-4f64-b5a9-f86e054ba4c8,backing_fmt=qcow2 /opt/stack/data/cinder/mnt/9c63f729801ae21d2d0cd4a3966b3685/volume-1d4897cf-5e55-4e7f-8c98-7ea305747e12.b739e35d-82ae-46e8-a142-60ce0f0daff9 1G
Apr 29 17:18:19 devstack sudo[96337]: pam_unix(sudo:session): session opened for user root(uid=0) by (uid=1000)
Apr 29 17:18:20 devstack sudo[96337]: pam_unix(sudo:session): session closed for user root
Apr 29 17:18:20 devstack cinder-volume[84547]: DEBUG oslo_concurrency.processutils [None req-a3c1aca0-1b98-4f6b-aa4d-27160872d1b2 tempest-SnapshotsActionsTest-155426166 None] CMD "sudo cinder-rootwrap /etc/cinder/rootwrap.conf qemu-img create -f qcow2 -o backing_file=/opt/stack/data/cinder/mnt/9c63f729801ae21d2d0cd4a3966b3685/volume-1d4897cf-5e55-4e7f-8c98-7ea305747e12.64f3b446-d755-4f64-b5a9-f86e054ba4c8,backing_fmt=qcow2 /opt/stack/data/cinder/mnt/9c63f729801ae21d2d0cd4a3966b3685/volume-1d4897cf-5e55-4e7f-8c98-7ea305747e12.b739e35d-82ae-46e8-a142-60ce0f0daff9 1G" returned: 0 in 1.229s {{(pid=84547) execute /opt/stack/data/venv/lib/python3.12/site-packages/oslo_concurrency/processutils.py:468}}
Apr 29 17:18:20 devstack cinder-volume[84547]: DEBUG oslo_concurrency.processutils [None req-a3c1aca0-1b98-4f6b-aa4d-27160872d1b2 tempest-SnapshotsActionsTest-155426166 None] Running cmd (subprocess): sudo cinder-rootwrap /etc/cinder/rootwrap.conf qemu-img rebase -u -b volume-1d4897cf-5e55-4e7f-8c98-7ea305747e12.64f3b446-d755-4f64-b5a9-f86e054ba4c8 -F qcow2 /opt/stack/data/cinder/mnt/9c63f729801ae21d2d0cd4a3966b3685/volume-1d4897cf-5e55-4e7f-8c98-7ea305747e12.b739e35d-82ae-46e8-a142-60ce0f0daff9 {{(pid=84547) execute /opt/stack/data/venv/lib/python3.12/site-packages/oslo_concurrency/processutils.py:440}}
Apr 29 17:18:20 devstack sudo[96387]: quobyte : PWD=/ ; USER=root ; COMMAND=/opt/stack/data/venv/bin/cinder-rootwrap /etc/cinder/rootwrap.conf qemu-img rebase -u -b volume-1d4897cf-5e55-4e7f-8c98-7ea305747e12.64f3b446-d755-4f64-b5a9-f86e054ba4c8 -F qcow2 /opt/stack/data/cinder/mnt/9c63f729801ae21d2d0cd4a3966b3685/volume-1d4897cf-5e55-4e7f-8c98-7ea305747e12.b739e35d-82ae-46e8-a142-60ce0f0daff9
Apr 29 17:18:20 devstack sudo[96387]: pam_unix(sudo:session): session opened for user root(uid=0) by (uid=1000)
Apr 29 17:18:21 devstack sudo[96387]: pam_unix(sudo:session): session closed for user root
Apr 29 17:18:21 devstack cinder-volume[84547]: DEBUG oslo_concurrency.processutils [None req-a3c1aca0-1b98-4f6b-aa4d-27160872d1b2 tempest-SnapshotsActionsTest-155426166 None] CMD "sudo cinder-rootwrap /etc/cinder/rootwrap.conf qemu-img rebase -u -b volume-1d4897cf-5e55-4e7f-8c98-7ea305747e12.64f3b446-d755-4f64-b5a9-f86e054ba4c8 -F qcow2 /opt/stack/data/cinder/mnt/9c63f729801ae21d2d0cd4a3966b3685/volume-1d4897cf-5e55-4e7f-8c98-7ea305747e12.b739e35d-82ae-46e8-a142-60ce0f0daff9" returned: 0 in 0.679s {{(pid=84547) execute /opt/stack/data/venv/lib/python3.12/site-packages/oslo_concurrency/processutils.py:468}}
Apr 29 17:18:21 devstack cinder-volume[84547]: WARNING cinder.volume.drivers.remotefs [None req-a3c1aca0-1b98-4f6b-aa4d-27160872d1b2 tempest-SnapshotsActionsTest-155426166 None] /opt/stack/data/cinder/mnt/9c63f729801ae21d2d0cd4a3966b3685/volume-1d4897cf-5e55-4e7f-8c98-7ea305747e12.b739e35d-82ae-46e8-a142-60ce0f0daff9 is being set with open permissions: ugo+rw
Apr 29 17:18:21 devstack cinder-volume[84547]: DEBUG oslo_concurrency.processutils [None req-a3c1aca0-1b98-4f6b-aa4d-27160872d1b2 tempest-SnapshotsActionsTest-155426166 None] Running cmd (subprocess): sudo cinder-rootwrap /etc/cinder/rootwrap.conf chmod ugo+rw /opt/stack/data/cinder/mnt/9c63f729801ae21d2d0cd4a3966b3685/volume-1d4897cf-5e55-4e7f-8c98-7ea305747e12.b739e35d-82ae-46e8-a142-60ce0f0daff9 {{(pid=84547) execute /opt/stack/data/venv/lib/python3.12/site-packages/oslo_concurrency/processutils.py:440}}
Apr 29 17:18:21 devstack sudo[96394]: quobyte : PWD=/ ; USER=root ; COMMAND=/opt/stack/data/venv/bin/cinder-rootwrap /etc/cinder/rootwrap.conf chmod ugo+rw /opt/stack/data/cinder/mnt/9c63f729801ae21d2d0cd4a3966b3685/volume-1d4897cf-5e55-4e7f-8c98-7ea305747e12.b739e35d-82ae-46e8-a142-60ce0f0daff9
Apr 29 17:18:21 devstack sudo[96394]: pam_unix(sudo:session): session opened for user root(uid=0) by (uid=1000)
Apr 29 17:18:21 devstack sudo[96394]: pam_unix(sudo:session): session closed for user root
Apr 29 17:18:21 devstack cinder-volume[84547]: DEBUG oslo_concurrency.processutils [None req-a3c1aca0-1b98-4f6b-aa4d-27160872d1b2 tempest-SnapshotsActionsTest-155426166 None] CMD "sudo cinder-rootwrap /etc/cinder/rootwrap.conf chmod ugo+rw /opt/stack/data/cinder/mnt/9c63f729801ae21d2d0cd4a3966b3685/volume-1d4897cf-5e55-4e7f-8c98-7ea305747e12.b739e35d-82ae-46e8-a142-60ce0f0daff9" returned: 0 in 0.712s {{(pid=84547) execute /opt/stack/data/venv/lib/python3.12/site-packages/oslo_concurrency/processutils.py:468}}
Apr 29 17:18:21 devstack cinder-volume[84547]: DEBUG oslo_concurrency.lockutils [None req-a3c1aca0-1b98-4f6b-aa4d-27160872d1b2 tempest-SnapshotsActionsTest-155426166 None] Lock "quobyte" "released" by "cinder.volume.drivers.quobyte.QuobyteDriver.create_snapshot" :: held 3.558s {{(pid=84547) inner /opt/stack/data/venv/lib/python3.12/site-packages/oslo_concurrency/lockutils.py:538}}
Apr 29 17:18:21 devstack cinder-volume[84547]: INFO cinder.volume.manager [None req-a3c1aca0-1b98-4f6b-aa4d-27160872d1b2 tempest-SnapshotsActionsTest-155426166 None] Create snapshot completed successfully
Apr 29 17:18:22 devstack cinder-volume[84547]: DEBUG cinder.coordination [None req-6defb36a-84cc-413c-b4b6-9fa2778398b0 tempest-SnapshotsActionsTest-859911226 None] Acquiring lock "cinder-b739e35d-82ae-46e8-a142-60ce0f0daff9-delete_snapshot" by "delete_snapshot" {{(pid=84547) __acquire /opt/stack/cinder/cinder/coordination.py:138}}
Apr 29 17:18:22 devstack cinder-volume[84547]: DEBUG cinder.coordination [None req-6defb36a-84cc-413c-b4b6-9fa2778398b0 tempest-SnapshotsActionsTest-859911226 None] Lock "cinder-b739e35d-82ae-46e8-a142-60ce0f0daff9-delete_snapshot" acquired by "delete_snapshot" :: waited 0.016s {{(pid=84547) __acquire /opt/stack/cinder/cinder/coordination.py:141}}
Apr 29 17:18:22 devstack cinder-volume[84547]: DEBUG cinder.coordination [None req-6defb36a-84cc-413c-b4b6-9fa2778398b0 tempest-SnapshotsActionsTest-859911226 None] Acquiring lock "cinder-quobyte-1d4897cf-5e55-4e7f-8c98-7ea305747e12" by "delete_snapshot" {{(pid=84547) __acquire /opt/stack/cinder/cinder/coordination.py:138}}
Apr 29 17:18:22 devstack cinder-volume[84547]: DEBUG cinder.coordination [None req-6defb36a-84cc-413c-b4b6-9fa2778398b0 tempest-SnapshotsActionsTest-859911226 None] Lock "cinder-quobyte-1d4897cf-5e55-4e7f-8c98-7ea305747e12" acquired by "delete_snapshot" :: waited 0.016s {{(pid=84547) __acquire /opt/stack/cinder/cinder/coordination.py:141}}
Apr 29 17:18:22 devstack cinder-volume[84547]: DEBUG cinder.coordination [None req-6defb36a-84cc-413c-b4b6-9fa2778398b0 tempest-SnapshotsActionsTest-859911226 None] Acquiring lock "cinder-quobyte-b739e35d-82ae-46e8-a142-60ce0f0daff9" by "_delete_snapshot" {{(pid=84547) __acquire /opt/stack/cinder/cinder/coordination.py:138}}
Apr 29 17:18:22 devstack cinder-volume[84547]: DEBUG cinder.coordination [None req-6defb36a-84cc-413c-b4b6-9fa2778398b0 tempest-SnapshotsActionsTest-859911226 None] Lock "cinder-quobyte-b739e35d-82ae-46e8-a142-60ce0f0daff9" acquired by "_delete_snapshot" :: waited 0.019s {{(pid=84547) __acquire /opt/stack/cinder/cinder/coordination.py:141}}
Apr 29 17:18:22 devstack cinder-volume[84547]: DEBUG cinder.volume.drivers.remotefs [None req-6defb36a-84cc-413c-b4b6-9fa2778398b0 tempest-SnapshotsActionsTest-859911226 None] Deleting offline snapshot b739e35d-82ae-46e8-a142-60ce0f0daff9 of volume 1d4897cf-5e55-4e7f-8c98-7ea305747e12 {{(pid=84547) _delete_snapshot /opt/stack/cinder/cinder/volume/drivers/remotefs.py:1288}}
Apr 29 17:18:22 devstack cinder-volume[84547]: DEBUG cinder.volume.drivers.remotefs [None req-6defb36a-84cc-413c-b4b6-9fa2778398b0 tempest-SnapshotsActionsTest-859911226 None] snapshot_file for this snap is: volume-1d4897cf-5e55-4e7f-8c98-7ea305747e12.b739e35d-82ae-46e8-a142-60ce0f0daff9 {{(pid=84547) _delete_snapshot /opt/stack/cinder/cinder/volume/drivers/remotefs.py:1317}}
Apr 29 17:18:22 devstack cinder-volume[84547]: DEBUG oslo.privsep.daemon [-] privsep: reply[57c49460-fdd6-4f44-8b1f-6b2082df1724]: (4, 'qcow2') {{(pid=85470) _call_back /opt/stack/data/venv/lib/python3.12/site-packages/oslo_privsep/daemon.py:573}}
