Apr 29 10:20:07 devstack cinder-volume[84165]: DEBUG cinder.volume.manager [None req-9be8a36b-7863-4196-b73c-13825a1022ab tempest-GroupSnapshotsTest-1597411933 None] Group snapshot 6e2554aa-1b3e-4803-83d1-3ceeebf38f6d: creating. {{(pid=84165) create_group_snapshot /opt/stack/cinder/cinder/volume/manager.py:4175}}
Apr 29 10:20:07 devstack cinder-volume[84165]: DEBUG oslo_concurrency.lockutils [None req-9be8a36b-7863-4196-b73c-13825a1022ab tempest-GroupSnapshotsTest-1597411933 None] Acquiring lock "quobyte" by "cinder.volume.drivers.quobyte.QuobyteDriver.create_snapshot" {{(pid=84165) inner /opt/stack/data/venv/lib/python3.12/site-packages/oslo_concurrency/lockutils.py:506}}
Apr 29 10:20:07 devstack cinder-volume[84165]: DEBUG oslo_concurrency.lockutils [None req-9be8a36b-7863-4196-b73c-13825a1022ab tempest-GroupSnapshotsTest-1597411933 None] Lock "quobyte" acquired by "cinder.volume.drivers.quobyte.QuobyteDriver.create_snapshot" :: waited 0.001s {{(pid=84165) inner /opt/stack/data/venv/lib/python3.12/site-packages/oslo_concurrency/lockutils.py:519}}
Apr 29 10:20:07 devstack cinder-volume[84165]: DEBUG cinder.volume.drivers.remotefs [None req-9be8a36b-7863-4196-b73c-13825a1022ab tempest-GroupSnapshotsTest-1597411933 None] Creating offline snapshot 1d3b5a03-841a-4909-92f4-8803d157876c of volume 6b9cb3f9-cbe1-4dbb-bc5a-1f1e0eb2d677 {{(pid=84165) _create_snapshot /opt/stack/cinder/cinder/volume/drivers/remotefs.py:1816}}
Apr 29 10:20:07 devstack cinder-volume[84165]: DEBUG oslo.privsep.daemon [-] privsep: reply[c3f0bf55-529d-4e14-9a01-adcba566c495]: (4, 'qcow2') {{(pid=84703) _call_back /opt/stack/data/venv/lib/python3.12/site-packages/oslo_privsep/daemon.py:573}}
Apr 29 10:20:07 devstack cinder-volume[84165]: DEBUG oslo_concurrency.processutils [None req-9be8a36b-7863-4196-b73c-13825a1022ab tempest-GroupSnapshotsTest-1597411933 None] Running cmd (subprocess): /opt/stack/data/venv/bin/python3.12 -m oslo_concurrency.prlimit --as=1073741824 --cpu=60 -- sudo cinder-rootwrap /etc/cinder/rootwrap.conf env LC_ALL=C qemu-img info -f qcow2 --output=json --force-share /opt/stack/data/cinder/mnt/1466009c3f7240f7b4c7eb50695c4438/volume-6b9cb3f9-cbe1-4dbb-bc5a-1f1e0eb2d677 {{(pid=84165) execute /opt/stack/data/venv/lib/python3.12/site-packages/oslo_concurrency/processutils.py:440}}
Apr 29 10:20:07 devstack sudo[93877]: quobyte : PWD=/ ; USER=root ; COMMAND=/opt/stack/data/venv/bin/cinder-rootwrap /etc/cinder/rootwrap.conf env LC_ALL=C qemu-img info -f qcow2 --output=json --force-share /opt/stack/data/cinder/mnt/1466009c3f7240f7b4c7eb50695c4438/volume-6b9cb3f9-cbe1-4dbb-bc5a-1f1e0eb2d677
Apr 29 10:20:07 devstack sudo[93877]: pam_unix(sudo:session): session opened for user root(uid=0) by (uid=1000)
Apr 29 10:20:08 devstack sudo[93877]: pam_unix(sudo:session): session closed for user root
Apr 29 10:20:08 devstack cinder-volume[84165]: DEBUG oslo_concurrency.processutils [None req-9be8a36b-7863-4196-b73c-13825a1022ab tempest-GroupSnapshotsTest-1597411933 None] CMD "/opt/stack/data/venv/bin/python3.12 -m oslo_concurrency.prlimit --as=1073741824 --cpu=60 -- sudo cinder-rootwrap /etc/cinder/rootwrap.conf env LC_ALL=C qemu-img info -f qcow2 --output=json --force-share /opt/stack/data/cinder/mnt/1466009c3f7240f7b4c7eb50695c4438/volume-6b9cb3f9-cbe1-4dbb-bc5a-1f1e0eb2d677" returned: 0 in 1.054s {{(pid=84165) execute /opt/stack/data/venv/lib/python3.12/site-packages/oslo_concurrency/processutils.py:468}}
Apr 29 10:20:08 devstack cinder-volume[84165]: DEBUG oslo_concurrency.processutils [None req-9be8a36b-7863-4196-b73c-13825a1022ab tempest-GroupSnapshotsTest-1597411933 None] Running cmd (subprocess): sudo cinder-rootwrap /etc/cinder/rootwrap.conf qemu-img create -f qcow2 -o backing_file=/opt/stack/data/cinder/mnt/1466009c3f7240f7b4c7eb50695c4438/volume-6b9cb3f9-cbe1-4dbb-bc5a-1f1e0eb2d677,backing_fmt=qcow2 /opt/stack/data/cinder/mnt/1466009c3f7240f7b4c7eb50695c4438/volume-6b9cb3f9-cbe1-4dbb-bc5a-1f1e0eb2d677.1d3b5a03-841a-4909-92f4-8803d157876c 1G {{(pid=84165) execute /opt/stack/data/venv/lib/python3.12/site-packages/oslo_concurrency/processutils.py:440}}
Apr 29 10:20:08 devstack sudo[93907]: quobyte : PWD=/ ; USER=root ; COMMAND=/opt/stack/data/venv/bin/cinder-rootwrap /etc/cinder/rootwrap.conf qemu-img create -f qcow2 -o backing_file=/opt/stack/data/cinder/mnt/1466009c3f7240f7b4c7eb50695c4438/volume-6b9cb3f9-cbe1-4dbb-bc5a-1f1e0eb2d677,backing_fmt=qcow2 /opt/stack/data/cinder/mnt/1466009c3f7240f7b4c7eb50695c4438/volume-6b9cb3f9-cbe1-4dbb-bc5a-1f1e0eb2d677.1d3b5a03-841a-4909-92f4-8803d157876c 1G
Apr 29 10:20:08 devstack sudo[93907]: pam_unix(sudo:session): session opened for user root(uid=0) by (uid=1000)
Apr 29 10:20:09 devstack sudo[93907]: pam_unix(sudo:session): session closed for user root
Apr 29 10:20:09 devstack cinder-volume[84165]: DEBUG oslo_concurrency.processutils [None req-9be8a36b-7863-4196-b73c-13825a1022ab tempest-GroupSnapshotsTest-1597411933 None] CMD "sudo cinder-rootwrap /etc/cinder/rootwrap.conf qemu-img create -f qcow2 -o backing_file=/opt/stack/data/cinder/mnt/1466009c3f7240f7b4c7eb50695c4438/volume-6b9cb3f9-cbe1-4dbb-bc5a-1f1e0eb2d677,backing_fmt=qcow2 /opt/stack/data/cinder/mnt/1466009c3f7240f7b4c7eb50695c4438/volume-6b9cb3f9-cbe1-4dbb-bc5a-1f1e0eb2d677.1d3b5a03-841a-4909-92f4-8803d157876c 1G" returned: 0 in 1.547s {{(pid=84165) execute /opt/stack/data/venv/lib/python3.12/site-packages/oslo_concurrency/processutils.py:468}}
Apr 29 10:20:09 devstack cinder-volume[84165]: DEBUG oslo_concurrency.processutils [None req-9be8a36b-7863-4196-b73c-13825a1022ab tempest-GroupSnapshotsTest-1597411933 None] Running cmd (subprocess): sudo cinder-rootwrap /etc/cinder/rootwrap.conf qemu-img rebase -u -b volume-6b9cb3f9-cbe1-4dbb-bc5a-1f1e0eb2d677 -F qcow2 /opt/stack/data/cinder/mnt/1466009c3f7240f7b4c7eb50695c4438/volume-6b9cb3f9-cbe1-4dbb-bc5a-1f1e0eb2d677.1d3b5a03-841a-4909-92f4-8803d157876c {{(pid=84165) execute /opt/stack/data/venv/lib/python3.12/site-packages/oslo_concurrency/processutils.py:440}}
Apr 29 10:20:09 devstack sudo[93988]: quobyte : PWD=/ ; USER=root ; COMMAND=/opt/stack/data/venv/bin/cinder-rootwrap /etc/cinder/rootwrap.conf qemu-img rebase -u -b volume-6b9cb3f9-cbe1-4dbb-bc5a-1f1e0eb2d677 -F qcow2 /opt/stack/data/cinder/mnt/1466009c3f7240f7b4c7eb50695c4438/volume-6b9cb3f9-cbe1-4dbb-bc5a-1f1e0eb2d677.1d3b5a03-841a-4909-92f4-8803d157876c
Apr 29 10:20:09 devstack sudo[93988]: pam_unix(sudo:session): session opened for user root(uid=0) by (uid=1000)
Apr 29 10:20:10 devstack sudo[93988]: pam_unix(sudo:session): session closed for user root
Apr 29 10:20:10 devstack cinder-volume[84165]: DEBUG oslo_concurrency.processutils [None req-9be8a36b-7863-4196-b73c-13825a1022ab tempest-GroupSnapshotsTest-1597411933 None] CMD "sudo cinder-rootwrap /etc/cinder/rootwrap.conf qemu-img rebase -u -b volume-6b9cb3f9-cbe1-4dbb-bc5a-1f1e0eb2d677 -F qcow2 /opt/stack/data/cinder/mnt/1466009c3f7240f7b4c7eb50695c4438/volume-6b9cb3f9-cbe1-4dbb-bc5a-1f1e0eb2d677.1d3b5a03-841a-4909-92f4-8803d157876c" returned: 0 in 1.173s {{(pid=84165) execute /opt/stack/data/venv/lib/python3.12/site-packages/oslo_concurrency/processutils.py:468}}
Apr 29 10:20:10 devstack cinder-volume[84165]: WARNING cinder.volume.drivers.remotefs [None req-9be8a36b-7863-4196-b73c-13825a1022ab tempest-GroupSnapshotsTest-1597411933 None] /opt/stack/data/cinder/mnt/1466009c3f7240f7b4c7eb50695c4438/volume-6b9cb3f9-cbe1-4dbb-bc5a-1f1e0eb2d677.1d3b5a03-841a-4909-92f4-8803d157876c is being set with open permissions: ugo+rw: NotImplementedError
Apr 29 10:20:10 devstack cinder-volume[84165]: DEBUG oslo_concurrency.processutils [None req-9be8a36b-7863-4196-b73c-13825a1022ab tempest-GroupSnapshotsTest-1597411933 None] Running cmd (subprocess): sudo cinder-rootwrap /etc/cinder/rootwrap.conf chmod ugo+rw /opt/stack/data/cinder/mnt/1466009c3f7240f7b4c7eb50695c4438/volume-6b9cb3f9-cbe1-4dbb-bc5a-1f1e0eb2d677.1d3b5a03-841a-4909-92f4-8803d157876c {{(pid=84165) execute /opt/stack/data/venv/lib/python3.12/site-packages/oslo_concurrency/processutils.py:440}}
Apr 29 10:20:11 devstack sudo[93996]: quobyte : PWD=/ ; USER=root ; COMMAND=/opt/stack/data/venv/bin/cinder-rootwrap /etc/cinder/rootwrap.conf chmod ugo+rw /opt/stack/data/cinder/mnt/1466009c3f7240f7b4c7eb50695c4438/volume-6b9cb3f9-cbe1-4dbb-bc5a-1f1e0eb2d677.1d3b5a03-841a-4909-92f4-8803d157876c
Apr 29 10:20:11 devstack sudo[93996]: pam_unix(sudo:session): session opened for user root(uid=0) by (uid=1000)
Apr 29 10:20:11 devstack sudo[93996]: pam_unix(sudo:session): session closed for user root
Apr 29 10:20:11 devstack cinder-volume[84165]: DEBUG oslo_concurrency.processutils [None req-9be8a36b-7863-4196-b73c-13825a1022ab tempest-GroupSnapshotsTest-1597411933 None] CMD "sudo cinder-rootwrap /etc/cinder/rootwrap.conf chmod ugo+rw /opt/stack/data/cinder/mnt/1466009c3f7240f7b4c7eb50695c4438/volume-6b9cb3f9-cbe1-4dbb-bc5a-1f1e0eb2d677.1d3b5a03-841a-4909-92f4-8803d157876c" returned: 0 in 0.865s {{(pid=84165) execute /opt/stack/data/venv/lib/python3.12/site-packages/oslo_concurrency/processutils.py:468}}
Apr 29 10:20:11 devstack cinder-volume[84165]: DEBUG oslo_concurrency.processutils [None req-9be8a36b-7863-4196-b73c-13825a1022ab tempest-GroupSnapshotsTest-1597411933 None] Running cmd (subprocess): sudo cinder-rootwrap /etc/cinder/rootwrap.conf truncate -s0 /opt/stack/data/cinder/mnt/1466009c3f7240f7b4c7eb50695c4438/volume-6b9cb3f9-cbe1-4dbb-bc5a-1f1e0eb2d677.info {{(pid=84165) execute /opt/stack/data/venv/lib/python3.12/site-packages/oslo_concurrency/processutils.py:440}}
Apr 29 10:20:11 devstack sudo[94000]: quobyte : PWD=/ ; USER=root ; COMMAND=/opt/stack/data/venv/bin/cinder-rootwrap /etc/cinder/rootwrap.conf truncate -s0 /opt/stack/data/cinder/mnt/1466009c3f7240f7b4c7eb50695c4438/volume-6b9cb3f9-cbe1-4dbb-bc5a-1f1e0eb2d677.info
Apr 29 10:20:11 devstack sudo[94000]: pam_unix(sudo:session): session opened for user root(uid=0) by (uid=1000)
Apr 29 10:20:12 devstack sudo[94000]: pam_unix(sudo:session): session closed for user root
Apr 29 10:20:12 devstack cinder-volume[84165]: DEBUG oslo_concurrency.processutils [None req-9be8a36b-7863-4196-b73c-13825a1022ab tempest-GroupSnapshotsTest-1597411933 None] CMD "sudo cinder-rootwrap /etc/cinder/rootwrap.conf truncate -s0 /opt/stack/data/cinder/mnt/1466009c3f7240f7b4c7eb50695c4438/volume-6b9cb3f9-cbe1-4dbb-bc5a-1f1e0eb2d677.info" returned: 0 in 0.752s {{(pid=84165) execute /opt/stack/data/venv/lib/python3.12/site-packages/oslo_concurrency/processutils.py:468}}
Apr 29 10:20:12 devstack cinder-volume[84165]: WARNING cinder.volume.drivers.remotefs [None req-9be8a36b-7863-4196-b73c-13825a1022ab tempest-GroupSnapshotsTest-1597411933 None] /opt/stack/data/cinder/mnt/1466009c3f7240f7b4c7eb50695c4438/volume-6b9cb3f9-cbe1-4dbb-bc5a-1f1e0eb2d677.info is being set with open permissions: ugo+rw: NotImplementedError
Apr 29 10:20:12 devstack cinder-volume[84165]: DEBUG oslo_concurrency.processutils [None req-9be8a36b-7863-4196-b73c-13825a1022ab tempest-GroupSnapshotsTest-1597411933 None] Running cmd (subprocess): sudo cinder-rootwrap /etc/cinder/rootwrap.conf chmod ugo+rw /opt/stack/data/cinder/mnt/1466009c3f7240f7b4c7eb50695c4438/volume-6b9cb3f9-cbe1-4dbb-bc5a-1f1e0eb2d677.info {{(pid=84165) execute /opt/stack/data/venv/lib/python3.12/site-packages/oslo_concurrency/processutils.py:440}}
Apr 29 10:20:12 devstack sudo[94003]: quobyte : PWD=/ ; USER=root ; COMMAND=/opt/stack/data/venv/bin/cinder-rootwrap /etc/cinder/rootwrap.conf chmod ugo+rw /opt/stack/data/cinder/mnt/1466009c3f7240f7b4c7eb50695c4438/volume-6b9cb3f9-cbe1-4dbb-bc5a-1f1e0eb2d677.info
Apr 29 10:20:12 devstack sudo[94003]: pam_unix(sudo:session): session opened for user root(uid=0) by (uid=1000)
Apr 29 10:20:13 devstack sudo[94003]: pam_unix(sudo:session): session closed for user root
Apr 29 10:20:13 devstack cinder-volume[84165]: DEBUG oslo_concurrency.processutils [None req-9be8a36b-7863-4196-b73c-13825a1022ab tempest-GroupSnapshotsTest-1597411933 None] CMD "sudo cinder-rootwrap /etc/cinder/rootwrap.conf chmod ugo+rw /opt/stack/data/cinder/mnt/1466009c3f7240f7b4c7eb50695c4438/volume-6b9cb3f9-cbe1-4dbb-bc5a-1f1e0eb2d677.info" returned: 0 in 1.071s {{(pid=84165) execute /opt/stack/data/venv/lib/python3.12/site-packages/oslo_concurrency/processutils.py:468}}
Apr 29 10:20:13 devstack cinder-volume[84165]: DEBUG oslo_concurrency.lockutils [None req-9be8a36b-7863-4196-b73c-13825a1022ab tempest-GroupSnapshotsTest-1597411933 None] Lock "quobyte" "released" by "cinder.volume.drivers.quobyte.QuobyteDriver.create_snapshot" :: held 6.654s {{(pid=84165) inner /opt/stack/data/venv/lib/python3.12/site-packages/oslo_concurrency/lockutils.py:538}}
Apr 29 10:20:13 devstack cinder-volume[84165]: DEBUG oslo_concurrency.lockutils [None req-9be8a36b-7863-4196-b73c-13825a1022ab tempest-GroupSnapshotsTest-1597411933 None] Acquiring lock "quobyte" by "cinder.volume.drivers.quobyte.QuobyteDriver.create_snapshot" {{(pid=84165) inner /opt/stack/data/venv/lib/python3.12/site-packages/oslo_concurrency/lockutils.py:506}}
Apr 29 10:20:13 devstack cinder-volume[84165]: DEBUG oslo_concurrency.lockutils [None req-9be8a36b-7863-4196-b73c-13825a1022ab tempest-GroupSnapshotsTest-1597411933 None] Lock "quobyte" acquired by "cinder.volume.drivers.quobyte.QuobyteDriver.create_snapshot" :: waited 0.002s {{(pid=84165) inner /opt/stack/data/venv/lib/python3.12/site-packages/oslo_concurrency/lockutils.py:519}}
Apr 29 10:20:13 devstack cinder-volume[84165]: DEBUG cinder.volume.drivers.remotefs [None req-9be8a36b-7863-4196-b73c-13825a1022ab tempest-GroupSnapshotsTest-1597411933 None] Creating offline snapshot 60d81f5f-84f0-420c-aa76-50301dfbd1bc of volume ec381846-c2a7-4a12-9d9f-0c9f1052d582 {{(pid=84165) _create_snapshot /opt/stack/cinder/cinder/volume/drivers/remotefs.py:1816}}
Apr 29 10:20:13 devstack cinder-volume[84165]: DEBUG oslo.privsep.daemon [-] privsep: reply[92d1748c-2c4b-4127-8eea-e0ab3b5840ee]: (4, 'qcow2') {{(pid=84703) _call_back /opt/stack/data/venv/lib/python3.12/site-packages/oslo_privsep/daemon.py:573}}
Apr 29 10:20:13 devstack cinder-volume[84165]: DEBUG oslo_concurrency.processutils [None req-9be8a36b-7863-4196-b73c-13825a1022ab tempest-GroupSnapshotsTest-1597411933 None] Running cmd (subprocess): /opt/stack/data/venv/bin/python3.12 -m oslo_concurrency.prlimit --as=1073741824 --cpu=60 -- sudo cinder-rootwrap /etc/cinder/rootwrap.conf env LC_ALL=C qemu-img info -f qcow2 --output=json --force-share /opt/stack/data/cinder/mnt/1466009c3f7240f7b4c7eb50695c4438/volume-ec381846-c2a7-4a12-9d9f-0c9f1052d582 {{(pid=84165) execute /opt/stack/data/venv/lib/python3.12/site-packages/oslo_concurrency/processutils.py:440}}
Apr 29 10:20:13 devstack sudo[94007]: quobyte : PWD=/ ; USER=root ; COMMAND=/opt/stack/data/venv/bin/cinder-rootwrap /etc/cinder/rootwrap.conf env LC_ALL=C qemu-img info -f qcow2 --output=json --force-share /opt/stack/data/cinder/mnt/1466009c3f7240f7b4c7eb50695c4438/volume-ec381846-c2a7-4a12-9d9f-0c9f1052d582
Apr 29 10:20:13 devstack sudo[94007]: pam_unix(sudo:session): session opened for user root(uid=0) by (uid=1000)
Apr 29 10:20:14 devstack sudo[94007]: pam_unix(sudo:session): session closed for user root
Apr 29 10:20:14 devstack cinder-volume[84165]: DEBUG oslo_concurrency.processutils [None req-9be8a36b-7863-4196-b73c-13825a1022ab tempest-GroupSnapshotsTest-1597411933 None] CMD "/opt/stack/data/venv/bin/python3.12 -m oslo_concurrency.prlimit --as=1073741824 --cpu=60 -- sudo cinder-rootwrap /etc/cinder/rootwrap.conf env LC_ALL=C qemu-img info -f qcow2 --output=json --force-share /opt/stack/data/cinder/mnt/1466009c3f7240f7b4c7eb50695c4438/volume-ec381846-c2a7-4a12-9d9f-0c9f1052d582" returned: 0 in 1.219s {{(pid=84165) execute /opt/stack/data/venv/lib/python3.12/site-packages/oslo_concurrency/processutils.py:468}}
Apr 29 10:20:15 devstack cinder-volume[84165]: DEBUG oslo_concurrency.processutils [None req-9be8a36b-7863-4196-b73c-13825a1022ab tempest-GroupSnapshotsTest-1597411933 None] Running cmd (subprocess): sudo cinder-rootwrap /etc/cinder/rootwrap.conf qemu-img create -f qcow2 -o backing_file=/opt/stack/data/cinder/mnt/1466009c3f7240f7b4c7eb50695c4438/volume-ec381846-c2a7-4a12-9d9f-0c9f1052d582,backing_fmt=qcow2 /opt/stack/data/cinder/mnt/1466009c3f7240f7b4c7eb50695c4438/volume-ec381846-c2a7-4a12-9d9f-0c9f1052d582.60d81f5f-84f0-420c-aa76-50301dfbd1bc 1G {{(pid=84165) execute /opt/stack/data/venv/lib/python3.12/site-packages/oslo_concurrency/processutils.py:440}}
Apr 29 10:20:15 devstack sudo[94060]: quobyte : PWD=/ ; USER=root ; COMMAND=/opt/stack/data/venv/bin/cinder-rootwrap /etc/cinder/rootwrap.conf qemu-img create -f qcow2 -o backing_file=/opt/stack/data/cinder/mnt/1466009c3f7240f7b4c7eb50695c4438/volume-ec381846-c2a7-4a12-9d9f-0c9f1052d582,backing_fmt=qcow2 /opt/stack/data/cinder/mnt/1466009c3f7240f7b4c7eb50695c4438/volume-ec381846-c2a7-4a12-9d9f-0c9f1052d582.60d81f5f-84f0-420c-aa76-50301dfbd1bc 1G
Apr 29 10:20:15 devstack sudo[94060]: pam_unix(sudo:session): session opened for user root(uid=0) by (uid=1000)
Apr 29 10:20:15 devstack sudo[94060]: pam_unix(sudo:session): session closed for user root
Apr 29 10:20:15 devstack cinder-volume[84165]: DEBUG oslo_concurrency.processutils [None req-9be8a36b-7863-4196-b73c-13825a1022ab tempest-GroupSnapshotsTest-1597411933 None] CMD "sudo cinder-rootwrap /etc/cinder/rootwrap.conf qemu-img create -f qcow2 -o backing_file=/opt/stack/data/cinder/mnt/1466009c3f7240f7b4c7eb50695c4438/volume-ec381846-c2a7-4a12-9d9f-0c9f1052d582,backing_fmt=qcow2 /opt/stack/data/cinder/mnt/1466009c3f7240f7b4c7eb50695c4438/volume-ec381846-c2a7-4a12-9d9f-0c9f1052d582.60d81f5f-84f0-420c-aa76-50301dfbd1bc 1G" returned: 0 in 0.829s {{(pid=84165) execute /opt/stack/data/venv/lib/python3.12/site-packages/oslo_concurrency/processutils.py:468}}
Apr 29 10:20:15 devstack cinder-volume[84165]: DEBUG oslo_concurrency.processutils [None req-9be8a36b-7863-4196-b73c-13825a1022ab tempest-GroupSnapshotsTest-1597411933 None] Running cmd (subprocess): sudo cinder-rootwrap /etc/cinder/rootwrap.conf qemu-img rebase -u -b volume-ec381846-c2a7-4a12-9d9f-0c9f1052d582 -F qcow2 /opt/stack/data/cinder/mnt/1466009c3f7240f7b4c7eb50695c4438/volume-ec381846-c2a7-4a12-9d9f-0c9f1052d582.60d81f5f-84f0-420c-aa76-50301dfbd1bc {{(pid=84165) execute /opt/stack/data/venv/lib/python3.12/site-packages/oslo_concurrency/processutils.py:440}}
Apr 29 10:20:15 devstack sudo[94067]: quobyte : PWD=/ ; USER=root ; COMMAND=/opt/stack/data/venv/bin/cinder-rootwrap /etc/cinder/rootwrap.conf qemu-img rebase -u -b volume-ec381846-c2a7-4a12-9d9f-0c9f1052d582 -F qcow2 /opt/stack/data/cinder/mnt/1466009c3f7240f7b4c7eb50695c4438/volume-ec381846-c2a7-4a12-9d9f-0c9f1052d582.60d81f5f-84f0-420c-aa76-50301dfbd1bc
Apr 29 10:20:15 devstack sudo[94067]: pam_unix(sudo:session): session opened for user root(uid=0) by (uid=1000)
Apr 29 10:20:16 devstack sudo[94067]: pam_unix(sudo:session): session closed for user root
Apr 29 10:20:16 devstack cinder-volume[84165]: DEBUG oslo_concurrency.processutils [None req-9be8a36b-7863-4196-b73c-13825a1022ab tempest-GroupSnapshotsTest-1597411933 None] CMD "sudo cinder-rootwrap /etc/cinder/rootwrap.conf qemu-img rebase -u -b volume-ec381846-c2a7-4a12-9d9f-0c9f1052d582 -F qcow2 /opt/stack/data/cinder/mnt/1466009c3f7240f7b4c7eb50695c4438/volume-ec381846-c2a7-4a12-9d9f-0c9f1052d582.60d81f5f-84f0-420c-aa76-50301dfbd1bc" returned: 0 in 0.720s {{(pid=84165) execute /opt/stack/data/venv/lib/python3.12/site-packages/oslo_concurrency/processutils.py:468}}
Apr 29 10:20:16 devstack cinder-volume[84165]: WARNING cinder.volume.drivers.remotefs [None req-9be8a36b-7863-4196-b73c-13825a1022ab tempest-GroupSnapshotsTest-1597411933 None] /opt/stack/data/cinder/mnt/1466009c3f7240f7b4c7eb50695c4438/volume-ec381846-c2a7-4a12-9d9f-0c9f1052d582.60d81f5f-84f0-420c-aa76-50301dfbd1bc is being set with open permissions: ugo+rw: NotImplementedError
Apr 29 10:20:16 devstack cinder-volume[84165]: DEBUG oslo_concurrency.processutils [None req-9be8a36b-7863-4196-b73c-13825a1022ab tempest-GroupSnapshotsTest-1597411933 None] Running cmd (subprocess): sudo cinder-rootwrap /etc/cinder/rootwrap.conf chmod ugo+rw /opt/stack/data/cinder/mnt/1466009c3f7240f7b4c7eb50695c4438/volume-ec381846-c2a7-4a12-9d9f-0c9f1052d582.60d81f5f-84f0-420c-aa76-50301dfbd1bc {{(pid=84165) execute /opt/stack/data/venv/lib/python3.12/site-packages/oslo_concurrency/processutils.py:440}}
Apr 29 10:20:16 devstack sudo[94072]: quobyte : PWD=/ ; USER=root ; COMMAND=/opt/stack/data/venv/bin/cinder-rootwrap /etc/cinder/rootwrap.conf chmod ugo+rw /opt/stack/data/cinder/mnt/1466009c3f7240f7b4c7eb50695c4438/volume-ec381846-c2a7-4a12-9d9f-0c9f1052d582.60d81f5f-84f0-420c-aa76-50301dfbd1bc
Apr 29 10:20:16 devstack sudo[94072]: pam_unix(sudo:session): session opened for user root(uid=0) by (uid=1000)
Apr 29 10:20:17 devstack sudo[94072]: pam_unix(sudo:session): session closed for user root
Apr 29 10:20:17 devstack cinder-volume[84165]: DEBUG oslo_concurrency.processutils [None req-9be8a36b-7863-4196-b73c-13825a1022ab tempest-GroupSnapshotsTest-1597411933 None] CMD "sudo cinder-rootwrap /etc/cinder/rootwrap.conf chmod ugo+rw /opt/stack/data/cinder/mnt/1466009c3f7240f7b4c7eb50695c4438/volume-ec381846-c2a7-4a12-9d9f-0c9f1052d582.60d81f5f-84f0-420c-aa76-50301dfbd1bc" returned: 0 in 0.785s {{(pid=84165) execute /opt/stack/data/venv/lib/python3.12/site-packages/oslo_concurrency/processutils.py:468}}
Apr 29 10:20:17 devstack cinder-volume[84165]: DEBUG oslo_concurrency.processutils [None req-9be8a36b-7863-4196-b73c-13825a1022ab tempest-GroupSnapshotsTest-1597411933 None] Running cmd (subprocess): sudo cinder-rootwrap /etc/cinder/rootwrap.conf truncate -s0 /opt/stack/data/cinder/mnt/1466009c3f7240f7b4c7eb50695c4438/volume-ec381846-c2a7-4a12-9d9f-0c9f1052d582.info {{(pid=84165) execute /opt/stack/data/venv/lib/python3.12/site-packages/oslo_concurrency/processutils.py:440}}
Apr 29 10:20:17 devstack sudo[94082]: quobyte : PWD=/ ; USER=root ; COMMAND=/opt/stack/data/venv/bin/cinder-rootwrap /etc/cinder/rootwrap.conf truncate -s0 /opt/stack/data/cinder/mnt/1466009c3f7240f7b4c7eb50695c4438/volume-ec381846-c2a7-4a12-9d9f-0c9f1052d582.info
Apr 29 10:20:17 devstack sudo[94082]: pam_unix(sudo:session): session opened for user root(uid=0) by (uid=1000)
Apr 29 10:20:18 devstack sudo[94082]: pam_unix(sudo:session): session closed for user root
Apr 29 10:20:18 devstack cinder-volume[84165]: DEBUG oslo_concurrency.processutils [None req-9be8a36b-7863-4196-b73c-13825a1022ab tempest-GroupSnapshotsTest-1597411933 None] CMD "sudo cinder-rootwrap /etc/cinder/rootwrap.conf truncate -s0 /opt/stack/data/cinder/mnt/1466009c3f7240f7b4c7eb50695c4438/volume-ec381846-c2a7-4a12-9d9f-0c9f1052d582.info" returned: 0 in 0.881s {{(pid=84165) execute /opt/stack/data/venv/lib/python3.12/site-packages/oslo_concurrency/processutils.py:468}}
Apr 29 10:20:18 devstack cinder-volume[84165]: WARNING cinder.volume.drivers.remotefs [None req-9be8a36b-7863-4196-b73c-13825a1022ab tempest-GroupSnapshotsTest-1597411933 None] /opt/stack/data/cinder/mnt/1466009c3f7240f7b4c7eb50695c4438/volume-ec381846-c2a7-4a12-9d9f-0c9f1052d582.info is being set with open permissions: ugo+rw: NotImplementedError
Apr 29 10:20:18 devstack cinder-volume[84165]: DEBUG oslo_concurrency.processutils [None req-9be8a36b-7863-4196-b73c-13825a1022ab tempest-GroupSnapshotsTest-1597411933 None] Running cmd (subprocess): sudo cinder-rootwrap /etc/cinder/rootwrap.conf chmod ugo+rw /opt/stack/data/cinder/mnt/1466009c3f7240f7b4c7eb50695c4438/volume-ec381846-c2a7-4a12-9d9f-0c9f1052d582.info {{(pid=84165) execute /opt/stack/data/venv/lib/python3.12/site-packages/oslo_concurrency/processutils.py:440}}
Apr 29 10:20:18 devstack sudo[94097]: quobyte : PWD=/ ; USER=root ; COMMAND=/opt/stack/data/venv/bin/cinder-rootwrap /etc/cinder/rootwrap.conf chmod ugo+rw /opt/stack/data/cinder/mnt/1466009c3f7240f7b4c7eb50695c4438/volume-ec381846-c2a7-4a12-9d9f-0c9f1052d582.info
Apr 29 10:20:18 devstack sudo[94097]: pam_unix(sudo:session): session opened for user root(uid=0) by (uid=1000)
Apr 29 10:20:19 devstack sudo[94097]: pam_unix(sudo:session): session closed for user root
Apr 29 10:20:19 devstack cinder-volume[84165]: DEBUG oslo_concurrency.processutils [None req-9be8a36b-7863-4196-b73c-13825a1022ab tempest-GroupSnapshotsTest-1597411933 None] CMD "sudo cinder-rootwrap /etc/cinder/rootwrap.conf chmod ugo+rw /opt/stack/data/cinder/mnt/1466009c3f7240f7b4c7eb50695c4438/volume-ec381846-c2a7-4a12-9d9f-0c9f1052d582.info" returned: 0 in 1.022s {{(pid=84165) execute /opt/stack/data/venv/lib/python3.12/site-packages/oslo_concurrency/processutils.py:468}}
Apr 29 10:20:19 devstack cinder-volume[84165]: DEBUG oslo_concurrency.lockutils [None req-9be8a36b-7863-4196-b73c-13825a1022ab tempest-GroupSnapshotsTest-1597411933 None] Lock "quobyte" "released" by "cinder.volume.drivers.quobyte.QuobyteDriver.create_snapshot" :: held 5.587s {{(pid=84165) inner /opt/stack/data/venv/lib/python3.12/site-packages/oslo_concurrency/lockutils.py:538}}
Apr 29 10:20:19 devstack cinder-volume[84165]: INFO cinder.volume.manager [None req-9be8a36b-7863-4196-b73c-13825a1022ab tempest-GroupSnapshotsTest-1597411933 None] group_snapshot 6e2554aa-1b3e-4803-83d1-3ceeebf38f6d: created successfully
Apr 29 10:20:19 devstack cinder-volume[84165]: DEBUG cinder.coordination [None req-0d75e87b-5a00-45c8-beb1-171fb7013efb tempest-ServerStableDeviceRescueTest-1589463356 None] Acquiring lock "cinder-c91f0525-cb32-4702-9029-2ccbf612af92-delete_volume" by "delete_volume" {{(pid=84165) __acquire /opt/stack/cinder/cinder/coordination.py:138}}
Apr 29 10:20:19 devstack cinder-volume[84165]: DEBUG cinder.coordination [None req-0d75e87b-5a00-45c8-beb1-171fb7013efb tempest-ServerStableDeviceRescueTest-1589463356 None] Lock "cinder-c91f0525-cb32-4702-9029-2ccbf612af92-delete_volume" acquired by "delete_volume" :: waited 0.025s {{(pid=84165) __acquire /opt/stack/cinder/cinder/coordination.py:141}}
Apr 29 10:20:19 devstack cinder-volume[84165]: DEBUG cinder.coordination [None req-0d75e87b-5a00-45c8-beb1-171fb7013efb tempest-ServerStableDeviceRescueTest-1589463356 None] Acquiring lock "cinder-quobyte-c91f0525-cb32-4702-9029-2ccbf612af92" by "delete_volume" {{(pid=84165) __acquire /opt/stack/cinder/cinder/coordination.py:138}}
Apr 29 10:20:19 devstack cinder-volume[84165]: DEBUG cinder.coordination [None req-0d75e87b-5a00-45c8-beb1-171fb7013efb tempest-ServerStableDeviceRescueTest-1589463356 None] Lock "cinder-quobyte-c91f0525-cb32-4702-9029-2ccbf612af92" acquired by "delete_volume" :: waited 0.018s {{(pid=84165) __acquire /opt/stack/cinder/cinder/coordination.py:141}}
Apr 29 10:20:19 devstack cinder-volume[84165]: DEBUG oslo.privsep.daemon [-] privsep: reply[ca832997-080e-48a6-8f20-fa7abb40d5d6]: (4, 'qcow2') {{(pid=84703) _call_back /opt/stack/data/venv/lib/python3.12/site-packages/oslo_privsep/daemon.py:573}}
Apr 29 10:20:19 devstack cinder-volume[84165]: DEBUG oslo_concurrency.processutils [None req-0d75e87b-5a00-45c8-beb1-171fb7013efb tempest-ServerStableDeviceRescueTest-1589463356 None] Running cmd (subprocess): /opt/stack/data/venv/bin/python3.12 -m oslo_concurrency.prlimit --as=1073741824 --cpu=60 -- sudo cinder-rootwrap /etc/cinder/rootwrap.conf env LC_ALL=C qemu-img info -f qcow2 --output=json --force-share /opt/stack/data/cinder/mnt/1466009c3f7240f7b4c7eb50695c4438/volume-c91f0525-cb32-4702-9029-2ccbf612af92 {{(pid=84165) execute /opt/stack/data/venv/lib/python3.12/site-packages/oslo_concurrency/processutils.py:440}}
Apr 29 10:20:19 devstack sudo[94131]: quobyte : PWD=/ ; USER=root ; COMMAND=/opt/stack/data/venv/bin/cinder-rootwrap /etc/cinder/rootwrap.conf env LC_ALL=C qemu-img info -f qcow2 --output=json --force-share /opt/stack/data/cinder/mnt/1466009c3f7240f7b4c7eb50695c4438/volume-c91f0525-cb32-4702-9029-2ccbf612af92
Apr 29 10:20:19 devstack sudo[94131]: pam_unix(sudo:session): session opened for user root(uid=0) by (uid=1000)
Apr 29 10:20:20 devstack cinder-volume[84165]: INFO cinder.volume.manager [None req-a1d81664-6bec-4eac-bc05-944e131d14c2 tempest-GroupSnapshotsTest-1597411933 None] group_snapshot 6e2554aa-1b3e-4803-83d1-3ceeebf38f6d: deleting
Apr 29 10:20:20 devstack cinder-volume[84165]: DEBUG cinder.volume.manager [None req-a1d81664-6bec-4eac-bc05-944e131d14c2 tempest-GroupSnapshotsTest-1597411933 None] group_snapshot 6e2554aa-1b3e-4803-83d1-3ceeebf38f6d: deleting {{(pid=84165) delete_group_snapshot /opt/stack/cinder/cinder/volume/manager.py:4350}}
Apr 29 10:20:20 devstack cinder-volume[84165]: DEBUG cinder.coordination [None req-a1d81664-6bec-4eac-bc05-944e131d14c2 tempest-GroupSnapshotsTest-1597411933 None] Acquiring lock "cinder-quobyte-6b9cb3f9-cbe1-4dbb-bc5a-1f1e0eb2d677" by "delete_snapshot" {{(pid=84165) __acquire /opt/stack/cinder/cinder/coordination.py:138}}
Apr 29 10:20:20 devstack cinder-volume[84165]: DEBUG cinder.coordination [None req-a1d81664-6bec-4eac-bc05-944e131d14c2 tempest-GroupSnapshotsTest-1597411933 None] Lock "cinder-quobyte-6b9cb3f9-cbe1-4dbb-bc5a-1f1e0eb2d677" acquired by "delete_snapshot" :: waited 0.023s {{(pid=84165) __acquire /opt/stack/cinder/cinder/coordination.py:141}}
Apr 29 10:20:20 devstack cinder-volume[84165]: DEBUG cinder.coordination [None req-a1d81664-6bec-4eac-bc05-944e131d14c2 tempest-GroupSnapshotsTest-1597411933 None] Acquiring lock "cinder-quobyte-1d3b5a03-841a-4909-92f4-8803d157876c" by "_delete_snapshot" {{(pid=84165) __acquire /opt/stack/cinder/cinder/coordination.py:138}}
Apr 29 10:20:20 devstack cinder-volume[84165]: DEBUG cinder.coordination [None req-a1d81664-6bec-4eac-bc05-944e131d14c2 tempest-GroupSnapshotsTest-1597411933 None] Lock "cinder-quobyte-1d3b5a03-841a-4909-92f4-8803d157876c" acquired by "_delete_snapshot" :: waited 0.024s {{(pid=84165) __acquire /opt/stack/cinder/cinder/coordination.py:141}}
Apr 29 10:20:20 devstack cinder-volume[84165]: DEBUG cinder.volume.drivers.remotefs [None req-a1d81664-6bec-4eac-bc05-944e131d14c2 tempest-GroupSnapshotsTest-1597411933 None] Deleting offline snapshot 1d3b5a03-841a-4909-92f4-8803d157876c of volume 6b9cb3f9-cbe1-4dbb-bc5a-1f1e0eb2d677 {{(pid=84165) _delete_snapshot /opt/stack/cinder/cinder/volume/drivers/remotefs.py:1288}}
Apr 29 10:20:20 devstack cinder-volume[84165]: DEBUG cinder.volume.drivers.remotefs [None req-a1d81664-6bec-4eac-bc05-944e131d14c2 tempest-GroupSnapshotsTest-1597411933 None] snapshot_file for this snap is: volume-6b9cb3f9-cbe1-4dbb-bc5a-1f1e0eb2d677.1d3b5a03-841a-4909-92f4-8803d157876c {{(pid=84165) _delete_snapshot /opt/stack/cinder/cinder/volume/drivers/remotefs.py:1317}}
Apr 29 10:20:20 devstack cinder-volume[84165]: DEBUG oslo.privsep.daemon [-] privsep: reply[7fd5cfe4-7afe-477c-9492-b1af335d391e]: (4, 'qcow2') {{(pid=84703) _call_back /opt/stack/data/venv/lib/python3.12/site-packages/oslo_privsep/daemon.py:573}}
Apr 29 10:20:20 devstack cinder-volume[84165]: DEBUG oslo_concurrency.processutils [None req-a1d81664-6bec-4eac-bc05-944e131d14c2 tempest-GroupSnapshotsTest-1597411933 None] Running cmd (subprocess): /opt/stack/data/venv/bin/python3.12 -m oslo_concurrency.prlimit --as=1073741824 --cpu=60 -- sudo cinder-rootwrap /etc/cinder/rootwrap.conf env LC_ALL=C qemu-img info -f qcow2 --output=json --force-share /opt/stack/data/cinder/mnt/1466009c3f7240f7b4c7eb50695c4438/volume-6b9cb3f9-cbe1-4dbb-bc5a-1f1e0eb2d677.1d3b5a03-841a-4909-92f4-8803d157876c {{(pid=84165) execute /opt/stack/data/venv/lib/python3.12/site-packages/oslo_concurrency/processutils.py:440}}
Apr 29 10:20:20 devstack sudo[94157]: quobyte : PWD=/ ; USER=root ; COMMAND=/opt/stack/data/venv/bin/cinder-rootwrap /etc/cinder/rootwrap.conf env LC_ALL=C qemu-img info -f qcow2 --output=json --force-share /opt/stack/data/cinder/mnt/1466009c3f7240f7b4c7eb50695c4438/volume-6b9cb3f9-cbe1-4dbb-bc5a-1f1e0eb2d677.1d3b5a03-841a-4909-92f4-8803d157876c
Apr 29 10:20:20 devstack sudo[94157]: pam_unix(sudo:session): session opened for user root(uid=0) by (uid=1000)
Apr 29 10:20:21 devstack sudo[94131]: pam_unix(sudo:session): session closed for user root
Apr 29 10:20:21 devstack cinder-volume[84165]: DEBUG oslo_concurrency.processutils [None req-0d75e87b-5a00-45c8-beb1-171fb7013efb tempest-ServerStableDeviceRescueTest-1589463356 None] CMD "/opt/stack/data/venv/bin/python3.12 -m oslo_concurrency.prlimit --as=1073741824 --cpu=60 -- sudo cinder-rootwrap /etc/cinder/rootwrap.conf env LC_ALL=C qemu-img info -f qcow2 --output=json --force-share /opt/stack/data/cinder/mnt/1466009c3f7240f7b4c7eb50695c4438/volume-c91f0525-cb32-4702-9029-2ccbf612af92" returned: 0 in 1.391s {{(pid=84165) execute /opt/stack/data/venv/lib/python3.12/site-packages/oslo_concurrency/processutils.py:468}}
Apr 29 10:20:21 devstack cinder-volume[84165]: DEBUG oslo_concurrency.processutils [None req-0d75e87b-5a00-45c8-beb1-171fb7013efb tempest-ServerStableDeviceRescueTest-1589463356 None] Running cmd (subprocess): sudo cinder-rootwrap /etc/cinder/rootwrap.conf rm -f /opt/stack/data/cinder/mnt/1466009c3f7240f7b4c7eb50695c4438/volume-c91f0525-cb32-4702-9029-2ccbf612af92 {{(pid=84165) execute /opt/stack/data/venv/lib/python3.12/site-packages/oslo_concurrency/processutils.py:440}}
Apr 29 10:20:21 devstack sudo[94186]: quobyte : PWD=/ ; USER=root ; COMMAND=/opt/stack/data/venv/bin/cinder-rootwrap /etc/cinder/rootwrap.conf rm -f /opt/stack/data/cinder/mnt/1466009c3f7240f7b4c7eb50695c4438/volume-c91f0525-cb32-4702-9029-2ccbf612af92
Apr 29 10:20:21 devstack sudo[94186]: pam_unix(sudo:session): session opened for user root(uid=0) by (uid=1000)
Apr 29 10:20:21 devstack sudo[94157]: pam_unix(sudo:session): session closed for user root
Apr 29 10:20:21 devstack cinder-volume[84165]: DEBUG oslo_concurrency.processutils [None req-a1d81664-6bec-4eac-bc05-944e131d14c2 tempest-GroupSnapshotsTest-1597411933 None] CMD "/opt/stack/data/venv/bin/python3.12 -m oslo_concurrency.prlimit --as=1073741824 --cpu=60 -- sudo cinder-rootwrap /etc/cinder/rootwrap.conf env LC_ALL=C qemu-img info -f qcow2 --output=json --force-share /opt/stack/data/cinder/mnt/1466009c3f7240f7b4c7eb50695c4438/volume-6b9cb3f9-cbe1-4dbb-bc5a-1f1e0eb2d677.1d3b5a03-841a-4909-92f4-8803d157876c" returned: 0 in 1.125s {{(pid=84165) execute /opt/stack/data/venv/lib/python3.12/site-packages/oslo_concurrency/processutils.py:468}}
Apr 29 10:20:21 devstack cinder-volume[84165]: DEBUG cinder.volume.drivers.remotefs [None req-a1d81664-6bec-4eac-bc05-944e131d14c2 tempest-GroupSnapshotsTest-1597411933 None] Fetching qemu-img info with special backing_file_template: (/opt/stack/data/cinder/mnt/[0-9a-f]+/)?(volume-6b9cb3f9-cbe1-4dbb-bc5a-1f1e0eb2d677(.(tmp-snap-)?[0-9a-f-]+)?|volume_from_snapshot_cache/(tmp-snap-)?[0-9a-f-]+(.(child-|parent-)[0-9a-f-]+)?)$ {{(pid=84165) _qemu_img_info_base /opt/stack/cinder/cinder/volume/drivers/remotefs.py:896}}
Apr 29 10:20:21 devstack cinder-volume[84165]: DEBUG oslo.privsep.daemon [-] privsep: reply[df232070-b592-4a70-b966-a53ce18bfe91]: (4, 'qcow2') {{(pid=84703) _call_back /opt/stack/data/venv/lib/python3.12/site-packages/oslo_privsep/daemon.py:573}}
Apr 29 10:20:21 devstack cinder-volume[84165]: DEBUG oslo_concurrency.processutils [None req-a1d81664-6bec-4eac-bc05-944e131d14c2 tempest-GroupSnapshotsTest-1597411933 None] Running cmd (subprocess): /opt/stack/data/venv/bin/python3.12 -m oslo_concurrency.prlimit --as=1073741824 --cpu=60 -- sudo cinder-rootwrap /etc/cinder/rootwrap.conf env LC_ALL=C qemu-img info -f qcow2 --output=json --force-share /opt/stack/data/cinder/mnt/1466009c3f7240f7b4c7eb50695c4438/volume-6b9cb3f9-cbe1-4dbb-bc5a-1f1e0eb2d677 {{(pid=84165) execute /opt/stack/data/venv/lib/python3.12/site-packages/oslo_concurrency/processutils.py:440}}
Apr 29 10:20:21 devstack sudo[94192]: quobyte : PWD=/ ; USER=root ; COMMAND=/opt/stack/data/venv/bin/cinder-rootwrap /etc/cinder/rootwrap.conf env LC_ALL=C qemu-img info -f qcow2 --output=json --force-share /opt/stack/data/cinder/mnt/1466009c3f7240f7b4c7eb50695c4438/volume-6b9cb3f9-cbe1-4dbb-bc5a-1f1e0eb2d677
Apr 29 10:20:21 devstack sudo[94192]: pam_unix(sudo:session): session opened for user root(uid=0) by (uid=1000)
Apr 29 10:20:22 devstack sudo[94186]: pam_unix(sudo:session): session closed for user root
Apr 29 10:20:22 devstack cinder-volume[84165]: DEBUG oslo_concurrency.processutils [None req-0d75e87b-5a00-45c8-beb1-171fb7013efb tempest-ServerStableDeviceRescueTest-1589463356 None] CMD "sudo cinder-rootwrap /etc/cinder/rootwrap.conf rm -f /opt/stack/data/cinder/mnt/1466009c3f7240f7b4c7eb50695c4438/volume-c91f0525-cb32-4702-9029-2ccbf612af92" returned: 0 in 0.976s {{(pid=84165) execute /opt/stack/data/venv/lib/python3.12/site-packages/oslo_concurrency/processutils.py:468}}
Apr 29 10:20:22 devstack cinder-volume[84165]: DEBUG cinder.coordination [None req-0d75e87b-5a00-45c8-beb1-171fb7013efb tempest-ServerStableDeviceRescueTest-1589463356 None] Lock "cinder-quobyte-c91f0525-cb32-4702-9029-2ccbf612af92" released by "delete_volume" :: held 2.424s {{(pid=84165) __release /opt/stack/cinder/cinder/coordination.py:152}}
Apr 29 10:20:22 devstack cinder-volume[84165]: DEBUG cinder.quota [None req-0d75e87b-5a00-45c8-beb1-171fb7013efb tempest-ServerStableDeviceRescueTest-1589463356 None] Created reservations ['ec3084d6-6911-45b6-9100-a226f3fcc7bc', '75a89a00-8c56-43e4-b2c3-b9a4e31290fc', '472b8f62-a513-4de1-a3cd-347389744379', '12fc599e-34e9-4f73-92ec-f25e67350233'] {{(pid=84165) reserve /opt/stack/cinder/cinder/quota.py:752}}
Apr 29 10:20:22 devstack cinder-volume[84165]: DEBUG oslo_concurrency.lockutils [None req-0d75e87b-5a00-45c8-beb1-171fb7013efb tempest-ServerStableDeviceRescueTest-1589463356 None] Acquiring lock "quobyte_ensure" by "cinder.volume.drivers.quobyte.QuobyteDriver._ensure_shares_mounted" {{(pid=84165) inner /opt/stack/data/venv/lib/python3.12/site-packages/oslo_concurrency/lockutils.py:506}}
Apr 29 10:20:22 devstack cinder-volume[84165]: DEBUG oslo_concurrency.lockutils [None req-0d75e87b-5a00-45c8-beb1-171fb7013efb tempest-ServerStableDeviceRescueTest-1589463356 None] Lock "quobyte_ensure" acquired by "cinder.volume.drivers.quobyte.QuobyteDriver._ensure_shares_mounted" :: waited 0.003s {{(pid=84165) inner /opt/stack/data/venv/lib/python3.12/site-packages/oslo_concurrency/lockutils.py:519}}
Apr 29 10:20:22 devstack cinder-volume[84165]: DEBUG cinder.volume.drivers.quobyte [None req-0d75e87b-5a00-45c8-beb1-171fb7013efb tempest-ServerStableDeviceRescueTest-1589463356 None] Quobyte Volume URL set to: {'osci02.corp.quobyte.com/cinder-vol-a6a3e9cc-6021-4c9c-a1b7-67ec2736190c': None} {{(pid=84165) _load_shares_config /opt/stack/cinder/cinder/volume/drivers/quobyte.py:617}}
Apr 29 10:20:22 devstack cinder-volume[84165]: DEBUG cinder.volume.drivers.quobyte [None req-0d75e87b-5a00-45c8-beb1-171fb7013efb tempest-ServerStableDeviceRescueTest-1589463356 None] Available shares ['osci02.corp.quobyte.com/cinder-vol-a6a3e9cc-6021-4c9c-a1b7-67ec2736190c'] {{(pid=84165) _ensure_shares_mounted /opt/stack/cinder/cinder/volume/drivers/quobyte.py:647}}
Apr 29 10:20:22 devstack cinder-volume[84165]: DEBUG oslo_concurrency.lockutils [None req-0d75e87b-5a00-45c8-beb1-171fb7013efb tempest-ServerStableDeviceRescueTest-1589463356 None] Lock "quobyte_ensure" "released" by "cinder.volume.drivers.quobyte.QuobyteDriver._ensure_shares_mounted" :: held 0.032s {{(pid=84165) inner /opt/stack/data/venv/lib/python3.12/site-packages/oslo_concurrency/lockutils.py:538}}
Apr 29 10:20:22 devstack cinder-volume[84165]: DEBUG oslo_concurrency.processutils [None req-0d75e87b-5a00-45c8-beb1-171fb7013efb tempest-ServerStableDeviceRescueTest-1589463356 None] Running cmd (subprocess): sudo cinder-rootwrap /etc/cinder/rootwrap.conf df --portability --block-size 1 /opt/stack/data/cinder/mnt/1466009c3f7240f7b4c7eb50695c4438 {{(pid=84165) execute /opt/stack/data/venv/lib/python3.12/site-packages/oslo_concurrency/processutils.py:440}}
Apr 29 10:20:22 devstack sudo[94196]: quobyte : PWD=/ ; USER=root ; COMMAND=/opt/stack/data/venv/bin/cinder-rootwrap /etc/cinder/rootwrap.conf df --portability --block-size 1 /opt/stack/data/cinder/mnt/1466009c3f7240f7b4c7eb50695c4438
Apr 29 10:20:22 devstack sudo[94196]: pam_unix(sudo:session): session opened for user root(uid=0) by (uid=1000)
Apr 29 10:20:22 devstack sudo[94192]: pam_unix(sudo:session): session closed for user root
Apr 29 10:20:22 devstack cinder-volume[84165]: DEBUG oslo_concurrency.processutils [None req-a1d81664-6bec-4eac-bc05-944e131d14c2 tempest-GroupSnapshotsTest-1597411933 None] CMD "/opt/stack/data/venv/bin/python3.12 -m oslo_concurrency.prlimit --as=1073741824 --cpu=60 -- sudo cinder-rootwrap /etc/cinder/rootwrap.conf env LC_ALL=C qemu-img info -f qcow2 --output=json --force-share /opt/stack/data/cinder/mnt/1466009c3f7240f7b4c7eb50695c4438/volume-6b9cb3f9-cbe1-4dbb-bc5a-1f1e0eb2d677" returned: 0 in 1.476s {{(pid=84165) execute /opt/stack/data/venv/lib/python3.12/site-packages/oslo_concurrency/processutils.py:468}}
Apr 29 10:20:22 devstack cinder-volume[84165]: DEBUG oslo_concurrency.processutils [None req-a1d81664-6bec-4eac-bc05-944e131d14c2 tempest-GroupSnapshotsTest-1597411933 None] Running cmd (subprocess): sudo cinder-rootwrap /etc/cinder/rootwrap.conf qemu-img commit -d /opt/stack/data/cinder/mnt/1466009c3f7240f7b4c7eb50695c4438/volume-6b9cb3f9-cbe1-4dbb-bc5a-1f1e0eb2d677.1d3b5a03-841a-4909-92f4-8803d157876c {{(pid=84165) execute /opt/stack/data/venv/lib/python3.12/site-packages/oslo_concurrency/processutils.py:440}}
Apr 29 10:20:23 devstack sudo[94202]: quobyte : PWD=/ ; USER=root ; COMMAND=/opt/stack/data/venv/bin/cinder-rootwrap /etc/cinder/rootwrap.conf qemu-img commit -d /opt/stack/data/cinder/mnt/1466009c3f7240f7b4c7eb50695c4438/volume-6b9cb3f9-cbe1-4dbb-bc5a-1f1e0eb2d677.1d3b5a03-841a-4909-92f4-8803d157876c
Apr 29 10:20:23 devstack sudo[94202]: pam_unix(sudo:session): session opened for user root(uid=0) by (uid=1000)
Apr 29 10:20:23 devstack sudo[94196]: pam_unix(sudo:session): session closed for user root
Apr 29 10:20:23 devstack cinder-volume[84165]: DEBUG oslo_concurrency.processutils [None req-0d75e87b-5a00-45c8-beb1-171fb7013efb tempest-ServerStableDeviceRescueTest-1589463356 None] CMD "sudo cinder-rootwrap /etc/cinder/rootwrap.conf df --portability --block-size 1 /opt/stack/data/cinder/mnt/1466009c3f7240f7b4c7eb50695c4438" returned: 0 in 1.012s {{(pid=84165) execute /opt/stack/data/venv/lib/python3.12/site-packages/oslo_concurrency/processutils.py:468}}
Apr 29 10:20:23 devstack cinder-volume[84165]: DEBUG cinder.manager [None req-0d75e87b-5a00-45c8-beb1-171fb7013efb tempest-ServerStableDeviceRescueTest-1589463356 None] Notifying Schedulers of capabilities ... {{(pid=84165) _publish_service_capabilities /opt/stack/cinder/cinder/manager.py:202}}
Apr 29 10:20:23 devstack cinder-volume[84165]: INFO cinder.volume.manager [None req-0d75e87b-5a00-45c8-beb1-171fb7013efb tempest-ServerStableDeviceRescueTest-1589463356 None] Deleted volume successfully.
Apr 29 10:20:23 devstack cinder-volume[84165]: DEBUG cinder.coordination [None req-0d75e87b-5a00-45c8-beb1-171fb7013efb tempest-ServerStableDeviceRescueTest-1589463356 None] Lock "cinder-c91f0525-cb32-4702-9029-2ccbf612af92-delete_volume" released by "delete_volume" :: held 3.882s {{(pid=84165) __release /opt/stack/cinder/cinder/coordination.py:152}}
Apr 29 10:20:24 devstack sudo[94202]: pam_unix(sudo:session): session closed for user root
Apr 29 10:20:24 devstack cinder-volume[84165]: DEBUG oslo_concurrency.processutils [None req-a1d81664-6bec-4eac-bc05-944e131d14c2 tempest-GroupSnapshotsTest-1597411933 None] CMD "sudo cinder-rootwrap /etc/cinder/rootwrap.conf qemu-img commit -d /opt/stack/data/cinder/mnt/1466009c3f7240f7b4c7eb50695c4438/volume-6b9cb3f9-cbe1-4dbb-bc5a-1f1e0eb2d677.1d3b5a03-841a-4909-92f4-8803d157876c" returned: 0 in 1.437s {{(pid=84165) execute /opt/stack/data/venv/lib/python3.12/site-packages/oslo_concurrency/processutils.py:468}}
Apr 29 10:20:24 devstack cinder-volume[84165]: DEBUG oslo_concurrency.processutils [None req-a1d81664-6bec-4eac-bc05-944e131d14c2 tempest-GroupSnapshotsTest-1597411933 None] Running cmd (subprocess): sudo cinder-rootwrap /etc/cinder/rootwrap.conf rm -f /opt/stack/data/cinder/mnt/1466009c3f7240f7b4c7eb50695c4438/volume-6b9cb3f9-cbe1-4dbb-bc5a-1f1e0eb2d677.1d3b5a03-841a-4909-92f4-8803d157876c {{(pid=84165) execute /opt/stack/data/venv/lib/python3.12/site-packages/oslo_concurrency/processutils.py:440}}
Apr 29 10:20:24 devstack sudo[94217]: quobyte : PWD=/ ; USER=root ; COMMAND=/opt/stack/data/venv/bin/cinder-rootwrap /etc/cinder/rootwrap.conf rm -f /opt/stack/data/cinder/mnt/1466009c3f7240f7b4c7eb50695c4438/volume-6b9cb3f9-cbe1-4dbb-bc5a-1f1e0eb2d677.1d3b5a03-841a-4909-92f4-8803d157876c
Apr 29 10:20:24 devstack sudo[94217]: pam_unix(sudo:session): session opened for user root(uid=0) by (uid=1000)
Apr 29 10:20:25 devstack sudo[94217]: pam_unix(sudo:session): session closed for user root
Apr 29 10:20:25 devstack cinder-volume[84165]: DEBUG oslo_concurrency.processutils [None req-a1d81664-6bec-4eac-bc05-944e131d14c2 tempest-GroupSnapshotsTest-1597411933 None] CMD "sudo cinder-rootwrap /etc/cinder/rootwrap.conf rm -f /opt/stack/data/cinder/mnt/1466009c3f7240f7b4c7eb50695c4438/volume-6b9cb3f9-cbe1-4dbb-bc5a-1f1e0eb2d677.1d3b5a03-841a-4909-92f4-8803d157876c" returned: 0 in 1.449s {{(pid=84165) execute /opt/stack/data/venv/lib/python3.12/site-packages/oslo_concurrency/processutils.py:468}}
Apr 29 10:20:26 devstack cinder-volume[84165]: DEBUG cinder.coordination [None req-a1d81664-6bec-4eac-bc05-944e131d14c2 tempest-GroupSnapshotsTest-1597411933 None] Lock "cinder-quobyte-1d3b5a03-841a-4909-92f4-8803d157876c" released by "_delete_snapshot" :: held 5.861s {{(pid=84165) __release /opt/stack/cinder/cinder/coordination.py:152}}
Apr 29 10:20:26 devstack cinder-volume[84165]: DEBUG cinder.coordination [None req-a1d81664-6bec-4eac-bc05-944e131d14c2 tempest-GroupSnapshotsTest-1597411933 None] Lock "cinder-quobyte-6b9cb3f9-cbe1-4dbb-bc5a-1f1e0eb2d677" released by "delete_snapshot" :: held 5.899s {{(pid=84165) __release /opt/stack/cinder/cinder/coordination.py:152}}
Apr 29 10:20:26 devstack cinder-volume[84165]: DEBUG cinder.coordination [None req-a1d81664-6bec-4eac-bc05-944e131d14c2 tempest-GroupSnapshotsTest-1597411933 None] Acquiring lock "cinder-quobyte-ec381846-c2a7-4a12-9d9f-0c9f1052d582" by "delete_snapshot" {{(pid=84165) __acquire /opt/stack/cinder/cinder/coordination.py:138}}
Apr 29 10:20:26 devstack cinder-volume[84165]: DEBUG cinder.coordination [None req-a1d81664-6bec-4eac-bc05-944e131d14c2 tempest-GroupSnapshotsTest-1597411933 None] Lock "cinder-quobyte-ec381846-c2a7-4a12-9d9f-0c9f1052d582" acquired by "delete_snapshot" :: waited 0.038s {{(pid=84165) __acquire /opt/stack/cinder/cinder/coordination.py:141}}
Apr 29 10:20:26 devstack cinder-volume[84165]: DEBUG cinder.coordination [None req-a1d81664-6bec-4eac-bc05-944e131d14c2 tempest-GroupSnapshotsTest-1597411933 None] Acquiring lock "cinder-quobyte-60d81f5f-84f0-420c-aa76-50301dfbd1bc" by "_delete_snapshot" {{(pid=84165) __acquire /opt/stack/cinder/cinder/coordination.py:138}}
Apr 29 10:20:26 devstack cinder-volume[84165]: DEBUG cinder.coordination [None req-a1d81664-6bec-4eac-bc05-944e131d14c2 tempest-GroupSnapshotsTest-1597411933 None] Lock "cinder-quobyte-60d81f5f-84f0-420c-aa76-50301dfbd1bc" acquired by "_delete_snapshot" :: waited 0.045s {{(pid=84165) __acquire /opt/stack/cinder/cinder/coordination.py:141}}
Apr 29 10:20:26 devstack cinder-volume[84165]: DEBUG cinder.volume.drivers.remotefs [None req-a1d81664-6bec-4eac-bc05-944e131d14c2 tempest-GroupSnapshotsTest-1597411933 None] Deleting offline snapshot 60d81f5f-84f0-420c-aa76-50301dfbd1bc of volume ec381846-c2a7-4a12-9d9f-0c9f1052d582 {{(pid=84165) _delete_snapshot /opt/stack/cinder/cinder/volume/drivers/remotefs.py:1288}}
Apr 29 10:20:26 devstack cinder-volume[84165]: DEBUG cinder.volume.drivers.remotefs [None req-a1d81664-6bec-4eac-bc05-944e131d14c2 tempest-GroupSnapshotsTest-1597411933 None] snapshot_file for this snap is: volume-ec381846-c2a7-4a12-9d9f-0c9f1052d582.60d81f5f-84f0-420c-aa76-50301dfbd1bc {{(pid=84165) _delete_snapshot /opt/stack/cinder/cinder/volume/drivers/remotefs.py:1317}}
Apr 29 10:20:26 devstack cinder-volume[84165]: DEBUG oslo.privsep.daemon [-] privsep: reply[c8432f69-2919-4a33-8681-0cb6a3061592]: (4, 'qcow2') {{(pid=84703) _call_back /opt/stack/data/venv/lib/python3.12/site-packages/oslo_privsep/daemon.py:573}}
Apr 29 10:20:26 devstack cinder-volume[84165]: DEBUG oslo_concurrency.processutils [None req-a1d81664-6bec-4eac-bc05-944e131d14c2 tempest-GroupSnapshotsTest-1597411933 None] Running cmd (subprocess): /opt/stack/data/venv/bin/python3.12 -m oslo_concurrency.prlimit --as=1073741824 --cpu=60 -- sudo cinder-rootwrap /etc/cinder/rootwrap.conf env LC_ALL=C qemu-img info -f qcow2 --output=json --force-share /opt/stack/data/cinder/mnt/1466009c3f7240f7b4c7eb50695c4438/volume-ec381846-c2a7-4a12-9d9f-0c9f1052d582.60d81f5f-84f0-420c-aa76-50301dfbd1bc {{(pid=84165) execute /opt/stack/data/venv/lib/python3.12/site-packages/oslo_concurrency/processutils.py:440}}
Apr 29 10:20:26 devstack sudo[94300]: quobyte : PWD=/ ; USER=root ; COMMAND=/opt/stack/data/venv/bin/cinder-rootwrap /etc/cinder/rootwrap.conf env LC_ALL=C qemu-img info -f qcow2 --output=json --force-share /opt/stack/data/cinder/mnt/1466009c3f7240f7b4c7eb50695c4438/volume-ec381846-c2a7-4a12-9d9f-0c9f1052d582.60d81f5f-84f0-420c-aa76-50301dfbd1bc
Apr 29 10:20:26 devstack sudo[94300]: pam_unix(sudo:session): session opened for user root(uid=0) by (uid=1000)
Apr 29 10:20:27 devstack sudo[94300]: pam_unix(sudo:session): session closed for user root
