Jul 29 15:56:37 devstack devstack@g-api.service[78193]: DEBUG glance.common.config [None req-1800bb24-3b33-4936-8645-86b45d86042e None None] barbican_service_user.timeout = None {{(pid=78193) log_opt_values /opt/stack/data/venv/lib/python3.12/site-packages/oslo_config/cfg.py:3253}}
Jul 29 15:56:37 devstack devstack@g-api.service[78193]: DEBUG glance.common.config [None req-1800bb24-3b33-4936-8645-86b45d86042e None None] database.asyncio_connection = **** {{(pid=78193) log_opt_values /opt/stack/data/venv/lib/python3.12/site-packages/oslo_config/cfg.py:3253}}
Jul 29 15:56:37 devstack devstack@g-api.service[78193]: DEBUG glance.common.config [None req-1800bb24-3b33-4936-8645-86b45d86042e None None] database.asyncio_slave_connection = **** {{(pid=78193) log_opt_values /opt/stack/data/venv/lib/python3.12/site-packages/oslo_config/cfg.py:3253}}
Jul 29 15:56:37 devstack devstack@g-api.service[78193]: DEBUG glance.common.config [None req-1800bb24-3b33-4936-8645-86b45d86042e None None] database.backend = sqlalchemy {{(pid=78193) log_opt_values /opt/stack/data/venv/lib/python3.12/site-packages/oslo_config/cfg.py:3253}}
Jul 29 15:56:37 devstack devstack@g-api.service[78193]: DEBUG glance.common.config [None req-1800bb24-3b33-4936-8645-86b45d86042e None None] database.connection = **** {{(pid=78193) log_opt_values /opt/stack/data/venv/lib/python3.12/site-packages/oslo_config/cfg.py:3253}}
Jul 29 15:56:37 devstack devstack@g-api.service[78193]: DEBUG glance.common.config [None req-1800bb24-3b33-4936-8645-86b45d86042e None None] database.connection_debug = 0 {{(pid=78193) log_opt_values /opt/stack/data/venv/lib/python3.12/site-packages/oslo_config/cfg.py:3253}}
Jul 29 15:56:37 devstack devstack@g-api.service[78193]: DEBUG glance.common.config [None req-1800bb24-3b33-4936-8645-86b45d86042e None None] database.connection_parameters = {{(pid=78193) log_opt_values /opt/stack/data/venv/lib/python3.12/site-packages/oslo_config/cfg.py:3253}}
Jul 29 15:56:37 devstack devstack@g-api.service[78193]: DEBUG glance.common.config [None req-1800bb24-3b33-4936-8645-86b45d86042e None None] database.connection_recycle_time = 3600 {{(pid=78193) log_opt_values /opt/stack/data/venv/lib/python3.12/site-packages/oslo_config/cfg.py:3253}}
Jul 29 15:56:37 devstack devstack@g-api.service[78193]: DEBUG glance.common.config [None req-1800bb24-3b33-4936-8645-86b45d86042e None None] database.connection_trace = False {{(pid=78193) log_opt_values /opt/stack/data/venv/lib/python3.12/site-packages/oslo_config/cfg.py:3253}}
Jul 29 15:56:37 devstack devstack@g-api.service[78193]: DEBUG glance.common.config [None req-1800bb24-3b33-4936-8645-86b45d86042e None None] database.db_inc_retry_interval = True {{(pid=78193) log_opt_values /opt/stack/data/venv/lib/python3.12/site-packages/oslo_config/cfg.py:3253}}
Jul 29 15:56:37 devstack devstack@g-api.service[78193]: DEBUG glance.common.config [None req-1800bb24-3b33-4936-8645-86b45d86042e None None] database.db_max_retries = 20 {{(pid=78193) log_opt_values /opt/stack/data/venv/lib/python3.12/site-packages/oslo_config/cfg.py:3253}}
Jul 29 15:56:37 devstack devstack@g-api.service[78193]: DEBUG glance.common.config [None req-1800bb24-3b33-4936-8645-86b45d86042e None None] database.db_max_retry_interval = 10 {{(pid=78193) log_opt_values /opt/stack/data/venv/lib/python3.12/site-packages/oslo_config/cfg.py:3253}}
Jul 29 15:56:37 devstack devstack@g-api.service[78193]: DEBUG glance.common.config [None req-1800bb24-3b33-4936-8645-86b45d86042e None None] database.db_retry_interval = 1 {{(pid=78193) log_opt_values /opt/stack/data/venv/lib/python3.12/site-packages/oslo_config/cfg.py:3253}}
Jul 29 15:56:37 devstack devstack@g-api.service[78193]: DEBUG glance.common.config [None req-1800bb24-3b33-4936-8645-86b45d86042e None None] database.max_overflow = 50 {{(pid=78193) log_opt_values /opt/stack/data/venv/lib/python3.12/site-packages/oslo_config/cfg.py:3253}}
Jul 29 15:56:37 devstack devstack@g-api.service[78193]: DEBUG glance.common.config [None req-1800bb24-3b33-4936-8645-86b45d86042e None None] database.max_pool_size = 5 {{(pid=78193) log_opt_values /opt/stack/data/venv/lib/python3.12/site-packages/oslo_config/cfg.py:3253}}
Jul 29 15:56:37 devstack devstack@g-api.service[78193]: DEBUG glance.common.config [None req-1800bb24-3b33-4936-8645-86b45d86042e None None] database.max_retries = 10 {{(pid=78193) log_opt_values /opt/stack/data/venv/lib/python3.12/site-packages/oslo_config/cfg.py:3253}}
Jul 29 15:56:37 devstack devstack@g-api.service[78193]: DEBUG glance.common.config [None req-1800bb24-3b33-4936-8645-86b45d86042e None None] database.mysql_sql_mode = TRADITIONAL {{(pid=78193) log_opt_values /opt/stack/data/venv/lib/python3.12/site-packages/oslo_config/cfg.py:3253}}
Jul 29 15:56:37 devstack devstack@g-api.service[78193]: DEBUG glance.common.config [None req-1800bb24-3b33-4936-8645-86b45d86042e None None] database.mysql_wsrep_sync_wait = None {{(pid=78193) log_opt_values /opt/stack/data/venv/lib/python3.12/site-packages/oslo_config/cfg.py:3253}}
Jul 29 15:56:37 devstack devstack@g-api.service[78193]: DEBUG glance.common.config [None req-1800bb24-3b33-4936-8645-86b45d86042e None None] database.pool_timeout = None {{(pid=78193) log_opt_values /opt/stack/data/venv/lib/python3.12/site-packages/oslo_config/cfg.py:3253}}
Jul 29 15:56:37 devstack devstack@g-api.service[78193]: DEBUG glance.common.config [None req-1800bb24-3b33-4936-8645-86b45d86042e None None] database.retry_interval = 10 {{(pid=78193) log_opt_values /opt/stack/data/venv/lib/python3.12/site-packages/oslo_config/cfg.py:3253}}
Jul 29 15:56:37 devstack devstack@g-api.service[78193]: DEBUG glance.common.config [None req-1800bb24-3b33-4936-8645-86b45d86042e None None] database.slave_connection = **** {{(pid=78193) log_opt_values /opt/stack/data/venv/lib/python3.12/site-packages/oslo_config/cfg.py:3253}}
Jul 29 15:56:37 devstack devstack@g-api.service[78193]: DEBUG glance.common.config [None req-1800bb24-3b33-4936-8645-86b45d86042e None None] database.sqlite_synchronous = True {{(pid=78193) log_opt_values /opt/stack/data/venv/lib/python3.12/site-packages/oslo_config/cfg.py:3253}}
Jul 29 15:56:37 devstack devstack@g-api.service[78193]: DEBUG glance.common.config [None req-1800bb24-3b33-4936-8645-86b45d86042e None None] database.synchronous_reader = True {{(pid=78193) log_opt_values /opt/stack/data/venv/lib/python3.12/site-packages/oslo_config/cfg.py:3253}}
Jul 29 15:56:37 devstack devstack@g-api.service[78193]: DEBUG glance.common.config [None req-1800bb24-3b33-4936-8645-86b45d86042e None None] database.use_db_reconnect = False {{(pid=78193) log_opt_values /opt/stack/data/venv/lib/python3.12/site-packages/oslo_config/cfg.py:3253}}
Jul 29 15:56:37 devstack devstack@g-api.service[78193]: DEBUG glance.common.config [None req-1800bb24-3b33-4936-8645-86b45d86042e None None] healthcheck.allowed_source_ranges = [] {{(pid=78193) log_opt_values /opt/stack/data/venv/lib/python3.12/site-packages/oslo_config/cfg.py:3253}}
Jul 29 15:56:37 devstack devstack@g-api.service[78193]: DEBUG glance.common.config [None req-1800bb24-3b33-4936-8645-86b45d86042e None None] healthcheck.backends = ['disable_by_file'] {{(pid=78193) log_opt_values /opt/stack/data/venv/lib/python3.12/site-packages/oslo_config/cfg.py:3253}}
Jul 29 15:56:37 devstack devstack@g-api.service[78193]: DEBUG glance.common.config [None req-1800bb24-3b33-4936-8645-86b45d86042e None None] healthcheck.detailed = False {{(pid=78193) log_opt_values /opt/stack/data/venv/lib/python3.12/site-packages/oslo_config/cfg.py:3253}}
Jul 29 15:56:37 devstack devstack@g-api.service[78193]: DEBUG glance.common.config [None req-1800bb24-3b33-4936-8645-86b45d86042e None None] healthcheck.disable_by_file_path = None {{(pid=78193) log_opt_values /opt/stack/data/venv/lib/python3.12/site-packages/oslo_config/cfg.py:3253}}
Jul 29 15:56:37 devstack devstack@g-api.service[78193]: DEBUG glance.common.config [None req-1800bb24-3b33-4936-8645-86b45d86042e None None] healthcheck.ignore_proxied_requests = False {{(pid=78193) log_opt_values /opt/stack/data/venv/lib/python3.12/site-packages/oslo_config/cfg.py:3253}}
Jul 29 15:56:37 devstack devstack@g-api.service[78193]: DEBUG glance.common.config [None req-1800bb24-3b33-4936-8645-86b45d86042e None None] ******************************************************************************** {{(pid=78193) log_opt_values /opt/stack/data/venv/lib/python3.12/site-packages/oslo_config/cfg.py:3260}}
Jul 29 15:56:37 devstack devstack@g-api.service[78193]: WSGI app 0 (mountpoint='') ready in 5 seconds on interpreter 0x7eef53aa4668 pid: 78193 (default app)
Jul 29 15:56:41 devstack devstack@g-api.service[78194]: DEBUG glance.api.middleware.version_negotiation [None req-48e96eca-c894-4276-add9-ed25e4537633 None None] Determining version of request: GET / Accept: application/json {{(pid=78194) process_request /opt/stack/glance/glance/api/middleware/version_negotiation.py:44}}
Jul 29 15:56:41 devstack devstack@g-api.service[78194]: DEBUG glance.api.middleware.version_negotiation [None req-48e96eca-c894-4276-add9-ed25e4537633 None None] Using url versioning {{(pid=78194) process_request /opt/stack/glance/glance/api/middleware/version_negotiation.py:57}}
Jul 29 15:56:41 devstack devstack@g-api.service[78194]: DEBUG glance.api.middleware.version_negotiation [None req-48e96eca-c894-4276-add9-ed25e4537633 None None] Unknown version. Returning version choices. {{(pid=78194) process_request /opt/stack/glance/glance/api/middleware/version_negotiation.py:64}}
Jul 29 15:56:41 devstack devstack@g-api.service[78194]: [pid: 78194|app: 0|req: 2/2] 127.0.0.1 () {34 vars in 519 bytes} [Wed Jul 29 15:56:41 2026] GET / => generated 1571 bytes in 2 msecs (HTTP/1.1 300) 3 headers in 106 bytes (1 switches on core 0)
Jul 29 15:56:41 devstack devstack@g-api.service[78193]: DEBUG glance.api.middleware.version_negotiation [None req-1800bb24-3b33-4936-8645-86b45d86042e None None] Determining version of request: POST /v2/images Accept: */* {{(pid=78193) process_request /opt/stack/glance/glance/api/middleware/version_negotiation.py:44}}
Jul 29 15:56:41 devstack devstack@g-api.service[78193]: DEBUG glance.api.middleware.version_negotiation [None req-1800bb24-3b33-4936-8645-86b45d86042e None None] Using url versioning {{(pid=78193) process_request /opt/stack/glance/glance/api/middleware/version_negotiation.py:57}}
Jul 29 15:56:41 devstack devstack@g-api.service[78193]: DEBUG glance.api.middleware.version_negotiation [None req-1800bb24-3b33-4936-8645-86b45d86042e None None] Matched version: v2 {{(pid=78193) process_request /opt/stack/glance/glance/api/middleware/version_negotiation.py:69}}
Jul 29 15:56:41 devstack devstack@g-api.service[78193]: DEBUG glance.api.middleware.version_negotiation [None req-1800bb24-3b33-4936-8645-86b45d86042e None None] new path /v2/images {{(pid=78193) process_request /opt/stack/glance/glance/api/middleware/version_negotiation.py:70}}
Jul 29 15:56:42 devstack devstack@g-api.service[78193]: [pid: 78193|app: 0|req: 1/3] 127.0.0.1 () {40 vars in 782 bytes} [Wed Jul 29 15:56:41 2026] POST /v2/images => generated 807 bytes in 1220 msecs (HTTP/1.1 201) 6 headers in 314 bytes (1 switches on core 0)
Jul 29 15:56:42 devstack devstack@g-api.service[78194]: DEBUG glance.api.middleware.version_negotiation [None req-48e96eca-c894-4276-add9-ed25e4537633 None None] Determining version of request: PUT /v2/images/16778ff0-340b-4c4a-846b-47774617fa95/file Accept: {{(pid=78194) process_request /opt/stack/glance/glance/api/middleware/version_negotiation.py:44}}
Jul 29 15:56:42 devstack devstack@g-api.service[78194]: DEBUG glance.api.middleware.version_negotiation [None req-48e96eca-c894-4276-add9-ed25e4537633 None None] Using url versioning {{(pid=78194) process_request /opt/stack/glance/glance/api/middleware/version_negotiation.py:57}}
Jul 29 15:56:42 devstack devstack@g-api.service[78194]: DEBUG glance.api.middleware.version_negotiation [None req-48e96eca-c894-4276-add9-ed25e4537633 None None] Matched version: v2 {{(pid=78194) process_request /opt/stack/glance/glance/api/middleware/version_negotiation.py:69}}
Jul 29 15:56:42 devstack devstack@g-api.service[78194]: DEBUG glance.api.middleware.version_negotiation [None req-48e96eca-c894-4276-add9-ed25e4537633 None None] new path /v2/images/16778ff0-340b-4c4a-846b-47774617fa95/file {{(pid=78194) process_request /opt/stack/glance/glance/api/middleware/version_negotiation.py:70}}
Jul 29 15:56:43 devstack devstack@g-api.service[78194]: INFO glance.api.v2.image_data [None req-130cd765-9467-49e5-9d73-a6aa7e7fa4f2 admin admin] Unable to create trust: no such option collect_timing in group [keystone_authtoken] Use the existing user token.
Jul 29 15:56:44 devstack devstack@g-api.service[78194]: DEBUG glance.location [None req-130cd765-9467-49e5-9d73-a6aa7e7fa4f2 admin admin] Enabling in-flight format inspection for qcow2 {{(pid=78194) set_data /opt/stack/glance/glance/location.py:596}}
Jul 29 15:56:44 devstack devstack@g-api.service[78194]: DEBUG oslo_utils.imageutils.format_inspector [None req-130cd765-9467-49e5-9d73-a6aa7e7fa4f2 admin admin] Format inspector for vmdk does not match, excluding from consideration (Signature KDMV not found: b'QFI\xfb') {{(pid=78194) _process_chunk /opt/stack/data/venv/lib/python3.12/site-packages/oslo_utils/imageutils/format_inspector.py:1758}}
Jul 29 15:56:44 devstack devstack@g-api.service[78194]: DEBUG oslo_utils.imageutils.format_inspector [None req-130cd765-9467-49e5-9d73-a6aa7e7fa4f2 admin admin] Format inspector for vhdx does not match, excluding from consideration (Region signature not found at 30000) {{(pid=78194) _process_chunk /opt/stack/data/venv/lib/python3.12/site-packages/oslo_utils/imageutils/format_inspector.py:1758}}
Jul 29 15:56:44 devstack devstack@g-api.service[78194]: DEBUG glance_store._drivers.filesystem [None req-130cd765-9467-49e5-9d73-a6aa7e7fa4f2 admin admin] Wrote 21692416 bytes to /opt/stack/data/glance/images/16778ff0-340b-4c4a-846b-47774617fa95 with checksum 87617e24a5e30cb3b87fda8c0764838f and multihash 9a9bce0083a00939ec17c11febbfc767aa211aaa54f51e75c5a8b271a9b5637c77205a518b7a2007cb391d23cceb01e0e4e8d64832317151bc85b734b92a7be0 {{(pid=78194) add /opt/stack/data/venv/lib/python3.12/site-packages/glance_store/_drivers/filesystem.py:899}}
Jul 29 15:56:44 devstack devstack@g-api.service[78194]: INFO glance.location [None req-130cd765-9467-49e5-9d73-a6aa7e7fa4f2 admin admin] Image format matched and virtual size computed: 117440512
Jul 29 15:56:44 devstack devstack@g-api.service[78194]: DEBUG glance_store.backend [None req-130cd765-9467-49e5-9d73-a6aa7e7fa4f2 admin admin] Skipping store.set_acls... not implemented. {{(pid=78194) set_acls /opt/stack/data/venv/lib/python3.12/site-packages/glance_store/backend.py:507}}
Jul 29 15:56:44 devstack devstack@g-api.service[78194]: [pid: 78194|app: 0|req: 3/4] 127.0.0.1 () {40 vars in 875 bytes} [Wed Jul 29 15:56:42 2026] PUT /v2/images/16778ff0-340b-4c4a-846b-47774617fa95/file => generated 0 bytes in 1740 msecs (HTTP/1.1 204) 4 headers in 171 bytes (1 switches on core 0)
Jul 29 15:56:44 devstack devstack@g-api.service[78193]: DEBUG glance.api.middleware.version_negotiation [None req-f0fbeafb-1125-4ed7-8a05-dd423582876d admin admin] Determining version of request: GET /v2/images/16778ff0-340b-4c4a-846b-47774617fa95 Accept: */* {{(pid=78193) process_request /opt/stack/glance/glance/api/middleware/version_negotiation.py:44}}
Jul 29 15:56:44 devstack devstack@g-api.service[78193]: DEBUG glance.api.middleware.version_negotiation [None req-f0fbeafb-1125-4ed7-8a05-dd423582876d admin admin] Using url versioning {{(pid=78193) process_request /opt/stack/glance/glance/api/middleware/version_negotiation.py:57}}
Jul 29 15:56:44 devstack devstack@g-api.service[78193]: DEBUG glance.api.middleware.version_negotiation [None req-f0fbeafb-1125-4ed7-8a05-dd423582876d admin admin] Matched version: v2 {{(pid=78193) process_request /opt/stack/glance/glance/api/middleware/version_negotiation.py:69}}
Jul 29 15:56:44 devstack devstack@g-api.service[78193]: DEBUG glance.api.middleware.version_negotiation [None req-f0fbeafb-1125-4ed7-8a05-dd423582876d admin admin] new path /v2/images/16778ff0-340b-4c4a-846b-47774617fa95 {{(pid=78193) process_request /opt/stack/glance/glance/api/middleware/version_negotiation.py:70}}
Jul 29 15:56:44 devstack devstack@g-api.service[78193]: [pid: 78193|app: 0|req: 2/5] 127.0.0.1 () {36 vars in 802 bytes} [Wed Jul 29 15:56:44 2026] GET /v2/images/16778ff0-340b-4c4a-846b-47774617fa95 => generated 976 bytes in 21 msecs (HTTP/1.1 200) 4 headers in 157 bytes (1 switches on core 0)
Jul 29 15:56:54 devstack devstack@g-api.service[78194]: DEBUG dbcounter [-] [78194] Writing DB stats glance:INSERT=5,glance:SELECT=16,glance:UPDATE=2 {{(pid=78194) stat_writer /opt/stack/data/venv/lib/python3.12/site-packages/dbcounter.py:115}}
Jul 29 15:56:54 devstack devstack@g-api.service[78193]: DEBUG dbcounter [-] [78193] Writing DB stats glance:INSERT=9,glance:SELECT=6 {{(pid=78193) stat_writer /opt/stack/data/venv/lib/python3.12/site-packages/dbcounter.py:115}}
Jul 29 15:57:29 devstack devstack@g-api.service[78194]: DEBUG glance.api.middleware.version_negotiation [None req-130cd765-9467-49e5-9d73-a6aa7e7fa4f2 admin admin] Determining version of request: GET / Accept: application/json {{(pid=78194) process_request /opt/stack/glance/glance/api/middleware/version_negotiation.py:44}}
Jul 29 15:57:29 devstack devstack@g-api.service[78194]: DEBUG glance.api.middleware.version_negotiation [None req-130cd765-9467-49e5-9d73-a6aa7e7fa4f2 admin admin] Using url versioning {{(pid=78194) process_request /opt/stack/glance/glance/api/middleware/version_negotiation.py:57}}
Jul 29 15:57:29 devstack devstack@g-api.service[78194]: DEBUG glance.api.middleware.version_negotiation [None req-130cd765-9467-49e5-9d73-a6aa7e7fa4f2 admin admin] Unknown version. Returning version choices. {{(pid=78194) process_request /opt/stack/glance/glance/api/middleware/version_negotiation.py:64}}
Jul 29 15:57:29 devstack devstack@g-api.service[78194]: [pid: 78194|app: 0|req: 4/6] 127.0.0.1 () {34 vars in 519 bytes} [Wed Jul 29 15:57:29 2026] GET / => generated 1571 bytes in 4 msecs (HTTP/1.1 300) 3 headers in 106 bytes (1 switches on core 0)
Jul 29 15:57:29 devstack devstack@g-api.service[78193]: DEBUG glance.api.middleware.version_negotiation [None req-35270ed6-fbc9-4b98-9c6d-f002f3532834 admin admin] Determining version of request: GET /v2/images Accept: application/json {{(pid=78193) process_request /opt/stack/glance/glance/api/middleware/version_negotiation.py:44}}
Jul 29 15:57:29 devstack devstack@g-api.service[78193]: DEBUG glance.api.middleware.version_negotiation [None req-35270ed6-fbc9-4b98-9c6d-f002f3532834 admin admin] Using url versioning {{(pid=78193) process_request /opt/stack/glance/glance/api/middleware/version_negotiation.py:57}}
Jul 29 15:57:29 devstack devstack@g-api.service[78193]: DEBUG glance.api.middleware.version_negotiation [None req-35270ed6-fbc9-4b98-9c6d-f002f3532834 admin admin] Matched version: v2 {{(pid=78193) process_request /opt/stack/glance/glance/api/middleware/version_negotiation.py:69}}
Jul 29 15:57:29 devstack devstack@g-api.service[78193]: DEBUG glance.api.middleware.version_negotiation [None req-35270ed6-fbc9-4b98-9c6d-f002f3532834 admin admin] new path /v2/images {{(pid=78193) process_request /opt/stack/glance/glance/api/middleware/version_negotiation.py:70}}
Jul 29 15:57:29 devstack devstack@g-api.service[78193]: [pid: 78193|app: 0|req: 3/7] 127.0.0.1 () {36 vars in 741 bytes} [Wed Jul 29 15:57:29 2026] GET /v2/images => generated 1045 bytes in 100 msecs (HTTP/1.1 200) 4 headers in 158 bytes (1 switches on core 0)
Jul 29 15:57:39 devstack devstack@g-api.service[78193]: DEBUG dbcounter [-] [78193] Writing DB stats glance:SELECT=1 {{(pid=78193) stat_writer /opt/stack/data/venv/lib/python3.12/site-packages/dbcounter.py:115}}
Jul 29 15:57:39 devstack devstack@g-api.service[78194]: DEBUG glance.api.middleware.version_negotiation [None req-130cd765-9467-49e5-9d73-a6aa7e7fa4f2 admin admin] Determining version of request: GET / Accept: application/json {{(pid=78194) process_request /opt/stack/glance/glance/api/middleware/version_negotiation.py:44}}
Jul 29 15:57:39 devstack devstack@g-api.service[78194]: DEBUG glance.api.middleware.version_negotiation [None req-130cd765-9467-49e5-9d73-a6aa7e7fa4f2 admin admin] Using url versioning {{(pid=78194) process_request /opt/stack/glance/glance/api/middleware/version_negotiation.py:57}}
Jul 29 15:57:39 devstack devstack@g-api.service[78194]: DEBUG glance.api.middleware.version_negotiation [None req-130cd765-9467-49e5-9d73-a6aa7e7fa4f2 admin admin] Unknown version. Returning version choices. {{(pid=78194) process_request /opt/stack/glance/glance/api/middleware/version_negotiation.py:64}}
Jul 29 15:57:39 devstack devstack@g-api.service[78194]: [pid: 78194|app: 0|req: 5/8] 127.0.0.1 () {34 vars in 519 bytes} [Wed Jul 29 15:57:39 2026] GET / => generated 1571 bytes in 3 msecs (HTTP/1.1 300) 3 headers in 106 bytes (1 switches on core 0)
Jul 29 15:57:39 devstack devstack@g-api.service[78193]: DEBUG glance.api.middleware.version_negotiation [None req-d95d968d-cc98-4f45-8f47-30376f4d9718 admin admin] Determining version of request: GET /v2/images/16778ff0-340b-4c4a-846b-47774617fa95 Accept: */* {{(pid=78193) process_request /opt/stack/glance/glance/api/middleware/version_negotiation.py:44}}
Jul 29 15:57:39 devstack devstack@g-api.service[78193]: DEBUG glance.api.middleware.version_negotiation [None req-d95d968d-cc98-4f45-8f47-30376f4d9718 admin admin] Using url versioning {{(pid=78193) process_request /opt/stack/glance/glance/api/middleware/version_negotiation.py:57}}
Jul 29 15:57:39 devstack devstack@g-api.service[78193]: DEBUG glance.api.middleware.version_negotiation [None req-d95d968d-cc98-4f45-8f47-30376f4d9718 admin admin] Matched version: v2 {{(pid=78193) process_request /opt/stack/glance/glance/api/middleware/version_negotiation.py:69}}
Jul 29 15:57:39 devstack devstack@g-api.service[78193]: DEBUG glance.api.middleware.version_negotiation [None req-d95d968d-cc98-4f45-8f47-30376f4d9718 admin admin] new path /v2/images/16778ff0-340b-4c4a-846b-47774617fa95 {{(pid=78193) process_request /opt/stack/glance/glance/api/middleware/version_negotiation.py:70}}
Jul 29 15:57:39 devstack devstack@g-api.service[78193]: [pid: 78193|app: 0|req: 4/9] 127.0.0.1 () {36 vars in 802 bytes} [Wed Jul 29 15:57:39 2026] GET /v2/images/16778ff0-340b-4c4a-846b-47774617fa95 => generated 976 bytes in 76 msecs (HTTP/1.1 200) 4 headers in 157 bytes (1 switches on core 0)
Jul 29 15:57:46 devstack devstack@g-api.service[78194]: DEBUG glance.api.middleware.version_negotiation [None req-130cd765-9467-49e5-9d73-a6aa7e7fa4f2 admin admin] Determining version of request: GET / Accept: application/json {{(pid=78194) process_request /opt/stack/glance/glance/api/middleware/version_negotiation.py:44}}
Jul 29 15:57:46 devstack devstack@g-api.service[78194]: DEBUG glance.api.middleware.version_negotiation [None req-130cd765-9467-49e5-9d73-a6aa7e7fa4f2 admin admin] Using url versioning {{(pid=78194) process_request /opt/stack/glance/glance/api/middleware/version_negotiation.py:57}}
Jul 29 15:57:46 devstack devstack@g-api.service[78194]: DEBUG glance.api.middleware.version_negotiation [None req-130cd765-9467-49e5-9d73-a6aa7e7fa4f2 admin admin] Unknown version. Returning version choices. {{(pid=78194) process_request /opt/stack/glance/glance/api/middleware/version_negotiation.py:64}}
Jul 29 15:57:46 devstack devstack@g-api.service[78194]: [pid: 78194|app: 0|req: 6/10] 127.0.0.1 () {34 vars in 519 bytes} [Wed Jul 29 15:57:46 2026] GET / => generated 1571 bytes in 2 msecs (HTTP/1.1 300) 3 headers in 106 bytes (1 switches on core 0)
Jul 29 15:57:46 devstack devstack@g-api.service[78193]: DEBUG glance.api.middleware.version_negotiation [None req-b5e2ce1b-da08-4664-9c31-75f80ec4920c admin admin] Determining version of request: GET /v2/images/16778ff0-340b-4c4a-846b-47774617fa95 Accept: */* {{(pid=78193) process_request /opt/stack/glance/glance/api/middleware/version_negotiation.py:44}}
Jul 29 15:57:46 devstack devstack@g-api.service[78193]: DEBUG glance.api.middleware.version_negotiation [None req-b5e2ce1b-da08-4664-9c31-75f80ec4920c admin admin] Using url versioning {{(pid=78193) process_request /opt/stack/glance/glance/api/middleware/version_negotiation.py:57}}
Jul 29 15:57:46 devstack devstack@g-api.service[78193]: DEBUG glance.api.middleware.version_negotiation [None req-b5e2ce1b-da08-4664-9c31-75f80ec4920c admin admin] Matched version: v2 {{(pid=78193) process_request /opt/stack/glance/glance/api/middleware/version_negotiation.py:69}}
Jul 29 15:57:46 devstack devstack@g-api.service[78193]: DEBUG glance.api.middleware.version_negotiation [None req-b5e2ce1b-da08-4664-9c31-75f80ec4920c admin admin] new path /v2/images/16778ff0-340b-4c4a-846b-47774617fa95 {{(pid=78193) process_request /opt/stack/glance/glance/api/middleware/version_negotiation.py:70}}
Jul 29 15:57:46 devstack devstack@g-api.service[78193]: [pid: 78193|app: 0|req: 5/11] 127.0.0.1 () {36 vars in 802 bytes} [Wed Jul 29 15:57:46 2026] GET /v2/images/16778ff0-340b-4c4a-846b-47774617fa95 => generated 976 bytes in 70 msecs (HTTP/1.1 200) 4 headers in 157 bytes (1 switches on core 0)
Jul 29 15:57:56 devstack devstack@g-api.service[78193]: DEBUG dbcounter [-] [78193] Writing DB stats glance:SELECT=4 {{(pid=78193) stat_writer /opt/stack/data/venv/lib/python3.12/site-packages/dbcounter.py:115}}
Jul 29 15:59:04 devstack devstack@g-api.service[78194]: DEBUG glance.api.middleware.version_negotiation [None req-130cd765-9467-49e5-9d73-a6aa7e7fa4f2 admin admin] Determining version of request: GET / Accept: application/json {{(pid=78194) process_request /opt/stack/glance/glance/api/middleware/version_negotiation.py:44}}
Jul 29 15:59:04 devstack devstack@g-api.service[78194]: DEBUG glance.api.middleware.version_negotiation [None req-130cd765-9467-49e5-9d73-a6aa7e7fa4f2 admin admin] Using url versioning {{(pid=78194) process_request /opt/stack/glance/glance/api/middleware/version_negotiation.py:57}}
Jul 29 15:59:04 devstack devstack@g-api.service[78194]: DEBUG glance.api.middleware.version_negotiation [None req-130cd765-9467-49e5-9d73-a6aa7e7fa4f2 admin admin] Unknown version. Returning version choices. {{(pid=78194) process_request /opt/stack/glance/glance/api/middleware/version_negotiation.py:64}}
Jul 29 15:59:04 devstack devstack@g-api.service[78194]: [pid: 78194|app: 0|req: 7/12] 127.0.0.1 () {36 vars in 488 bytes} [Wed Jul 29 15:59:04 2026] GET / => generated 1571 bytes in 3 msecs (HTTP/1.1 300) 3 headers in 106 bytes (1 switches on core 0)
Jul 29 16:02:15 devstack devstack@g-api.service[78193]: DEBUG glance.api.middleware.version_negotiation [None req-524fcda5-5f00-45ca-821e-2947eb8ad873 admin admin] Determining version of request: GET / Accept: application/json {{(pid=78193) process_request /opt/stack/glance/glance/api/middleware/version_negotiation.py:44}}
Jul 29 16:02:15 devstack devstack@g-api.service[78193]: DEBUG glance.api.middleware.version_negotiation [None req-524fcda5-5f00-45ca-821e-2947eb8ad873 admin admin] Using url versioning {{(pid=78193) process_request /opt/stack/glance/glance/api/middleware/version_negotiation.py:57}}
Jul 29 16:02:15 devstack devstack@g-api.service[78193]: DEBUG glance.api.middleware.version_negotiation [None req-524fcda5-5f00-45ca-821e-2947eb8ad873 admin admin] Unknown version. Returning version choices. {{(pid=78193) process_request /opt/stack/glance/glance/api/middleware/version_negotiation.py:64}}
Jul 29 16:02:15 devstack devstack@g-api.service[78193]: [pid: 78193|app: 0|req: 6/13] 127.0.0.1 () {34 vars in 505 bytes} [Wed Jul 29 16:02:15 2026] GET / => generated 1571 bytes in 3 msecs (HTTP/1.1 300) 3 headers in 106 bytes (1 switches on core 0)
Jul 29 16:02:15 devstack devstack@g-api.service[78194]: DEBUG glance.api.middleware.version_negotiation [None req-130cd765-9467-49e5-9d73-a6aa7e7fa4f2 admin admin] Determining version of request: GET /v2/images/16778ff0-340b-4c4a-846b-47774617fa95 Accept: */* {{(pid=78194) process_request /opt/stack/glance/glance/api/middleware/version_negotiation.py:44}}
Jul 29 16:02:15 devstack devstack@g-api.service[78194]: DEBUG glance.api.middleware.version_negotiation [None req-130cd765-9467-49e5-9d73-a6aa7e7fa4f2 admin admin] Using url versioning {{(pid=78194) process_request /opt/stack/glance/glance/api/middleware/version_negotiation.py:57}}
Jul 29 16:02:15 devstack devstack@g-api.service[78194]: DEBUG glance.api.middleware.version_negotiation [None req-130cd765-9467-49e5-9d73-a6aa7e7fa4f2 admin admin] Matched version: v2 {{(pid=78194) process_request /opt/stack/glance/glance/api/middleware/version_negotiation.py:69}}
Jul 29 16:02:15 devstack devstack@g-api.service[78194]: DEBUG glance.api.middleware.version_negotiation [None req-130cd765-9467-49e5-9d73-a6aa7e7fa4f2 admin admin] new path /v2/images/16778ff0-340b-4c4a-846b-47774617fa95 {{(pid=78194) process_request /opt/stack/glance/glance/api/middleware/version_negotiation.py:70}}
Jul 29 16:02:16 devstack devstack@g-api.service[78194]: [pid: 78194|app: 0|req: 8/14] 127.0.0.1 () {42 vars in 1061 bytes} [Wed Jul 29 16:02:15 2026] GET /v2/images/16778ff0-340b-4c4a-846b-47774617fa95 => generated 976 bytes in 370 msecs (HTTP/1.1 200) 4 headers in 157 bytes (1 switches on core 0)
Jul 29 16:02:16 devstack devstack@g-api.service[78193]: DEBUG glance.api.middleware.version_negotiation [None req-524fcda5-5f00-45ca-821e-2947eb8ad873 admin admin] Determining version of request: GET /v2/schemas/image Accept: */* {{(pid=78193) process_request /opt/stack/glance/glance/api/middleware/version_negotiation.py:44}}
Jul 29 16:02:16 devstack devstack@g-api.service[78193]: DEBUG glance.api.middleware.version_negotiation [None req-524fcda5-5f00-45ca-821e-2947eb8ad873 admin admin] Using url versioning {{(pid=78193) process_request /opt/stack/glance/glance/api/middleware/version_negotiation.py:57}}
Jul 29 16:02:16 devstack devstack@g-api.service[78193]: DEBUG glance.api.middleware.version_negotiation [None req-524fcda5-5f00-45ca-821e-2947eb8ad873 admin admin] Matched version: v2 {{(pid=78193) process_request /opt/stack/glance/glance/api/middleware/version_negotiation.py:69}}
Jul 29 16:02:16 devstack devstack@g-api.service[78193]: DEBUG glance.api.middleware.version_negotiation [None req-524fcda5-5f00-45ca-821e-2947eb8ad873 admin admin] new path /v2/schemas/image {{(pid=78193) process_request /opt/stack/glance/glance/api/middleware/version_negotiation.py:70}}
Jul 29 16:02:16 devstack devstack@g-api.service[78193]: [pid: 78193|app: 0|req: 7/15] 127.0.0.1 () {42 vars in 1001 bytes} [Wed Jul 29 16:02:16 2026] GET /v2/schemas/image => generated 6083 bytes in 14 msecs (HTTP/1.1 200) 4 headers in 158 bytes (1 switches on core 0)
Jul 29 16:02:26 devstack devstack@g-api.service[78194]: DEBUG glance.api.middleware.version_negotiation [None req-27531100-a40f-469a-9fe6-18947bef7053 tempest-ServerActionsTestOtherA-375942156 tempest-ServerActionsTestOtherA-375942156-project-member] Determining version of request: GET /v2/images/16778ff0-340b-4c4a-846b-47774617fa95 Accept: */* {{(pid=78194) process_request /opt/stack/glance/glance/api/middleware/version_negotiation.py:44}}
Jul 29 16:02:26 devstack devstack@g-api.service[78194]: DEBUG glance.api.middleware.version_negotiation [None req-27531100-a40f-469a-9fe6-18947bef7053 tempest-ServerActionsTestOtherA-375942156 tempest-ServerActionsTestOtherA-375942156-project-member] Using url versioning {{(pid=78194) process_request /opt/stack/glance/glance/api/middleware/version_negotiation.py:57}}
Jul 29 16:02:26 devstack devstack@g-api.service[78194]: DEBUG glance.api.middleware.version_negotiation [None req-27531100-a40f-469a-9fe6-18947bef7053 tempest-ServerActionsTestOtherA-375942156 tempest-ServerActionsTestOtherA-375942156-project-member] Matched version: v2 {{(pid=78194) process_request /opt/stack/glance/glance/api/middleware/version_negotiation.py:69}}
Jul 29 16:02:26 devstack devstack@g-api.service[78194]: DEBUG glance.api.middleware.version_negotiation [None req-27531100-a40f-469a-9fe6-18947bef7053 tempest-ServerActionsTestOtherA-375942156 tempest-ServerActionsTestOtherA-375942156-project-member] new path /v2/images/16778ff0-340b-4c4a-846b-47774617fa95 {{(pid=78194) process_request /opt/stack/glance/glance/api/middleware/version_negotiation.py:70}}
Jul 29 16:02:26 devstack devstack@g-api.service[78194]: DEBUG dbcounter [-] [78194] Writing DB stats glance:SELECT=2 {{(pid=78194) stat_writer /opt/stack/data/venv/lib/python3.12/site-packages/dbcounter.py:115}}
Jul 29 16:02:26 devstack devstack@g-api.service[78194]: [pid: 78194|app: 0|req: 9/16] 127.0.0.1 () {42 vars in 1061 bytes} [Wed Jul 29 16:02:26 2026] GET /v2/images/16778ff0-340b-4c4a-846b-47774617fa95 => generated 976 bytes in 198 msecs (HTTP/1.1 200) 4 headers in 157 bytes (1 switches on core 0)
Jul 29 16:02:26 devstack devstack@g-api.service[78193]: DEBUG glance.api.middleware.version_negotiation [None req-27531100-a40f-469a-9fe6-18947bef7053 tempest-ServerActionsTestOtherA-375942156 tempest-ServerActionsTestOtherA-375942156-project-member] Determining version of request: GET /v2/images/16778ff0-340b-4c4a-846b-47774617fa95/file Accept: */* {{(pid=78193) process_request /opt/stack/glance/glance/api/middleware/version_negotiation.py:44}}
Jul 29 16:02:26 devstack devstack@g-api.service[78193]: DEBUG glance.api.middleware.version_negotiation [None req-27531100-a40f-469a-9fe6-18947bef7053 tempest-ServerActionsTestOtherA-375942156 tempest-ServerActionsTestOtherA-375942156-project-member] Using url versioning {{(pid=78193) process_request /opt/stack/glance/glance/api/middleware/version_negotiation.py:57}}
Jul 29 16:02:26 devstack devstack@g-api.service[78193]: DEBUG glance.api.middleware.version_negotiation [None req-27531100-a40f-469a-9fe6-18947bef7053 tempest-ServerActionsTestOtherA-375942156 tempest-ServerActionsTestOtherA-375942156-project-member] Matched version: v2 {{(pid=78193) process_request /opt/stack/glance/glance/api/middleware/version_negotiation.py:69}}
Jul 29 16:02:26 devstack devstack@g-api.service[78193]: DEBUG glance.api.middleware.version_negotiation [None req-27531100-a40f-469a-9fe6-18947bef7053 tempest-ServerActionsTestOtherA-375942156 tempest-ServerActionsTestOtherA-375942156-project-member] new path /v2/images/16778ff0-340b-4c4a-846b-47774617fa95/file {{(pid=78193) process_request /opt/stack/glance/glance/api/middleware/version_negotiation.py:70}}
Jul 29 16:02:26 devstack devstack@g-api.service[78193]: DEBUG glance_store._drivers.filesystem [None req-27531100-a40f-469a-9fe6-18947bef7053 tempest-ServerActionsTestOtherA-375942156 tempest-ServerActionsTestOtherA-375942156-project-member] Found image at /opt/stack/data/glance/images/16778ff0-340b-4c4a-846b-47774617fa95. Returning in ChunkedFile. {{(pid=78193) get /opt/stack/data/venv/lib/python3.12/site-packages/glance_store/_drivers/filesystem.py:724}}
Jul 29 16:02:26 devstack devstack@g-api.service[78193]: DEBUG glance.image_cache [None req-27531100-a40f-469a-9fe6-18947bef7053 tempest-ServerActionsTestOtherA-375942156 tempest-ServerActionsTestOtherA-375942156-project-member] Tee'ing image '16778ff0-340b-4c4a-846b-47774617fa95' into cache {{(pid=78193) get_caching_iter /opt/stack/glance/glance/image_cache/__init__.py:356}}
Jul 29 16:02:26 devstack devstack@g-api.service[78193]: DEBUG glance.image_cache.drivers.centralized_db [None req-27531100-a40f-469a-9fe6-18947bef7053 tempest-ServerActionsTestOtherA-375942156 tempest-ServerActionsTestOtherA-375942156-project-member] Fetch finished, moving '/opt/stack/data/glance/cache/incomplete/16778ff0-340b-4c4a-846b-47774617fa95' to '/opt/stack/data/glance/cache/16778ff0-340b-4c4a-846b-47774617fa95' {{(pid=78193) commit /opt/stack/glance/glance/image_cache/drivers/centralized_db.py:243}}
Jul 29 16:02:26 devstack devstack@g-api.service[78193]: DEBUG glance.image_cache.drivers.centralized_db [None req-27531100-a40f-469a-9fe6-18947bef7053 tempest-ServerActionsTestOtherA-375942156 tempest-ServerActionsTestOtherA-375942156-project-member] Image cached successfully. {{(pid=78193) commit /opt/stack/glance/glance/image_cache/drivers/centralized_db.py:258}}
Jul 29 16:02:26 devstack devstack@g-api.service[78193]: [pid: 78193|app: 0|req: 8/17] 127.0.0.1 () {42 vars in 1071 bytes} [Wed Jul 29 16:02:26 2026] GET /v2/images/16778ff0-340b-4c4a-846b-47774617fa95/file => generated 21692416 bytes in 530 msecs (HTTP/1.1 200) 4 headers in 191 bytes (336 switches on core 0)
Jul 29 16:02:27 devstack devstack@g-api.service[78194]: DEBUG glance.api.middleware.version_negotiation [None req-27531100-a40f-469a-9fe6-18947bef7053 tempest-ServerActionsTestOtherA-375942156 tempest-ServerActionsTestOtherA-375942156-project-member] Determining version of request: GET /v2/images/16778ff0-340b-4c4a-846b-47774617fa95 Accept: */* {{(pid=78194) process_request /opt/stack/glance/glance/api/middleware/version_negotiation.py:44}}
Jul 29 16:02:27 devstack devstack@g-api.service[78194]: DEBUG glance.api.middleware.version_negotiation [None req-27531100-a40f-469a-9fe6-18947bef7053 tempest-ServerActionsTestOtherA-375942156 tempest-ServerActionsTestOtherA-375942156-project-member] Using url versioning {{(pid=78194) process_request /opt/stack/glance/glance/api/middleware/version_negotiation.py:57}}
Jul 29 16:02:27 devstack devstack@g-api.service[78194]: DEBUG glance.api.middleware.version_negotiation [None req-27531100-a40f-469a-9fe6-18947bef7053 tempest-ServerActionsTestOtherA-375942156 tempest-ServerActionsTestOtherA-375942156-project-member] Matched version: v2 {{(pid=78194) process_request /opt/stack/glance/glance/api/middleware/version_negotiation.py:69}}
Jul 29 16:02:27 devstack devstack@g-api.service[78194]: DEBUG glance.api.middleware.version_negotiation [None req-27531100-a40f-469a-9fe6-18947bef7053 tempest-ServerActionsTestOtherA-375942156 tempest-ServerActionsTestOtherA-375942156-project-member] new path /v2/images/16778ff0-340b-4c4a-846b-47774617fa95 {{(pid=78194) process_request /opt/stack/glance/glance/api/middleware/version_negotiation.py:70}}
Jul 29 16:02:27 devstack devstack@g-api.service[78194]: [pid: 78194|app: 0|req: 10/18] 127.0.0.1 () {42 vars in 1061 bytes} [Wed Jul 29 16:02:27 2026] GET /v2/images/16778ff0-340b-4c4a-846b-47774617fa95 => generated 976 bytes in 36 msecs (HTTP/1.1 200) 4 headers in 157 bytes (1 switches on core 0)
Jul 29 16:02:27 devstack devstack@g-api.service[78193]: DEBUG glance.api.middleware.version_negotiation [None req-27531100-a40f-469a-9fe6-18947bef7053 tempest-ServerActionsTestOtherA-375942156 tempest-ServerActionsTestOtherA-375942156-project-member] Determining version of request: GET /v2/schemas/image Accept: */* {{(pid=78193) process_request /opt/stack/glance/glance/api/middleware/version_negotiation.py:44}}
Jul 29 16:02:27 devstack devstack@g-api.service[78193]: DEBUG glance.api.middleware.version_negotiation [None req-27531100-a40f-469a-9fe6-18947bef7053 tempest-ServerActionsTestOtherA-375942156 tempest-ServerActionsTestOtherA-375942156-project-member] Using url versioning {{(pid=78193) process_request /opt/stack/glance/glance/api/middleware/version_negotiation.py:57}}
Jul 29 16:02:27 devstack devstack@g-api.service[78193]: DEBUG glance.api.middleware.version_negotiation [None req-27531100-a40f-469a-9fe6-18947bef7053 tempest-ServerActionsTestOtherA-375942156 tempest-ServerActionsTestOtherA-375942156-project-member] Matched version: v2 {{(pid=78193) process_request /opt/stack/glance/glance/api/middleware/version_negotiation.py:69}}
Jul 29 16:02:27 devstack devstack@g-api.service[78193]: DEBUG glance.api.middleware.version_negotiation [None req-27531100-a40f-469a-9fe6-18947bef7053 tempest-ServerActionsTestOtherA-375942156 tempest-ServerActionsTestOtherA-375942156-project-member] new path /v2/schemas/image {{(pid=78193) process_request /opt/stack/glance/glance/api/middleware/version_negotiation.py:70}}
Jul 29 16:02:27 devstack devstack@g-api.service[78193]: [pid: 78193|app: 0|req: 9/19] 127.0.0.1 () {42 vars in 1001 bytes} [Wed Jul 29 16:02:27 2026] GET /v2/schemas/image => generated 6083 bytes in 20 msecs (HTTP/1.1 200) 4 headers in 158 bytes (1 switches on core 0)
Jul 29 16:02:36 devstack devstack@g-api.service[78193]: DEBUG dbcounter [-] [78193] Writing DB stats glance:SELECT=5,glance:INSERT=1 {{(pid=78193) stat_writer /opt/stack/data/venv/lib/python3.12/site-packages/dbcounter.py:115}}
Jul 29 16:02:37 devstack devstack@g-api.service[78194]: DEBUG dbcounter [-] [78194] Writing DB stats glance:SELECT=4 {{(pid=78194) stat_writer /opt/stack/data/venv/lib/python3.12/site-packages/dbcounter.py:115}}
Jul 29 16:02:43 devstack devstack@g-api.service[78194]: DEBUG glance.api.middleware.version_negotiation [None req-27531100-a40f-469a-9fe6-18947bef7053 tempest-ServerActionsTestOtherA-375942156 tempest-ServerActionsTestOtherA-375942156-project-member] Determining version of request: GET /v2/images/16778ff0-340b-4c4a-846b-47774617fa95 Accept: */* {{(pid=78194) process_request /opt/stack/glance/glance/api/middleware/version_negotiation.py:44}}
Jul 29 16:02:43 devstack devstack@g-api.service[78194]: DEBUG glance.api.middleware.version_negotiation [None req-27531100-a40f-469a-9fe6-18947bef7053 tempest-ServerActionsTestOtherA-375942156 tempest-ServerActionsTestOtherA-375942156-project-member] Using url versioning {{(pid=78194) process_request /opt/stack/glance/glance/api/middleware/version_negotiation.py:57}}
Jul 29 16:02:43 devstack devstack@g-api.service[78194]: DEBUG glance.api.middleware.version_negotiation [None req-27531100-a40f-469a-9fe6-18947bef7053 tempest-ServerActionsTestOtherA-375942156 tempest-ServerActionsTestOtherA-375942156-project-member] Matched version: v2 {{(pid=78194) process_request /opt/stack/glance/glance/api/middleware/version_negotiation.py:69}}
Jul 29 16:02:43 devstack devstack@g-api.service[78194]: DEBUG glance.api.middleware.version_negotiation [None req-27531100-a40f-469a-9fe6-18947bef7053 tempest-ServerActionsTestOtherA-375942156 tempest-ServerActionsTestOtherA-375942156-project-member] new path /v2/images/16778ff0-340b-4c4a-846b-47774617fa95 {{(pid=78194) process_request /opt/stack/glance/glance/api/middleware/version_negotiation.py:70}}
Jul 29 16:02:43 devstack devstack@g-api.service[78194]: [pid: 78194|app: 0|req: 11/20] 127.0.0.1 () {42 vars in 1061 bytes} [Wed Jul 29 16:02:43 2026] GET /v2/images/16778ff0-340b-4c4a-846b-47774617fa95 => generated 976 bytes in 38 msecs (HTTP/1.1 200) 4 headers in 157 bytes (1 switches on core 0)
Jul 29 16:02:43 devstack devstack@g-api.service[78193]: DEBUG glance.api.middleware.version_negotiation [None req-27531100-a40f-469a-9fe6-18947bef7053 tempest-ServerActionsTestOtherA-375942156 tempest-ServerActionsTestOtherA-375942156-project-member] Determining version of request: GET /v2/schemas/image Accept: */* {{(pid=78193) process_request /opt/stack/glance/glance/api/middleware/version_negotiation.py:44}}
Jul 29 16:02:43 devstack devstack@g-api.service[78193]: DEBUG glance.api.middleware.version_negotiation [None req-27531100-a40f-469a-9fe6-18947bef7053 tempest-ServerActionsTestOtherA-375942156 tempest-ServerActionsTestOtherA-375942156-project-member] Using url versioning {{(pid=78193) process_request /opt/stack/glance/glance/api/middleware/version_negotiation.py:57}}
Jul 29 16:02:43 devstack devstack@g-api.service[78193]: DEBUG glance.api.middleware.version_negotiation [None req-27531100-a40f-469a-9fe6-18947bef7053 tempest-ServerActionsTestOtherA-375942156 tempest-ServerActionsTestOtherA-375942156-project-member] Matched version: v2 {{(pid=78193) process_request /opt/stack/glance/glance/api/middleware/version_negotiation.py:69}}
Jul 29 16:02:43 devstack devstack@g-api.service[78193]: DEBUG glance.api.middleware.version_negotiation [None req-27531100-a40f-469a-9fe6-18947bef7053 tempest-ServerActionsTestOtherA-375942156 tempest-ServerActionsTestOtherA-375942156-project-member] new path /v2/schemas/image {{(pid=78193) process_request /opt/stack/glance/glance/api/middleware/version_negotiation.py:70}}
Jul 29 16:02:43 devstack devstack@g-api.service[78193]: [pid: 78193|app: 0|req: 10/21] 127.0.0.1 () {42 vars in 1001 bytes} [Wed Jul 29 16:02:43 2026] GET /v2/schemas/image => generated 6083 bytes in 9 msecs (HTTP/1.1 200) 4 headers in 158 bytes (1 switches on core 0)
Jul 29 16:02:53 devstack devstack@g-api.service[78194]: DEBUG dbcounter [-] [78194] Writing DB stats glance:SELECT=2 {{(pid=78194) stat_writer /opt/stack/data/venv/lib/python3.12/site-packages/dbcounter.py:115}}
Jul 29 16:02:54 devstack devstack@g-api.service[78194]: DEBUG glance.api.middleware.version_negotiation [None req-54bf6a2d-80fe-4b4d-9d2e-9655a4795fe3 tempest-VolumesAdminNegativeTest-189727259 tempest-VolumesAdminNegativeTest-189727259-project-member] Determining version of request: GET /v2/images/16778ff0-340b-4c4a-846b-47774617fa95 Accept: */* {{(pid=78194) process_request /opt/stack/glance/glance/api/middleware/version_negotiation.py:44}}
Jul 29 16:02:54 devstack devstack@g-api.service[78194]: DEBUG glance.api.middleware.version_negotiation [None req-54bf6a2d-80fe-4b4d-9d2e-9655a4795fe3 tempest-VolumesAdminNegativeTest-189727259 tempest-VolumesAdminNegativeTest-189727259-project-member] Using url versioning {{(pid=78194) process_request /opt/stack/glance/glance/api/middleware/version_negotiation.py:57}}
Jul 29 16:02:54 devstack devstack@g-api.service[78194]: DEBUG glance.api.middleware.version_negotiation [None req-54bf6a2d-80fe-4b4d-9d2e-9655a4795fe3 tempest-VolumesAdminNegativeTest-189727259 tempest-VolumesAdminNegativeTest-189727259-project-member] Matched version: v2 {{(pid=78194) process_request /opt/stack/glance/glance/api/middleware/version_negotiation.py:69}}
Jul 29 16:02:54 devstack devstack@g-api.service[78194]: DEBUG glance.api.middleware.version_negotiation [None req-54bf6a2d-80fe-4b4d-9d2e-9655a4795fe3 tempest-VolumesAdminNegativeTest-189727259 tempest-VolumesAdminNegativeTest-189727259-project-member] new path /v2/images/16778ff0-340b-4c4a-846b-47774617fa95 {{(pid=78194) process_request /opt/stack/glance/glance/api/middleware/version_negotiation.py:70}}
Jul 29 16:02:54 devstack devstack@g-api.service[78194]: [pid: 78194|app: 0|req: 12/22] 127.0.0.1 () {42 vars in 1061 bytes} [Wed Jul 29 16:02:54 2026] GET /v2/images/16778ff0-340b-4c4a-846b-47774617fa95 => generated 976 bytes in 45 msecs (HTTP/1.1 200) 4 headers in 157 bytes (1 switches on core 0)
Jul 29 16:02:54 devstack devstack@g-api.service[78193]: DEBUG glance.api.middleware.version_negotiation [None req-54bf6a2d-80fe-4b4d-9d2e-9655a4795fe3 tempest-VolumesAdminNegativeTest-189727259 tempest-VolumesAdminNegativeTest-189727259-project-member] Determining version of request: GET /v2/schemas/image Accept: */* {{(pid=78193) process_request /opt/stack/glance/glance/api/middleware/version_negotiation.py:44}}
Jul 29 16:02:54 devstack devstack@g-api.service[78193]: DEBUG glance.api.middleware.version_negotiation [None req-54bf6a2d-80fe-4b4d-9d2e-9655a4795fe3 tempest-VolumesAdminNegativeTest-189727259 tempest-VolumesAdminNegativeTest-189727259-project-member] Using url versioning {{(pid=78193) process_request /opt/stack/glance/glance/api/middleware/version_negotiation.py:57}}
Jul 29 16:02:54 devstack devstack@g-api.service[78193]: DEBUG glance.api.middleware.version_negotiation [None req-54bf6a2d-80fe-4b4d-9d2e-9655a4795fe3 tempest-VolumesAdminNegativeTest-189727259 tempest-VolumesAdminNegativeTest-189727259-project-member] Matched version: v2 {{(pid=78193) process_request /opt/stack/glance/glance/api/middleware/version_negotiation.py:69}}
Jul 29 16:02:54 devstack devstack@g-api.service[78193]: DEBUG glance.api.middleware.version_negotiation [None req-54bf6a2d-80fe-4b4d-9d2e-9655a4795fe3 tempest-VolumesAdminNegativeTest-189727259 tempest-VolumesAdminNegativeTest-189727259-project-member] new path /v2/schemas/image {{(pid=78193) process_request /opt/stack/glance/glance/api/middleware/version_negotiation.py:70}}
Jul 29 16:02:54 devstack devstack@g-api.service[78193]: [pid: 78193|app: 0|req: 11/23] 127.0.0.1 () {42 vars in 1001 bytes} [Wed Jul 29 16:02:54 2026] GET /v2/schemas/image => generated 6083 bytes in 19 msecs (HTTP/1.1 200) 4 headers in 158 bytes (1 switches on core 0)
Jul 29 16:03:04 devstack devstack@g-api.service[78194]: DEBUG dbcounter [-] [78194] Writing DB stats glance:SELECT=2 {{(pid=78194) stat_writer /opt/stack/data/venv/lib/python3.12/site-packages/dbcounter.py:115}}
Jul 29 16:03:32 devstack devstack@g-api.service[78194]: DEBUG glance.api.middleware.version_negotiation [None req-15de29bf-9a86-44eb-8059-0f2635b49572 tempest-TaggedAttachmentsTest-915187347 tempest-TaggedAttachmentsTest-915187347-project-member] Determining version of request: GET /v2/images/16778ff0-340b-4c4a-846b-47774617fa95 Accept: */* {{(pid=78194) process_request /opt/stack/glance/glance/api/middleware/version_negotiation.py:44}}
Jul 29 16:03:32 devstack devstack@g-api.service[78194]: DEBUG glance.api.middleware.version_negotiation [None req-15de29bf-9a86-44eb-8059-0f2635b49572 tempest-TaggedAttachmentsTest-915187347 tempest-TaggedAttachmentsTest-915187347-project-member] Using url versioning {{(pid=78194) process_request /opt/stack/glance/glance/api/middleware/version_negotiation.py:57}}
Jul 29 16:03:32 devstack devstack@g-api.service[78194]: DEBUG glance.api.middleware.version_negotiation [None req-15de29bf-9a86-44eb-8059-0f2635b49572 tempest-TaggedAttachmentsTest-915187347 tempest-TaggedAttachmentsTest-915187347-project-member] Matched version: v2 {{(pid=78194) process_request /opt/stack/glance/glance/api/middleware/version_negotiation.py:69}}
