Jul 29 16:08:19 devstack cinder-volume[88575]: DEBUG oslo.privsep.daemon [-] privsep: reply[e3b56407-e889-4bea-aacb-aa47c98a9a28]: (4, 'qcow2') {{(pid=89603) _call_back /opt/stack/data/venv/lib/python3.12/site-packages/oslo_privsep/daemon.py:580}}
Jul 29 16:08:19 devstack cinder-volume[88575]: DEBUG oslo_concurrency.processutils [None req-8bfaf9fc-d3ec-487b-b566-04807a4298bd tempest-VolumesCloneNegativeTest-928047845 None] Running cmd (subprocess): /opt/stack/data/venv/bin/python3.12 -m oslo_concurrency.prlimit --as=1073741824 --cpu=60 -- sudo cinder-rootwrap /etc/cinder/rootwrap.conf env LC_ALL=C qemu-img info -f qcow2 --output=json --force-share /opt/stack/data/cinder/mnt/eb9e87f52fa3a69a54bb335006b4bd51/volume-81a0c265-6513-4cf3-8b74-0b54758ba415 {{(pid=88575) execute /opt/stack/data/venv/lib/python3.12/site-packages/oslo_concurrency/processutils.py:440}}
Jul 29 16:08:19 devstack sudo[94668]: quobyte : PWD=/ ; USER=root ; COMMAND=/opt/stack/data/venv/bin/cinder-rootwrap /etc/cinder/rootwrap.conf env LC_ALL=C qemu-img info -f qcow2 --output=json --force-share /opt/stack/data/cinder/mnt/eb9e87f52fa3a69a54bb335006b4bd51/volume-81a0c265-6513-4cf3-8b74-0b54758ba415
Jul 29 16:08:19 devstack sudo[94668]: pam_unix(sudo:session): session opened for user root(uid=0) by (uid=1000)
Jul 29 16:08:19 devstack sudo[94666]: pam_unix(sudo:session): session closed for user root
Jul 29 16:08:19 devstack cinder-volume[88575]: DEBUG oslo_concurrency.processutils [None req-fab5bb12-bbb5-4fb1-8d20-f8c2fe8fb352 tempest-VolumeSnapshotQuotasNegativeTestJSON-2033187681 None] CMD "sudo cinder-rootwrap /etc/cinder/rootwrap.conf qemu-img rebase -u -b volume-fef43ef0-0e3d-4d17-ac34-13d0a1a69189 -F qcow2 /opt/stack/data/cinder/mnt/eb9e87f52fa3a69a54bb335006b4bd51/volume-fef43ef0-0e3d-4d17-ac34-13d0a1a69189.8166da82-db7c-44d8-8464-981edac5e8e3" returned: 0 in 0.400s {{(pid=88575) execute /opt/stack/data/venv/lib/python3.12/site-packages/oslo_concurrency/processutils.py:468}}
Jul 29 16:08:19 devstack cinder-volume[88575]: WARNING cinder.volume.drivers.remotefs [None req-fab5bb12-bbb5-4fb1-8d20-f8c2fe8fb352 tempest-VolumeSnapshotQuotasNegativeTestJSON-2033187681 None] /opt/stack/data/cinder/mnt/eb9e87f52fa3a69a54bb335006b4bd51/volume-fef43ef0-0e3d-4d17-ac34-13d0a1a69189.8166da82-db7c-44d8-8464-981edac5e8e3 is being set with open permissions: ugo+rw
Jul 29 16:08:19 devstack cinder-volume[88575]: DEBUG oslo_concurrency.processutils [None req-fab5bb12-bbb5-4fb1-8d20-f8c2fe8fb352 tempest-VolumeSnapshotQuotasNegativeTestJSON-2033187681 None] Running cmd (subprocess): sudo cinder-rootwrap /etc/cinder/rootwrap.conf chmod ugo+rw /opt/stack/data/cinder/mnt/eb9e87f52fa3a69a54bb335006b4bd51/volume-fef43ef0-0e3d-4d17-ac34-13d0a1a69189.8166da82-db7c-44d8-8464-981edac5e8e3 {{(pid=88575) execute /opt/stack/data/venv/lib/python3.12/site-packages/oslo_concurrency/processutils.py:440}}
Jul 29 16:08:19 devstack sudo[94673]: quobyte : PWD=/ ; USER=root ; COMMAND=/opt/stack/data/venv/bin/cinder-rootwrap /etc/cinder/rootwrap.conf chmod ugo+rw /opt/stack/data/cinder/mnt/eb9e87f52fa3a69a54bb335006b4bd51/volume-fef43ef0-0e3d-4d17-ac34-13d0a1a69189.8166da82-db7c-44d8-8464-981edac5e8e3
Jul 29 16:08:19 devstack sudo[94673]: pam_unix(sudo:session): session opened for user root(uid=0) by (uid=1000)
Jul 29 16:08:20 devstack sudo[94668]: pam_unix(sudo:session): session closed for user root
Jul 29 16:08:20 devstack cinder-volume[88575]: DEBUG oslo_concurrency.processutils [None req-8bfaf9fc-d3ec-487b-b566-04807a4298bd tempest-VolumesCloneNegativeTest-928047845 None] CMD "/opt/stack/data/venv/bin/python3.12 -m oslo_concurrency.prlimit --as=1073741824 --cpu=60 -- sudo cinder-rootwrap /etc/cinder/rootwrap.conf env LC_ALL=C qemu-img info -f qcow2 --output=json --force-share /opt/stack/data/cinder/mnt/eb9e87f52fa3a69a54bb335006b4bd51/volume-81a0c265-6513-4cf3-8b74-0b54758ba415" returned: 0 in 0.448s {{(pid=88575) execute /opt/stack/data/venv/lib/python3.12/site-packages/oslo_concurrency/processutils.py:468}}
Jul 29 16:08:20 devstack sudo[94673]: pam_unix(sudo:session): session closed for user root
Jul 29 16:08:20 devstack cinder-volume[88575]: DEBUG oslo_concurrency.processutils [None req-8bfaf9fc-d3ec-487b-b566-04807a4298bd tempest-VolumesCloneNegativeTest-928047845 None] Running cmd (subprocess): sudo cinder-rootwrap /etc/cinder/rootwrap.conf rm -f /opt/stack/data/cinder/mnt/eb9e87f52fa3a69a54bb335006b4bd51/volume-81a0c265-6513-4cf3-8b74-0b54758ba415 {{(pid=88575) execute /opt/stack/data/venv/lib/python3.12/site-packages/oslo_concurrency/processutils.py:440}}
Jul 29 16:08:20 devstack cinder-volume[88575]: DEBUG oslo_concurrency.processutils [None req-fab5bb12-bbb5-4fb1-8d20-f8c2fe8fb352 tempest-VolumeSnapshotQuotasNegativeTestJSON-2033187681 None] CMD "sudo cinder-rootwrap /etc/cinder/rootwrap.conf chmod ugo+rw /opt/stack/data/cinder/mnt/eb9e87f52fa3a69a54bb335006b4bd51/volume-fef43ef0-0e3d-4d17-ac34-13d0a1a69189.8166da82-db7c-44d8-8464-981edac5e8e3" returned: 0 in 0.310s {{(pid=88575) execute /opt/stack/data/venv/lib/python3.12/site-packages/oslo_concurrency/processutils.py:468}}
Jul 29 16:08:20 devstack sudo[94679]: quobyte : PWD=/ ; USER=root ; COMMAND=/opt/stack/data/venv/bin/cinder-rootwrap /etc/cinder/rootwrap.conf rm -f /opt/stack/data/cinder/mnt/eb9e87f52fa3a69a54bb335006b4bd51/volume-81a0c265-6513-4cf3-8b74-0b54758ba415
Jul 29 16:08:20 devstack sudo[94679]: pam_unix(sudo:session): session opened for user root(uid=0) by (uid=1000)
Jul 29 16:08:20 devstack cinder-volume[88575]: DEBUG oslo_concurrency.processutils [None req-fab5bb12-bbb5-4fb1-8d20-f8c2fe8fb352 tempest-VolumeSnapshotQuotasNegativeTestJSON-2033187681 None] Running cmd (subprocess): sudo cinder-rootwrap /etc/cinder/rootwrap.conf truncate -s0 /opt/stack/data/cinder/mnt/eb9e87f52fa3a69a54bb335006b4bd51/volume-fef43ef0-0e3d-4d17-ac34-13d0a1a69189.info {{(pid=88575) execute /opt/stack/data/venv/lib/python3.12/site-packages/oslo_concurrency/processutils.py:440}}
Jul 29 16:08:20 devstack sudo[94681]: quobyte : PWD=/ ; USER=root ; COMMAND=/opt/stack/data/venv/bin/cinder-rootwrap /etc/cinder/rootwrap.conf truncate -s0 /opt/stack/data/cinder/mnt/eb9e87f52fa3a69a54bb335006b4bd51/volume-fef43ef0-0e3d-4d17-ac34-13d0a1a69189.info
Jul 29 16:08:20 devstack sudo[94681]: pam_unix(sudo:session): session opened for user root(uid=0) by (uid=1000)
Jul 29 16:08:20 devstack sudo[94679]: pam_unix(sudo:session): session closed for user root
Jul 29 16:08:20 devstack sudo[94681]: pam_unix(sudo:session): session closed for user root
Jul 29 16:08:20 devstack cinder-volume[88575]: DEBUG oslo_concurrency.processutils [None req-fab5bb12-bbb5-4fb1-8d20-f8c2fe8fb352 tempest-VolumeSnapshotQuotasNegativeTestJSON-2033187681 None] CMD "sudo cinder-rootwrap /etc/cinder/rootwrap.conf truncate -s0 /opt/stack/data/cinder/mnt/eb9e87f52fa3a69a54bb335006b4bd51/volume-fef43ef0-0e3d-4d17-ac34-13d0a1a69189.info" returned: 0 in 0.305s {{(pid=88575) execute /opt/stack/data/venv/lib/python3.12/site-packages/oslo_concurrency/processutils.py:468}}
Jul 29 16:08:20 devstack cinder-volume[88575]: DEBUG oslo_concurrency.processutils [None req-8bfaf9fc-d3ec-487b-b566-04807a4298bd tempest-VolumesCloneNegativeTest-928047845 None] CMD "sudo cinder-rootwrap /etc/cinder/rootwrap.conf rm -f /opt/stack/data/cinder/mnt/eb9e87f52fa3a69a54bb335006b4bd51/volume-81a0c265-6513-4cf3-8b74-0b54758ba415" returned: 0 in 0.361s {{(pid=88575) execute /opt/stack/data/venv/lib/python3.12/site-packages/oslo_concurrency/processutils.py:468}}
Jul 29 16:08:20 devstack cinder-volume[88575]: WARNING cinder.volume.drivers.remotefs [None req-fab5bb12-bbb5-4fb1-8d20-f8c2fe8fb352 tempest-VolumeSnapshotQuotasNegativeTestJSON-2033187681 None] /opt/stack/data/cinder/mnt/eb9e87f52fa3a69a54bb335006b4bd51/volume-fef43ef0-0e3d-4d17-ac34-13d0a1a69189.info is being set with open permissions: ugo+rw
Jul 29 16:08:20 devstack cinder-volume[88575]: DEBUG oslo_concurrency.processutils [None req-fab5bb12-bbb5-4fb1-8d20-f8c2fe8fb352 tempest-VolumeSnapshotQuotasNegativeTestJSON-2033187681 None] Running cmd (subprocess): sudo cinder-rootwrap /etc/cinder/rootwrap.conf chmod ugo+rw /opt/stack/data/cinder/mnt/eb9e87f52fa3a69a54bb335006b4bd51/volume-fef43ef0-0e3d-4d17-ac34-13d0a1a69189.info {{(pid=88575) execute /opt/stack/data/venv/lib/python3.12/site-packages/oslo_concurrency/processutils.py:440}}
Jul 29 16:08:20 devstack cinder-volume[88575]: DEBUG cinder.coordination [None req-8bfaf9fc-d3ec-487b-b566-04807a4298bd tempest-VolumesCloneNegativeTest-928047845 None] Lock "cinder-quobyte-81a0c265-6513-4cf3-8b74-0b54758ba415" released by "delete_volume" :: held 0.881s {{(pid=88575) __release /opt/stack/cinder/cinder/coordination.py:152}}
Jul 29 16:08:20 devstack sudo[94686]: quobyte : PWD=/ ; USER=root ; COMMAND=/opt/stack/data/venv/bin/cinder-rootwrap /etc/cinder/rootwrap.conf chmod ugo+rw /opt/stack/data/cinder/mnt/eb9e87f52fa3a69a54bb335006b4bd51/volume-fef43ef0-0e3d-4d17-ac34-13d0a1a69189.info
Jul 29 16:08:20 devstack sudo[94686]: pam_unix(sudo:session): session opened for user root(uid=0) by (uid=1000)
Jul 29 16:08:20 devstack cinder-volume[88575]: DEBUG cinder.quota [None req-8bfaf9fc-d3ec-487b-b566-04807a4298bd tempest-VolumesCloneNegativeTest-928047845 None] Created reservations ['d8a8682e-0091-4516-b34f-20a94445a643', '6775f4be-632e-44dd-9fd3-49eb7b0261cf', 'b00fa292-5128-4893-99d8-d4da974a68be', 'c6b2d81b-6de0-429d-9559-7f6f440ad617'] {{(pid=88575) reserve /opt/stack/cinder/cinder/quota.py:752}}
Jul 29 16:08:20 devstack cinder-volume[88575]: DEBUG oslo_concurrency.lockutils [None req-8bfaf9fc-d3ec-487b-b566-04807a4298bd tempest-VolumesCloneNegativeTest-928047845 None] Acquiring lock "quobyte_ensure" by "cinder.volume.drivers.quobyte.QuobyteDriver._ensure_shares_mounted" {{(pid=88575) inner /opt/stack/data/venv/lib/python3.12/site-packages/oslo_concurrency/lockutils.py:512}}
Jul 29 16:08:20 devstack cinder-volume[88575]: DEBUG oslo_concurrency.lockutils [None req-8bfaf9fc-d3ec-487b-b566-04807a4298bd tempest-VolumesCloneNegativeTest-928047845 None] Lock "quobyte_ensure" acquired by "cinder.volume.drivers.quobyte.QuobyteDriver._ensure_shares_mounted" :: waited 0.001s {{(pid=88575) inner /opt/stack/data/venv/lib/python3.12/site-packages/oslo_concurrency/lockutils.py:525}}
Jul 29 16:08:20 devstack cinder-volume[88575]: DEBUG cinder.volume.drivers.quobyte [None req-8bfaf9fc-d3ec-487b-b566-04807a4298bd tempest-VolumesCloneNegativeTest-928047845 None] Quobyte Volume URL set to: {'osci02.corp.quobyte.com/cinder-vol-a635b7db-2c4b-4781-89b0-9adb7e6d9601': None} {{(pid=88575) _load_shares_config /opt/stack/cinder/cinder/volume/drivers/quobyte.py:651}}
Jul 29 16:08:20 devstack cinder-volume[88575]: DEBUG cinder.volume.drivers.quobyte [None req-8bfaf9fc-d3ec-487b-b566-04807a4298bd tempest-VolumesCloneNegativeTest-928047845 None] Available shares ['osci02.corp.quobyte.com/cinder-vol-a635b7db-2c4b-4781-89b0-9adb7e6d9601'] {{(pid=88575) _ensure_shares_mounted /opt/stack/cinder/cinder/volume/drivers/quobyte.py:681}}
Jul 29 16:08:20 devstack cinder-volume[88575]: DEBUG oslo_concurrency.lockutils [None req-8bfaf9fc-d3ec-487b-b566-04807a4298bd tempest-VolumesCloneNegativeTest-928047845 None] Lock "quobyte_ensure" "released" by "cinder.volume.drivers.quobyte.QuobyteDriver._ensure_shares_mounted" :: held 0.012s {{(pid=88575) inner /opt/stack/data/venv/lib/python3.12/site-packages/oslo_concurrency/lockutils.py:544}}
Jul 29 16:08:20 devstack cinder-volume[88575]: DEBUG oslo_concurrency.processutils [None req-8bfaf9fc-d3ec-487b-b566-04807a4298bd tempest-VolumesCloneNegativeTest-928047845 None] Running cmd (subprocess): sudo cinder-rootwrap /etc/cinder/rootwrap.conf df --portability --block-size 1 /opt/stack/data/cinder/mnt/eb9e87f52fa3a69a54bb335006b4bd51 {{(pid=88575) execute /opt/stack/data/venv/lib/python3.12/site-packages/oslo_concurrency/processutils.py:440}}
Jul 29 16:08:20 devstack sudo[94686]: pam_unix(sudo:session): session closed for user root
Jul 29 16:08:20 devstack cinder-volume[88575]: DEBUG oslo_concurrency.processutils [None req-fab5bb12-bbb5-4fb1-8d20-f8c2fe8fb352 tempest-VolumeSnapshotQuotasNegativeTestJSON-2033187681 None] CMD "sudo cinder-rootwrap /etc/cinder/rootwrap.conf chmod ugo+rw /opt/stack/data/cinder/mnt/eb9e87f52fa3a69a54bb335006b4bd51/volume-fef43ef0-0e3d-4d17-ac34-13d0a1a69189.info" returned: 0 in 0.347s {{(pid=88575) execute /opt/stack/data/venv/lib/python3.12/site-packages/oslo_concurrency/processutils.py:468}}
Jul 29 16:08:20 devstack sudo[94689]: quobyte : PWD=/ ; USER=root ; COMMAND=/opt/stack/data/venv/bin/cinder-rootwrap /etc/cinder/rootwrap.conf df --portability --block-size 1 /opt/stack/data/cinder/mnt/eb9e87f52fa3a69a54bb335006b4bd51
Jul 29 16:08:20 devstack sudo[94689]: pam_unix(sudo:session): session opened for user root(uid=0) by (uid=1000)
Jul 29 16:08:20 devstack cinder-volume[88575]: DEBUG oslo_concurrency.lockutils [None req-fab5bb12-bbb5-4fb1-8d20-f8c2fe8fb352 tempest-VolumeSnapshotQuotasNegativeTestJSON-2033187681 None] Lock "quobyte" "released" by "cinder.volume.drivers.quobyte.QuobyteDriver.create_snapshot" :: held 2.530s {{(pid=88575) inner /opt/stack/data/venv/lib/python3.12/site-packages/oslo_concurrency/lockutils.py:544}}
Jul 29 16:08:20 devstack cinder-volume[88575]: INFO cinder.volume.manager [None req-fab5bb12-bbb5-4fb1-8d20-f8c2fe8fb352 tempest-VolumeSnapshotQuotasNegativeTestJSON-2033187681 None] Create snapshot completed successfully
Jul 29 16:08:21 devstack sudo[94689]: pam_unix(sudo:session): session closed for user root
Jul 29 16:08:21 devstack cinder-volume[88575]: DEBUG oslo_concurrency.processutils [None req-8bfaf9fc-d3ec-487b-b566-04807a4298bd tempest-VolumesCloneNegativeTest-928047845 None] CMD "sudo cinder-rootwrap /etc/cinder/rootwrap.conf df --portability --block-size 1 /opt/stack/data/cinder/mnt/eb9e87f52fa3a69a54bb335006b4bd51" returned: 0 in 0.302s {{(pid=88575) execute /opt/stack/data/venv/lib/python3.12/site-packages/oslo_concurrency/processutils.py:468}}
Jul 29 16:08:21 devstack cinder-volume[88575]: DEBUG cinder.manager [None req-8bfaf9fc-d3ec-487b-b566-04807a4298bd tempest-VolumesCloneNegativeTest-928047845 None] Notifying Schedulers of capabilities ... {{(pid=88575) _publish_service_capabilities /opt/stack/cinder/cinder/manager.py:202}}
Jul 29 16:08:21 devstack cinder-volume[88575]: INFO cinder.volume.manager [None req-8bfaf9fc-d3ec-487b-b566-04807a4298bd tempest-VolumesCloneNegativeTest-928047845 None] Deleted volume successfully.
Jul 29 16:08:21 devstack cinder-volume[88575]: DEBUG cinder.coordination [None req-8bfaf9fc-d3ec-487b-b566-04807a4298bd tempest-VolumesCloneNegativeTest-928047845 None] Lock "cinder-81a0c265-6513-4cf3-8b74-0b54758ba415-delete_volume" released by "delete_volume" :: held 1.628s {{(pid=88575) __release /opt/stack/cinder/cinder/coordination.py:152}}
Jul 29 16:08:21 devstack cinder-volume[88575]: DEBUG cinder.coordination [None req-6b036539-5bc7-491a-88c9-2882923c3ca4 tempest-VolumeSnapshotQuotasNegativeTestJSON-2033187681 None] Acquiring lock "cinder-8166da82-db7c-44d8-8464-981edac5e8e3-delete_snapshot" by "delete_snapshot" {{(pid=88575) __acquire /opt/stack/cinder/cinder/coordination.py:138}}
Jul 29 16:08:21 devstack cinder-volume[88575]: DEBUG cinder.coordination [None req-6b036539-5bc7-491a-88c9-2882923c3ca4 tempest-VolumeSnapshotQuotasNegativeTestJSON-2033187681 None] Lock "cinder-8166da82-db7c-44d8-8464-981edac5e8e3-delete_snapshot" acquired by "delete_snapshot" :: waited 0.051s {{(pid=88575) __acquire /opt/stack/cinder/cinder/coordination.py:141}}
Jul 29 16:08:21 devstack cinder-volume[88575]: DEBUG cinder.coordination [None req-6b036539-5bc7-491a-88c9-2882923c3ca4 tempest-VolumeSnapshotQuotasNegativeTestJSON-2033187681 None] Acquiring lock "cinder-quobyte-fef43ef0-0e3d-4d17-ac34-13d0a1a69189" by "delete_snapshot" {{(pid=88575) __acquire /opt/stack/cinder/cinder/coordination.py:138}}
Jul 29 16:08:21 devstack cinder-volume[88575]: DEBUG cinder.coordination [None req-6b036539-5bc7-491a-88c9-2882923c3ca4 tempest-VolumeSnapshotQuotasNegativeTestJSON-2033187681 None] Lock "cinder-quobyte-fef43ef0-0e3d-4d17-ac34-13d0a1a69189" acquired by "delete_snapshot" :: waited 0.027s {{(pid=88575) __acquire /opt/stack/cinder/cinder/coordination.py:141}}
Jul 29 16:08:21 devstack cinder-volume[88575]: DEBUG cinder.coordination [None req-6b036539-5bc7-491a-88c9-2882923c3ca4 tempest-VolumeSnapshotQuotasNegativeTestJSON-2033187681 None] Acquiring lock "cinder-quobyte-8166da82-db7c-44d8-8464-981edac5e8e3" by "_delete_snapshot" {{(pid=88575) __acquire /opt/stack/cinder/cinder/coordination.py:138}}
Jul 29 16:08:21 devstack cinder-volume[88575]: DEBUG cinder.coordination [None req-6b036539-5bc7-491a-88c9-2882923c3ca4 tempest-VolumeSnapshotQuotasNegativeTestJSON-2033187681 None] Lock "cinder-quobyte-8166da82-db7c-44d8-8464-981edac5e8e3" acquired by "_delete_snapshot" :: waited 0.022s {{(pid=88575) __acquire /opt/stack/cinder/cinder/coordination.py:141}}
Jul 29 16:08:21 devstack cinder-volume[88575]: DEBUG cinder.volume.drivers.remotefs [None req-6b036539-5bc7-491a-88c9-2882923c3ca4 tempest-VolumeSnapshotQuotasNegativeTestJSON-2033187681 None] Deleting offline snapshot 8166da82-db7c-44d8-8464-981edac5e8e3 of volume fef43ef0-0e3d-4d17-ac34-13d0a1a69189 {{(pid=88575) _delete_snapshot /opt/stack/cinder/cinder/volume/drivers/remotefs.py:1288}}
Jul 29 16:08:21 devstack cinder-volume[88575]: DEBUG cinder.volume.drivers.remotefs [None req-6b036539-5bc7-491a-88c9-2882923c3ca4 tempest-VolumeSnapshotQuotasNegativeTestJSON-2033187681 None] snapshot_file for this snap is: volume-fef43ef0-0e3d-4d17-ac34-13d0a1a69189.8166da82-db7c-44d8-8464-981edac5e8e3 {{(pid=88575) _delete_snapshot /opt/stack/cinder/cinder/volume/drivers/remotefs.py:1317}}
Jul 29 16:08:21 devstack cinder-volume[88575]: DEBUG oslo.privsep.daemon [-] privsep: reply[870f5d15-7243-41e7-a018-46b710d81397]: (4, 'qcow2') {{(pid=89603) _call_back /opt/stack/data/venv/lib/python3.12/site-packages/oslo_privsep/daemon.py:580}}
Jul 29 16:08:21 devstack cinder-volume[88575]: DEBUG oslo_concurrency.processutils [None req-6b036539-5bc7-491a-88c9-2882923c3ca4 tempest-VolumeSnapshotQuotasNegativeTestJSON-2033187681 None] Running cmd (subprocess): /opt/stack/data/venv/bin/python3.12 -m oslo_concurrency.prlimit --as=1073741824 --cpu=60 -- sudo cinder-rootwrap /etc/cinder/rootwrap.conf env LC_ALL=C qemu-img info -f qcow2 --output=json --force-share /opt/stack/data/cinder/mnt/eb9e87f52fa3a69a54bb335006b4bd51/volume-fef43ef0-0e3d-4d17-ac34-13d0a1a69189.8166da82-db7c-44d8-8464-981edac5e8e3 {{(pid=88575) execute /opt/stack/data/venv/lib/python3.12/site-packages/oslo_concurrency/processutils.py:440}}
Jul 29 16:08:22 devstack sudo[94735]: quobyte : PWD=/ ; USER=root ; COMMAND=/opt/stack/data/venv/bin/cinder-rootwrap /etc/cinder/rootwrap.conf env LC_ALL=C qemu-img info -f qcow2 --output=json --force-share /opt/stack/data/cinder/mnt/eb9e87f52fa3a69a54bb335006b4bd51/volume-fef43ef0-0e3d-4d17-ac34-13d0a1a69189.8166da82-db7c-44d8-8464-981edac5e8e3
Jul 29 16:08:22 devstack sudo[94735]: pam_unix(sudo:session): session opened for user root(uid=0) by (uid=1000)
Jul 29 16:08:22 devstack sudo[94735]: pam_unix(sudo:session): session closed for user root
Jul 29 16:08:22 devstack cinder-volume[88575]: DEBUG oslo_concurrency.processutils [None req-6b036539-5bc7-491a-88c9-2882923c3ca4 tempest-VolumeSnapshotQuotasNegativeTestJSON-2033187681 None] CMD "/opt/stack/data/venv/bin/python3.12 -m oslo_concurrency.prlimit --as=1073741824 --cpu=60 -- sudo cinder-rootwrap /etc/cinder/rootwrap.conf env LC_ALL=C qemu-img info -f qcow2 --output=json --force-share /opt/stack/data/cinder/mnt/eb9e87f52fa3a69a54bb335006b4bd51/volume-fef43ef0-0e3d-4d17-ac34-13d0a1a69189.8166da82-db7c-44d8-8464-981edac5e8e3" returned: 0 in 0.652s {{(pid=88575) execute /opt/stack/data/venv/lib/python3.12/site-packages/oslo_concurrency/processutils.py:468}}
Jul 29 16:08:22 devstack cinder-volume[88575]: DEBUG cinder.volume.drivers.remotefs [None req-6b036539-5bc7-491a-88c9-2882923c3ca4 tempest-VolumeSnapshotQuotasNegativeTestJSON-2033187681 None] Fetching qemu-img info with special backing_file_template: (/opt/stack/data/cinder/mnt/[0-9a-f]+/)?(volume-fef43ef0-0e3d-4d17-ac34-13d0a1a69189(.(tmp-snap-)?[0-9a-f-]+)?|volume_from_snapshot_cache/(tmp-snap-)?[0-9a-f-]+(.(child-|parent-)[0-9a-f-]+)?)$ {{(pid=88575) _qemu_img_info_base /opt/stack/cinder/cinder/volume/drivers/remotefs.py:896}}
Jul 29 16:08:22 devstack cinder-volume[88575]: DEBUG oslo.privsep.daemon [-] privsep: reply[45449c92-8246-4f8e-99fe-3907136333b4]: (4, 'qcow2') {{(pid=89603) _call_back /opt/stack/data/venv/lib/python3.12/site-packages/oslo_privsep/daemon.py:580}}
Jul 29 16:08:22 devstack cinder-volume[88575]: DEBUG oslo_concurrency.processutils [None req-6b036539-5bc7-491a-88c9-2882923c3ca4 tempest-VolumeSnapshotQuotasNegativeTestJSON-2033187681 None] Running cmd (subprocess): /opt/stack/data/venv/bin/python3.12 -m oslo_concurrency.prlimit --as=1073741824 --cpu=60 -- sudo cinder-rootwrap /etc/cinder/rootwrap.conf env LC_ALL=C qemu-img info -f qcow2 --output=json --force-share /opt/stack/data/cinder/mnt/eb9e87f52fa3a69a54bb335006b4bd51/volume-fef43ef0-0e3d-4d17-ac34-13d0a1a69189 {{(pid=88575) execute /opt/stack/data/venv/lib/python3.12/site-packages/oslo_concurrency/processutils.py:440}}
Jul 29 16:08:22 devstack sudo[94764]: quobyte : PWD=/ ; USER=root ; COMMAND=/opt/stack/data/venv/bin/cinder-rootwrap /etc/cinder/rootwrap.conf env LC_ALL=C qemu-img info -f qcow2 --output=json --force-share /opt/stack/data/cinder/mnt/eb9e87f52fa3a69a54bb335006b4bd51/volume-fef43ef0-0e3d-4d17-ac34-13d0a1a69189
Jul 29 16:08:22 devstack sudo[94764]: pam_unix(sudo:session): session opened for user root(uid=0) by (uid=1000)
Jul 29 16:08:23 devstack sudo[94764]: pam_unix(sudo:session): session closed for user root
Jul 29 16:08:23 devstack cinder-volume[88575]: DEBUG oslo_concurrency.processutils [None req-6b036539-5bc7-491a-88c9-2882923c3ca4 tempest-VolumeSnapshotQuotasNegativeTestJSON-2033187681 None] CMD "/opt/stack/data/venv/bin/python3.12 -m oslo_concurrency.prlimit --as=1073741824 --cpu=60 -- sudo cinder-rootwrap /etc/cinder/rootwrap.conf env LC_ALL=C qemu-img info -f qcow2 --output=json --force-share /opt/stack/data/cinder/mnt/eb9e87f52fa3a69a54bb335006b4bd51/volume-fef43ef0-0e3d-4d17-ac34-13d0a1a69189" returned: 0 in 0.458s {{(pid=88575) execute /opt/stack/data/venv/lib/python3.12/site-packages/oslo_concurrency/processutils.py:468}}
Jul 29 16:08:23 devstack cinder-volume[88575]: DEBUG oslo_concurrency.processutils [None req-6b036539-5bc7-491a-88c9-2882923c3ca4 tempest-VolumeSnapshotQuotasNegativeTestJSON-2033187681 None] Running cmd (subprocess): sudo cinder-rootwrap /etc/cinder/rootwrap.conf qemu-img commit -d /opt/stack/data/cinder/mnt/eb9e87f52fa3a69a54bb335006b4bd51/volume-fef43ef0-0e3d-4d17-ac34-13d0a1a69189.8166da82-db7c-44d8-8464-981edac5e8e3 {{(pid=88575) execute /opt/stack/data/venv/lib/python3.12/site-packages/oslo_concurrency/processutils.py:440}}
Jul 29 16:08:23 devstack sudo[94784]: quobyte : PWD=/ ; USER=root ; COMMAND=/opt/stack/data/venv/bin/cinder-rootwrap /etc/cinder/rootwrap.conf qemu-img commit -d /opt/stack/data/cinder/mnt/eb9e87f52fa3a69a54bb335006b4bd51/volume-fef43ef0-0e3d-4d17-ac34-13d0a1a69189.8166da82-db7c-44d8-8464-981edac5e8e3
Jul 29 16:08:23 devstack sudo[94784]: pam_unix(sudo:session): session opened for user root(uid=0) by (uid=1000)
Jul 29 16:08:23 devstack sudo[94784]: pam_unix(sudo:session): session closed for user root
Jul 29 16:08:23 devstack cinder-volume[88575]: DEBUG oslo_concurrency.processutils [None req-6b036539-5bc7-491a-88c9-2882923c3ca4 tempest-VolumeSnapshotQuotasNegativeTestJSON-2033187681 None] CMD "sudo cinder-rootwrap /etc/cinder/rootwrap.conf qemu-img commit -d /opt/stack/data/cinder/mnt/eb9e87f52fa3a69a54bb335006b4bd51/volume-fef43ef0-0e3d-4d17-ac34-13d0a1a69189.8166da82-db7c-44d8-8464-981edac5e8e3" returned: 0 in 0.460s {{(pid=88575) execute /opt/stack/data/venv/lib/python3.12/site-packages/oslo_concurrency/processutils.py:468}}
Jul 29 16:08:23 devstack cinder-volume[88575]: DEBUG oslo_concurrency.processutils [None req-6b036539-5bc7-491a-88c9-2882923c3ca4 tempest-VolumeSnapshotQuotasNegativeTestJSON-2033187681 None] Running cmd (subprocess): sudo cinder-rootwrap /etc/cinder/rootwrap.conf rm -f /opt/stack/data/cinder/mnt/eb9e87f52fa3a69a54bb335006b4bd51/volume-fef43ef0-0e3d-4d17-ac34-13d0a1a69189.8166da82-db7c-44d8-8464-981edac5e8e3 {{(pid=88575) execute /opt/stack/data/venv/lib/python3.12/site-packages/oslo_concurrency/processutils.py:440}}
Jul 29 16:08:23 devstack sudo[94790]: quobyte : PWD=/ ; USER=root ; COMMAND=/opt/stack/data/venv/bin/cinder-rootwrap /etc/cinder/rootwrap.conf rm -f /opt/stack/data/cinder/mnt/eb9e87f52fa3a69a54bb335006b4bd51/volume-fef43ef0-0e3d-4d17-ac34-13d0a1a69189.8166da82-db7c-44d8-8464-981edac5e8e3
Jul 29 16:08:23 devstack sudo[94790]: pam_unix(sudo:session): session opened for user root(uid=0) by (uid=1000)
Jul 29 16:08:23 devstack sudo[94790]: pam_unix(sudo:session): session closed for user root
Jul 29 16:08:23 devstack cinder-volume[88575]: DEBUG oslo_concurrency.processutils [None req-6b036539-5bc7-491a-88c9-2882923c3ca4 tempest-VolumeSnapshotQuotasNegativeTestJSON-2033187681 None] CMD "sudo cinder-rootwrap /etc/cinder/rootwrap.conf rm -f /opt/stack/data/cinder/mnt/eb9e87f52fa3a69a54bb335006b4bd51/volume-fef43ef0-0e3d-4d17-ac34-13d0a1a69189.8166da82-db7c-44d8-8464-981edac5e8e3" returned: 0 in 0.407s {{(pid=88575) execute /opt/stack/data/venv/lib/python3.12/site-packages/oslo_concurrency/processutils.py:468}}
Jul 29 16:08:23 devstack cinder-volume[88575]: DEBUG cinder.coordination [None req-6b036539-5bc7-491a-88c9-2882923c3ca4 tempest-VolumeSnapshotQuotasNegativeTestJSON-2033187681 None] Lock "cinder-quobyte-8166da82-db7c-44d8-8464-981edac5e8e3" released by "_delete_snapshot" :: held 2.192s {{(pid=88575) __release /opt/stack/cinder/cinder/coordination.py:152}}
Jul 29 16:08:23 devstack cinder-volume[88575]: DEBUG cinder.coordination [None req-6b036539-5bc7-491a-88c9-2882923c3ca4 tempest-VolumeSnapshotQuotasNegativeTestJSON-2033187681 None] Lock "cinder-quobyte-fef43ef0-0e3d-4d17-ac34-13d0a1a69189" released by "delete_snapshot" :: held 2.226s {{(pid=88575) __release /opt/stack/cinder/cinder/coordination.py:152}}
Jul 29 16:08:24 devstack cinder-volume[88575]: DEBUG cinder.quota [None req-6b036539-5bc7-491a-88c9-2882923c3ca4 tempest-VolumeSnapshotQuotasNegativeTestJSON-2033187681 None] Created reservations ['14717759-9339-47b9-9457-9e92f9c88090', 'bae1c0ed-2409-421e-94ff-be5d8b459368', '466ea42f-f9e6-46fd-997d-ee496806780e', '84bb8aba-5f59-48c1-8293-75246fd633bf'] {{(pid=88575) reserve /opt/stack/cinder/cinder/quota.py:752}}
Jul 29 16:08:24 devstack cinder-volume[88575]: INFO cinder.volume.manager [None req-6b036539-5bc7-491a-88c9-2882923c3ca4 tempest-VolumeSnapshotQuotasNegativeTestJSON-2033187681 None] Delete snapshot completed successfully.
Jul 29 16:08:24 devstack cinder-volume[88575]: DEBUG cinder.coordination [None req-6b036539-5bc7-491a-88c9-2882923c3ca4 tempest-VolumeSnapshotQuotasNegativeTestJSON-2033187681 None] Lock "cinder-8166da82-db7c-44d8-8464-981edac5e8e3-delete_snapshot" released by "delete_snapshot" :: held 2.541s {{(pid=88575) __release /opt/stack/cinder/cinder/coordination.py:152}}
Jul 29 16:08:25 devstack cinder-volume[88575]: DEBUG cinder.coordination [None req-46ba3d38-a9c7-4e71-8203-c175edc45858 tempest-VolumeSnapshotQuotasNegativeTestJSON-2033187681 None] Acquiring lock "cinder-fef43ef0-0e3d-4d17-ac34-13d0a1a69189-delete_volume" by "delete_volume" {{(pid=88575) __acquire /opt/stack/cinder/cinder/coordination.py:138}}
Jul 29 16:08:25 devstack cinder-volume[88575]: DEBUG cinder.coordination [None req-46ba3d38-a9c7-4e71-8203-c175edc45858 tempest-VolumeSnapshotQuotasNegativeTestJSON-2033187681 None] Lock "cinder-fef43ef0-0e3d-4d17-ac34-13d0a1a69189-delete_volume" acquired by "delete_volume" :: waited 0.045s {{(pid=88575) __acquire /opt/stack/cinder/cinder/coordination.py:141}}
Jul 29 16:08:25 devstack cinder-volume[88575]: DEBUG cinder.coordination [None req-46ba3d38-a9c7-4e71-8203-c175edc45858 tempest-VolumeSnapshotQuotasNegativeTestJSON-2033187681 None] Acquiring lock "cinder-quobyte-fef43ef0-0e3d-4d17-ac34-13d0a1a69189" by "delete_volume" {{(pid=88575) __acquire /opt/stack/cinder/cinder/coordination.py:138}}
Jul 29 16:08:25 devstack cinder-volume[88575]: DEBUG cinder.coordination [None req-46ba3d38-a9c7-4e71-8203-c175edc45858 tempest-VolumeSnapshotQuotasNegativeTestJSON-2033187681 None] Lock "cinder-quobyte-fef43ef0-0e3d-4d17-ac34-13d0a1a69189" acquired by "delete_volume" :: waited 0.021s {{(pid=88575) __acquire /opt/stack/cinder/cinder/coordination.py:141}}
Jul 29 16:08:25 devstack cinder-volume[88575]: DEBUG oslo.privsep.daemon [-] privsep: reply[44e458e6-94e3-49a0-b295-fb537d2f830a]: (4, 'qcow2') {{(pid=89603) _call_back /opt/stack/data/venv/lib/python3.12/site-packages/oslo_privsep/daemon.py:580}}
Jul 29 16:08:25 devstack cinder-volume[88575]: DEBUG oslo_concurrency.processutils [None req-46ba3d38-a9c7-4e71-8203-c175edc45858 tempest-VolumeSnapshotQuotasNegativeTestJSON-2033187681 None] Running cmd (subprocess): /opt/stack/data/venv/bin/python3.12 -m oslo_concurrency.prlimit --as=1073741824 --cpu=60 -- sudo cinder-rootwrap /etc/cinder/rootwrap.conf env LC_ALL=C qemu-img info -f qcow2 --output=json --force-share /opt/stack/data/cinder/mnt/eb9e87f52fa3a69a54bb335006b4bd51/volume-fef43ef0-0e3d-4d17-ac34-13d0a1a69189 {{(pid=88575) execute /opt/stack/data/venv/lib/python3.12/site-packages/oslo_concurrency/processutils.py:440}}
Jul 29 16:08:25 devstack sudo[94796]: quobyte : PWD=/ ; USER=root ; COMMAND=/opt/stack/data/venv/bin/cinder-rootwrap /etc/cinder/rootwrap.conf env LC_ALL=C qemu-img info -f qcow2 --output=json --force-share /opt/stack/data/cinder/mnt/eb9e87f52fa3a69a54bb335006b4bd51/volume-fef43ef0-0e3d-4d17-ac34-13d0a1a69189
Jul 29 16:08:25 devstack sudo[94796]: pam_unix(sudo:session): session opened for user root(uid=0) by (uid=1000)
Jul 29 16:08:25 devstack cinder-volume[88575]: DEBUG oslo_concurrency.processutils [None req-46ba3d38-a9c7-4e71-8203-c175edc45858 tempest-VolumeSnapshotQuotasNegativeTestJSON-2033187681 None] CMD "/opt/stack/data/venv/bin/python3.12 -m oslo_concurrency.prlimit --as=1073741824 --cpu=60 -- sudo cinder-rootwrap /etc/cinder/rootwrap.conf env LC_ALL=C qemu-img info -f qcow2 --output=json --force-share /opt/stack/data/cinder/mnt/eb9e87f52fa3a69a54bb335006b4bd51/volume-fef43ef0-0e3d-4d17-ac34-13d0a1a69189" returned: 0 in 0.589s {{(pid=88575) execute /opt/stack/data/venv/lib/python3.12/site-packages/oslo_concurrency/processutils.py:468}}
Jul 29 16:08:25 devstack cinder-volume[88575]: DEBUG oslo_concurrency.processutils [None req-46ba3d38-a9c7-4e71-8203-c175edc45858 tempest-VolumeSnapshotQuotasNegativeTestJSON-2033187681 None] Running cmd (subprocess): sudo cinder-rootwrap /etc/cinder/rootwrap.conf rm -f /opt/stack/data/cinder/mnt/eb9e87f52fa3a69a54bb335006b4bd51/volume-fef43ef0-0e3d-4d17-ac34-13d0a1a69189 {{(pid=88575) execute /opt/stack/data/venv/lib/python3.12/site-packages/oslo_concurrency/processutils.py:440}}
Jul 29 16:08:25 devstack sudo[94796]: pam_unix(sudo:session): session closed for user root
Jul 29 16:08:25 devstack sudo[94801]: quobyte : PWD=/ ; USER=root ; COMMAND=/opt/stack/data/venv/bin/cinder-rootwrap /etc/cinder/rootwrap.conf rm -f /opt/stack/data/cinder/mnt/eb9e87f52fa3a69a54bb335006b4bd51/volume-fef43ef0-0e3d-4d17-ac34-13d0a1a69189
Jul 29 16:08:25 devstack sudo[94801]: pam_unix(sudo:session): session opened for user root(uid=0) by (uid=1000)
Jul 29 16:08:26 devstack sudo[94801]: pam_unix(sudo:session): session closed for user root
Jul 29 16:08:26 devstack cinder-volume[88575]: DEBUG oslo_concurrency.processutils [None req-46ba3d38-a9c7-4e71-8203-c175edc45858 tempest-VolumeSnapshotQuotasNegativeTestJSON-2033187681 None] CMD "sudo cinder-rootwrap /etc/cinder/rootwrap.conf rm -f /opt/stack/data/cinder/mnt/eb9e87f52fa3a69a54bb335006b4bd51/volume-fef43ef0-0e3d-4d17-ac34-13d0a1a69189" returned: 0 in 0.336s {{(pid=88575) execute /opt/stack/data/venv/lib/python3.12/site-packages/oslo_concurrency/processutils.py:468}}
Jul 29 16:08:26 devstack cinder-volume[88575]: DEBUG cinder.coordination [None req-46ba3d38-a9c7-4e71-8203-c175edc45858 tempest-VolumeSnapshotQuotasNegativeTestJSON-2033187681 None] Lock "cinder-quobyte-fef43ef0-0e3d-4d17-ac34-13d0a1a69189" released by "delete_volume" :: held 1.008s {{(pid=88575) __release /opt/stack/cinder/cinder/coordination.py:152}}
Jul 29 16:08:26 devstack cinder-volume[88575]: DEBUG cinder.volume.flows.manager.create_volume [None req-80741377-f179-479a-b756-70dbb3b0753f tempest-VolumesActionsTest-493650824 None] Volume reschedule parameters: True retry: {'num_attempts': 1, 'backends': ['devstack@QuobyteHD#QuobyteHD'], 'hosts': ['devstack@QuobyteHD#QuobyteHD']} {{(pid=88575) get_flow /opt/stack/cinder/cinder/volume/flows/manager/create_volume.py:1388}}
Jul 29 16:08:26 devstack cinder-volume[88575]: DEBUG cinder.volume.manager [None req-80741377-f179-479a-b756-70dbb3b0753f tempest-VolumesActionsTest-493650824 None] Flow 'volume_create_manager' (92632106-1346-4635-a03d-b35e70ed9784) transitioned into state 'RUNNING' from state 'PENDING' {{(pid=88575) _flow_receiver /opt/stack/data/venv/lib/python3.12/site-packages/taskflow/listeners/logging.py:160}}
Jul 29 16:08:26 devstack cinder-volume[88575]: DEBUG cinder.volume.manager [None req-80741377-f179-479a-b756-70dbb3b0753f tempest-VolumesActionsTest-493650824 None] Task 'cinder.volume.flows.manager.create_volume.ExtractVolumeRefTask;volume:create' (120be581-6fe5-4b2d-bcff-fea02b73c4b0) transitioned into state 'RUNNING' from state 'PENDING' {{(pid=88575) _task_receiver /opt/stack/data/venv/lib/python3.12/site-packages/taskflow/listeners/logging.py:242}}
Jul 29 16:08:26 devstack cinder-volume[88575]: DEBUG cinder.volume.manager [None req-80741377-f179-479a-b756-70dbb3b0753f tempest-VolumesActionsTest-493650824 None] Task 'cinder.volume.flows.manager.create_volume.ExtractVolumeRefTask;volume:create' (120be581-6fe5-4b2d-bcff-fea02b73c4b0) transitioned into state 'SUCCESS' from state 'RUNNING' with result 'Volume(_name_id=None,admin_metadata=,attach_status='detached',availability_zone='nova',bootable=False,cluster=,cluster_name=None,consistencygroup=,consistencygroup_id=None,created_at=2026-07-29T14:08:26Z,deleted=False,deleted_at=None,display_description=None,display_name='tempest-VolumesActionsTest-Volume-559261247',ec2_id=None,encryption_key_id=None,glance_metadata=,group=,group_id=None,host='devstack@QuobyteHD#QuobyteHD',id=ab58884d-96d6-42ae-83b4-ae6664559159,launched_at=None,metadata={},migration_status=None,multiattach=False,previous_status=None,project_id='aacd5b3c7c5546ff8e47ba68b2b978e8',provider_auth=None,provider_geometry=None,provider_id=None,provider_location=None,replication_driver_data=None,replication_extended_status=None,replication_status=None,scheduled_at=2026-07-29T14:08:26Z,service_uuid=None,shared_targets=True,size=1,snapshot_id=None,snapshots=,source_volid=None,status='creating',terminated_at=None,updated_at=2026-07-29T14:08:26Z,use_quota=True,user_id='d589446d40714a3a9288fc1cf1793171',volume_attachment=VolumeAttachmentList,volume_type=VolumeType(5be763f6-ef25-41d4-b3c3-f3e0ebd97157),volume_type_id=5be763f6-ef25-41d4-b3c3-f3e0ebd97157)' {{(pid=88575) _task_receiver /opt/stack/data/venv/lib/python3.12/site-packages/taskflow/listeners/logging.py:218}}
Jul 29 16:08:26 devstack cinder-volume[88575]: DEBUG cinder.volume.manager [None req-80741377-f179-479a-b756-70dbb3b0753f tempest-VolumesActionsTest-493650824 None] Task 'cinder.volume.flows.manager.create_volume.OnFailureRescheduleTask;volume:create' (37af2eee-f362-4565-bdce-29b576d1f29e) transitioned into state 'RUNNING' from state 'PENDING' {{(pid=88575) _task_receiver /opt/stack/data/venv/lib/python3.12/site-packages/taskflow/listeners/logging.py:242}}
Jul 29 16:08:26 devstack cinder-volume[88575]: DEBUG cinder.volume.manager [None req-80741377-f179-479a-b756-70dbb3b0753f tempest-VolumesActionsTest-493650824 None] Task 'cinder.volume.flows.manager.create_volume.OnFailureRescheduleTask;volume:create' (37af2eee-f362-4565-bdce-29b576d1f29e) transitioned into state 'SUCCESS' from state 'RUNNING' with result 'None' {{(pid=88575) _task_receiver /opt/stack/data/venv/lib/python3.12/site-packages/taskflow/listeners/logging.py:218}}
Jul 29 16:08:26 devstack cinder-volume[88575]: DEBUG cinder.volume.manager [None req-80741377-f179-479a-b756-70dbb3b0753f tempest-VolumesActionsTest-493650824 None] Task 'cinder.volume.flows.manager.create_volume.ExtractVolumeSpecTask;volume:create' (679d38f4-b85c-4a2e-9b8b-9b46ff078f8f) transitioned into state 'RUNNING' from state 'PENDING' {{(pid=88575) _task_receiver /opt/stack/data/venv/lib/python3.12/site-packages/taskflow/listeners/logging.py:242}}
Jul 29 16:08:26 devstack cinder-volume[88575]: DEBUG cinder.volume.manager [None req-80741377-f179-479a-b756-70dbb3b0753f tempest-VolumesActionsTest-493650824 None] Task 'cinder.volume.flows.manager.create_volume.ExtractVolumeSpecTask;volume:create' (679d38f4-b85c-4a2e-9b8b-9b46ff078f8f) transitioned into state 'SUCCESS' from state 'RUNNING' with result '{'status': 'creating', 'type': 'raw', 'volume_id': 'ab58884d-96d6-42ae-83b4-ae6664559159', 'volume_name': 'volume-ab58884d-96d6-42ae-83b4-ae6664559159', 'volume_size': 1}' {{(pid=88575) _task_receiver /opt/stack/data/venv/lib/python3.12/site-packages/taskflow/listeners/logging.py:218}}
Jul 29 16:08:26 devstack cinder-volume[88575]: DEBUG cinder.volume.manager [None req-80741377-f179-479a-b756-70dbb3b0753f tempest-VolumesActionsTest-493650824 None] Task 'cinder.volume.flows.manager.create_volume.NotifyVolumeActionTask;volume:create, create.start' (fecae322-3fc4-4f1f-bfbc-6515fc43b9f4) transitioned into state 'RUNNING' from state 'PENDING' {{(pid=88575) _task_receiver /opt/stack/data/venv/lib/python3.12/site-packages/taskflow/listeners/logging.py:242}}
Jul 29 16:08:26 devstack cinder-volume[88575]: DEBUG cinder.volume.manager [None req-80741377-f179-479a-b756-70dbb3b0753f tempest-VolumesActionsTest-493650824 None] Task 'cinder.volume.flows.manager.create_volume.NotifyVolumeActionTask;volume:create, create.start' (fecae322-3fc4-4f1f-bfbc-6515fc43b9f4) transitioned into state 'SUCCESS' from state 'RUNNING' with result 'None' {{(pid=88575) _task_receiver /opt/stack/data/venv/lib/python3.12/site-packages/taskflow/listeners/logging.py:218}}
Jul 29 16:08:26 devstack cinder-volume[88575]: DEBUG cinder.volume.manager [None req-80741377-f179-479a-b756-70dbb3b0753f tempest-VolumesActionsTest-493650824 None] Task 'cinder.volume.flows.manager.create_volume.CreateVolumeFromSpecTask;volume:create' (f5465cc4-61b6-4d43-b8ca-2f7cf82a47bd) transitioned into state 'RUNNING' from state 'PENDING' {{(pid=88575) _task_receiver /opt/stack/data/venv/lib/python3.12/site-packages/taskflow/listeners/logging.py:242}}
Jul 29 16:08:26 devstack cinder-volume[88575]: INFO cinder.volume.flows.manager.create_volume [None req-80741377-f179-479a-b756-70dbb3b0753f tempest-VolumesActionsTest-493650824 None] Volume ab58884d-96d6-42ae-83b4-ae6664559159: being created as raw with specification: {'status': 'creating', 'volume_name': 'volume-ab58884d-96d6-42ae-83b4-ae6664559159', 'volume_size': 1}
Jul 29 16:08:26 devstack cinder-volume[88575]: DEBUG oslo_concurrency.lockutils [None req-80741377-f179-479a-b756-70dbb3b0753f tempest-VolumesActionsTest-493650824 None] Acquiring lock "quobyte" by "cinder.volume.drivers.quobyte.QuobyteDriver.create_volume" {{(pid=88575) inner /opt/stack/data/venv/lib/python3.12/site-packages/oslo_concurrency/lockutils.py:512}}
Jul 29 16:08:26 devstack cinder-volume[88575]: DEBUG oslo_concurrency.lockutils [None req-80741377-f179-479a-b756-70dbb3b0753f tempest-VolumesActionsTest-493650824 None] Lock "quobyte" acquired by "cinder.volume.drivers.quobyte.QuobyteDriver.create_volume" :: waited 0.001s {{(pid=88575) inner /opt/stack/data/venv/lib/python3.12/site-packages/oslo_concurrency/lockutils.py:525}}
Jul 29 16:08:26 devstack cinder-volume[88575]: DEBUG cinder.volume.drivers.quobyte [None req-80741377-f179-479a-b756-70dbb3b0753f tempest-VolumesActionsTest-493650824 None] ==> create_volume: call "{'self': , 'volume': Volume(_name_id=None,admin_metadata=,attach_status='detached',availability_zone='nova',bootable=False,cluster=,cluster_name=None,consistencygroup=,consistencygroup_id=None,created_at=2026-07-29T14:08:26Z,deleted=False,deleted_at=None,display_description=None,display_name='tempest-VolumesActionsTest-Volume-559261247',ec2_id=None,encryption_key_id=None,glance_metadata=,group=,group_id=None,host='devstack@QuobyteHD#QuobyteHD',id=ab58884d-96d6-42ae-83b4-ae6664559159,launched_at=None,metadata={},migration_status=None,multiattach=False,previous_status=None,project_id='aacd5b3c7c5546ff8e47ba68b2b978e8',provider_auth=None,provider_geometry=None,provider_id=None,provider_location=None,replication_driver_data=None,replication_extended_status=None,replication_status=None,scheduled_at=2026-07-29T14:08:26Z,service_uuid=None,shared_targets=True,size=1,snapshot_id=None,snapshots=,source_volid=None,status='creating',terminated_at=None,updated_at=2026-07-29T14:08:26Z,use_quota=True,user_id='d589446d40714a3a9288fc1cf1793171',volume_attachment=VolumeAttachmentList,volume_type=VolumeType(5be763f6-ef25-41d4-b3c3-f3e0ebd97157),volume_type_id=5be763f6-ef25-41d4-b3c3-f3e0ebd97157)}" {{(pid=88575) trace_logging_wrapper /opt/stack/cinder/cinder/volume/volume_utils.py:1498}}
Jul 29 16:08:26 devstack cinder-volume[88575]: DEBUG cinder.volume.drivers.remotefs [None req-80741377-f179-479a-b756-70dbb3b0753f tempest-VolumesActionsTest-493650824 None] Creating volume ab58884d-96d6-42ae-83b4-ae6664559159 {{(pid=88575) create_volume /opt/stack/cinder/cinder/volume/drivers/remotefs.py:292}}
Jul 29 16:08:26 devstack cinder-volume[88575]: DEBUG oslo_concurrency.lockutils [None req-80741377-f179-479a-b756-70dbb3b0753f tempest-VolumesActionsTest-493650824 None] Acquiring lock "quobyte_ensure" by "cinder.volume.drivers.quobyte.QuobyteDriver._ensure_shares_mounted" {{(pid=88575) inner /opt/stack/data/venv/lib/python3.12/site-packages/oslo_concurrency/lockutils.py:512}}
Jul 29 16:08:26 devstack cinder-volume[88575]: DEBUG oslo_concurrency.lockutils [None req-80741377-f179-479a-b756-70dbb3b0753f tempest-VolumesActionsTest-493650824 None] Lock "quobyte_ensure" acquired by "cinder.volume.drivers.quobyte.QuobyteDriver._ensure_shares_mounted" :: waited 0.001s {{(pid=88575) inner /opt/stack/data/venv/lib/python3.12/site-packages/oslo_concurrency/lockutils.py:525}}
Jul 29 16:08:26 devstack cinder-volume[88575]: DEBUG cinder.volume.drivers.quobyte [None req-80741377-f179-479a-b756-70dbb3b0753f tempest-VolumesActionsTest-493650824 None] Quobyte Volume URL set to: {'osci02.corp.quobyte.com/cinder-vol-a635b7db-2c4b-4781-89b0-9adb7e6d9601': None} {{(pid=88575) _load_shares_config /opt/stack/cinder/cinder/volume/drivers/quobyte.py:651}}
Jul 29 16:08:26 devstack cinder-volume[88575]: DEBUG cinder.volume.drivers.quobyte [None req-80741377-f179-479a-b756-70dbb3b0753f tempest-VolumesActionsTest-493650824 None] Available shares ['osci02.corp.quobyte.com/cinder-vol-a635b7db-2c4b-4781-89b0-9adb7e6d9601'] {{(pid=88575) _ensure_shares_mounted /opt/stack/cinder/cinder/volume/drivers/quobyte.py:681}}
Jul 29 16:08:26 devstack cinder-volume[88575]: DEBUG oslo_concurrency.lockutils [None req-80741377-f179-479a-b756-70dbb3b0753f tempest-VolumesActionsTest-493650824 None] Lock "quobyte_ensure" "released" by "cinder.volume.drivers.quobyte.QuobyteDriver._ensure_shares_mounted" :: held 0.009s {{(pid=88575) inner /opt/stack/data/venv/lib/python3.12/site-packages/oslo_concurrency/lockutils.py:544}}
Jul 29 16:08:26 devstack cinder-volume[88575]: DEBUG cinder.volume.drivers.quobyte [None req-80741377-f179-479a-b756-70dbb3b0753f tempest-VolumesActionsTest-493650824 None] Selected osci02.corp.quobyte.com/cinder-vol-a635b7db-2c4b-4781-89b0-9adb7e6d9601 as target Quobyte volume. {{(pid=88575) _find_share /opt/stack/cinder/cinder/volume/drivers/quobyte.py:702}}
Jul 29 16:08:26 devstack cinder-volume[88575]: INFO cinder.volume.drivers.remotefs [None req-80741377-f179-479a-b756-70dbb3b0753f tempest-VolumesActionsTest-493650824 None] casted to osci02.corp.quobyte.com/cinder-vol-a635b7db-2c4b-4781-89b0-9adb7e6d9601
Jul 29 16:08:26 devstack cinder-volume[88575]: DEBUG oslo_concurrency.processutils [None req-80741377-f179-479a-b756-70dbb3b0753f tempest-VolumesActionsTest-493650824 None] Running cmd (subprocess): sudo cinder-rootwrap /etc/cinder/rootwrap.conf qemu-img create -f qcow2 -o preallocation=metadata /opt/stack/data/cinder/mnt/eb9e87f52fa3a69a54bb335006b4bd51/volume-ab58884d-96d6-42ae-83b4-ae6664559159 1073741824 {{(pid=88575) execute /opt/stack/data/venv/lib/python3.12/site-packages/oslo_concurrency/processutils.py:440}}
Jul 29 16:08:26 devstack cinder-volume[88575]: DEBUG cinder.volume.flows.manager.create_volume [None req-d11d5375-aabf-47b6-ba12-09dde81c2871 tempest-VolumesNegativeTest-322987240 None] Volume reschedule parameters: True retry: {'num_attempts': 1, 'backends': ['devstack@QuobyteHD#QuobyteHD'], 'hosts': ['devstack@QuobyteHD#QuobyteHD']} {{(pid=88575) get_flow /opt/stack/cinder/cinder/volume/flows/manager/create_volume.py:1388}}
Jul 29 16:08:26 devstack sudo[94805]: quobyte : PWD=/ ; USER=root ; COMMAND=/opt/stack/data/venv/bin/cinder-rootwrap /etc/cinder/rootwrap.conf qemu-img create -f qcow2 -o preallocation=metadata /opt/stack/data/cinder/mnt/eb9e87f52fa3a69a54bb335006b4bd51/volume-ab58884d-96d6-42ae-83b4-ae6664559159 1073741824
Jul 29 16:08:26 devstack sudo[94805]: pam_unix(sudo:session): session opened for user root(uid=0) by (uid=1000)
Jul 29 16:08:26 devstack cinder-volume[88575]: DEBUG cinder.volume.manager [None req-d11d5375-aabf-47b6-ba12-09dde81c2871 tempest-VolumesNegativeTest-322987240 None] Flow 'volume_create_manager' (045d3592-021c-4ce9-a51a-5775a583b980) transitioned into state 'RUNNING' from state 'PENDING' {{(pid=88575) _flow_receiver /opt/stack/data/venv/lib/python3.12/site-packages/taskflow/listeners/logging.py:160}}
Jul 29 16:08:26 devstack cinder-volume[88575]: DEBUG cinder.volume.manager [None req-d11d5375-aabf-47b6-ba12-09dde81c2871 tempest-VolumesNegativeTest-322987240 None] Task 'cinder.volume.flows.manager.create_volume.ExtractVolumeRefTask;volume:create' (32af7e34-3085-4102-a883-b6acfa2d41e6) transitioned into state 'RUNNING' from state 'PENDING' {{(pid=88575) _task_receiver /opt/stack/data/venv/lib/python3.12/site-packages/taskflow/listeners/logging.py:242}}
Jul 29 16:08:26 devstack cinder-volume[88575]: DEBUG cinder.volume.manager [None req-d11d5375-aabf-47b6-ba12-09dde81c2871 tempest-VolumesNegativeTest-322987240 None] Task 'cinder.volume.flows.manager.create_volume.ExtractVolumeRefTask;volume:create' (32af7e34-3085-4102-a883-b6acfa2d41e6) transitioned into state 'SUCCESS' from state 'RUNNING' with result 'Volume(_name_id=None,admin_metadata=,attach_status='detached',availability_zone='nova',bootable=False,cluster=,cluster_name=None,consistencygroup=,consistencygroup_id=None,created_at=2026-07-29T14:08:26Z,deleted=False,deleted_at=None,display_description=None,display_name='tempest-VolumesNegativeTest-Volume-363498416',ec2_id=None,encryption_key_id=None,glance_metadata=,group=,group_id=None,host='devstack@QuobyteHD#QuobyteHD',id=e6f96c8b-ce42-46f4-85f0-18ab9d54daff,launched_at=None,metadata={},migration_status=None,multiattach=False,previous_status=None,project_id='0232c094df884630a4b57844c79161df',provider_auth=None,provider_geometry=None,provider_id=None,provider_location=None,replication_driver_data=None,replication_extended_status=None,replication_status=None,scheduled_at=2026-07-29T14:08:26Z,service_uuid=None,shared_targets=True,size=1,snapshot_id=None,snapshots=,source_volid=None,status='creating',terminated_at=None,updated_at=2026-07-29T14:08:26Z,use_quota=True,user_id='fc93599a5cd04710bb2d010cad026229',volume_attachment=VolumeAttachmentList,volume_type=VolumeType(5be763f6-ef25-41d4-b3c3-f3e0ebd97157),volume_type_id=5be763f6-ef25-41d4-b3c3-f3e0ebd97157)' {{(pid=88575) _task_receiver /opt/stack/data/venv/lib/python3.12/site-packages/taskflow/listeners/logging.py:218}}
Jul 29 16:08:26 devstack cinder-volume[88575]: DEBUG cinder.volume.manager [None req-d11d5375-aabf-47b6-ba12-09dde81c2871 tempest-VolumesNegativeTest-322987240 None] Task 'cinder.volume.flows.manager.create_volume.OnFailureRescheduleTask;volume:create' (24fac982-24c9-4500-9cab-f59015cde34a) transitioned into state 'RUNNING' from state 'PENDING' {{(pid=88575) _task_receiver /opt/stack/data/venv/lib/python3.12/site-packages/taskflow/listeners/logging.py:242}}
Jul 29 16:08:26 devstack cinder-volume[88575]: DEBUG cinder.volume.manager [None req-d11d5375-aabf-47b6-ba12-09dde81c2871 tempest-VolumesNegativeTest-322987240 None] Task 'cinder.volume.flows.manager.create_volume.OnFailureRescheduleTask;volume:create' (24fac982-24c9-4500-9cab-f59015cde34a) transitioned into state 'SUCCESS' from state 'RUNNING' with result 'None' {{(pid=88575) _task_receiver /opt/stack/data/venv/lib/python3.12/site-packages/taskflow/listeners/logging.py:218}}
Jul 29 16:08:26 devstack cinder-volume[88575]: DEBUG cinder.volume.manager [None req-d11d5375-aabf-47b6-ba12-09dde81c2871 tempest-VolumesNegativeTest-322987240 None] Task 'cinder.volume.flows.manager.create_volume.ExtractVolumeSpecTask;volume:create' (3e814db3-424d-4984-889e-bc15104c6448) transitioned into state 'RUNNING' from state 'PENDING' {{(pid=88575) _task_receiver /opt/stack/data/venv/lib/python3.12/site-packages/taskflow/listeners/logging.py:242}}
