Feb 05 19:13:52 devstack cinder-volume[83087]: DEBUG cinder.coordination [None req-b72a5f02-b865-4002-8fb7-27f14619a6ea tempest-AttachVolumeNegativeTest-947534120 None] Acquiring lock "cinder-5b13bea3-1c99-40c6-93d7-76f1b688b374-delete_volume" by "delete_volume" {{(pid=83087) __acquire /opt/stack/cinder/cinder/coordination.py:143}}
Feb 05 19:13:52 devstack cinder-volume[83087]: DEBUG oslo.privsep.daemon [-] privsep: reply[1de69056-7474-4e18-88e6-8584cc07d8c8]: (4, 'qcow2') {{(pid=83998) _call_back /opt/stack/data/venv/lib/python3.10/site-packages/oslo_privsep/daemon.py:515}}
Feb 05 19:13:52 devstack cinder-volume[83087]: DEBUG oslo_concurrency.processutils [None req-e72aa7db-ae6a-4bd2-b40c-696dbf41729a tempest-VolumesDeleteCascade-765122866 None] Running cmd (subprocess): /opt/stack/data/venv/bin/python3.10 -m oslo_concurrency.prlimit --as=1073741824 --cpu=60 -- sudo cinder-rootwrap /etc/cinder/rootwrap.conf env LC_ALL=C qemu-img info -f qcow2 --output=json --force-share /opt/stack/data/cinder/mnt/4b087ce9f47397391d6f17a4fbb962d6/volume-2c196acf-30f0-4283-ae01-97fba4a657fd.48bab45b-e0cc-4ea1-94c8-71c65b682dc7 {{(pid=83087) execute /opt/stack/data/venv/lib/python3.10/site-packages/oslo_concurrency/processutils.py:368}}
Feb 05 19:13:52 devstack cinder-volume[83087]: DEBUG cinder.coordination [None req-b72a5f02-b865-4002-8fb7-27f14619a6ea tempest-AttachVolumeNegativeTest-947534120 None] Lock "cinder-5b13bea3-1c99-40c6-93d7-76f1b688b374-delete_volume" acquired by "delete_volume" :: waited 0.031s {{(pid=83087) __acquire /opt/stack/cinder/cinder/coordination.py:146}}
Feb 05 19:13:52 devstack cinder-volume[83087]: WARNING cinder.volume.volume_utils [None req-b72a5f02-b865-4002-8fb7-27f14619a6ea tempest-AttachVolumeNegativeTest-947534120 None] Volume driver (QuobyteDriver 1.1.14) is currently unsupported and may be removed in the next release of OpenStack. Use at your own risk.
Feb 05 19:13:52 devstack cinder-volume[83087]: DEBUG cinder.coordination [None req-b72a5f02-b865-4002-8fb7-27f14619a6ea tempest-AttachVolumeNegativeTest-947534120 None] Acquiring lock "cinder-quobyte-5b13bea3-1c99-40c6-93d7-76f1b688b374" by "delete_volume" {{(pid=83087) __acquire /opt/stack/cinder/cinder/coordination.py:143}}
Feb 05 19:13:52 devstack cinder-volume[83087]: DEBUG cinder.coordination [None req-b72a5f02-b865-4002-8fb7-27f14619a6ea tempest-AttachVolumeNegativeTest-947534120 None] Lock "cinder-quobyte-5b13bea3-1c99-40c6-93d7-76f1b688b374" acquired by "delete_volume" :: waited 0.008s {{(pid=83087) __acquire /opt/stack/cinder/cinder/coordination.py:146}}
Feb 05 19:13:52 devstack cinder-volume[83087]: DEBUG oslo.privsep.daemon [-] privsep: reply[25f40568-e87d-42f5-a9f2-b17560825aec]: (4, 'qcow2') {{(pid=83998) _call_back /opt/stack/data/venv/lib/python3.10/site-packages/oslo_privsep/daemon.py:515}}
Feb 05 19:13:52 devstack cinder-volume[83087]: DEBUG oslo_concurrency.processutils [None req-b72a5f02-b865-4002-8fb7-27f14619a6ea tempest-AttachVolumeNegativeTest-947534120 None] Running cmd (subprocess): /opt/stack/data/venv/bin/python3.10 -m oslo_concurrency.prlimit --as=1073741824 --cpu=60 -- sudo cinder-rootwrap /etc/cinder/rootwrap.conf env LC_ALL=C qemu-img info -f qcow2 --output=json --force-share /opt/stack/data/cinder/mnt/4b087ce9f47397391d6f17a4fbb962d6/volume-5b13bea3-1c99-40c6-93d7-76f1b688b374 {{(pid=83087) execute /opt/stack/data/venv/lib/python3.10/site-packages/oslo_concurrency/processutils.py:368}}
Feb 05 19:13:52 devstack sudo[94904]: quobyte : PWD=/ ; USER=root ; COMMAND=/opt/stack/data/venv/bin/cinder-rootwrap /etc/cinder/rootwrap.conf env LC_ALL=C qemu-img info -f qcow2 --output=json --force-share /opt/stack/data/cinder/mnt/4b087ce9f47397391d6f17a4fbb962d6/volume-2c196acf-30f0-4283-ae01-97fba4a657fd.48bab45b-e0cc-4ea1-94c8-71c65b682dc7
Feb 05 19:13:52 devstack sudo[94904]: pam_unix(sudo:session): session opened for user root(uid=0) by (uid=1000)
Feb 05 19:13:52 devstack sudo[94905]: quobyte : PWD=/ ; USER=root ; COMMAND=/opt/stack/data/venv/bin/cinder-rootwrap /etc/cinder/rootwrap.conf env LC_ALL=C qemu-img info -f qcow2 --output=json --force-share /opt/stack/data/cinder/mnt/4b087ce9f47397391d6f17a4fbb962d6/volume-5b13bea3-1c99-40c6-93d7-76f1b688b374
Feb 05 19:13:52 devstack sudo[94905]: pam_unix(sudo:session): session opened for user root(uid=0) by (uid=1000)
Feb 05 19:13:53 devstack sudo[94904]: pam_unix(sudo:session): session closed for user root
Feb 05 19:13:53 devstack cinder-volume[83087]: DEBUG oslo_concurrency.processutils [None req-e72aa7db-ae6a-4bd2-b40c-696dbf41729a tempest-VolumesDeleteCascade-765122866 None] CMD "/opt/stack/data/venv/bin/python3.10 -m oslo_concurrency.prlimit --as=1073741824 --cpu=60 -- sudo cinder-rootwrap /etc/cinder/rootwrap.conf env LC_ALL=C qemu-img info -f qcow2 --output=json --force-share /opt/stack/data/cinder/mnt/4b087ce9f47397391d6f17a4fbb962d6/volume-2c196acf-30f0-4283-ae01-97fba4a657fd.48bab45b-e0cc-4ea1-94c8-71c65b682dc7" returned: 0 in 0.628s {{(pid=83087) execute /opt/stack/data/venv/lib/python3.10/site-packages/oslo_concurrency/processutils.py:396}}
Feb 05 19:13:53 devstack cinder-volume[83087]: DEBUG cinder.volume.drivers.remotefs [None req-e72aa7db-ae6a-4bd2-b40c-696dbf41729a tempest-VolumesDeleteCascade-765122866 None] Fetching qemu-img info with special backing_file_template: (/opt/stack/data/cinder/mnt/[0-9a-f]+/)?(volume-2c196acf-30f0-4283-ae01-97fba4a657fd(.(tmp-snap-)?[0-9a-f-]+)?|volume_from_snapshot_cache/(tmp-snap-)?[0-9a-f-]+(.(child-|parent-)[0-9a-f-]+)?)$ {{(pid=83087) _qemu_img_info_base /opt/stack/cinder/cinder/volume/drivers/remotefs.py:898}}
Feb 05 19:13:53 devstack cinder-volume[83087]: DEBUG oslo.privsep.daemon [-] privsep: reply[74508196-135d-4c68-9314-3a53cf4e7e2b]: (4, 'qcow2') {{(pid=83998) _call_back /opt/stack/data/venv/lib/python3.10/site-packages/oslo_privsep/daemon.py:515}}
Feb 05 19:13:53 devstack cinder-volume[83087]: DEBUG oslo_concurrency.processutils [None req-e72aa7db-ae6a-4bd2-b40c-696dbf41729a tempest-VolumesDeleteCascade-765122866 None] Running cmd (subprocess): /opt/stack/data/venv/bin/python3.10 -m oslo_concurrency.prlimit --as=1073741824 --cpu=60 -- sudo cinder-rootwrap /etc/cinder/rootwrap.conf env LC_ALL=C qemu-img info -f qcow2 --output=json --force-share /opt/stack/data/cinder/mnt/4b087ce9f47397391d6f17a4fbb962d6/volume-2c196acf-30f0-4283-ae01-97fba4a657fd {{(pid=83087) execute /opt/stack/data/venv/lib/python3.10/site-packages/oslo_concurrency/processutils.py:368}}
Feb 05 19:13:53 devstack sudo[94905]: pam_unix(sudo:session): session closed for user root
Feb 05 19:13:53 devstack cinder-volume[83087]: DEBUG oslo_concurrency.processutils [None req-b72a5f02-b865-4002-8fb7-27f14619a6ea tempest-AttachVolumeNegativeTest-947534120 None] CMD "/opt/stack/data/venv/bin/python3.10 -m oslo_concurrency.prlimit --as=1073741824 --cpu=60 -- sudo cinder-rootwrap /etc/cinder/rootwrap.conf env LC_ALL=C qemu-img info -f qcow2 --output=json --force-share /opt/stack/data/cinder/mnt/4b087ce9f47397391d6f17a4fbb962d6/volume-5b13bea3-1c99-40c6-93d7-76f1b688b374" returned: 0 in 0.571s {{(pid=83087) execute /opt/stack/data/venv/lib/python3.10/site-packages/oslo_concurrency/processutils.py:396}}
Feb 05 19:13:53 devstack cinder-volume[83087]: DEBUG oslo_concurrency.processutils [None req-b72a5f02-b865-4002-8fb7-27f14619a6ea tempest-AttachVolumeNegativeTest-947534120 None] Running cmd (subprocess): sudo cinder-rootwrap /etc/cinder/rootwrap.conf rm -f /opt/stack/data/cinder/mnt/4b087ce9f47397391d6f17a4fbb962d6/volume-5b13bea3-1c99-40c6-93d7-76f1b688b374 {{(pid=83087) execute /opt/stack/data/venv/lib/python3.10/site-packages/oslo_concurrency/processutils.py:368}}
Feb 05 19:13:53 devstack sudo[94915]: quobyte : PWD=/ ; USER=root ; COMMAND=/opt/stack/data/venv/bin/cinder-rootwrap /etc/cinder/rootwrap.conf rm -f /opt/stack/data/cinder/mnt/4b087ce9f47397391d6f17a4fbb962d6/volume-5b13bea3-1c99-40c6-93d7-76f1b688b374
Feb 05 19:13:53 devstack sudo[94915]: pam_unix(sudo:session): session opened for user root(uid=0) by (uid=1000)
Feb 05 19:13:53 devstack sudo[94914]: quobyte : PWD=/ ; USER=root ; COMMAND=/opt/stack/data/venv/bin/cinder-rootwrap /etc/cinder/rootwrap.conf env LC_ALL=C qemu-img info -f qcow2 --output=json --force-share /opt/stack/data/cinder/mnt/4b087ce9f47397391d6f17a4fbb962d6/volume-2c196acf-30f0-4283-ae01-97fba4a657fd
Feb 05 19:13:53 devstack sudo[94914]: pam_unix(sudo:session): session opened for user root(uid=0) by (uid=1000)
Feb 05 19:13:53 devstack sudo[94915]: pam_unix(sudo:session): session closed for user root
Feb 05 19:13:53 devstack cinder-volume[83087]: DEBUG oslo_concurrency.processutils [None req-b72a5f02-b865-4002-8fb7-27f14619a6ea tempest-AttachVolumeNegativeTest-947534120 None] CMD "sudo cinder-rootwrap /etc/cinder/rootwrap.conf rm -f /opt/stack/data/cinder/mnt/4b087ce9f47397391d6f17a4fbb962d6/volume-5b13bea3-1c99-40c6-93d7-76f1b688b374" returned: 0 in 0.468s {{(pid=83087) execute /opt/stack/data/venv/lib/python3.10/site-packages/oslo_concurrency/processutils.py:396}}
Feb 05 19:13:53 devstack cinder-volume[83087]: DEBUG cinder.coordination [None req-b72a5f02-b865-4002-8fb7-27f14619a6ea tempest-AttachVolumeNegativeTest-947534120 None] Lock "cinder-quobyte-5b13bea3-1c99-40c6-93d7-76f1b688b374" released by "delete_volume" :: held 1.061s {{(pid=83087) __release /opt/stack/cinder/cinder/coordination.py:157}}
Feb 05 19:13:53 devstack cinder-volume[83087]: DEBUG cinder.quota [None req-b72a5f02-b865-4002-8fb7-27f14619a6ea tempest-AttachVolumeNegativeTest-947534120 None] Created reservations ['689978f7-c9df-4850-9d7c-8775cca6693a', 'b0bf703a-3989-48e2-86dd-04d168b25b89', '99f1a5b4-8136-451a-bc85-78a5218130cb', 'b94cd4a4-aab7-4cdd-8d02-9c03ac6c66e9'] {{(pid=83087) reserve /opt/stack/cinder/cinder/quota.py:752}}
Feb 05 19:13:53 devstack cinder-volume[83087]: DEBUG oslo_concurrency.lockutils [None req-b72a5f02-b865-4002-8fb7-27f14619a6ea tempest-AttachVolumeNegativeTest-947534120 None] Acquiring lock "quobyte_ensure" by "cinder.volume.drivers.quobyte.QuobyteDriver._ensure_shares_mounted" {{(pid=83087) inner /opt/stack/data/venv/lib/python3.10/site-packages/oslo_concurrency/lockutils.py:506}}
Feb 05 19:13:53 devstack cinder-volume[83087]: DEBUG oslo_concurrency.lockutils [None req-b72a5f02-b865-4002-8fb7-27f14619a6ea tempest-AttachVolumeNegativeTest-947534120 None] Lock "quobyte_ensure" acquired by "cinder.volume.drivers.quobyte.QuobyteDriver._ensure_shares_mounted" :: waited 0.001s {{(pid=83087) inner /opt/stack/data/venv/lib/python3.10/site-packages/oslo_concurrency/lockutils.py:519}}
Feb 05 19:13:53 devstack cinder-volume[83087]: DEBUG cinder.volume.drivers.quobyte [None req-b72a5f02-b865-4002-8fb7-27f14619a6ea tempest-AttachVolumeNegativeTest-947534120 None] Quobyte Volume URL set to: {'osci02.corp.quobyte.com/cinder-vol-48d4ce2e-6a26-43f8-aa77-13a519c50910': None} {{(pid=83087) _load_shares_config /opt/stack/cinder/cinder/volume/drivers/quobyte.py:620}}
Feb 05 19:13:53 devstack cinder-volume[83087]: DEBUG cinder.volume.drivers.quobyte [None req-b72a5f02-b865-4002-8fb7-27f14619a6ea tempest-AttachVolumeNegativeTest-947534120 None] Available shares ['osci02.corp.quobyte.com/cinder-vol-48d4ce2e-6a26-43f8-aa77-13a519c50910'] {{(pid=83087) _ensure_shares_mounted /opt/stack/cinder/cinder/volume/drivers/quobyte.py:650}}
Feb 05 19:13:53 devstack cinder-volume[83087]: DEBUG oslo_concurrency.lockutils [None req-b72a5f02-b865-4002-8fb7-27f14619a6ea tempest-AttachVolumeNegativeTest-947534120 None] Lock "quobyte_ensure" "released" by "cinder.volume.drivers.quobyte.QuobyteDriver._ensure_shares_mounted" :: held 0.004s {{(pid=83087) inner /opt/stack/data/venv/lib/python3.10/site-packages/oslo_concurrency/lockutils.py:538}}
Feb 05 19:13:53 devstack cinder-volume[83087]: DEBUG oslo_concurrency.processutils [None req-b72a5f02-b865-4002-8fb7-27f14619a6ea tempest-AttachVolumeNegativeTest-947534120 None] Running cmd (subprocess): sudo cinder-rootwrap /etc/cinder/rootwrap.conf df --portability --block-size 1 /opt/stack/data/cinder/mnt/4b087ce9f47397391d6f17a4fbb962d6 {{(pid=83087) execute /opt/stack/data/venv/lib/python3.10/site-packages/oslo_concurrency/processutils.py:368}}
Feb 05 19:13:53 devstack sudo[94914]: pam_unix(sudo:session): session closed for user root
Feb 05 19:13:53 devstack cinder-volume[83087]: DEBUG oslo_concurrency.processutils [None req-e72aa7db-ae6a-4bd2-b40c-696dbf41729a tempest-VolumesDeleteCascade-765122866 None] CMD "/opt/stack/data/venv/bin/python3.10 -m oslo_concurrency.prlimit --as=1073741824 --cpu=60 -- sudo cinder-rootwrap /etc/cinder/rootwrap.conf env LC_ALL=C qemu-img info -f qcow2 --output=json --force-share /opt/stack/data/cinder/mnt/4b087ce9f47397391d6f17a4fbb962d6/volume-2c196acf-30f0-4283-ae01-97fba4a657fd" returned: 0 in 0.585s {{(pid=83087) execute /opt/stack/data/venv/lib/python3.10/site-packages/oslo_concurrency/processutils.py:396}}
Feb 05 19:13:53 devstack sudo[94922]: quobyte : PWD=/ ; USER=root ; COMMAND=/opt/stack/data/venv/bin/cinder-rootwrap /etc/cinder/rootwrap.conf df --portability --block-size 1 /opt/stack/data/cinder/mnt/4b087ce9f47397391d6f17a4fbb962d6
Feb 05 19:13:53 devstack sudo[94922]: pam_unix(sudo:session): session opened for user root(uid=0) by (uid=1000)
Feb 05 19:13:53 devstack cinder-volume[83087]: DEBUG oslo.privsep.daemon [-] privsep: reply[efa64314-270e-4a15-8df3-0400291af6be]: (4, 'qcow2') {{(pid=83998) _call_back /opt/stack/data/venv/lib/python3.10/site-packages/oslo_privsep/daemon.py:515}}
Feb 05 19:13:53 devstack cinder-volume[83087]: DEBUG oslo_concurrency.processutils [None req-e72aa7db-ae6a-4bd2-b40c-696dbf41729a tempest-VolumesDeleteCascade-765122866 None] Running cmd (subprocess): /opt/stack/data/venv/bin/python3.10 -m oslo_concurrency.prlimit --as=1073741824 --cpu=60 -- sudo cinder-rootwrap /etc/cinder/rootwrap.conf env LC_ALL=C qemu-img info -f qcow2 --output=json --force-share /opt/stack/data/cinder/mnt/4b087ce9f47397391d6f17a4fbb962d6/volume-2c196acf-30f0-4283-ae01-97fba4a657fd.687adbd2-46fd-408d-ad04-17e5e97ae009 {{(pid=83087) execute /opt/stack/data/venv/lib/python3.10/site-packages/oslo_concurrency/processutils.py:368}}
Feb 05 19:13:54 devstack sudo[94924]: quobyte : PWD=/ ; USER=root ; COMMAND=/opt/stack/data/venv/bin/cinder-rootwrap /etc/cinder/rootwrap.conf env LC_ALL=C qemu-img info -f qcow2 --output=json --force-share /opt/stack/data/cinder/mnt/4b087ce9f47397391d6f17a4fbb962d6/volume-2c196acf-30f0-4283-ae01-97fba4a657fd.687adbd2-46fd-408d-ad04-17e5e97ae009
Feb 05 19:13:54 devstack sudo[94924]: pam_unix(sudo:session): session opened for user root(uid=0) by (uid=1000)
Feb 05 19:13:54 devstack sudo[94922]: pam_unix(sudo:session): session closed for user root
Feb 05 19:13:54 devstack cinder-volume[83087]: DEBUG oslo_concurrency.processutils [None req-b72a5f02-b865-4002-8fb7-27f14619a6ea tempest-AttachVolumeNegativeTest-947534120 None] CMD "sudo cinder-rootwrap /etc/cinder/rootwrap.conf df --portability --block-size 1 /opt/stack/data/cinder/mnt/4b087ce9f47397391d6f17a4fbb962d6" returned: 0 in 0.448s {{(pid=83087) execute /opt/stack/data/venv/lib/python3.10/site-packages/oslo_concurrency/processutils.py:396}}
Feb 05 19:13:54 devstack cinder-volume[83087]: DEBUG cinder.manager [None req-b72a5f02-b865-4002-8fb7-27f14619a6ea tempest-AttachVolumeNegativeTest-947534120 None] Notifying Schedulers of capabilities ... {{(pid=83087) _publish_service_capabilities /opt/stack/cinder/cinder/manager.py:202}}
Feb 05 19:13:54 devstack cinder-volume[83087]: INFO cinder.volume.manager [None req-b72a5f02-b865-4002-8fb7-27f14619a6ea tempest-AttachVolumeNegativeTest-947534120 None] Deleted volume successfully.
Feb 05 19:13:54 devstack cinder-volume[83087]: DEBUG cinder.coordination [None req-b72a5f02-b865-4002-8fb7-27f14619a6ea tempest-AttachVolumeNegativeTest-947534120 None] Lock "cinder-5b13bea3-1c99-40c6-93d7-76f1b688b374-delete_volume" released by "delete_volume" :: held 1.647s {{(pid=83087) __release /opt/stack/cinder/cinder/coordination.py:157}}
Feb 05 19:13:54 devstack sudo[94924]: pam_unix(sudo:session): session closed for user root
Feb 05 19:13:54 devstack cinder-volume[83087]: DEBUG oslo_concurrency.processutils [None req-e72aa7db-ae6a-4bd2-b40c-696dbf41729a tempest-VolumesDeleteCascade-765122866 None] CMD "/opt/stack/data/venv/bin/python3.10 -m oslo_concurrency.prlimit --as=1073741824 --cpu=60 -- sudo cinder-rootwrap /etc/cinder/rootwrap.conf env LC_ALL=C qemu-img info -f qcow2 --output=json --force-share /opt/stack/data/cinder/mnt/4b087ce9f47397391d6f17a4fbb962d6/volume-2c196acf-30f0-4283-ae01-97fba4a657fd.687adbd2-46fd-408d-ad04-17e5e97ae009" returned: 0 in 0.584s {{(pid=83087) execute /opt/stack/data/venv/lib/python3.10/site-packages/oslo_concurrency/processutils.py:396}}
Feb 05 19:13:54 devstack cinder-volume[83087]: DEBUG cinder.volume.drivers.remotefs [None req-e72aa7db-ae6a-4bd2-b40c-696dbf41729a tempest-VolumesDeleteCascade-765122866 None] Fetching qemu-img info with special backing_file_template: (/opt/stack/data/cinder/mnt/[0-9a-f]+/)?(volume-2c196acf-30f0-4283-ae01-97fba4a657fd(.(tmp-snap-)?[0-9a-f-]+)?|volume_from_snapshot_cache/(tmp-snap-)?[0-9a-f-]+(.(child-|parent-)[0-9a-f-]+)?)$ {{(pid=83087) _qemu_img_info_base /opt/stack/cinder/cinder/volume/drivers/remotefs.py:898}}
Feb 05 19:13:54 devstack cinder-volume[83087]: DEBUG oslo.privsep.daemon [-] privsep: reply[014d47c5-c98b-475b-be08-417fdd397f8b]: (4, 'qcow2') {{(pid=83998) _call_back /opt/stack/data/venv/lib/python3.10/site-packages/oslo_privsep/daemon.py:515}}
Feb 05 19:13:54 devstack cinder-volume[83087]: DEBUG oslo_concurrency.processutils [None req-e72aa7db-ae6a-4bd2-b40c-696dbf41729a tempest-VolumesDeleteCascade-765122866 None] Running cmd (subprocess): /opt/stack/data/venv/bin/python3.10 -m oslo_concurrency.prlimit --as=1073741824 --cpu=60 -- sudo cinder-rootwrap /etc/cinder/rootwrap.conf env LC_ALL=C qemu-img info -f qcow2 --output=json --force-share /opt/stack/data/cinder/mnt/4b087ce9f47397391d6f17a4fbb962d6/volume-2c196acf-30f0-4283-ae01-97fba4a657fd.48bab45b-e0cc-4ea1-94c8-71c65b682dc7 {{(pid=83087) execute /opt/stack/data/venv/lib/python3.10/site-packages/oslo_concurrency/processutils.py:368}}
Feb 05 19:13:54 devstack sudo[94930]: quobyte : PWD=/ ; USER=root ; COMMAND=/opt/stack/data/venv/bin/cinder-rootwrap /etc/cinder/rootwrap.conf env LC_ALL=C qemu-img info -f qcow2 --output=json --force-share /opt/stack/data/cinder/mnt/4b087ce9f47397391d6f17a4fbb962d6/volume-2c196acf-30f0-4283-ae01-97fba4a657fd.48bab45b-e0cc-4ea1-94c8-71c65b682dc7
Feb 05 19:13:54 devstack sudo[94930]: pam_unix(sudo:session): session opened for user root(uid=0) by (uid=1000)
Feb 05 19:13:55 devstack sudo[94930]: pam_unix(sudo:session): session closed for user root
Feb 05 19:13:55 devstack cinder-volume[83087]: DEBUG oslo_concurrency.processutils [None req-e72aa7db-ae6a-4bd2-b40c-696dbf41729a tempest-VolumesDeleteCascade-765122866 None] CMD "/opt/stack/data/venv/bin/python3.10 -m oslo_concurrency.prlimit --as=1073741824 --cpu=60 -- sudo cinder-rootwrap /etc/cinder/rootwrap.conf env LC_ALL=C qemu-img info -f qcow2 --output=json --force-share /opt/stack/data/cinder/mnt/4b087ce9f47397391d6f17a4fbb962d6/volume-2c196acf-30f0-4283-ae01-97fba4a657fd.48bab45b-e0cc-4ea1-94c8-71c65b682dc7" returned: 0 in 0.595s {{(pid=83087) execute /opt/stack/data/venv/lib/python3.10/site-packages/oslo_concurrency/processutils.py:396}}
Feb 05 19:13:55 devstack cinder-volume[83087]: DEBUG cinder.volume.drivers.remotefs [None req-e72aa7db-ae6a-4bd2-b40c-696dbf41729a tempest-VolumesDeleteCascade-765122866 None] Fetching qemu-img info with special backing_file_template: (/opt/stack/data/cinder/mnt/[0-9a-f]+/)?(volume-2c196acf-30f0-4283-ae01-97fba4a657fd(.(tmp-snap-)?[0-9a-f-]+)?|volume_from_snapshot_cache/(tmp-snap-)?[0-9a-f-]+(.(child-|parent-)[0-9a-f-]+)?)$ {{(pid=83087) _qemu_img_info_base /opt/stack/cinder/cinder/volume/drivers/remotefs.py:898}}
Feb 05 19:13:55 devstack cinder-volume[83087]: DEBUG oslo.privsep.daemon [-] privsep: reply[ade44d99-b36c-4ea7-b91c-138a517da30d]: (4, 'qcow2') {{(pid=83998) _call_back /opt/stack/data/venv/lib/python3.10/site-packages/oslo_privsep/daemon.py:515}}
Feb 05 19:13:55 devstack cinder-volume[83087]: DEBUG oslo_concurrency.processutils [None req-e72aa7db-ae6a-4bd2-b40c-696dbf41729a tempest-VolumesDeleteCascade-765122866 None] Running cmd (subprocess): /opt/stack/data/venv/bin/python3.10 -m oslo_concurrency.prlimit --as=1073741824 --cpu=60 -- sudo cinder-rootwrap /etc/cinder/rootwrap.conf env LC_ALL=C qemu-img info -f qcow2 --output=json --force-share /opt/stack/data/cinder/mnt/4b087ce9f47397391d6f17a4fbb962d6/volume-2c196acf-30f0-4283-ae01-97fba4a657fd {{(pid=83087) execute /opt/stack/data/venv/lib/python3.10/site-packages/oslo_concurrency/processutils.py:368}}
Feb 05 19:13:55 devstack sudo[94935]: quobyte : PWD=/ ; USER=root ; COMMAND=/opt/stack/data/venv/bin/cinder-rootwrap /etc/cinder/rootwrap.conf env LC_ALL=C qemu-img info -f qcow2 --output=json --force-share /opt/stack/data/cinder/mnt/4b087ce9f47397391d6f17a4fbb962d6/volume-2c196acf-30f0-4283-ae01-97fba4a657fd
Feb 05 19:13:55 devstack sudo[94935]: pam_unix(sudo:session): session opened for user root(uid=0) by (uid=1000)
Feb 05 19:13:55 devstack sudo[94935]: pam_unix(sudo:session): session closed for user root
Feb 05 19:13:55 devstack cinder-volume[83087]: DEBUG oslo_concurrency.processutils [None req-e72aa7db-ae6a-4bd2-b40c-696dbf41729a tempest-VolumesDeleteCascade-765122866 None] CMD "/opt/stack/data/venv/bin/python3.10 -m oslo_concurrency.prlimit --as=1073741824 --cpu=60 -- sudo cinder-rootwrap /etc/cinder/rootwrap.conf env LC_ALL=C qemu-img info -f qcow2 --output=json --force-share /opt/stack/data/cinder/mnt/4b087ce9f47397391d6f17a4fbb962d6/volume-2c196acf-30f0-4283-ae01-97fba4a657fd" returned: 0 in 0.650s {{(pid=83087) execute /opt/stack/data/venv/lib/python3.10/site-packages/oslo_concurrency/processutils.py:396}}
Feb 05 19:13:55 devstack cinder-volume[83087]: DEBUG oslo_concurrency.processutils [None req-e72aa7db-ae6a-4bd2-b40c-696dbf41729a tempest-VolumesDeleteCascade-765122866 None] Running cmd (subprocess): sudo cinder-rootwrap /etc/cinder/rootwrap.conf qemu-img commit -d /opt/stack/data/cinder/mnt/4b087ce9f47397391d6f17a4fbb962d6/volume-2c196acf-30f0-4283-ae01-97fba4a657fd.48bab45b-e0cc-4ea1-94c8-71c65b682dc7 {{(pid=83087) execute /opt/stack/data/venv/lib/python3.10/site-packages/oslo_concurrency/processutils.py:368}}
Feb 05 19:13:55 devstack sudo[94940]: quobyte : PWD=/ ; USER=root ; COMMAND=/opt/stack/data/venv/bin/cinder-rootwrap /etc/cinder/rootwrap.conf qemu-img commit -d /opt/stack/data/cinder/mnt/4b087ce9f47397391d6f17a4fbb962d6/volume-2c196acf-30f0-4283-ae01-97fba4a657fd.48bab45b-e0cc-4ea1-94c8-71c65b682dc7
Feb 05 19:13:55 devstack sudo[94940]: pam_unix(sudo:session): session opened for user root(uid=0) by (uid=1000)
Feb 05 19:13:56 devstack sudo[94940]: pam_unix(sudo:session): session closed for user root
Feb 05 19:13:56 devstack cinder-volume[83087]: DEBUG oslo_concurrency.processutils [None req-e72aa7db-ae6a-4bd2-b40c-696dbf41729a tempest-VolumesDeleteCascade-765122866 None] CMD "sudo cinder-rootwrap /etc/cinder/rootwrap.conf qemu-img commit -d /opt/stack/data/cinder/mnt/4b087ce9f47397391d6f17a4fbb962d6/volume-2c196acf-30f0-4283-ae01-97fba4a657fd.48bab45b-e0cc-4ea1-94c8-71c65b682dc7" returned: 0 in 0.541s {{(pid=83087) execute /opt/stack/data/venv/lib/python3.10/site-packages/oslo_concurrency/processutils.py:396}}
Feb 05 19:13:56 devstack cinder-volume[83087]: DEBUG oslo_concurrency.processutils [None req-e72aa7db-ae6a-4bd2-b40c-696dbf41729a tempest-VolumesDeleteCascade-765122866 None] Running cmd (subprocess): sudo cinder-rootwrap /etc/cinder/rootwrap.conf rm -f /opt/stack/data/cinder/mnt/4b087ce9f47397391d6f17a4fbb962d6/volume-2c196acf-30f0-4283-ae01-97fba4a657fd.48bab45b-e0cc-4ea1-94c8-71c65b682dc7 {{(pid=83087) execute /opt/stack/data/venv/lib/python3.10/site-packages/oslo_concurrency/processutils.py:368}}
Feb 05 19:13:56 devstack sudo[94946]: quobyte : PWD=/ ; USER=root ; COMMAND=/opt/stack/data/venv/bin/cinder-rootwrap /etc/cinder/rootwrap.conf rm -f /opt/stack/data/cinder/mnt/4b087ce9f47397391d6f17a4fbb962d6/volume-2c196acf-30f0-4283-ae01-97fba4a657fd.48bab45b-e0cc-4ea1-94c8-71c65b682dc7
Feb 05 19:13:56 devstack sudo[94946]: pam_unix(sudo:session): session opened for user root(uid=0) by (uid=1000)
Feb 05 19:13:56 devstack sudo[94946]: pam_unix(sudo:session): session closed for user root
Feb 05 19:13:56 devstack cinder-volume[83087]: DEBUG oslo_concurrency.processutils [None req-e72aa7db-ae6a-4bd2-b40c-696dbf41729a tempest-VolumesDeleteCascade-765122866 None] CMD "sudo cinder-rootwrap /etc/cinder/rootwrap.conf rm -f /opt/stack/data/cinder/mnt/4b087ce9f47397391d6f17a4fbb962d6/volume-2c196acf-30f0-4283-ae01-97fba4a657fd.48bab45b-e0cc-4ea1-94c8-71c65b682dc7" returned: 0 in 0.477s {{(pid=83087) execute /opt/stack/data/venv/lib/python3.10/site-packages/oslo_concurrency/processutils.py:396}}
Feb 05 19:13:56 devstack cinder-volume[83087]: DEBUG oslo_concurrency.processutils [None req-e72aa7db-ae6a-4bd2-b40c-696dbf41729a tempest-VolumesDeleteCascade-765122866 None] Running cmd (subprocess): sudo cinder-rootwrap /etc/cinder/rootwrap.conf qemu-img rebase -u -b volume-2c196acf-30f0-4283-ae01-97fba4a657fd /opt/stack/data/cinder/mnt/4b087ce9f47397391d6f17a4fbb962d6/volume-2c196acf-30f0-4283-ae01-97fba4a657fd.687adbd2-46fd-408d-ad04-17e5e97ae009 -F qcow2 {{(pid=83087) execute /opt/stack/data/venv/lib/python3.10/site-packages/oslo_concurrency/processutils.py:368}}
Feb 05 19:13:56 devstack sudo[94950]: quobyte : PWD=/ ; USER=root ; COMMAND=/opt/stack/data/venv/bin/cinder-rootwrap /etc/cinder/rootwrap.conf qemu-img rebase -u -b volume-2c196acf-30f0-4283-ae01-97fba4a657fd /opt/stack/data/cinder/mnt/4b087ce9f47397391d6f17a4fbb962d6/volume-2c196acf-30f0-4283-ae01-97fba4a657fd.687adbd2-46fd-408d-ad04-17e5e97ae009 -F qcow2
Feb 05 19:13:56 devstack sudo[94950]: pam_unix(sudo:session): session opened for user root(uid=0) by (uid=1000)
Feb 05 19:13:57 devstack sudo[94950]: pam_unix(sudo:session): session closed for user root
Feb 05 19:13:57 devstack cinder-volume[83087]: DEBUG oslo_concurrency.processutils [None req-e72aa7db-ae6a-4bd2-b40c-696dbf41729a tempest-VolumesDeleteCascade-765122866 None] CMD "sudo cinder-rootwrap /etc/cinder/rootwrap.conf qemu-img rebase -u -b volume-2c196acf-30f0-4283-ae01-97fba4a657fd /opt/stack/data/cinder/mnt/4b087ce9f47397391d6f17a4fbb962d6/volume-2c196acf-30f0-4283-ae01-97fba4a657fd.687adbd2-46fd-408d-ad04-17e5e97ae009 -F qcow2" returned: 0 in 0.521s {{(pid=83087) execute /opt/stack/data/venv/lib/python3.10/site-packages/oslo_concurrency/processutils.py:396}}
Feb 05 19:13:57 devstack cinder-volume[83087]: DEBUG cinder.coordination [None req-e72aa7db-ae6a-4bd2-b40c-696dbf41729a tempest-VolumesDeleteCascade-765122866 None] Lock "cinder-quobyte-48bab45b-e0cc-4ea1-94c8-71c65b682dc7" released by "_delete_snapshot" :: held 4.674s {{(pid=83087) __release /opt/stack/cinder/cinder/coordination.py:157}}
Feb 05 19:13:57 devstack cinder-volume[83087]: DEBUG cinder.coordination [None req-e72aa7db-ae6a-4bd2-b40c-696dbf41729a tempest-VolumesDeleteCascade-765122866 None] Lock "cinder-quobyte-2c196acf-30f0-4283-ae01-97fba4a657fd" released by "delete_snapshot" :: held 4.686s {{(pid=83087) __release /opt/stack/cinder/cinder/coordination.py:157}}
Feb 05 19:13:57 devstack cinder-volume[83087]: WARNING cinder.quota [None req-e72aa7db-ae6a-4bd2-b40c-696dbf41729a tempest-VolumesDeleteCascade-765122866 None] Deprecated: Default quota for resource: snapshots_QuobyteHD is set by the default quota flag: quota_snapshots_QuobyteHD, it is now deprecated. Please use the default quota class for default quota.
Feb 05 19:13:57 devstack cinder-volume[83087]: DEBUG cinder.quota [None req-e72aa7db-ae6a-4bd2-b40c-696dbf41729a tempest-VolumesDeleteCascade-765122866 None] Created reservations ['9c9f05f5-705f-402b-8f57-0965c261af93', '06f3457c-dc8a-4a5e-a3bf-b38d3d96e791', 'f7aff88a-31b2-47c2-8b7b-71ccffa0466d', 'a4467cf4-8625-40ad-9c51-1cd4366e0756'] {{(pid=83087) reserve /opt/stack/cinder/cinder/quota.py:752}}
Feb 05 19:13:57 devstack cinder-volume[83087]: INFO cinder.volume.manager [None req-e72aa7db-ae6a-4bd2-b40c-696dbf41729a tempest-VolumesDeleteCascade-765122866 None] Delete snapshot completed successfully.
Feb 05 19:13:57 devstack cinder-volume[83087]: DEBUG cinder.coordination [None req-e72aa7db-ae6a-4bd2-b40c-696dbf41729a tempest-VolumesDeleteCascade-765122866 None] Lock "cinder-48bab45b-e0cc-4ea1-94c8-71c65b682dc7-delete_snapshot" released by "delete_snapshot" :: held 4.786s {{(pid=83087) __release /opt/stack/cinder/cinder/coordination.py:157}}
Feb 05 19:13:57 devstack cinder-volume[83087]: DEBUG cinder.coordination [None req-e72aa7db-ae6a-4bd2-b40c-696dbf41729a tempest-VolumesDeleteCascade-765122866 None] Acquiring lock "cinder-687adbd2-46fd-408d-ad04-17e5e97ae009-delete_snapshot" by "delete_snapshot" {{(pid=83087) __acquire /opt/stack/cinder/cinder/coordination.py:143}}
Feb 05 19:13:57 devstack cinder-volume[83087]: DEBUG cinder.coordination [None req-e72aa7db-ae6a-4bd2-b40c-696dbf41729a tempest-VolumesDeleteCascade-765122866 None] Lock "cinder-687adbd2-46fd-408d-ad04-17e5e97ae009-delete_snapshot" acquired by "delete_snapshot" :: waited 0.008s {{(pid=83087) __acquire /opt/stack/cinder/cinder/coordination.py:146}}
Feb 05 19:13:57 devstack cinder-volume[83087]: WARNING cinder.volume.volume_utils [None req-e72aa7db-ae6a-4bd2-b40c-696dbf41729a tempest-VolumesDeleteCascade-765122866 None] Volume driver (QuobyteDriver 1.1.14) is currently unsupported and may be removed in the next release of OpenStack. Use at your own risk.
Feb 05 19:13:57 devstack cinder-volume[83087]: DEBUG cinder.coordination [None req-e72aa7db-ae6a-4bd2-b40c-696dbf41729a tempest-VolumesDeleteCascade-765122866 None] Acquiring lock "cinder-quobyte-2c196acf-30f0-4283-ae01-97fba4a657fd" by "delete_snapshot" {{(pid=83087) __acquire /opt/stack/cinder/cinder/coordination.py:143}}
Feb 05 19:13:57 devstack cinder-volume[83087]: DEBUG cinder.coordination [None req-e72aa7db-ae6a-4bd2-b40c-696dbf41729a tempest-VolumesDeleteCascade-765122866 None] Lock "cinder-quobyte-2c196acf-30f0-4283-ae01-97fba4a657fd" acquired by "delete_snapshot" :: waited 0.009s {{(pid=83087) __acquire /opt/stack/cinder/cinder/coordination.py:146}}
Feb 05 19:13:57 devstack cinder-volume[83087]: DEBUG cinder.coordination [None req-e72aa7db-ae6a-4bd2-b40c-696dbf41729a tempest-VolumesDeleteCascade-765122866 None] Acquiring lock "cinder-quobyte-687adbd2-46fd-408d-ad04-17e5e97ae009" by "_delete_snapshot" {{(pid=83087) __acquire /opt/stack/cinder/cinder/coordination.py:143}}
Feb 05 19:13:57 devstack cinder-volume[83087]: DEBUG cinder.coordination [None req-e72aa7db-ae6a-4bd2-b40c-696dbf41729a tempest-VolumesDeleteCascade-765122866 None] Lock "cinder-quobyte-687adbd2-46fd-408d-ad04-17e5e97ae009" acquired by "_delete_snapshot" :: waited 0.008s {{(pid=83087) __acquire /opt/stack/cinder/cinder/coordination.py:146}}
Feb 05 19:13:57 devstack cinder-volume[83087]: DEBUG cinder.volume.drivers.remotefs [None req-e72aa7db-ae6a-4bd2-b40c-696dbf41729a tempest-VolumesDeleteCascade-765122866 None] Deleting offline snapshot 687adbd2-46fd-408d-ad04-17e5e97ae009 of volume 2c196acf-30f0-4283-ae01-97fba4a657fd {{(pid=83087) _delete_snapshot /opt/stack/cinder/cinder/volume/drivers/remotefs.py:1290}}
Feb 05 19:13:57 devstack cinder-volume[83087]: DEBUG cinder.volume.drivers.remotefs [None req-e72aa7db-ae6a-4bd2-b40c-696dbf41729a tempest-VolumesDeleteCascade-765122866 None] snapshot_file for this snap is: volume-2c196acf-30f0-4283-ae01-97fba4a657fd.687adbd2-46fd-408d-ad04-17e5e97ae009 {{(pid=83087) _delete_snapshot /opt/stack/cinder/cinder/volume/drivers/remotefs.py:1319}}
Feb 05 19:13:57 devstack cinder-volume[83087]: DEBUG oslo.privsep.daemon [-] privsep: reply[c72decdb-6d7b-428e-ba9d-2aec433b5820]: (4, 'qcow2') {{(pid=83998) _call_back /opt/stack/data/venv/lib/python3.10/site-packages/oslo_privsep/daemon.py:515}}
Feb 05 19:13:57 devstack cinder-volume[83087]: DEBUG oslo_concurrency.processutils [None req-e72aa7db-ae6a-4bd2-b40c-696dbf41729a tempest-VolumesDeleteCascade-765122866 None] Running cmd (subprocess): /opt/stack/data/venv/bin/python3.10 -m oslo_concurrency.prlimit --as=1073741824 --cpu=60 -- sudo cinder-rootwrap /etc/cinder/rootwrap.conf env LC_ALL=C qemu-img info -f qcow2 --output=json --force-share /opt/stack/data/cinder/mnt/4b087ce9f47397391d6f17a4fbb962d6/volume-2c196acf-30f0-4283-ae01-97fba4a657fd.687adbd2-46fd-408d-ad04-17e5e97ae009 {{(pid=83087) execute /opt/stack/data/venv/lib/python3.10/site-packages/oslo_concurrency/processutils.py:368}}
Feb 05 19:13:57 devstack sudo[94955]: quobyte : PWD=/ ; USER=root ; COMMAND=/opt/stack/data/venv/bin/cinder-rootwrap /etc/cinder/rootwrap.conf env LC_ALL=C qemu-img info -f qcow2 --output=json --force-share /opt/stack/data/cinder/mnt/4b087ce9f47397391d6f17a4fbb962d6/volume-2c196acf-30f0-4283-ae01-97fba4a657fd.687adbd2-46fd-408d-ad04-17e5e97ae009
Feb 05 19:13:57 devstack sudo[94955]: pam_unix(sudo:session): session opened for user root(uid=0) by (uid=1000)
Feb 05 19:13:58 devstack sudo[94955]: pam_unix(sudo:session): session closed for user root
Feb 05 19:13:58 devstack cinder-volume[83087]: DEBUG oslo_concurrency.processutils [None req-e72aa7db-ae6a-4bd2-b40c-696dbf41729a tempest-VolumesDeleteCascade-765122866 None] CMD "/opt/stack/data/venv/bin/python3.10 -m oslo_concurrency.prlimit --as=1073741824 --cpu=60 -- sudo cinder-rootwrap /etc/cinder/rootwrap.conf env LC_ALL=C qemu-img info -f qcow2 --output=json --force-share /opt/stack/data/cinder/mnt/4b087ce9f47397391d6f17a4fbb962d6/volume-2c196acf-30f0-4283-ae01-97fba4a657fd.687adbd2-46fd-408d-ad04-17e5e97ae009" returned: 0 in 0.762s {{(pid=83087) execute /opt/stack/data/venv/lib/python3.10/site-packages/oslo_concurrency/processutils.py:396}}
Feb 05 19:13:58 devstack cinder-volume[83087]: DEBUG cinder.volume.drivers.remotefs [None req-e72aa7db-ae6a-4bd2-b40c-696dbf41729a tempest-VolumesDeleteCascade-765122866 None] Fetching qemu-img info with special backing_file_template: (/opt/stack/data/cinder/mnt/[0-9a-f]+/)?(volume-2c196acf-30f0-4283-ae01-97fba4a657fd(.(tmp-snap-)?[0-9a-f-]+)?|volume_from_snapshot_cache/(tmp-snap-)?[0-9a-f-]+(.(child-|parent-)[0-9a-f-]+)?)$ {{(pid=83087) _qemu_img_info_base /opt/stack/cinder/cinder/volume/drivers/remotefs.py:898}}
Feb 05 19:13:58 devstack cinder-volume[83087]: DEBUG oslo.privsep.daemon [-] privsep: reply[61b7b34c-4094-4b28-8a9f-dde61adfe0b3]: (4, 'qcow2') {{(pid=83998) _call_back /opt/stack/data/venv/lib/python3.10/site-packages/oslo_privsep/daemon.py:515}}
Feb 05 19:13:58 devstack cinder-volume[83087]: DEBUG oslo_concurrency.processutils [None req-e72aa7db-ae6a-4bd2-b40c-696dbf41729a tempest-VolumesDeleteCascade-765122866 None] Running cmd (subprocess): /opt/stack/data/venv/bin/python3.10 -m oslo_concurrency.prlimit --as=1073741824 --cpu=60 -- sudo cinder-rootwrap /etc/cinder/rootwrap.conf env LC_ALL=C qemu-img info -f qcow2 --output=json --force-share /opt/stack/data/cinder/mnt/4b087ce9f47397391d6f17a4fbb962d6/volume-2c196acf-30f0-4283-ae01-97fba4a657fd {{(pid=83087) execute /opt/stack/data/venv/lib/python3.10/site-packages/oslo_concurrency/processutils.py:368}}
Feb 05 19:13:58 devstack sudo[94962]: quobyte : PWD=/ ; USER=root ; COMMAND=/opt/stack/data/venv/bin/cinder-rootwrap /etc/cinder/rootwrap.conf env LC_ALL=C qemu-img info -f qcow2 --output=json --force-share /opt/stack/data/cinder/mnt/4b087ce9f47397391d6f17a4fbb962d6/volume-2c196acf-30f0-4283-ae01-97fba4a657fd
Feb 05 19:13:58 devstack sudo[94962]: pam_unix(sudo:session): session opened for user root(uid=0) by (uid=1000)
Feb 05 19:13:58 devstack sudo[94962]: pam_unix(sudo:session): session closed for user root
Feb 05 19:13:58 devstack cinder-volume[83087]: DEBUG oslo_concurrency.processutils [None req-e72aa7db-ae6a-4bd2-b40c-696dbf41729a tempest-VolumesDeleteCascade-765122866 None] CMD "/opt/stack/data/venv/bin/python3.10 -m oslo_concurrency.prlimit --as=1073741824 --cpu=60 -- sudo cinder-rootwrap /etc/cinder/rootwrap.conf env LC_ALL=C qemu-img info -f qcow2 --output=json --force-share /opt/stack/data/cinder/mnt/4b087ce9f47397391d6f17a4fbb962d6/volume-2c196acf-30f0-4283-ae01-97fba4a657fd" returned: 0 in 0.641s {{(pid=83087) execute /opt/stack/data/venv/lib/python3.10/site-packages/oslo_concurrency/processutils.py:396}}
Feb 05 19:13:58 devstack cinder-volume[83087]: DEBUG oslo_concurrency.processutils [None req-e72aa7db-ae6a-4bd2-b40c-696dbf41729a tempest-VolumesDeleteCascade-765122866 None] Running cmd (subprocess): sudo cinder-rootwrap /etc/cinder/rootwrap.conf qemu-img commit -d /opt/stack/data/cinder/mnt/4b087ce9f47397391d6f17a4fbb962d6/volume-2c196acf-30f0-4283-ae01-97fba4a657fd.687adbd2-46fd-408d-ad04-17e5e97ae009 {{(pid=83087) execute /opt/stack/data/venv/lib/python3.10/site-packages/oslo_concurrency/processutils.py:368}}
Feb 05 19:13:58 devstack sudo[94967]: quobyte : PWD=/ ; USER=root ; COMMAND=/opt/stack/data/venv/bin/cinder-rootwrap /etc/cinder/rootwrap.conf qemu-img commit -d /opt/stack/data/cinder/mnt/4b087ce9f47397391d6f17a4fbb962d6/volume-2c196acf-30f0-4283-ae01-97fba4a657fd.687adbd2-46fd-408d-ad04-17e5e97ae009
Feb 05 19:13:58 devstack sudo[94967]: pam_unix(sudo:session): session opened for user root(uid=0) by (uid=1000)
Feb 05 19:13:59 devstack sudo[94967]: pam_unix(sudo:session): session closed for user root
Feb 05 19:13:59 devstack cinder-volume[83087]: DEBUG oslo_concurrency.processutils [None req-e72aa7db-ae6a-4bd2-b40c-696dbf41729a tempest-VolumesDeleteCascade-765122866 None] CMD "sudo cinder-rootwrap /etc/cinder/rootwrap.conf qemu-img commit -d /opt/stack/data/cinder/mnt/4b087ce9f47397391d6f17a4fbb962d6/volume-2c196acf-30f0-4283-ae01-97fba4a657fd.687adbd2-46fd-408d-ad04-17e5e97ae009" returned: 0 in 0.570s {{(pid=83087) execute /opt/stack/data/venv/lib/python3.10/site-packages/oslo_concurrency/processutils.py:396}}
Feb 05 19:13:59 devstack cinder-volume[83087]: DEBUG oslo_concurrency.processutils [None req-e72aa7db-ae6a-4bd2-b40c-696dbf41729a tempest-VolumesDeleteCascade-765122866 None] Running cmd (subprocess): sudo cinder-rootwrap /etc/cinder/rootwrap.conf rm -f /opt/stack/data/cinder/mnt/4b087ce9f47397391d6f17a4fbb962d6/volume-2c196acf-30f0-4283-ae01-97fba4a657fd.687adbd2-46fd-408d-ad04-17e5e97ae009 {{(pid=83087) execute /opt/stack/data/venv/lib/python3.10/site-packages/oslo_concurrency/processutils.py:368}}
Feb 05 19:13:59 devstack sudo[94972]: quobyte : PWD=/ ; USER=root ; COMMAND=/opt/stack/data/venv/bin/cinder-rootwrap /etc/cinder/rootwrap.conf rm -f /opt/stack/data/cinder/mnt/4b087ce9f47397391d6f17a4fbb962d6/volume-2c196acf-30f0-4283-ae01-97fba4a657fd.687adbd2-46fd-408d-ad04-17e5e97ae009
Feb 05 19:13:59 devstack sudo[94972]: pam_unix(sudo:session): session opened for user root(uid=0) by (uid=1000)
Feb 05 19:14:00 devstack sudo[94972]: pam_unix(sudo:session): session closed for user root
Feb 05 19:14:00 devstack cinder-volume[83087]: DEBUG oslo_concurrency.processutils [None req-e72aa7db-ae6a-4bd2-b40c-696dbf41729a tempest-VolumesDeleteCascade-765122866 None] CMD "sudo cinder-rootwrap /etc/cinder/rootwrap.conf rm -f /opt/stack/data/cinder/mnt/4b087ce9f47397391d6f17a4fbb962d6/volume-2c196acf-30f0-4283-ae01-97fba4a657fd.687adbd2-46fd-408d-ad04-17e5e97ae009" returned: 0 in 0.538s {{(pid=83087) execute /opt/stack/data/venv/lib/python3.10/site-packages/oslo_concurrency/processutils.py:396}}
Feb 05 19:14:00 devstack cinder-volume[83087]: DEBUG cinder.coordination [None req-e72aa7db-ae6a-4bd2-b40c-696dbf41729a tempest-VolumesDeleteCascade-765122866 None] Lock "cinder-quobyte-687adbd2-46fd-408d-ad04-17e5e97ae009" released by "_delete_snapshot" :: held 2.563s {{(pid=83087) __release /opt/stack/cinder/cinder/coordination.py:157}}
Feb 05 19:14:00 devstack cinder-volume[83087]: DEBUG cinder.coordination [None req-e72aa7db-ae6a-4bd2-b40c-696dbf41729a tempest-VolumesDeleteCascade-765122866 None] Lock "cinder-quobyte-2c196acf-30f0-4283-ae01-97fba4a657fd" released by "delete_snapshot" :: held 2.576s {{(pid=83087) __release /opt/stack/cinder/cinder/coordination.py:157}}
Feb 05 19:14:00 devstack cinder-volume[83087]: DEBUG cinder.quota [None req-e72aa7db-ae6a-4bd2-b40c-696dbf41729a tempest-VolumesDeleteCascade-765122866 None] Created reservations ['e8b24439-678c-4434-923f-c89c44d00561', 'c1e330ce-3731-4b9e-b867-59d6f066076e', '1f8b8a00-e00a-4048-97ae-2446fd3110a8', '4a7cc278-4484-4fa5-9723-212f52eeff8b'] {{(pid=83087) reserve /opt/stack/cinder/cinder/quota.py:752}}
Feb 05 19:14:00 devstack cinder-volume[83087]: INFO cinder.volume.manager [None req-e72aa7db-ae6a-4bd2-b40c-696dbf41729a tempest-VolumesDeleteCascade-765122866 None] Delete snapshot completed successfully.
Feb 05 19:14:00 devstack cinder-volume[83087]: DEBUG cinder.coordination [None req-e72aa7db-ae6a-4bd2-b40c-696dbf41729a tempest-VolumesDeleteCascade-765122866 None] Lock "cinder-687adbd2-46fd-408d-ad04-17e5e97ae009-delete_snapshot" released by "delete_snapshot" :: held 2.681s {{(pid=83087) __release /opt/stack/cinder/cinder/coordination.py:157}}
Feb 05 19:14:00 devstack cinder-volume[83087]: DEBUG cinder.volume.manager [None req-e72aa7db-ae6a-4bd2-b40c-696dbf41729a tempest-VolumesDeleteCascade-765122866 None] Snapshots deleted, issuing volume delete {{(pid=83087) delete_volume /opt/stack/cinder/cinder/volume/manager.py:1010}}
Feb 05 19:14:00 devstack cinder-volume[83087]: DEBUG cinder.coordination [None req-e72aa7db-ae6a-4bd2-b40c-696dbf41729a tempest-VolumesDeleteCascade-765122866 None] Acquiring lock "cinder-quobyte-2c196acf-30f0-4283-ae01-97fba4a657fd" by "delete_volume" {{(pid=83087) __acquire /opt/stack/cinder/cinder/coordination.py:143}}
Feb 05 19:14:00 devstack cinder-volume[83087]: DEBUG cinder.coordination [None req-e72aa7db-ae6a-4bd2-b40c-696dbf41729a tempest-VolumesDeleteCascade-765122866 None] Lock "cinder-quobyte-2c196acf-30f0-4283-ae01-97fba4a657fd" acquired by "delete_volume" :: waited 0.005s {{(pid=83087) __acquire /opt/stack/cinder/cinder/coordination.py:146}}
Feb 05 19:14:00 devstack cinder-volume[83087]: DEBUG oslo.privsep.daemon [-] privsep: reply[8431b708-3397-47dd-adfd-1a4f8f6860b5]: (4, 'qcow2') {{(pid=83998) _call_back /opt/stack/data/venv/lib/python3.10/site-packages/oslo_privsep/daemon.py:515}}
Feb 05 19:14:00 devstack cinder-volume[83087]: DEBUG oslo_concurrency.processutils [None req-e72aa7db-ae6a-4bd2-b40c-696dbf41729a tempest-VolumesDeleteCascade-765122866 None] Running cmd (subprocess): /opt/stack/data/venv/bin/python3.10 -m oslo_concurrency.prlimit --as=1073741824 --cpu=60 -- sudo cinder-rootwrap /etc/cinder/rootwrap.conf env LC_ALL=C qemu-img info -f qcow2 --output=json --force-share /opt/stack/data/cinder/mnt/4b087ce9f47397391d6f17a4fbb962d6/volume-2c196acf-30f0-4283-ae01-97fba4a657fd {{(pid=83087) execute /opt/stack/data/venv/lib/python3.10/site-packages/oslo_concurrency/processutils.py:368}}
Feb 05 19:14:00 devstack sudo[94975]: quobyte : PWD=/ ; USER=root ; COMMAND=/opt/stack/data/venv/bin/cinder-rootwrap /etc/cinder/rootwrap.conf env LC_ALL=C qemu-img info -f qcow2 --output=json --force-share /opt/stack/data/cinder/mnt/4b087ce9f47397391d6f17a4fbb962d6/volume-2c196acf-30f0-4283-ae01-97fba4a657fd
Feb 05 19:14:00 devstack sudo[94975]: pam_unix(sudo:session): session opened for user root(uid=0) by (uid=1000)
Feb 05 19:14:00 devstack sudo[94975]: pam_unix(sudo:session): session closed for user root
Feb 05 19:14:00 devstack cinder-volume[83087]: DEBUG oslo_concurrency.processutils [None req-e72aa7db-ae6a-4bd2-b40c-696dbf41729a tempest-VolumesDeleteCascade-765122866 None] CMD "/opt/stack/data/venv/bin/python3.10 -m oslo_concurrency.prlimit --as=1073741824 --cpu=60 -- sudo cinder-rootwrap /etc/cinder/rootwrap.conf env LC_ALL=C qemu-img info -f qcow2 --output=json --force-share /opt/stack/data/cinder/mnt/4b087ce9f47397391d6f17a4fbb962d6/volume-2c196acf-30f0-4283-ae01-97fba4a657fd" returned: 0 in 0.569s {{(pid=83087) execute /opt/stack/data/venv/lib/python3.10/site-packages/oslo_concurrency/processutils.py:396}}
Feb 05 19:14:00 devstack cinder-volume[83087]: DEBUG oslo_concurrency.processutils [None req-e72aa7db-ae6a-4bd2-b40c-696dbf41729a tempest-VolumesDeleteCascade-765122866 None] Running cmd (subprocess): sudo cinder-rootwrap /etc/cinder/rootwrap.conf rm -f /opt/stack/data/cinder/mnt/4b087ce9f47397391d6f17a4fbb962d6/volume-2c196acf-30f0-4283-ae01-97fba4a657fd {{(pid=83087) execute /opt/stack/data/venv/lib/python3.10/site-packages/oslo_concurrency/processutils.py:368}}
Feb 05 19:14:00 devstack sudo[94980]: quobyte : PWD=/ ; USER=root ; COMMAND=/opt/stack/data/venv/bin/cinder-rootwrap /etc/cinder/rootwrap.conf rm -f /opt/stack/data/cinder/mnt/4b087ce9f47397391d6f17a4fbb962d6/volume-2c196acf-30f0-4283-ae01-97fba4a657fd
Feb 05 19:14:00 devstack sudo[94980]: pam_unix(sudo:session): session opened for user root(uid=0) by (uid=1000)
Feb 05 19:14:01 devstack sudo[94980]: pam_unix(sudo:session): session closed for user root
Feb 05 19:14:01 devstack cinder-volume[83087]: DEBUG oslo_concurrency.processutils [None req-e72aa7db-ae6a-4bd2-b40c-696dbf41729a tempest-VolumesDeleteCascade-765122866 None] CMD "sudo cinder-rootwrap /etc/cinder/rootwrap.conf rm -f /opt/stack/data/cinder/mnt/4b087ce9f47397391d6f17a4fbb962d6/volume-2c196acf-30f0-4283-ae01-97fba4a657fd" returned: 0 in 0.502s {{(pid=83087) execute /opt/stack/data/venv/lib/python3.10/site-packages/oslo_concurrency/processutils.py:396}}
Feb 05 19:14:01 devstack cinder-volume[83087]: DEBUG cinder.coordination [None req-e72aa7db-ae6a-4bd2-b40c-696dbf41729a tempest-VolumesDeleteCascade-765122866 None] Lock "cinder-quobyte-2c196acf-30f0-4283-ae01-97fba4a657fd" released by "delete_volume" :: held 1.114s {{(pid=83087) __release /opt/stack/cinder/cinder/coordination.py:157}}
Feb 05 19:14:01 devstack cinder-volume[83087]: DEBUG cinder.quota [None req-e72aa7db-ae6a-4bd2-b40c-696dbf41729a tempest-VolumesDeleteCascade-765122866 None] Created reservations ['50aa19bd-3a4d-456d-b9c9-0345cc414b4e', '69a71cd6-c72e-4c34-b1d8-bd48631248fd', '8493d977-2ec7-4537-92e0-1cee7fd5a109', '5060d92b-baab-4100-9925-cd5affd9f289'] {{(pid=83087) reserve /opt/stack/cinder/cinder/quota.py:752}}
Feb 05 19:14:01 devstack cinder-volume[83087]: DEBUG oslo_concurrency.lockutils [None req-e72aa7db-ae6a-4bd2-b40c-696dbf41729a tempest-VolumesDeleteCascade-765122866 None] Acquiring lock "quobyte_ensure" by "cinder.volume.drivers.quobyte.QuobyteDriver._ensure_shares_mounted" {{(pid=83087) inner /opt/stack/data/venv/lib/python3.10/site-packages/oslo_concurrency/lockutils.py:506}}
Feb 05 19:14:01 devstack cinder-volume[83087]: DEBUG oslo_concurrency.lockutils [None req-e72aa7db-ae6a-4bd2-b40c-696dbf41729a tempest-VolumesDeleteCascade-765122866 None] Lock "quobyte_ensure" acquired by "cinder.volume.drivers.quobyte.QuobyteDriver._ensure_shares_mounted" :: waited 0.001s {{(pid=83087) inner /opt/stack/data/venv/lib/python3.10/site-packages/oslo_concurrency/lockutils.py:519}}
Feb 05 19:14:01 devstack cinder-volume[83087]: DEBUG cinder.volume.drivers.quobyte [None req-e72aa7db-ae6a-4bd2-b40c-696dbf41729a tempest-VolumesDeleteCascade-765122866 None] Quobyte Volume URL set to: {'osci02.corp.quobyte.com/cinder-vol-48d4ce2e-6a26-43f8-aa77-13a519c50910': None} {{(pid=83087) _load_shares_config /opt/stack/cinder/cinder/volume/drivers/quobyte.py:620}}
Feb 05 19:14:01 devstack cinder-volume[83087]: DEBUG cinder.volume.drivers.quobyte [None req-e72aa7db-ae6a-4bd2-b40c-696dbf41729a tempest-VolumesDeleteCascade-765122866 None] Available shares ['osci02.corp.quobyte.com/cinder-vol-48d4ce2e-6a26-43f8-aa77-13a519c50910'] {{(pid=83087) _ensure_shares_mounted /opt/stack/cinder/cinder/volume/drivers/quobyte.py:650}}
Feb 05 19:14:01 devstack cinder-volume[83087]: DEBUG oslo_concurrency.lockutils [None req-e72aa7db-ae6a-4bd2-b40c-696dbf41729a tempest-VolumesDeleteCascade-765122866 None] Lock "quobyte_ensure" "released" by "cinder.volume.drivers.quobyte.QuobyteDriver._ensure_shares_mounted" :: held 0.004s {{(pid=83087) inner /opt/stack/data/venv/lib/python3.10/site-packages/oslo_concurrency/lockutils.py:538}}
Feb 05 19:14:01 devstack cinder-volume[83087]: DEBUG oslo_concurrency.processutils [None req-e72aa7db-ae6a-4bd2-b40c-696dbf41729a tempest-VolumesDeleteCascade-765122866 None] Running cmd (subprocess): sudo cinder-rootwrap /etc/cinder/rootwrap.conf df --portability --block-size 1 /opt/stack/data/cinder/mnt/4b087ce9f47397391d6f17a4fbb962d6 {{(pid=83087) execute /opt/stack/data/venv/lib/python3.10/site-packages/oslo_concurrency/processutils.py:368}}
Feb 05 19:14:01 devstack sudo[94983]: quobyte : PWD=/ ; USER=root ; COMMAND=/opt/stack/data/venv/bin/cinder-rootwrap /etc/cinder/rootwrap.conf df --portability --block-size 1 /opt/stack/data/cinder/mnt/4b087ce9f47397391d6f17a4fbb962d6
Feb 05 19:14:01 devstack sudo[94983]: pam_unix(sudo:session): session opened for user root(uid=0) by (uid=1000)
Feb 05 19:14:01 devstack sudo[94983]: pam_unix(sudo:session): session closed for user root
Feb 05 19:14:01 devstack cinder-volume[83087]: DEBUG oslo_concurrency.processutils [None req-e72aa7db-ae6a-4bd2-b40c-696dbf41729a tempest-VolumesDeleteCascade-765122866 None] CMD "sudo cinder-rootwrap /etc/cinder/rootwrap.conf df --portability --block-size 1 /opt/stack/data/cinder/mnt/4b087ce9f47397391d6f17a4fbb962d6" returned: 0 in 0.529s {{(pid=83087) execute /opt/stack/data/venv/lib/python3.10/site-packages/oslo_concurrency/processutils.py:396}}
Feb 05 19:14:01 devstack cinder-volume[83087]: DEBUG cinder.manager [None req-e72aa7db-ae6a-4bd2-b40c-696dbf41729a tempest-VolumesDeleteCascade-765122866 None] Notifying Schedulers of capabilities ... {{(pid=83087) _publish_service_capabilities /opt/stack/cinder/cinder/manager.py:202}}
Feb 05 19:14:01 devstack cinder-volume[83087]: INFO cinder.volume.manager [None req-e72aa7db-ae6a-4bd2-b40c-696dbf41729a tempest-VolumesDeleteCascade-765122866 None] Deleted volume successfully.
