Sep 04 22:44:44 devstack cinder-volume[87536]: DEBUG oslo_concurrency.processutils [None req-e072973d-fdda-42ab-9ca5-b404407255fa tempest-SnapshotsActionsTest-774224924 None] CMD "/opt/stack/data/venv/bin/python3.12 -m oslo_concurrency.prlimit --as=1073741824 --cpu=60 -- sudo cinder-rootwrap /etc/cinder/rootwrap.conf env LC_ALL=C qemu-img info -f qcow2 --output=json --force-share /opt/stack/data/cinder/mnt/192888440b437de29faf3476ba0d30c6/volume-51de8f60-cb27-4280-a761-a1cdd0b074a0.6a2e2709-0f3e-4afe-a9c5-dc2ab11e1fed" returned: 0 in 0.479s {{(pid=87536) execute /opt/stack/data/venv/lib/python3.12/site-packages/oslo_concurrency/processutils.py:468}}
Sep 04 22:44:44 devstack cinder-volume[87536]: DEBUG cinder.volume.drivers.remotefs [None req-e072973d-fdda-42ab-9ca5-b404407255fa tempest-SnapshotsActionsTest-774224924 None] Fetching qemu-img info with special backing_file_template: (/opt/stack/data/cinder/mnt/[0-9a-f]+/)?(volume-51de8f60-cb27-4280-a761-a1cdd0b074a0(.(tmp-snap-)?[0-9a-f-]+)?|volume_from_snapshot_cache/(tmp-snap-)?[0-9a-f-]+(.(child-|parent-)[0-9a-f-]+)?)$ {{(pid=87536) _qemu_img_info_base /opt/stack/cinder/cinder/volume/drivers/remotefs.py:896}}
Sep 04 22:44:44 devstack cinder-volume[87536]: DEBUG oslo_concurrency.processutils [None req-e072973d-fdda-42ab-9ca5-b404407255fa tempest-SnapshotsActionsTest-774224924 None] Running cmd (subprocess): sudo cinder-rootwrap /etc/cinder/rootwrap.conf qemu-img commit -d /opt/stack/data/cinder/mnt/192888440b437de29faf3476ba0d30c6/volume-51de8f60-cb27-4280-a761-a1cdd0b074a0.11400b1a-2ebe-4a5c-8d6d-9cd3591fdc4d {{(pid=87536) execute /opt/stack/data/venv/lib/python3.12/site-packages/oslo_concurrency/processutils.py:440}}
Sep 04 22:44:44 devstack cinder-volume[87536]: DEBUG cinder.coordination [None req-cda38ed7-459e-476b-875c-c4495d09407e tempest-GroupSnapshotsV319Test-824932341 None] Lock "cinder-quobyte-0e655dd5-cb56-4183-93ce-a7e042afe383" released by "delete_volume" :: held 0.934s {{(pid=87536) __release /opt/stack/cinder/cinder/coordination.py:152}}
Sep 04 22:44:45 devstack cinder-volume[87536]: DEBUG dbcounter [-] [87536] Writing DB stats cinder:SELECT=151,cinder:UPDATE=178,cinder:INSERT=41,cinder:DELETE=15 {{(pid=87536) stat_writer /opt/stack/data/venv/lib/python3.12/site-packages/dbcounter.py:115}}
Sep 04 22:44:45 devstack sudo[95279]: quobyte : PWD=/ ; USER=root ; COMMAND=/opt/stack/data/venv/bin/cinder-rootwrap /etc/cinder/rootwrap.conf qemu-img commit -d /opt/stack/data/cinder/mnt/192888440b437de29faf3476ba0d30c6/volume-51de8f60-cb27-4280-a761-a1cdd0b074a0.11400b1a-2ebe-4a5c-8d6d-9cd3591fdc4d
Sep 04 22:44:45 devstack sudo[95279]: pam_unix(sudo:session): session opened for user root(uid=0) by (uid=1000)
Sep 04 22:44:45 devstack cinder-volume[87536]: DEBUG dbcounter [-] [87536] Writing DB stats cinder:SELECT=152,cinder:UPDATE=171,cinder:DELETE=9,cinder:INSERT=39 {{(pid=87536) stat_writer /opt/stack/data/venv/lib/python3.12/site-packages/dbcounter.py:115}}
Sep 04 22:44:45 devstack cinder-volume[87536]: DEBUG cinder.quota [None req-cda38ed7-459e-476b-875c-c4495d09407e tempest-GroupSnapshotsV319Test-824932341 None] Created reservations ['981af638-25fd-44a9-88a7-aea16509cd73'] {{(pid=87536) reserve /opt/stack/cinder/cinder/quota.py:752}}
Sep 04 22:44:45 devstack cinder-volume[87536]: WARNING cinder.quota [None req-cda38ed7-459e-476b-875c-c4495d09407e tempest-GroupSnapshotsV319Test-824932341 None] Deprecated: Default quota for resource: volumes_tempest-GroupSnapshotsV319Test-volume-type-918053584 is set by the default quota flag: quota_volumes_tempest-GroupSnapshotsV319Test-volume-type-918053584, it is now deprecated. Please use the default quota class for default quota.
Sep 04 22:44:45 devstack cinder-volume[87536]: DEBUG cinder.quota [None req-cda38ed7-459e-476b-875c-c4495d09407e tempest-GroupSnapshotsV319Test-824932341 None] Created reservations ['621b24ec-12c4-4685-af63-555105ca3b45', '129944df-ccd0-4a26-9962-e4a92d98d25c', 'c2f3925c-e3a7-4d1e-9ed2-07fbe2511827', 'bc1a0721-8fc9-4c86-b031-d04a5abf77b1'] {{(pid=87536) reserve /opt/stack/cinder/cinder/quota.py:752}}
Sep 04 22:44:45 devstack cinder-volume[87536]: DEBUG oslo_concurrency.lockutils [None req-cda38ed7-459e-476b-875c-c4495d09407e tempest-GroupSnapshotsV319Test-824932341 None] Acquiring lock "quobyte_ensure" by "cinder.volume.drivers.quobyte.QuobyteDriver._ensure_shares_mounted" {{(pid=87536) inner /opt/stack/data/venv/lib/python3.12/site-packages/oslo_concurrency/lockutils.py:512}}
Sep 04 22:44:45 devstack cinder-volume[87536]: DEBUG oslo_concurrency.lockutils [None req-cda38ed7-459e-476b-875c-c4495d09407e tempest-GroupSnapshotsV319Test-824932341 None] Lock "quobyte_ensure" acquired by "cinder.volume.drivers.quobyte.QuobyteDriver._ensure_shares_mounted" :: waited 0.002s {{(pid=87536) inner /opt/stack/data/venv/lib/python3.12/site-packages/oslo_concurrency/lockutils.py:525}}
Sep 04 22:44:45 devstack cinder-volume[87536]: DEBUG cinder.volume.drivers.quobyte [None req-cda38ed7-459e-476b-875c-c4495d09407e tempest-GroupSnapshotsV319Test-824932341 None] Quobyte Volume URL set to: {'osci02.corp.quobyte.com/cinder-vol-265484f6-1457-4223-aa1b-c15acc03106d': None} {{(pid=87536) _load_shares_config /opt/stack/cinder/cinder/volume/drivers/quobyte.py:662}}
Sep 04 22:44:45 devstack cinder-volume[87536]: DEBUG cinder.volume.drivers.quobyte [None req-cda38ed7-459e-476b-875c-c4495d09407e tempest-GroupSnapshotsV319Test-824932341 None] Available shares ['osci02.corp.quobyte.com/cinder-vol-265484f6-1457-4223-aa1b-c15acc03106d'] {{(pid=87536) _ensure_shares_mounted /opt/stack/cinder/cinder/volume/drivers/quobyte.py:692}}
Sep 04 22:44:45 devstack cinder-volume[87536]: DEBUG oslo_concurrency.lockutils [None req-cda38ed7-459e-476b-875c-c4495d09407e tempest-GroupSnapshotsV319Test-824932341 None] Lock "quobyte_ensure" "released" by "cinder.volume.drivers.quobyte.QuobyteDriver._ensure_shares_mounted" :: held 0.005s {{(pid=87536) inner /opt/stack/data/venv/lib/python3.12/site-packages/oslo_concurrency/lockutils.py:544}}
Sep 04 22:44:45 devstack cinder-volume[87536]: DEBUG oslo_concurrency.processutils [None req-cda38ed7-459e-476b-875c-c4495d09407e tempest-GroupSnapshotsV319Test-824932341 None] Running cmd (subprocess): sudo cinder-rootwrap /etc/cinder/rootwrap.conf df --portability --block-size 1 /opt/stack/data/cinder/mnt/192888440b437de29faf3476ba0d30c6 {{(pid=87536) execute /opt/stack/data/venv/lib/python3.12/site-packages/oslo_concurrency/processutils.py:440}}
Sep 04 22:44:45 devstack sudo[95284]: quobyte : PWD=/ ; USER=root ; COMMAND=/opt/stack/data/venv/bin/cinder-rootwrap /etc/cinder/rootwrap.conf df --portability --block-size 1 /opt/stack/data/cinder/mnt/192888440b437de29faf3476ba0d30c6
Sep 04 22:44:45 devstack sudo[95284]: pam_unix(sudo:session): session opened for user root(uid=0) by (uid=1000)
Sep 04 22:44:45 devstack sudo[95279]: pam_unix(sudo:session): session closed for user root
Sep 04 22:44:45 devstack cinder-volume[87536]: DEBUG oslo_concurrency.processutils [None req-e072973d-fdda-42ab-9ca5-b404407255fa tempest-SnapshotsActionsTest-774224924 None] CMD "sudo cinder-rootwrap /etc/cinder/rootwrap.conf qemu-img commit -d /opt/stack/data/cinder/mnt/192888440b437de29faf3476ba0d30c6/volume-51de8f60-cb27-4280-a761-a1cdd0b074a0.11400b1a-2ebe-4a5c-8d6d-9cd3591fdc4d" returned: 0 in 0.647s {{(pid=87536) execute /opt/stack/data/venv/lib/python3.12/site-packages/oslo_concurrency/processutils.py:468}}
Sep 04 22:44:45 devstack cinder-volume[87536]: DEBUG oslo_concurrency.processutils [None req-e072973d-fdda-42ab-9ca5-b404407255fa tempest-SnapshotsActionsTest-774224924 None] Running cmd (subprocess): sudo cinder-rootwrap /etc/cinder/rootwrap.conf rm -f /opt/stack/data/cinder/mnt/192888440b437de29faf3476ba0d30c6/volume-51de8f60-cb27-4280-a761-a1cdd0b074a0.11400b1a-2ebe-4a5c-8d6d-9cd3591fdc4d {{(pid=87536) execute /opt/stack/data/venv/lib/python3.12/site-packages/oslo_concurrency/processutils.py:440}}
Sep 04 22:44:45 devstack sudo[95287]: quobyte : PWD=/ ; USER=root ; COMMAND=/opt/stack/data/venv/bin/cinder-rootwrap /etc/cinder/rootwrap.conf rm -f /opt/stack/data/cinder/mnt/192888440b437de29faf3476ba0d30c6/volume-51de8f60-cb27-4280-a761-a1cdd0b074a0.11400b1a-2ebe-4a5c-8d6d-9cd3591fdc4d
Sep 04 22:44:45 devstack sudo[95287]: pam_unix(sudo:session): session opened for user root(uid=0) by (uid=1000)
Sep 04 22:44:45 devstack sudo[95284]: pam_unix(sudo:session): session closed for user root
Sep 04 22:44:45 devstack cinder-volume[87536]: DEBUG oslo_concurrency.processutils [None req-cda38ed7-459e-476b-875c-c4495d09407e tempest-GroupSnapshotsV319Test-824932341 None] CMD "sudo cinder-rootwrap /etc/cinder/rootwrap.conf df --portability --block-size 1 /opt/stack/data/cinder/mnt/192888440b437de29faf3476ba0d30c6" returned: 0 in 0.387s {{(pid=87536) execute /opt/stack/data/venv/lib/python3.12/site-packages/oslo_concurrency/processutils.py:468}}
Sep 04 22:44:45 devstack cinder-volume[87536]: DEBUG cinder.manager [None req-cda38ed7-459e-476b-875c-c4495d09407e tempest-GroupSnapshotsV319Test-824932341 None] Notifying Schedulers of capabilities ... {{(pid=87536) _publish_service_capabilities /opt/stack/cinder/cinder/manager.py:219}}
Sep 04 22:44:45 devstack cinder-volume[87536]: INFO cinder.volume.manager [None req-cda38ed7-459e-476b-875c-c4495d09407e tempest-GroupSnapshotsV319Test-824932341 None] Delete group completed successfully.
Sep 04 22:44:45 devstack sudo[95287]: pam_unix(sudo:session): session closed for user root
Sep 04 22:44:45 devstack cinder-volume[87536]: DEBUG oslo_concurrency.processutils [None req-e072973d-fdda-42ab-9ca5-b404407255fa tempest-SnapshotsActionsTest-774224924 None] CMD "sudo cinder-rootwrap /etc/cinder/rootwrap.conf rm -f /opt/stack/data/cinder/mnt/192888440b437de29faf3476ba0d30c6/volume-51de8f60-cb27-4280-a761-a1cdd0b074a0.11400b1a-2ebe-4a5c-8d6d-9cd3591fdc4d" returned: 0 in 0.311s {{(pid=87536) execute /opt/stack/data/venv/lib/python3.12/site-packages/oslo_concurrency/processutils.py:468}}
Sep 04 22:44:45 devstack cinder-volume[87536]: DEBUG cinder.coordination [None req-e072973d-fdda-42ab-9ca5-b404407255fa tempest-SnapshotsActionsTest-774224924 None] Lock "cinder-quobyte-11400b1a-2ebe-4a5c-8d6d-9cd3591fdc4d" released by "_delete_snapshot" :: held 2.037s {{(pid=87536) __release /opt/stack/cinder/cinder/coordination.py:152}}
Sep 04 22:44:45 devstack cinder-volume[87536]: DEBUG cinder.coordination [None req-e072973d-fdda-42ab-9ca5-b404407255fa tempest-SnapshotsActionsTest-774224924 None] Lock "cinder-quobyte-51de8f60-cb27-4280-a761-a1cdd0b074a0" released by "delete_snapshot" :: held 2.098s {{(pid=87536) __release /opt/stack/cinder/cinder/coordination.py:152}}
Sep 04 22:44:46 devstack cinder-volume[87536]: DEBUG cinder.quota [None req-e072973d-fdda-42ab-9ca5-b404407255fa tempest-SnapshotsActionsTest-774224924 None] Created reservations ['de00dfb6-a93b-413e-ba20-2d5eee84c5a3', '04ed953d-80bf-4207-a6ad-56bbb67fb91a', 'd595badb-60ee-4c74-9da4-b6d636f5ab17', '45a6f59d-2a12-4a01-9447-c4fd7fdb08a2'] {{(pid=87536) reserve /opt/stack/cinder/cinder/quota.py:752}}
Sep 04 22:44:46 devstack cinder-volume[87536]: INFO cinder.volume.manager [None req-e072973d-fdda-42ab-9ca5-b404407255fa tempest-SnapshotsActionsTest-774224924 None] Delete snapshot completed successfully.
Sep 04 22:44:46 devstack cinder-volume[87536]: DEBUG cinder.coordination [None req-e072973d-fdda-42ab-9ca5-b404407255fa tempest-SnapshotsActionsTest-774224924 None] Lock "cinder-11400b1a-2ebe-4a5c-8d6d-9cd3591fdc4d-delete_snapshot" released by "delete_snapshot" :: held 2.285s {{(pid=87536) __release /opt/stack/cinder/cinder/coordination.py:152}}
Sep 04 22:44:47 devstack cinder-volume[87536]: DEBUG oslo_concurrency.lockutils [None req-d4e8e4c0-042a-4098-b68c-9636ba6be5b2 tempest-SnapshotsActionsTest-145811751 None] Acquiring lock "quobyte" by "cinder.volume.drivers.quobyte.QuobyteDriver.create_snapshot" {{(pid=87536) inner /opt/stack/data/venv/lib/python3.12/site-packages/oslo_concurrency/lockutils.py:512}}
Sep 04 22:44:47 devstack cinder-volume[87536]: DEBUG oslo_concurrency.lockutils [None req-d4e8e4c0-042a-4098-b68c-9636ba6be5b2 tempest-SnapshotsActionsTest-145811751 None] Lock "quobyte" acquired by "cinder.volume.drivers.quobyte.QuobyteDriver.create_snapshot" :: waited 0.004s {{(pid=87536) inner /opt/stack/data/venv/lib/python3.12/site-packages/oslo_concurrency/lockutils.py:525}}
Sep 04 22:44:47 devstack cinder-volume[87536]: DEBUG cinder.volume.drivers.remotefs [None req-d4e8e4c0-042a-4098-b68c-9636ba6be5b2 tempest-SnapshotsActionsTest-145811751 None] Creating offline snapshot 01299565-a8cf-4478-9378-efde7697a28d of volume 51de8f60-cb27-4280-a761-a1cdd0b074a0 {{(pid=87536) _create_snapshot /opt/stack/cinder/cinder/volume/drivers/remotefs.py:1816}}
Sep 04 22:44:47 devstack cinder-volume[87536]: DEBUG oslo.privsep.daemon [-] privsep: reply[fe49a14b-ea31-4f94-bb53-982df6216b90]: (4, 'qcow2') {{(pid=89215) _call_back /opt/stack/data/venv/lib/python3.12/site-packages/oslo_privsep/daemon.py:580}}
Sep 04 22:44:47 devstack cinder-volume[87536]: DEBUG oslo_concurrency.processutils [None req-d4e8e4c0-042a-4098-b68c-9636ba6be5b2 tempest-SnapshotsActionsTest-145811751 None] Running cmd (subprocess): /opt/stack/data/venv/bin/python3.12 -m oslo_concurrency.prlimit --as=1073741824 --cpu=60 -- sudo cinder-rootwrap /etc/cinder/rootwrap.conf env LC_ALL=C qemu-img info -f qcow2 --output=json --force-share /opt/stack/data/cinder/mnt/192888440b437de29faf3476ba0d30c6/volume-51de8f60-cb27-4280-a761-a1cdd0b074a0.6a2e2709-0f3e-4afe-a9c5-dc2ab11e1fed {{(pid=87536) execute /opt/stack/data/venv/lib/python3.12/site-packages/oslo_concurrency/processutils.py:440}}
Sep 04 22:44:47 devstack sudo[95292]: quobyte : PWD=/ ; USER=root ; COMMAND=/opt/stack/data/venv/bin/cinder-rootwrap /etc/cinder/rootwrap.conf env LC_ALL=C qemu-img info -f qcow2 --output=json --force-share /opt/stack/data/cinder/mnt/192888440b437de29faf3476ba0d30c6/volume-51de8f60-cb27-4280-a761-a1cdd0b074a0.6a2e2709-0f3e-4afe-a9c5-dc2ab11e1fed
Sep 04 22:44:47 devstack sudo[95292]: pam_unix(sudo:session): session opened for user root(uid=0) by (uid=1000)
Sep 04 22:44:48 devstack sudo[95292]: pam_unix(sudo:session): session closed for user root
Sep 04 22:44:48 devstack cinder-volume[87536]: DEBUG oslo_concurrency.processutils [None req-d4e8e4c0-042a-4098-b68c-9636ba6be5b2 tempest-SnapshotsActionsTest-145811751 None] CMD "/opt/stack/data/venv/bin/python3.12 -m oslo_concurrency.prlimit --as=1073741824 --cpu=60 -- sudo cinder-rootwrap /etc/cinder/rootwrap.conf env LC_ALL=C qemu-img info -f qcow2 --output=json --force-share /opt/stack/data/cinder/mnt/192888440b437de29faf3476ba0d30c6/volume-51de8f60-cb27-4280-a761-a1cdd0b074a0.6a2e2709-0f3e-4afe-a9c5-dc2ab11e1fed" returned: 0 in 0.547s {{(pid=87536) execute /opt/stack/data/venv/lib/python3.12/site-packages/oslo_concurrency/processutils.py:468}}
Sep 04 22:44:48 devstack cinder-volume[87536]: DEBUG cinder.volume.drivers.remotefs [None req-d4e8e4c0-042a-4098-b68c-9636ba6be5b2 tempest-SnapshotsActionsTest-145811751 None] Fetching qemu-img info with special backing_file_template: (/opt/stack/data/cinder/mnt/[0-9a-f]+/)?(volume-51de8f60-cb27-4280-a761-a1cdd0b074a0(.(tmp-snap-)?[0-9a-f-]+)?|volume_from_snapshot_cache/(tmp-snap-)?[0-9a-f-]+(.(child-|parent-)[0-9a-f-]+)?)$ {{(pid=87536) _qemu_img_info_base /opt/stack/cinder/cinder/volume/drivers/remotefs.py:896}}
Sep 04 22:44:48 devstack cinder-volume[87536]: DEBUG oslo_concurrency.processutils [None req-d4e8e4c0-042a-4098-b68c-9636ba6be5b2 tempest-SnapshotsActionsTest-145811751 None] Running cmd (subprocess): sudo cinder-rootwrap /etc/cinder/rootwrap.conf qemu-img create -f qcow2 -o backing_file=/opt/stack/data/cinder/mnt/192888440b437de29faf3476ba0d30c6/volume-51de8f60-cb27-4280-a761-a1cdd0b074a0.6a2e2709-0f3e-4afe-a9c5-dc2ab11e1fed,backing_fmt=qcow2 /opt/stack/data/cinder/mnt/192888440b437de29faf3476ba0d30c6/volume-51de8f60-cb27-4280-a761-a1cdd0b074a0.01299565-a8cf-4478-9378-efde7697a28d 1G {{(pid=87536) execute /opt/stack/data/venv/lib/python3.12/site-packages/oslo_concurrency/processutils.py:440}}
Sep 04 22:44:48 devstack sudo[95297]: quobyte : PWD=/ ; USER=root ; COMMAND=/opt/stack/data/venv/bin/cinder-rootwrap /etc/cinder/rootwrap.conf qemu-img create -f qcow2 -o backing_file=/opt/stack/data/cinder/mnt/192888440b437de29faf3476ba0d30c6/volume-51de8f60-cb27-4280-a761-a1cdd0b074a0.6a2e2709-0f3e-4afe-a9c5-dc2ab11e1fed,backing_fmt=qcow2 /opt/stack/data/cinder/mnt/192888440b437de29faf3476ba0d30c6/volume-51de8f60-cb27-4280-a761-a1cdd0b074a0.01299565-a8cf-4478-9378-efde7697a28d 1G
Sep 04 22:44:48 devstack sudo[95297]: pam_unix(sudo:session): session opened for user root(uid=0) by (uid=1000)
Sep 04 22:44:48 devstack sudo[95297]: pam_unix(sudo:session): session closed for user root
Sep 04 22:44:48 devstack cinder-volume[87536]: DEBUG oslo_concurrency.processutils [None req-d4e8e4c0-042a-4098-b68c-9636ba6be5b2 tempest-SnapshotsActionsTest-145811751 None] CMD "sudo cinder-rootwrap /etc/cinder/rootwrap.conf qemu-img create -f qcow2 -o backing_file=/opt/stack/data/cinder/mnt/192888440b437de29faf3476ba0d30c6/volume-51de8f60-cb27-4280-a761-a1cdd0b074a0.6a2e2709-0f3e-4afe-a9c5-dc2ab11e1fed,backing_fmt=qcow2 /opt/stack/data/cinder/mnt/192888440b437de29faf3476ba0d30c6/volume-51de8f60-cb27-4280-a761-a1cdd0b074a0.01299565-a8cf-4478-9378-efde7697a28d 1G" returned: 0 in 0.596s {{(pid=87536) execute /opt/stack/data/venv/lib/python3.12/site-packages/oslo_concurrency/processutils.py:468}}
Sep 04 22:44:48 devstack cinder-volume[87536]: DEBUG oslo_concurrency.processutils [None req-d4e8e4c0-042a-4098-b68c-9636ba6be5b2 tempest-SnapshotsActionsTest-145811751 None] Running cmd (subprocess): sudo cinder-rootwrap /etc/cinder/rootwrap.conf qemu-img rebase -u -b volume-51de8f60-cb27-4280-a761-a1cdd0b074a0.6a2e2709-0f3e-4afe-a9c5-dc2ab11e1fed -F qcow2 /opt/stack/data/cinder/mnt/192888440b437de29faf3476ba0d30c6/volume-51de8f60-cb27-4280-a761-a1cdd0b074a0.01299565-a8cf-4478-9378-efde7697a28d {{(pid=87536) execute /opt/stack/data/venv/lib/python3.12/site-packages/oslo_concurrency/processutils.py:440}}
Sep 04 22:44:48 devstack sudo[95303]: quobyte : PWD=/ ; USER=root ; COMMAND=/opt/stack/data/venv/bin/cinder-rootwrap /etc/cinder/rootwrap.conf qemu-img rebase -u -b volume-51de8f60-cb27-4280-a761-a1cdd0b074a0.6a2e2709-0f3e-4afe-a9c5-dc2ab11e1fed -F qcow2 /opt/stack/data/cinder/mnt/192888440b437de29faf3476ba0d30c6/volume-51de8f60-cb27-4280-a761-a1cdd0b074a0.01299565-a8cf-4478-9378-efde7697a28d
Sep 04 22:44:48 devstack sudo[95303]: pam_unix(sudo:session): session opened for user root(uid=0) by (uid=1000)
Sep 04 22:44:48 devstack cinder-volume[87536]: DEBUG cinder.volume.manager [None req-e04cd9e4-423d-4b35-8aef-dd284720a73e tempest-BackendsCapabilitiesAdminTestsJSON-1069692440 None] Obtained capabilities list: {'volume_backend_name': 'QuobyteHD', 'vendor_name': 'Open Source', 'driver_version': '1.2.1', 'storage_protocol': 'quobyte', 'total_capacity_gb': 1773.7158851623535, 'free_capacity_gb': 1773.7158851623535, 'reserved_percentage': 0, 'QoS_support': False, 'thin_provisioning_support': True, 'thick_provisioning_support': False, 'properties': {'thin_provisioning': {'title': 'Thin Provisioning', 'description': 'Sets thin provisioning.', 'type': 'boolean'}, 'compression': {'title': 'Compression', 'description': 'Enables compression.', 'type': 'boolean'}, 'qos': {'title': 'QoS', 'description': 'Enables QoS.', 'type': 'boolean'}, 'replication_enabled': {'title': 'Replication', 'description': 'Enables replication.', 'type': 'boolean'}}}. {{(pid=87536) get_capabilities /opt/stack/cinder/cinder/volume/manager.py:4830}}
Sep 04 22:44:49 devstack cinder-volume[87536]: DEBUG cinder.volume.manager [None req-4af5d3db-4d7e-4923-bf35-5e4f6b1ab76a tempest-BackendsCapabilitiesAdminTestsJSON-1069692440 None] Obtained capabilities list: {'volume_backend_name': 'QuobyteHD', 'vendor_name': 'Open Source', 'driver_version': '1.2.1', 'storage_protocol': 'quobyte', 'total_capacity_gb': 1773.7158851623535, 'free_capacity_gb': 1773.7158851623535, 'reserved_percentage': 0, 'QoS_support': False, 'thin_provisioning_support': True, 'thick_provisioning_support': False, 'properties': {'thin_provisioning': {'title': 'Thin Provisioning', 'description': 'Sets thin provisioning.', 'type': 'boolean'}, 'compression': {'title': 'Compression', 'description': 'Enables compression.', 'type': 'boolean'}, 'qos': {'title': 'QoS', 'description': 'Enables QoS.', 'type': 'boolean'}, 'replication_enabled': {'title': 'Replication', 'description': 'Enables replication.', 'type': 'boolean'}}}. {{(pid=87536) get_capabilities /opt/stack/cinder/cinder/volume/manager.py:4830}}
Sep 04 22:44:49 devstack sudo[95303]: pam_unix(sudo:session): session closed for user root
Sep 04 22:44:49 devstack cinder-volume[87536]: DEBUG oslo_concurrency.processutils [None req-d4e8e4c0-042a-4098-b68c-9636ba6be5b2 tempest-SnapshotsActionsTest-145811751 None] CMD "sudo cinder-rootwrap /etc/cinder/rootwrap.conf qemu-img rebase -u -b volume-51de8f60-cb27-4280-a761-a1cdd0b074a0.6a2e2709-0f3e-4afe-a9c5-dc2ab11e1fed -F qcow2 /opt/stack/data/cinder/mnt/192888440b437de29faf3476ba0d30c6/volume-51de8f60-cb27-4280-a761-a1cdd0b074a0.01299565-a8cf-4478-9378-efde7697a28d" returned: 0 in 0.408s {{(pid=87536) execute /opt/stack/data/venv/lib/python3.12/site-packages/oslo_concurrency/processutils.py:468}}
Sep 04 22:44:49 devstack cinder-volume[87536]: WARNING cinder.volume.drivers.remotefs [None req-d4e8e4c0-042a-4098-b68c-9636ba6be5b2 tempest-SnapshotsActionsTest-145811751 None] /opt/stack/data/cinder/mnt/192888440b437de29faf3476ba0d30c6/volume-51de8f60-cb27-4280-a761-a1cdd0b074a0.01299565-a8cf-4478-9378-efde7697a28d is being set with open permissions: ugo+rw
Sep 04 22:44:49 devstack cinder-volume[87536]: DEBUG oslo_concurrency.processutils [None req-d4e8e4c0-042a-4098-b68c-9636ba6be5b2 tempest-SnapshotsActionsTest-145811751 None] Running cmd (subprocess): sudo cinder-rootwrap /etc/cinder/rootwrap.conf chmod ugo+rw /opt/stack/data/cinder/mnt/192888440b437de29faf3476ba0d30c6/volume-51de8f60-cb27-4280-a761-a1cdd0b074a0.01299565-a8cf-4478-9378-efde7697a28d {{(pid=87536) execute /opt/stack/data/venv/lib/python3.12/site-packages/oslo_concurrency/processutils.py:440}}
Sep 04 22:44:49 devstack sudo[95310]: quobyte : PWD=/ ; USER=root ; COMMAND=/opt/stack/data/venv/bin/cinder-rootwrap /etc/cinder/rootwrap.conf chmod ugo+rw /opt/stack/data/cinder/mnt/192888440b437de29faf3476ba0d30c6/volume-51de8f60-cb27-4280-a761-a1cdd0b074a0.01299565-a8cf-4478-9378-efde7697a28d
Sep 04 22:44:49 devstack sudo[95310]: pam_unix(sudo:session): session opened for user root(uid=0) by (uid=1000)
Sep 04 22:44:49 devstack sudo[95310]: pam_unix(sudo:session): session closed for user root
Sep 04 22:44:49 devstack cinder-volume[87536]: DEBUG oslo_concurrency.processutils [None req-d4e8e4c0-042a-4098-b68c-9636ba6be5b2 tempest-SnapshotsActionsTest-145811751 None] CMD "sudo cinder-rootwrap /etc/cinder/rootwrap.conf chmod ugo+rw /opt/stack/data/cinder/mnt/192888440b437de29faf3476ba0d30c6/volume-51de8f60-cb27-4280-a761-a1cdd0b074a0.01299565-a8cf-4478-9378-efde7697a28d" returned: 0 in 0.447s {{(pid=87536) execute /opt/stack/data/venv/lib/python3.12/site-packages/oslo_concurrency/processutils.py:468}}
Sep 04 22:44:49 devstack cinder-volume[87536]: DEBUG oslo_concurrency.lockutils [None req-d4e8e4c0-042a-4098-b68c-9636ba6be5b2 tempest-SnapshotsActionsTest-145811751 None] Lock "quobyte" "released" by "cinder.volume.drivers.quobyte.QuobyteDriver.create_snapshot" :: held 2.228s {{(pid=87536) inner /opt/stack/data/venv/lib/python3.12/site-packages/oslo_concurrency/lockutils.py:544}}
Sep 04 22:44:49 devstack cinder-volume[87536]: INFO cinder.volume.manager [None req-d4e8e4c0-042a-4098-b68c-9636ba6be5b2 tempest-SnapshotsActionsTest-145811751 None] Create snapshot completed successfully
Sep 04 22:44:50 devstack cinder-volume[87536]: DEBUG cinder.coordination [None req-9a63f84d-6735-474d-b3b0-24bd6597697a tempest-SnapshotsActionsTest-774224924 None] Acquiring lock "cinder-01299565-a8cf-4478-9378-efde7697a28d-delete_snapshot" by "delete_snapshot" {{(pid=87536) __acquire /opt/stack/cinder/cinder/coordination.py:138}}
Sep 04 22:44:50 devstack cinder-volume[87536]: DEBUG cinder.coordination [None req-9a63f84d-6735-474d-b3b0-24bd6597697a tempest-SnapshotsActionsTest-774224924 None] Lock "cinder-01299565-a8cf-4478-9378-efde7697a28d-delete_snapshot" acquired by "delete_snapshot" :: waited 0.026s {{(pid=87536) __acquire /opt/stack/cinder/cinder/coordination.py:141}}
Sep 04 22:44:50 devstack cinder-volume[87536]: DEBUG cinder.coordination [None req-9a63f84d-6735-474d-b3b0-24bd6597697a tempest-SnapshotsActionsTest-774224924 None] Acquiring lock "cinder-quobyte-51de8f60-cb27-4280-a761-a1cdd0b074a0" by "delete_snapshot" {{(pid=87536) __acquire /opt/stack/cinder/cinder/coordination.py:138}}
Sep 04 22:44:50 devstack cinder-volume[87536]: DEBUG cinder.coordination [None req-9a63f84d-6735-474d-b3b0-24bd6597697a tempest-SnapshotsActionsTest-774224924 None] Lock "cinder-quobyte-51de8f60-cb27-4280-a761-a1cdd0b074a0" acquired by "delete_snapshot" :: waited 0.028s {{(pid=87536) __acquire /opt/stack/cinder/cinder/coordination.py:141}}
Sep 04 22:44:50 devstack cinder-volume[87536]: DEBUG cinder.coordination [None req-9a63f84d-6735-474d-b3b0-24bd6597697a tempest-SnapshotsActionsTest-774224924 None] Acquiring lock "cinder-quobyte-01299565-a8cf-4478-9378-efde7697a28d" by "_delete_snapshot" {{(pid=87536) __acquire /opt/stack/cinder/cinder/coordination.py:138}}
Sep 04 22:44:50 devstack cinder-volume[87536]: DEBUG cinder.coordination [None req-9a63f84d-6735-474d-b3b0-24bd6597697a tempest-SnapshotsActionsTest-774224924 None] Lock "cinder-quobyte-01299565-a8cf-4478-9378-efde7697a28d" acquired by "_delete_snapshot" :: waited 0.021s {{(pid=87536) __acquire /opt/stack/cinder/cinder/coordination.py:141}}
Sep 04 22:44:50 devstack cinder-volume[87536]: DEBUG cinder.volume.drivers.remotefs [None req-9a63f84d-6735-474d-b3b0-24bd6597697a tempest-SnapshotsActionsTest-774224924 None] Deleting offline snapshot 01299565-a8cf-4478-9378-efde7697a28d of volume 51de8f60-cb27-4280-a761-a1cdd0b074a0 {{(pid=87536) _delete_snapshot /opt/stack/cinder/cinder/volume/drivers/remotefs.py:1288}}
Sep 04 22:44:50 devstack cinder-volume[87536]: DEBUG cinder.volume.drivers.remotefs [None req-9a63f84d-6735-474d-b3b0-24bd6597697a tempest-SnapshotsActionsTest-774224924 None] snapshot_file for this snap is: volume-51de8f60-cb27-4280-a761-a1cdd0b074a0.01299565-a8cf-4478-9378-efde7697a28d {{(pid=87536) _delete_snapshot /opt/stack/cinder/cinder/volume/drivers/remotefs.py:1317}}
Sep 04 22:44:51 devstack cinder-volume[87536]: DEBUG oslo.privsep.daemon [-] privsep: reply[44d302f4-1654-444f-90db-1da6c68e346f]: (4, 'qcow2') {{(pid=89215) _call_back /opt/stack/data/venv/lib/python3.12/site-packages/oslo_privsep/daemon.py:580}}
Sep 04 22:44:51 devstack cinder-volume[87536]: DEBUG oslo_concurrency.processutils [None req-9a63f84d-6735-474d-b3b0-24bd6597697a tempest-SnapshotsActionsTest-774224924 None] Running cmd (subprocess): /opt/stack/data/venv/bin/python3.12 -m oslo_concurrency.prlimit --as=1073741824 --cpu=60 -- sudo cinder-rootwrap /etc/cinder/rootwrap.conf env LC_ALL=C qemu-img info -f qcow2 --output=json --force-share /opt/stack/data/cinder/mnt/192888440b437de29faf3476ba0d30c6/volume-51de8f60-cb27-4280-a761-a1cdd0b074a0.01299565-a8cf-4478-9378-efde7697a28d {{(pid=87536) execute /opt/stack/data/venv/lib/python3.12/site-packages/oslo_concurrency/processutils.py:440}}
Sep 04 22:44:51 devstack sudo[95349]: quobyte : PWD=/ ; USER=root ; COMMAND=/opt/stack/data/venv/bin/cinder-rootwrap /etc/cinder/rootwrap.conf env LC_ALL=C qemu-img info -f qcow2 --output=json --force-share /opt/stack/data/cinder/mnt/192888440b437de29faf3476ba0d30c6/volume-51de8f60-cb27-4280-a761-a1cdd0b074a0.01299565-a8cf-4478-9378-efde7697a28d
Sep 04 22:44:51 devstack sudo[95349]: pam_unix(sudo:session): session opened for user root(uid=0) by (uid=1000)
Sep 04 22:44:51 devstack sudo[95349]: pam_unix(sudo:session): session closed for user root
Sep 04 22:44:51 devstack cinder-volume[87536]: DEBUG oslo_concurrency.processutils [None req-9a63f84d-6735-474d-b3b0-24bd6597697a tempest-SnapshotsActionsTest-774224924 None] CMD "/opt/stack/data/venv/bin/python3.12 -m oslo_concurrency.prlimit --as=1073741824 --cpu=60 -- sudo cinder-rootwrap /etc/cinder/rootwrap.conf env LC_ALL=C qemu-img info -f qcow2 --output=json --force-share /opt/stack/data/cinder/mnt/192888440b437de29faf3476ba0d30c6/volume-51de8f60-cb27-4280-a761-a1cdd0b074a0.01299565-a8cf-4478-9378-efde7697a28d" returned: 0 in 0.515s {{(pid=87536) execute /opt/stack/data/venv/lib/python3.12/site-packages/oslo_concurrency/processutils.py:468}}
Sep 04 22:44:51 devstack cinder-volume[87536]: DEBUG cinder.volume.drivers.remotefs [None req-9a63f84d-6735-474d-b3b0-24bd6597697a tempest-SnapshotsActionsTest-774224924 None] Fetching qemu-img info with special backing_file_template: (/opt/stack/data/cinder/mnt/[0-9a-f]+/)?(volume-51de8f60-cb27-4280-a761-a1cdd0b074a0(.(tmp-snap-)?[0-9a-f-]+)?|volume_from_snapshot_cache/(tmp-snap-)?[0-9a-f-]+(.(child-|parent-)[0-9a-f-]+)?)$ {{(pid=87536) _qemu_img_info_base /opt/stack/cinder/cinder/volume/drivers/remotefs.py:896}}
Sep 04 22:44:51 devstack cinder-volume[87536]: DEBUG oslo.privsep.daemon [-] privsep: reply[6306d980-6a0e-4693-9e37-be21120a462b]: (4, 'qcow2') {{(pid=89215) _call_back /opt/stack/data/venv/lib/python3.12/site-packages/oslo_privsep/daemon.py:580}}
Sep 04 22:44:51 devstack cinder-volume[87536]: DEBUG oslo_concurrency.processutils [None req-9a63f84d-6735-474d-b3b0-24bd6597697a tempest-SnapshotsActionsTest-774224924 None] Running cmd (subprocess): /opt/stack/data/venv/bin/python3.12 -m oslo_concurrency.prlimit --as=1073741824 --cpu=60 -- sudo cinder-rootwrap /etc/cinder/rootwrap.conf env LC_ALL=C qemu-img info -f qcow2 --output=json --force-share /opt/stack/data/cinder/mnt/192888440b437de29faf3476ba0d30c6/volume-51de8f60-cb27-4280-a761-a1cdd0b074a0.6a2e2709-0f3e-4afe-a9c5-dc2ab11e1fed {{(pid=87536) execute /opt/stack/data/venv/lib/python3.12/site-packages/oslo_concurrency/processutils.py:440}}
Sep 04 22:44:51 devstack sudo[95354]: quobyte : PWD=/ ; USER=root ; COMMAND=/opt/stack/data/venv/bin/cinder-rootwrap /etc/cinder/rootwrap.conf env LC_ALL=C qemu-img info -f qcow2 --output=json --force-share /opt/stack/data/cinder/mnt/192888440b437de29faf3476ba0d30c6/volume-51de8f60-cb27-4280-a761-a1cdd0b074a0.6a2e2709-0f3e-4afe-a9c5-dc2ab11e1fed
Sep 04 22:44:51 devstack sudo[95354]: pam_unix(sudo:session): session opened for user root(uid=0) by (uid=1000)
Sep 04 22:44:52 devstack sudo[95354]: pam_unix(sudo:session): session closed for user root
Sep 04 22:44:52 devstack cinder-volume[87536]: DEBUG oslo_concurrency.processutils [None req-9a63f84d-6735-474d-b3b0-24bd6597697a tempest-SnapshotsActionsTest-774224924 None] CMD "/opt/stack/data/venv/bin/python3.12 -m oslo_concurrency.prlimit --as=1073741824 --cpu=60 -- sudo cinder-rootwrap /etc/cinder/rootwrap.conf env LC_ALL=C qemu-img info -f qcow2 --output=json --force-share /opt/stack/data/cinder/mnt/192888440b437de29faf3476ba0d30c6/volume-51de8f60-cb27-4280-a761-a1cdd0b074a0.6a2e2709-0f3e-4afe-a9c5-dc2ab11e1fed" returned: 0 in 0.499s {{(pid=87536) execute /opt/stack/data/venv/lib/python3.12/site-packages/oslo_concurrency/processutils.py:468}}
Sep 04 22:44:52 devstack cinder-volume[87536]: DEBUG cinder.volume.drivers.remotefs [None req-9a63f84d-6735-474d-b3b0-24bd6597697a tempest-SnapshotsActionsTest-774224924 None] Fetching qemu-img info with special backing_file_template: (/opt/stack/data/cinder/mnt/[0-9a-f]+/)?(volume-51de8f60-cb27-4280-a761-a1cdd0b074a0(.(tmp-snap-)?[0-9a-f-]+)?|volume_from_snapshot_cache/(tmp-snap-)?[0-9a-f-]+(.(child-|parent-)[0-9a-f-]+)?)$ {{(pid=87536) _qemu_img_info_base /opt/stack/cinder/cinder/volume/drivers/remotefs.py:896}}
Sep 04 22:44:52 devstack cinder-volume[87536]: DEBUG oslo_concurrency.processutils [None req-9a63f84d-6735-474d-b3b0-24bd6597697a tempest-SnapshotsActionsTest-774224924 None] Running cmd (subprocess): sudo cinder-rootwrap /etc/cinder/rootwrap.conf qemu-img commit -d /opt/stack/data/cinder/mnt/192888440b437de29faf3476ba0d30c6/volume-51de8f60-cb27-4280-a761-a1cdd0b074a0.01299565-a8cf-4478-9378-efde7697a28d {{(pid=87536) execute /opt/stack/data/venv/lib/python3.12/site-packages/oslo_concurrency/processutils.py:440}}
Sep 04 22:44:52 devstack sudo[95359]: quobyte : PWD=/ ; USER=root ; COMMAND=/opt/stack/data/venv/bin/cinder-rootwrap /etc/cinder/rootwrap.conf qemu-img commit -d /opt/stack/data/cinder/mnt/192888440b437de29faf3476ba0d30c6/volume-51de8f60-cb27-4280-a761-a1cdd0b074a0.01299565-a8cf-4478-9378-efde7697a28d
Sep 04 22:44:52 devstack sudo[95359]: pam_unix(sudo:session): session opened for user root(uid=0) by (uid=1000)
Sep 04 22:44:52 devstack sudo[95359]: pam_unix(sudo:session): session closed for user root
Sep 04 22:44:52 devstack cinder-volume[87536]: DEBUG oslo_concurrency.processutils [None req-9a63f84d-6735-474d-b3b0-24bd6597697a tempest-SnapshotsActionsTest-774224924 None] CMD "sudo cinder-rootwrap /etc/cinder/rootwrap.conf qemu-img commit -d /opt/stack/data/cinder/mnt/192888440b437de29faf3476ba0d30c6/volume-51de8f60-cb27-4280-a761-a1cdd0b074a0.01299565-a8cf-4478-9378-efde7697a28d" returned: 0 in 0.533s {{(pid=87536) execute /opt/stack/data/venv/lib/python3.12/site-packages/oslo_concurrency/processutils.py:468}}
Sep 04 22:44:52 devstack cinder-volume[87536]: DEBUG oslo_concurrency.processutils [None req-9a63f84d-6735-474d-b3b0-24bd6597697a tempest-SnapshotsActionsTest-774224924 None] Running cmd (subprocess): sudo cinder-rootwrap /etc/cinder/rootwrap.conf rm -f /opt/stack/data/cinder/mnt/192888440b437de29faf3476ba0d30c6/volume-51de8f60-cb27-4280-a761-a1cdd0b074a0.01299565-a8cf-4478-9378-efde7697a28d {{(pid=87536) execute /opt/stack/data/venv/lib/python3.12/site-packages/oslo_concurrency/processutils.py:440}}
Sep 04 22:44:52 devstack sudo[95364]: quobyte : PWD=/ ; USER=root ; COMMAND=/opt/stack/data/venv/bin/cinder-rootwrap /etc/cinder/rootwrap.conf rm -f /opt/stack/data/cinder/mnt/192888440b437de29faf3476ba0d30c6/volume-51de8f60-cb27-4280-a761-a1cdd0b074a0.01299565-a8cf-4478-9378-efde7697a28d
Sep 04 22:44:52 devstack sudo[95364]: pam_unix(sudo:session): session opened for user root(uid=0) by (uid=1000)
Sep 04 22:44:52 devstack sudo[95364]: pam_unix(sudo:session): session closed for user root
Sep 04 22:44:52 devstack cinder-volume[87536]: DEBUG oslo_concurrency.processutils [None req-9a63f84d-6735-474d-b3b0-24bd6597697a tempest-SnapshotsActionsTest-774224924 None] CMD "sudo cinder-rootwrap /etc/cinder/rootwrap.conf rm -f /opt/stack/data/cinder/mnt/192888440b437de29faf3476ba0d30c6/volume-51de8f60-cb27-4280-a761-a1cdd0b074a0.01299565-a8cf-4478-9378-efde7697a28d" returned: 0 in 0.310s {{(pid=87536) execute /opt/stack/data/venv/lib/python3.12/site-packages/oslo_concurrency/processutils.py:468}}
Sep 04 22:44:52 devstack cinder-volume[87536]: DEBUG cinder.coordination [None req-9a63f84d-6735-474d-b3b0-24bd6597697a tempest-SnapshotsActionsTest-774224924 None] Lock "cinder-quobyte-01299565-a8cf-4478-9378-efde7697a28d" released by "_delete_snapshot" :: held 1.989s {{(pid=87536) __release /opt/stack/cinder/cinder/coordination.py:152}}
Sep 04 22:44:52 devstack cinder-volume[87536]: DEBUG cinder.coordination [None req-9a63f84d-6735-474d-b3b0-24bd6597697a tempest-SnapshotsActionsTest-774224924 None] Lock "cinder-quobyte-51de8f60-cb27-4280-a761-a1cdd0b074a0" released by "delete_snapshot" :: held 2.019s {{(pid=87536) __release /opt/stack/cinder/cinder/coordination.py:152}}
Sep 04 22:44:53 devstack cinder-volume[87536]: DEBUG cinder.quota [None req-9a63f84d-6735-474d-b3b0-24bd6597697a tempest-SnapshotsActionsTest-774224924 None] Created reservations ['96e61bb3-be89-47bd-bea1-0dfe5eef5b0a', '6af2dcad-9477-45ab-ac18-17bdac897536', '1591a93e-7252-4b63-afd8-14994d25c2e0', '25cd1ea9-6aee-4ac2-89b2-1f6aff51e229'] {{(pid=87536) reserve /opt/stack/cinder/cinder/quota.py:752}}
Sep 04 22:44:53 devstack cinder-volume[87536]: INFO cinder.volume.manager [None req-9a63f84d-6735-474d-b3b0-24bd6597697a tempest-SnapshotsActionsTest-774224924 None] Delete snapshot completed successfully.
Sep 04 22:44:53 devstack cinder-volume[87536]: DEBUG cinder.coordination [None req-9a63f84d-6735-474d-b3b0-24bd6597697a tempest-SnapshotsActionsTest-774224924 None] Lock "cinder-01299565-a8cf-4478-9378-efde7697a28d-delete_snapshot" released by "delete_snapshot" :: held 2.252s {{(pid=87536) __release /opt/stack/cinder/cinder/coordination.py:152}}
Sep 04 22:44:54 devstack cinder-volume[87536]: DEBUG oslo_concurrency.lockutils [None req-82ea2b21-13dc-4683-ac08-e165e881a9c5 tempest-SnapshotsActionsTest-145811751 None] Acquiring lock "quobyte" by "cinder.volume.drivers.quobyte.QuobyteDriver.create_snapshot" {{(pid=87536) inner /opt/stack/data/venv/lib/python3.12/site-packages/oslo_concurrency/lockutils.py:512}}
Sep 04 22:44:54 devstack cinder-volume[87536]: DEBUG oslo_concurrency.lockutils [None req-82ea2b21-13dc-4683-ac08-e165e881a9c5 tempest-SnapshotsActionsTest-145811751 None] Lock "quobyte" acquired by "cinder.volume.drivers.quobyte.QuobyteDriver.create_snapshot" :: waited 0.001s {{(pid=87536) inner /opt/stack/data/venv/lib/python3.12/site-packages/oslo_concurrency/lockutils.py:525}}
Sep 04 22:44:54 devstack cinder-volume[87536]: DEBUG cinder.volume.drivers.remotefs [None req-82ea2b21-13dc-4683-ac08-e165e881a9c5 tempest-SnapshotsActionsTest-145811751 None] Creating offline snapshot e5dbf951-fa75-4a0b-8e0f-c2f741eb8b27 of volume 51de8f60-cb27-4280-a761-a1cdd0b074a0 {{(pid=87536) _create_snapshot /opt/stack/cinder/cinder/volume/drivers/remotefs.py:1816}}
Sep 04 22:44:54 devstack cinder-volume[87536]: DEBUG oslo.privsep.daemon [-] privsep: reply[cbcb491a-c767-4c8c-9bec-64caf4624424]: (4, 'qcow2') {{(pid=89215) _call_back /opt/stack/data/venv/lib/python3.12/site-packages/oslo_privsep/daemon.py:580}}
Sep 04 22:44:54 devstack cinder-volume[87536]: DEBUG oslo_concurrency.processutils [None req-82ea2b21-13dc-4683-ac08-e165e881a9c5 tempest-SnapshotsActionsTest-145811751 None] Running cmd (subprocess): /opt/stack/data/venv/bin/python3.12 -m oslo_concurrency.prlimit --as=1073741824 --cpu=60 -- sudo cinder-rootwrap /etc/cinder/rootwrap.conf env LC_ALL=C qemu-img info -f qcow2 --output=json --force-share /opt/stack/data/cinder/mnt/192888440b437de29faf3476ba0d30c6/volume-51de8f60-cb27-4280-a761-a1cdd0b074a0.6a2e2709-0f3e-4afe-a9c5-dc2ab11e1fed {{(pid=87536) execute /opt/stack/data/venv/lib/python3.12/site-packages/oslo_concurrency/processutils.py:440}}
Sep 04 22:44:54 devstack sudo[95367]: quobyte : PWD=/ ; USER=root ; COMMAND=/opt/stack/data/venv/bin/cinder-rootwrap /etc/cinder/rootwrap.conf env LC_ALL=C qemu-img info -f qcow2 --output=json --force-share /opt/stack/data/cinder/mnt/192888440b437de29faf3476ba0d30c6/volume-51de8f60-cb27-4280-a761-a1cdd0b074a0.6a2e2709-0f3e-4afe-a9c5-dc2ab11e1fed
Sep 04 22:44:54 devstack sudo[95367]: pam_unix(sudo:session): session opened for user root(uid=0) by (uid=1000)
Sep 04 22:44:55 devstack sudo[95367]: pam_unix(sudo:session): session closed for user root
Sep 04 22:44:55 devstack cinder-volume[87536]: DEBUG oslo_concurrency.processutils [None req-82ea2b21-13dc-4683-ac08-e165e881a9c5 tempest-SnapshotsActionsTest-145811751 None] CMD "/opt/stack/data/venv/bin/python3.12 -m oslo_concurrency.prlimit --as=1073741824 --cpu=60 -- sudo cinder-rootwrap /etc/cinder/rootwrap.conf env LC_ALL=C qemu-img info -f qcow2 --output=json --force-share /opt/stack/data/cinder/mnt/192888440b437de29faf3476ba0d30c6/volume-51de8f60-cb27-4280-a761-a1cdd0b074a0.6a2e2709-0f3e-4afe-a9c5-dc2ab11e1fed" returned: 0 in 0.402s {{(pid=87536) execute /opt/stack/data/venv/lib/python3.12/site-packages/oslo_concurrency/processutils.py:468}}
Sep 04 22:44:55 devstack cinder-volume[87536]: DEBUG cinder.volume.drivers.remotefs [None req-82ea2b21-13dc-4683-ac08-e165e881a9c5 tempest-SnapshotsActionsTest-145811751 None] Fetching qemu-img info with special backing_file_template: (/opt/stack/data/cinder/mnt/[0-9a-f]+/)?(volume-51de8f60-cb27-4280-a761-a1cdd0b074a0(.(tmp-snap-)?[0-9a-f-]+)?|volume_from_snapshot_cache/(tmp-snap-)?[0-9a-f-]+(.(child-|parent-)[0-9a-f-]+)?)$ {{(pid=87536) _qemu_img_info_base /opt/stack/cinder/cinder/volume/drivers/remotefs.py:896}}
Sep 04 22:44:55 devstack cinder-volume[87536]: DEBUG oslo_concurrency.processutils [None req-82ea2b21-13dc-4683-ac08-e165e881a9c5 tempest-SnapshotsActionsTest-145811751 None] Running cmd (subprocess): sudo cinder-rootwrap /etc/cinder/rootwrap.conf qemu-img create -f qcow2 -o backing_file=/opt/stack/data/cinder/mnt/192888440b437de29faf3476ba0d30c6/volume-51de8f60-cb27-4280-a761-a1cdd0b074a0.6a2e2709-0f3e-4afe-a9c5-dc2ab11e1fed,backing_fmt=qcow2 /opt/stack/data/cinder/mnt/192888440b437de29faf3476ba0d30c6/volume-51de8f60-cb27-4280-a761-a1cdd0b074a0.e5dbf951-fa75-4a0b-8e0f-c2f741eb8b27 1G {{(pid=87536) execute /opt/stack/data/venv/lib/python3.12/site-packages/oslo_concurrency/processutils.py:440}}
Sep 04 22:44:55 devstack sudo[95372]: quobyte : PWD=/ ; USER=root ; COMMAND=/opt/stack/data/venv/bin/cinder-rootwrap /etc/cinder/rootwrap.conf qemu-img create -f qcow2 -o backing_file=/opt/stack/data/cinder/mnt/192888440b437de29faf3476ba0d30c6/volume-51de8f60-cb27-4280-a761-a1cdd0b074a0.6a2e2709-0f3e-4afe-a9c5-dc2ab11e1fed,backing_fmt=qcow2 /opt/stack/data/cinder/mnt/192888440b437de29faf3476ba0d30c6/volume-51de8f60-cb27-4280-a761-a1cdd0b074a0.e5dbf951-fa75-4a0b-8e0f-c2f741eb8b27 1G
Sep 04 22:44:55 devstack sudo[95372]: pam_unix(sudo:session): session opened for user root(uid=0) by (uid=1000)
Sep 04 22:44:55 devstack sudo[95372]: pam_unix(sudo:session): session closed for user root
Sep 04 22:44:55 devstack cinder-volume[87536]: DEBUG oslo_concurrency.processutils [None req-82ea2b21-13dc-4683-ac08-e165e881a9c5 tempest-SnapshotsActionsTest-145811751 None] CMD "sudo cinder-rootwrap /etc/cinder/rootwrap.conf qemu-img create -f qcow2 -o backing_file=/opt/stack/data/cinder/mnt/192888440b437de29faf3476ba0d30c6/volume-51de8f60-cb27-4280-a761-a1cdd0b074a0.6a2e2709-0f3e-4afe-a9c5-dc2ab11e1fed,backing_fmt=qcow2 /opt/stack/data/cinder/mnt/192888440b437de29faf3476ba0d30c6/volume-51de8f60-cb27-4280-a761-a1cdd0b074a0.e5dbf951-fa75-4a0b-8e0f-c2f741eb8b27 1G" returned: 0 in 0.653s {{(pid=87536) execute /opt/stack/data/venv/lib/python3.12/site-packages/oslo_concurrency/processutils.py:468}}
Sep 04 22:44:55 devstack cinder-volume[87536]: DEBUG oslo_concurrency.processutils [None req-82ea2b21-13dc-4683-ac08-e165e881a9c5 tempest-SnapshotsActionsTest-145811751 None] Running cmd (subprocess): sudo cinder-rootwrap /etc/cinder/rootwrap.conf qemu-img rebase -u -b volume-51de8f60-cb27-4280-a761-a1cdd0b074a0.6a2e2709-0f3e-4afe-a9c5-dc2ab11e1fed -F qcow2 /opt/stack/data/cinder/mnt/192888440b437de29faf3476ba0d30c6/volume-51de8f60-cb27-4280-a761-a1cdd0b074a0.e5dbf951-fa75-4a0b-8e0f-c2f741eb8b27 {{(pid=87536) execute /opt/stack/data/venv/lib/python3.12/site-packages/oslo_concurrency/processutils.py:440}}
Sep 04 22:44:55 devstack sudo[95378]: quobyte : PWD=/ ; USER=root ; COMMAND=/opt/stack/data/venv/bin/cinder-rootwrap /etc/cinder/rootwrap.conf qemu-img rebase -u -b volume-51de8f60-cb27-4280-a761-a1cdd0b074a0.6a2e2709-0f3e-4afe-a9c5-dc2ab11e1fed -F qcow2 /opt/stack/data/cinder/mnt/192888440b437de29faf3476ba0d30c6/volume-51de8f60-cb27-4280-a761-a1cdd0b074a0.e5dbf951-fa75-4a0b-8e0f-c2f741eb8b27
Sep 04 22:44:55 devstack sudo[95378]: pam_unix(sudo:session): session opened for user root(uid=0) by (uid=1000)
Sep 04 22:44:56 devstack sudo[95378]: pam_unix(sudo:session): session closed for user root
Sep 04 22:44:56 devstack cinder-volume[87536]: DEBUG oslo_concurrency.processutils [None req-82ea2b21-13dc-4683-ac08-e165e881a9c5 tempest-SnapshotsActionsTest-145811751 None] CMD "sudo cinder-rootwrap /etc/cinder/rootwrap.conf qemu-img rebase -u -b volume-51de8f60-cb27-4280-a761-a1cdd0b074a0.6a2e2709-0f3e-4afe-a9c5-dc2ab11e1fed -F qcow2 /opt/stack/data/cinder/mnt/192888440b437de29faf3476ba0d30c6/volume-51de8f60-cb27-4280-a761-a1cdd0b074a0.e5dbf951-fa75-4a0b-8e0f-c2f741eb8b27" returned: 0 in 0.408s {{(pid=87536) execute /opt/stack/data/venv/lib/python3.12/site-packages/oslo_concurrency/processutils.py:468}}
Sep 04 22:44:56 devstack cinder-volume[87536]: WARNING cinder.volume.drivers.remotefs [None req-82ea2b21-13dc-4683-ac08-e165e881a9c5 tempest-SnapshotsActionsTest-145811751 None] /opt/stack/data/cinder/mnt/192888440b437de29faf3476ba0d30c6/volume-51de8f60-cb27-4280-a761-a1cdd0b074a0.e5dbf951-fa75-4a0b-8e0f-c2f741eb8b27 is being set with open permissions: ugo+rw
Sep 04 22:44:56 devstack cinder-volume[87536]: DEBUG oslo_concurrency.processutils [None req-82ea2b21-13dc-4683-ac08-e165e881a9c5 tempest-SnapshotsActionsTest-145811751 None] Running cmd (subprocess): sudo cinder-rootwrap /etc/cinder/rootwrap.conf chmod ugo+rw /opt/stack/data/cinder/mnt/192888440b437de29faf3476ba0d30c6/volume-51de8f60-cb27-4280-a761-a1cdd0b074a0.e5dbf951-fa75-4a0b-8e0f-c2f741eb8b27 {{(pid=87536) execute /opt/stack/data/venv/lib/python3.12/site-packages/oslo_concurrency/processutils.py:440}}
Sep 04 22:44:56 devstack sudo[95383]: quobyte : PWD=/ ; USER=root ; COMMAND=/opt/stack/data/venv/bin/cinder-rootwrap /etc/cinder/rootwrap.conf chmod ugo+rw /opt/stack/data/cinder/mnt/192888440b437de29faf3476ba0d30c6/volume-51de8f60-cb27-4280-a761-a1cdd0b074a0.e5dbf951-fa75-4a0b-8e0f-c2f741eb8b27
Sep 04 22:44:56 devstack sudo[95383]: pam_unix(sudo:session): session opened for user root(uid=0) by (uid=1000)
Sep 04 22:44:56 devstack sudo[95383]: pam_unix(sudo:session): session closed for user root
Sep 04 22:44:56 devstack cinder-volume[87536]: DEBUG oslo_concurrency.processutils [None req-82ea2b21-13dc-4683-ac08-e165e881a9c5 tempest-SnapshotsActionsTest-145811751 None] CMD "sudo cinder-rootwrap /etc/cinder/rootwrap.conf chmod ugo+rw /opt/stack/data/cinder/mnt/192888440b437de29faf3476ba0d30c6/volume-51de8f60-cb27-4280-a761-a1cdd0b074a0.e5dbf951-fa75-4a0b-8e0f-c2f741eb8b27" returned: 0 in 0.389s {{(pid=87536) execute /opt/stack/data/venv/lib/python3.12/site-packages/oslo_concurrency/processutils.py:468}}
Sep 04 22:44:56 devstack cinder-volume[87536]: DEBUG oslo_concurrency.lockutils [None req-82ea2b21-13dc-4683-ac08-e165e881a9c5 tempest-SnapshotsActionsTest-145811751 None] Lock "quobyte" "released" by "cinder.volume.drivers.quobyte.QuobyteDriver.create_snapshot" :: held 2.009s {{(pid=87536) inner /opt/stack/data/venv/lib/python3.12/site-packages/oslo_concurrency/lockutils.py:544}}
Sep 04 22:44:56 devstack cinder-volume[87536]: INFO cinder.volume.manager [None req-82ea2b21-13dc-4683-ac08-e165e881a9c5 tempest-SnapshotsActionsTest-145811751 None] Create snapshot completed successfully
Sep 04 22:44:56 devstack cinder-volume[87536]: INFO cinder.volume.manager [None req-ebb329df-92e7-469f-9366-7fb5816ff66f tempest-GroupsV314Test-292091366 None] Group tempest-GroupsV314Test-Group-1473556311: creating
Sep 04 22:44:56 devstack cinder-volume[87536]: INFO cinder.volume.manager [None req-ebb329df-92e7-469f-9366-7fb5816ff66f tempest-GroupsV314Test-292091366 None] Group tempest-GroupsV314Test-Group-1473556311: created successfully
Sep 04 22:44:56 devstack cinder-volume[87536]: INFO cinder.volume.manager [None req-ebb329df-92e7-469f-9366-7fb5816ff66f tempest-GroupsV314Test-292091366 None] Create group completed successfully.
Sep 04 22:44:57 devstack cinder-volume[87536]: DEBUG cinder.coordination [None req-bcd29c65-4d97-4a6f-a2e1-71c98afcfe8a tempest-SnapshotsActionsTest-774224924 None] Acquiring lock "cinder-e5dbf951-fa75-4a0b-8e0f-c2f741eb8b27-delete_snapshot" by "delete_snapshot" {{(pid=87536) __acquire /opt/stack/cinder/cinder/coordination.py:138}}
Sep 04 22:44:58 devstack cinder-volume[87536]: DEBUG cinder.coordination [None req-bcd29c65-4d97-4a6f-a2e1-71c98afcfe8a tempest-SnapshotsActionsTest-774224924 None] Lock "cinder-e5dbf951-fa75-4a0b-8e0f-c2f741eb8b27-delete_snapshot" acquired by "delete_snapshot" :: waited 0.038s {{(pid=87536) __acquire /opt/stack/cinder/cinder/coordination.py:141}}
Sep 04 22:44:58 devstack cinder-volume[87536]: DEBUG cinder.coordination [None req-bcd29c65-4d97-4a6f-a2e1-71c98afcfe8a tempest-SnapshotsActionsTest-774224924 None] Acquiring lock "cinder-quobyte-51de8f60-cb27-4280-a761-a1cdd0b074a0" by "delete_snapshot" {{(pid=87536) __acquire /opt/stack/cinder/cinder/coordination.py:138}}
Sep 04 22:44:58 devstack cinder-volume[87536]: DEBUG cinder.coordination [None req-bcd29c65-4d97-4a6f-a2e1-71c98afcfe8a tempest-SnapshotsActionsTest-774224924 None] Lock "cinder-quobyte-51de8f60-cb27-4280-a761-a1cdd0b074a0" acquired by "delete_snapshot" :: waited 0.028s {{(pid=87536) __acquire /opt/stack/cinder/cinder/coordination.py:141}}
Sep 04 22:44:58 devstack cinder-volume[87536]: DEBUG cinder.coordination [None req-bcd29c65-4d97-4a6f-a2e1-71c98afcfe8a tempest-SnapshotsActionsTest-774224924 None] Acquiring lock "cinder-quobyte-e5dbf951-fa75-4a0b-8e0f-c2f741eb8b27" by "_delete_snapshot" {{(pid=87536) __acquire /opt/stack/cinder/cinder/coordination.py:138}}
Sep 04 22:44:58 devstack cinder-volume[87536]: DEBUG cinder.coordination [None req-bcd29c65-4d97-4a6f-a2e1-71c98afcfe8a tempest-SnapshotsActionsTest-774224924 None] Lock "cinder-quobyte-e5dbf951-fa75-4a0b-8e0f-c2f741eb8b27" acquired by "_delete_snapshot" :: waited 0.033s {{(pid=87536) __acquire /opt/stack/cinder/cinder/coordination.py:141}}
Sep 04 22:44:58 devstack cinder-volume[87536]: DEBUG cinder.volume.drivers.remotefs [None req-bcd29c65-4d97-4a6f-a2e1-71c98afcfe8a tempest-SnapshotsActionsTest-774224924 None] Deleting offline snapshot e5dbf951-fa75-4a0b-8e0f-c2f741eb8b27 of volume 51de8f60-cb27-4280-a761-a1cdd0b074a0 {{(pid=87536) _delete_snapshot /opt/stack/cinder/cinder/volume/drivers/remotefs.py:1288}}
