Apr 13 09:41:00 devstack devstack@n-api.service[60147]: DEBUG nova.compute.rpcapi [req-33f8a5ec-ca91-404c-a343-4cf0d0556a5e req-6b7b2aea-abcf-42d6-af7b-ea5c34ed8960 service nova] RPC: Sending the message to topic: compute-alt {{(pid=60147) prepare_for_alt_rpcserver /opt/stack/nova/nova/compute/rpcapi.py:595}}
Apr 13 09:41:00 devstack devstack@n-api.service[60147]: INFO nova.api.openstack.requestlog [req-33f8a5ec-ca91-404c-a343-4cf0d0556a5e req-6b7b2aea-abcf-42d6-af7b-ea5c34ed8960 service nova] 192.168.122.58 "POST /compute/v2.1/os-server-external-events" status: 200 len: 183 microversion: 2.1 time: 0.156133
Apr 13 09:41:00 devstack devstack@n-api.service[60147]: [pid: 60147|app: 0|req: 67/141] 192.168.122.58 () {64 vars in 1327 bytes} [Mon Apr 13 09:41:00 2026] POST /compute/v2.1/os-server-external-events => generated 183 bytes in 172 msecs (HTTP/1.1 200) 9 headers in 357 bytes (1 switches on core 0)
Apr 13 09:41:00 devstack devstack@n-api.service[60146]: DEBUG nova.compute.api [None req-a0187c8c-4c1b-4a2d-8762-6e88a9555d3c tempest-DeleteServersTestJSON-1647089907 tempest-DeleteServersTestJSON-1647089907-project-member] [instance: 87bb67c5-9521-428e-a2e9-8e20f2a48533] Going to try to terminate instance {{(pid=60146) delete /opt/stack/nova/nova/compute/api.py:2800}}
Apr 13 09:41:00 devstack devstack@n-api.service[60146]: INFO nova.api.openstack.requestlog [None req-a0187c8c-4c1b-4a2d-8762-6e88a9555d3c tempest-DeleteServersTestJSON-1647089907 tempest-DeleteServersTestJSON-1647089907-project-member] 192.168.122.58 "DELETE /compute/v2.1/servers/87bb67c5-9521-428e-a2e9-8e20f2a48533" status: 204 len: 0 microversion: 2.1 time: 0.577417
Apr 13 09:41:00 devstack devstack@n-api.service[60146]: [pid: 60146|app: 0|req: 75/142] 192.168.122.58 () {58 vars in 1247 bytes} [Mon Apr 13 09:41:00 2026] DELETE /compute/v2.1/servers/87bb67c5-9521-428e-a2e9-8e20f2a48533 => generated 0 bytes in 579 msecs (HTTP/1.1 204) 9 headers in 363 bytes (1 switches on core 0)
Apr 13 09:41:00 devstack devstack@n-api.service[60147]: DEBUG nova.api.openstack.wsgi [None req-e7ba259c-62e1-43e2-9d1e-f648e9e2845e tempest-DeleteServersTestJSON-1647089907 tempest-DeleteServersTestJSON-1647089907-project-member] Calling method '>' {{(pid=60147) _process_stack /opt/stack/nova/nova/api/openstack/wsgi.py:551}}
Apr 13 09:41:00 devstack devstack@n-api.service[60147]: DEBUG nova.compute.api [None req-e7ba259c-62e1-43e2-9d1e-f648e9e2845e tempest-DeleteServersTestJSON-1647089907 tempest-DeleteServersTestJSON-1647089907-project-member] [instance: 87bb67c5-9521-428e-a2e9-8e20f2a48533] Fetching instance by UUID {{(pid=60147) get /opt/stack/nova/nova/compute/api.py:3056}}
Apr 13 09:41:00 devstack devstack@n-api.service[60147]: DEBUG oslo_concurrency.lockutils [None req-e7ba259c-62e1-43e2-9d1e-f648e9e2845e tempest-DeleteServersTestJSON-1647089907 tempest-DeleteServersTestJSON-1647089907-project-member] Acquiring lock "2f67ccf1-4ca0-4ac9-820b-c2cf7a74fe38" by "nova.context.set_target_cell..get_or_set_cached_cell_and_set_connections" {{(pid=60147) inner /opt/stack/data/venv/lib/python3.10/site-packages/oslo_concurrency/lockutils.py:506}}
Apr 13 09:41:00 devstack devstack@n-api.service[60147]: DEBUG oslo_concurrency.lockutils [None req-e7ba259c-62e1-43e2-9d1e-f648e9e2845e tempest-DeleteServersTestJSON-1647089907 tempest-DeleteServersTestJSON-1647089907-project-member] Lock "2f67ccf1-4ca0-4ac9-820b-c2cf7a74fe38" acquired by "nova.context.set_target_cell..get_or_set_cached_cell_and_set_connections" :: waited 0.008s {{(pid=60147) inner /opt/stack/data/venv/lib/python3.10/site-packages/oslo_concurrency/lockutils.py:519}}
Apr 13 09:41:00 devstack devstack@n-api.service[60147]: DEBUG oslo_concurrency.lockutils [None req-e7ba259c-62e1-43e2-9d1e-f648e9e2845e tempest-DeleteServersTestJSON-1647089907 tempest-DeleteServersTestJSON-1647089907-project-member] Lock "2f67ccf1-4ca0-4ac9-820b-c2cf7a74fe38" "released" by "nova.context.set_target_cell..get_or_set_cached_cell_and_set_connections" :: held 0.001s {{(pid=60147) inner /opt/stack/data/venv/lib/python3.10/site-packages/oslo_concurrency/lockutils.py:538}}
Apr 13 09:41:00 devstack devstack@n-api.service[60147]: DEBUG oslo_concurrency.lockutils [None req-e7ba259c-62e1-43e2-9d1e-f648e9e2845e tempest-DeleteServersTestJSON-1647089907 tempest-DeleteServersTestJSON-1647089907-project-member] Acquiring lock "2f67ccf1-4ca0-4ac9-820b-c2cf7a74fe38" by "nova.context.set_target_cell..get_or_set_cached_cell_and_set_connections" {{(pid=60147) inner /opt/stack/data/venv/lib/python3.10/site-packages/oslo_concurrency/lockutils.py:506}}
Apr 13 09:41:00 devstack devstack@n-api.service[60147]: DEBUG oslo_concurrency.lockutils [None req-e7ba259c-62e1-43e2-9d1e-f648e9e2845e tempest-DeleteServersTestJSON-1647089907 tempest-DeleteServersTestJSON-1647089907-project-member] Lock "2f67ccf1-4ca0-4ac9-820b-c2cf7a74fe38" acquired by "nova.context.set_target_cell..get_or_set_cached_cell_and_set_connections" :: waited 0.001s {{(pid=60147) inner /opt/stack/data/venv/lib/python3.10/site-packages/oslo_concurrency/lockutils.py:519}}
Apr 13 09:41:00 devstack devstack@n-api.service[60147]: DEBUG oslo_concurrency.lockutils [None req-e7ba259c-62e1-43e2-9d1e-f648e9e2845e tempest-DeleteServersTestJSON-1647089907 tempest-DeleteServersTestJSON-1647089907-project-member] Lock "2f67ccf1-4ca0-4ac9-820b-c2cf7a74fe38" "released" by "nova.context.set_target_cell..get_or_set_cached_cell_and_set_connections" :: held 0.001s {{(pid=60147) inner /opt/stack/data/venv/lib/python3.10/site-packages/oslo_concurrency/lockutils.py:538}}
Apr 13 09:41:00 devstack devstack@n-api.service[60147]: WARNING neutronclient.v2_0.client [None req-e7ba259c-62e1-43e2-9d1e-f648e9e2845e tempest-DeleteServersTestJSON-1647089907 tempest-DeleteServersTestJSON-1647089907-project-member] The python binding code in neutronclient is deprecated in favor of OpenstackSDK, please use that as this will be removed in a future release.
Apr 13 09:41:01 devstack devstack@n-api.service[60147]: DEBUG nova.policy [None req-e7ba259c-62e1-43e2-9d1e-f648e9e2845e tempest-DeleteServersTestJSON-1647089907 tempest-DeleteServersTestJSON-1647089907-project-member] Policy check for os_compute_api:os-extended-server-attributes failed with credentials {'is_admin': False, 'user_id': 'be31fee6c69e456293faaae7608405b2', 'user_domain_id': 'default', 'system_scope': None, 'domain_id': None, 'project_id': 'f695dbeddec543d7889ce887476858bc', 'project_domain_id': 'default', 'roles': ['member', 'reader'], 'is_admin_project': True, 'service_user_id': None, 'service_user_domain_id': None, 'service_project_id': None, 'service_project_domain_id': None, 'service_roles': []} {{(pid=60147) authorize /opt/stack/nova/nova/policy.py:192}}
Apr 13 09:41:01 devstack devstack@n-api.service[60147]: INFO nova.api.openstack.requestlog [None req-e7ba259c-62e1-43e2-9d1e-f648e9e2845e tempest-DeleteServersTestJSON-1647089907 tempest-DeleteServersTestJSON-1647089907-project-member] 192.168.122.58 "GET /compute/v2.1/servers/87bb67c5-9521-428e-a2e9-8e20f2a48533" status: 200 len: 1558 microversion: 2.1 time: 0.787420
Apr 13 09:41:01 devstack devstack@n-api.service[60147]: [pid: 60147|app: 0|req: 68/143] 192.168.122.58 () {58 vars in 1244 bytes} [Mon Apr 13 09:41:00 2026] GET /compute/v2.1/servers/87bb67c5-9521-428e-a2e9-8e20f2a48533 => generated 1558 bytes in 788 msecs (HTTP/1.1 200) 9 headers in 358 bytes (1 switches on core 0)
Apr 13 09:41:02 devstack devstack@n-api.service[60146]: DEBUG nova.api.openstack.wsgi [req-d6eaab9d-ee34-4dbb-a05b-a06c6b56ac9b req-28c665ac-8f5f-461b-b6a9-dc38082b2509 service nova] Action: 'create', calling method: >, body: {"events": [{"server_uuid": "87bb67c5-9521-428e-a2e9-8e20f2a48533", "name": "network-vif-unplugged", "status": "completed", "tag": "fe11d163-e973-491e-becb-40a56bca2b6b"}]} {{(pid=60146) _process_stack /opt/stack/nova/nova/api/openstack/wsgi.py:549}}
Apr 13 09:41:02 devstack devstack@n-api.service[60146]: DEBUG oslo_concurrency.lockutils [req-d6eaab9d-ee34-4dbb-a05b-a06c6b56ac9b req-28c665ac-8f5f-461b-b6a9-dc38082b2509 service nova] Acquiring lock "2f67ccf1-4ca0-4ac9-820b-c2cf7a74fe38" by "nova.context.set_target_cell..get_or_set_cached_cell_and_set_connections" {{(pid=60146) inner /opt/stack/data/venv/lib/python3.10/site-packages/oslo_concurrency/lockutils.py:506}}
Apr 13 09:41:02 devstack devstack@n-api.service[60146]: DEBUG oslo_concurrency.lockutils [req-d6eaab9d-ee34-4dbb-a05b-a06c6b56ac9b req-28c665ac-8f5f-461b-b6a9-dc38082b2509 service nova] Lock "2f67ccf1-4ca0-4ac9-820b-c2cf7a74fe38" acquired by "nova.context.set_target_cell..get_or_set_cached_cell_and_set_connections" :: waited 0.001s {{(pid=60146) inner /opt/stack/data/venv/lib/python3.10/site-packages/oslo_concurrency/lockutils.py:519}}
Apr 13 09:41:02 devstack devstack@n-api.service[60146]: DEBUG oslo_concurrency.lockutils [req-d6eaab9d-ee34-4dbb-a05b-a06c6b56ac9b req-28c665ac-8f5f-461b-b6a9-dc38082b2509 service nova] Lock "2f67ccf1-4ca0-4ac9-820b-c2cf7a74fe38" "released" by "nova.context.set_target_cell..get_or_set_cached_cell_and_set_connections" :: held 0.003s {{(pid=60146) inner /opt/stack/data/venv/lib/python3.10/site-packages/oslo_concurrency/lockutils.py:538}}
Apr 13 09:41:02 devstack devstack@n-api.service[60146]: INFO nova.api.openstack.compute.server_external_events [req-d6eaab9d-ee34-4dbb-a05b-a06c6b56ac9b req-28c665ac-8f5f-461b-b6a9-dc38082b2509 service nova] Creating event network-vif-unplugged:fe11d163-e973-491e-becb-40a56bca2b6b for instance 87bb67c5-9521-428e-a2e9-8e20f2a48533 on devstack
Apr 13 09:41:02 devstack devstack@n-api.service[60146]: DEBUG nova.compute.rpcapi [req-d6eaab9d-ee34-4dbb-a05b-a06c6b56ac9b req-28c665ac-8f5f-461b-b6a9-dc38082b2509 service nova] RPC: Sending the message to topic: compute-alt {{(pid=60146) prepare_for_alt_rpcserver /opt/stack/nova/nova/compute/rpcapi.py:595}}
Apr 13 09:41:02 devstack devstack@n-api.service[60146]: INFO nova.api.openstack.requestlog [req-d6eaab9d-ee34-4dbb-a05b-a06c6b56ac9b req-28c665ac-8f5f-461b-b6a9-dc38082b2509 service nova] 192.168.122.58 "POST /compute/v2.1/os-server-external-events" status: 200 len: 185 microversion: 2.1 time: 0.083920
Apr 13 09:41:02 devstack devstack@n-api.service[60146]: [pid: 60146|app: 0|req: 76/144] 192.168.122.58 () {64 vars in 1327 bytes} [Mon Apr 13 09:41:02 2026] POST /compute/v2.1/os-server-external-events => generated 185 bytes in 85 msecs (HTTP/1.1 200) 9 headers in 357 bytes (1 switches on core 0)
Apr 13 09:41:02 devstack devstack@n-api.service[60147]: DEBUG nova.api.openstack.wsgi [None req-108f9cdb-a380-49ea-b454-88f99c7a5947 tempest-DeleteServersTestJSON-1647089907 tempest-DeleteServersTestJSON-1647089907-project-member] Calling method '>' {{(pid=60147) _process_stack /opt/stack/nova/nova/api/openstack/wsgi.py:551}}
Apr 13 09:41:02 devstack devstack@n-api.service[60147]: DEBUG nova.compute.api [None req-108f9cdb-a380-49ea-b454-88f99c7a5947 tempest-DeleteServersTestJSON-1647089907 tempest-DeleteServersTestJSON-1647089907-project-member] [instance: 87bb67c5-9521-428e-a2e9-8e20f2a48533] Fetching instance by UUID {{(pid=60147) get /opt/stack/nova/nova/compute/api.py:3056}}
Apr 13 09:41:02 devstack devstack@n-api.service[60147]: DEBUG oslo_concurrency.lockutils [None req-108f9cdb-a380-49ea-b454-88f99c7a5947 tempest-DeleteServersTestJSON-1647089907 tempest-DeleteServersTestJSON-1647089907-project-member] Acquiring lock "2f67ccf1-4ca0-4ac9-820b-c2cf7a74fe38" by "nova.context.set_target_cell..get_or_set_cached_cell_and_set_connections" {{(pid=60147) inner /opt/stack/data/venv/lib/python3.10/site-packages/oslo_concurrency/lockutils.py:506}}
Apr 13 09:41:02 devstack devstack@n-api.service[60147]: DEBUG oslo_concurrency.lockutils [None req-108f9cdb-a380-49ea-b454-88f99c7a5947 tempest-DeleteServersTestJSON-1647089907 tempest-DeleteServersTestJSON-1647089907-project-member] Lock "2f67ccf1-4ca0-4ac9-820b-c2cf7a74fe38" acquired by "nova.context.set_target_cell..get_or_set_cached_cell_and_set_connections" :: waited 0.000s {{(pid=60147) inner /opt/stack/data/venv/lib/python3.10/site-packages/oslo_concurrency/lockutils.py:519}}
Apr 13 09:41:02 devstack devstack@n-api.service[60147]: DEBUG oslo_concurrency.lockutils [None req-108f9cdb-a380-49ea-b454-88f99c7a5947 tempest-DeleteServersTestJSON-1647089907 tempest-DeleteServersTestJSON-1647089907-project-member] Lock "2f67ccf1-4ca0-4ac9-820b-c2cf7a74fe38" "released" by "nova.context.set_target_cell..get_or_set_cached_cell_and_set_connections" :: held 0.000s {{(pid=60147) inner /opt/stack/data/venv/lib/python3.10/site-packages/oslo_concurrency/lockutils.py:538}}
Apr 13 09:41:02 devstack devstack@n-api.service[60147]: DEBUG oslo_concurrency.lockutils [None req-108f9cdb-a380-49ea-b454-88f99c7a5947 tempest-DeleteServersTestJSON-1647089907 tempest-DeleteServersTestJSON-1647089907-project-member] Acquiring lock "2f67ccf1-4ca0-4ac9-820b-c2cf7a74fe38" by "nova.context.set_target_cell..get_or_set_cached_cell_and_set_connections" {{(pid=60147) inner /opt/stack/data/venv/lib/python3.10/site-packages/oslo_concurrency/lockutils.py:506}}
Apr 13 09:41:02 devstack devstack@n-api.service[60147]: DEBUG oslo_concurrency.lockutils [None req-108f9cdb-a380-49ea-b454-88f99c7a5947 tempest-DeleteServersTestJSON-1647089907 tempest-DeleteServersTestJSON-1647089907-project-member] Lock "2f67ccf1-4ca0-4ac9-820b-c2cf7a74fe38" acquired by "nova.context.set_target_cell..get_or_set_cached_cell_and_set_connections" :: waited 0.002s {{(pid=60147) inner /opt/stack/data/venv/lib/python3.10/site-packages/oslo_concurrency/lockutils.py:519}}
Apr 13 09:41:02 devstack devstack@n-api.service[60147]: DEBUG oslo_concurrency.lockutils [None req-108f9cdb-a380-49ea-b454-88f99c7a5947 tempest-DeleteServersTestJSON-1647089907 tempest-DeleteServersTestJSON-1647089907-project-member] Lock "2f67ccf1-4ca0-4ac9-820b-c2cf7a74fe38" "released" by "nova.context.set_target_cell..get_or_set_cached_cell_and_set_connections" :: held 0.000s {{(pid=60147) inner /opt/stack/data/venv/lib/python3.10/site-packages/oslo_concurrency/lockutils.py:538}}
Apr 13 09:41:02 devstack devstack@n-api.service[60147]: WARNING neutronclient.v2_0.client [None req-108f9cdb-a380-49ea-b454-88f99c7a5947 tempest-DeleteServersTestJSON-1647089907 tempest-DeleteServersTestJSON-1647089907-project-member] The python binding code in neutronclient is deprecated in favor of OpenstackSDK, please use that as this will be removed in a future release.
Apr 13 09:41:03 devstack devstack@n-api.service[60147]: DEBUG nova.policy [None req-108f9cdb-a380-49ea-b454-88f99c7a5947 tempest-DeleteServersTestJSON-1647089907 tempest-DeleteServersTestJSON-1647089907-project-member] Policy check for os_compute_api:os-extended-server-attributes failed with credentials {'is_admin': False, 'user_id': 'be31fee6c69e456293faaae7608405b2', 'user_domain_id': 'default', 'system_scope': None, 'domain_id': None, 'project_id': 'f695dbeddec543d7889ce887476858bc', 'project_domain_id': 'default', 'roles': ['member', 'reader'], 'is_admin_project': True, 'service_user_id': None, 'service_user_domain_id': None, 'service_project_id': None, 'service_project_domain_id': None, 'service_roles': []} {{(pid=60147) authorize /opt/stack/nova/nova/policy.py:192}}
Apr 13 09:41:03 devstack devstack@n-api.service[60147]: INFO nova.api.openstack.requestlog [None req-108f9cdb-a380-49ea-b454-88f99c7a5947 tempest-DeleteServersTestJSON-1647089907 tempest-DeleteServersTestJSON-1647089907-project-member] 192.168.122.58 "GET /compute/v2.1/servers/87bb67c5-9521-428e-a2e9-8e20f2a48533" status: 200 len: 1558 microversion: 2.1 time: 0.534847
Apr 13 09:41:03 devstack devstack@n-api.service[60147]: [pid: 60147|app: 0|req: 69/145] 192.168.122.58 () {58 vars in 1244 bytes} [Mon Apr 13 09:41:02 2026] GET /compute/v2.1/servers/87bb67c5-9521-428e-a2e9-8e20f2a48533 => generated 1558 bytes in 539 msecs (HTTP/1.1 200) 9 headers in 358 bytes (1 switches on core 0)
Apr 13 09:41:03 devstack devstack@n-api.service[60147]: DEBUG nova.api.openstack.wsgi [None req-d5365684-829b-448f-87a7-61943c414666 tempest-ServerRescueNegativeTestJSON-82174994 tempest-ServerRescueNegativeTestJSON-82174994-project-member] Calling method '>' {{(pid=60147) _process_stack /opt/stack/nova/nova/api/openstack/wsgi.py:551}}
Apr 13 09:41:03 devstack devstack@n-api.service[60147]: DEBUG nova.compute.api [None req-d5365684-829b-448f-87a7-61943c414666 tempest-ServerRescueNegativeTestJSON-82174994 tempest-ServerRescueNegativeTestJSON-82174994-project-member] [instance: 2a1529e2-86a2-4c8a-944b-d989e220db51] Fetching instance by UUID {{(pid=60147) get /opt/stack/nova/nova/compute/api.py:3056}}
Apr 13 09:41:03 devstack devstack@n-api.service[60147]: DEBUG oslo_concurrency.lockutils [None req-d5365684-829b-448f-87a7-61943c414666 tempest-ServerRescueNegativeTestJSON-82174994 tempest-ServerRescueNegativeTestJSON-82174994-project-member] Acquiring lock "2f67ccf1-4ca0-4ac9-820b-c2cf7a74fe38" by "nova.context.set_target_cell..get_or_set_cached_cell_and_set_connections" {{(pid=60147) inner /opt/stack/data/venv/lib/python3.10/site-packages/oslo_concurrency/lockutils.py:506}}
Apr 13 09:41:03 devstack devstack@n-api.service[60147]: DEBUG oslo_concurrency.lockutils [None req-d5365684-829b-448f-87a7-61943c414666 tempest-ServerRescueNegativeTestJSON-82174994 tempest-ServerRescueNegativeTestJSON-82174994-project-member] Lock "2f67ccf1-4ca0-4ac9-820b-c2cf7a74fe38" acquired by "nova.context.set_target_cell..get_or_set_cached_cell_and_set_connections" :: waited 0.001s {{(pid=60147) inner /opt/stack/data/venv/lib/python3.10/site-packages/oslo_concurrency/lockutils.py:519}}
Apr 13 09:41:03 devstack devstack@n-api.service[60147]: DEBUG oslo_concurrency.lockutils [None req-d5365684-829b-448f-87a7-61943c414666 tempest-ServerRescueNegativeTestJSON-82174994 tempest-ServerRescueNegativeTestJSON-82174994-project-member] Lock "2f67ccf1-4ca0-4ac9-820b-c2cf7a74fe38" "released" by "nova.context.set_target_cell..get_or_set_cached_cell_and_set_connections" :: held 0.001s {{(pid=60147) inner /opt/stack/data/venv/lib/python3.10/site-packages/oslo_concurrency/lockutils.py:538}}
Apr 13 09:41:03 devstack devstack@n-api.service[60147]: DEBUG oslo_concurrency.lockutils [None req-d5365684-829b-448f-87a7-61943c414666 tempest-ServerRescueNegativeTestJSON-82174994 tempest-ServerRescueNegativeTestJSON-82174994-project-member] Acquiring lock "2f67ccf1-4ca0-4ac9-820b-c2cf7a74fe38" by "nova.context.set_target_cell..get_or_set_cached_cell_and_set_connections" {{(pid=60147) inner /opt/stack/data/venv/lib/python3.10/site-packages/oslo_concurrency/lockutils.py:506}}
Apr 13 09:41:03 devstack devstack@n-api.service[60147]: DEBUG oslo_concurrency.lockutils [None req-d5365684-829b-448f-87a7-61943c414666 tempest-ServerRescueNegativeTestJSON-82174994 tempest-ServerRescueNegativeTestJSON-82174994-project-member] Lock "2f67ccf1-4ca0-4ac9-820b-c2cf7a74fe38" acquired by "nova.context.set_target_cell..get_or_set_cached_cell_and_set_connections" :: waited 0.000s {{(pid=60147) inner /opt/stack/data/venv/lib/python3.10/site-packages/oslo_concurrency/lockutils.py:519}}
Apr 13 09:41:03 devstack devstack@n-api.service[60147]: DEBUG oslo_concurrency.lockutils [None req-d5365684-829b-448f-87a7-61943c414666 tempest-ServerRescueNegativeTestJSON-82174994 tempest-ServerRescueNegativeTestJSON-82174994-project-member] Lock "2f67ccf1-4ca0-4ac9-820b-c2cf7a74fe38" "released" by "nova.context.set_target_cell..get_or_set_cached_cell_and_set_connections" :: held 0.000s {{(pid=60147) inner /opt/stack/data/venv/lib/python3.10/site-packages/oslo_concurrency/lockutils.py:538}}
Apr 13 09:41:03 devstack devstack@n-api.service[60146]: DEBUG nova.api.openstack.wsgi [None req-912dfda0-8301-45b4-8d28-9d3f7109ae88 tempest-VolumesAdminNegativeTest-92571371 tempest-VolumesAdminNegativeTest-92571371-project-member] Action: 'create', calling method: >, body: {"server": {"name": "tempest-VolumesAdminNegativeTest-server-1625885555", "imageRef": "168ef6f7-3a65-468d-bd46-416aedea31b3", "flavorRef": "42", "networks": [{"uuid": "5be2db49-4a63-40d8-83c8-f950523bf9a6"}]}} {{(pid=60146) _process_stack /opt/stack/nova/nova/api/openstack/wsgi.py:549}}
Apr 13 09:41:03 devstack devstack@n-api.service[60147]: DEBUG nova.compute.api [None req-d5365684-829b-448f-87a7-61943c414666 tempest-ServerRescueNegativeTestJSON-82174994 tempest-ServerRescueNegativeTestJSON-82174994-project-member] [instance: 2a1529e2-86a2-4c8a-944b-d989e220db51] Going to try to terminate instance {{(pid=60147) delete /opt/stack/nova/nova/compute/api.py:2800}}
Apr 13 09:41:03 devstack devstack@n-api.service[60146]: DEBUG oslo_concurrency.lockutils [None req-912dfda0-8301-45b4-8d28-9d3f7109ae88 tempest-VolumesAdminNegativeTest-92571371 tempest-VolumesAdminNegativeTest-92571371-project-member] Acquiring lock "00000000-0000-0000-0000-000000000000" by "nova.context.set_target_cell..get_or_set_cached_cell_and_set_connections" {{(pid=60146) inner /opt/stack/data/venv/lib/python3.10/site-packages/oslo_concurrency/lockutils.py:506}}
Apr 13 09:41:03 devstack devstack@n-api.service[60146]: DEBUG oslo_concurrency.lockutils [None req-912dfda0-8301-45b4-8d28-9d3f7109ae88 tempest-VolumesAdminNegativeTest-92571371 tempest-VolumesAdminNegativeTest-92571371-project-member] Lock "00000000-0000-0000-0000-000000000000" acquired by "nova.context.set_target_cell..get_or_set_cached_cell_and_set_connections" :: waited 0.000s {{(pid=60146) inner /opt/stack/data/venv/lib/python3.10/site-packages/oslo_concurrency/lockutils.py:519}}
Apr 13 09:41:03 devstack devstack@n-api.service[60146]: DEBUG oslo_concurrency.lockutils [None req-912dfda0-8301-45b4-8d28-9d3f7109ae88 tempest-VolumesAdminNegativeTest-92571371 tempest-VolumesAdminNegativeTest-92571371-project-member] Lock "00000000-0000-0000-0000-000000000000" "released" by "nova.context.set_target_cell..get_or_set_cached_cell_and_set_connections" :: held 0.000s {{(pid=60146) inner /opt/stack/data/venv/lib/python3.10/site-packages/oslo_concurrency/lockutils.py:538}}
Apr 13 09:41:03 devstack devstack@n-api.service[60146]: DEBUG oslo_concurrency.lockutils [None req-912dfda0-8301-45b4-8d28-9d3f7109ae88 tempest-VolumesAdminNegativeTest-92571371 tempest-VolumesAdminNegativeTest-92571371-project-member] Acquiring lock "2f67ccf1-4ca0-4ac9-820b-c2cf7a74fe38" by "nova.context.set_target_cell..get_or_set_cached_cell_and_set_connections" {{(pid=60146) inner /opt/stack/data/venv/lib/python3.10/site-packages/oslo_concurrency/lockutils.py:506}}
Apr 13 09:41:03 devstack devstack@n-api.service[60146]: DEBUG oslo_concurrency.lockutils [None req-912dfda0-8301-45b4-8d28-9d3f7109ae88 tempest-VolumesAdminNegativeTest-92571371 tempest-VolumesAdminNegativeTest-92571371-project-member] Lock "2f67ccf1-4ca0-4ac9-820b-c2cf7a74fe38" acquired by "nova.context.set_target_cell..get_or_set_cached_cell_and_set_connections" :: waited 0.000s {{(pid=60146) inner /opt/stack/data/venv/lib/python3.10/site-packages/oslo_concurrency/lockutils.py:519}}
Apr 13 09:41:03 devstack devstack@n-api.service[60146]: DEBUG oslo_concurrency.lockutils [None req-912dfda0-8301-45b4-8d28-9d3f7109ae88 tempest-VolumesAdminNegativeTest-92571371 tempest-VolumesAdminNegativeTest-92571371-project-member] Lock "2f67ccf1-4ca0-4ac9-820b-c2cf7a74fe38" "released" by "nova.context.set_target_cell..get_or_set_cached_cell_and_set_connections" :: held 0.000s {{(pid=60146) inner /opt/stack/data/venv/lib/python3.10/site-packages/oslo_concurrency/lockutils.py:538}}
Apr 13 09:41:03 devstack devstack@n-api.service[60146]: DEBUG nova.network.neutron [None req-912dfda0-8301-45b4-8d28-9d3f7109ae88 tempest-VolumesAdminNegativeTest-92571371 tempest-VolumesAdminNegativeTest-92571371-project-member] validate_networks() for [('5be2db49-4a63-40d8-83c8-f950523bf9a6', None, None, None, None, None)] {{(pid=60146) validate_networks /opt/stack/nova/nova/network/neutron.py:2685}}
Apr 13 09:41:03 devstack devstack@n-api.service[60146]: WARNING neutronclient.v2_0.client [None req-912dfda0-8301-45b4-8d28-9d3f7109ae88 tempest-VolumesAdminNegativeTest-92571371 tempest-VolumesAdminNegativeTest-92571371-project-member] The python binding code in neutronclient is deprecated in favor of OpenstackSDK, please use that as this will be removed in a future release.
Apr 13 09:41:03 devstack devstack@n-api.service[60147]: INFO nova.api.openstack.requestlog [None req-d5365684-829b-448f-87a7-61943c414666 tempest-ServerRescueNegativeTestJSON-82174994 tempest-ServerRescueNegativeTestJSON-82174994-project-member] 192.168.122.58 "DELETE /compute/v2.1/servers/2a1529e2-86a2-4c8a-944b-d989e220db51" status: 204 len: 0 microversion: 2.1 time: 0.320940
Apr 13 09:41:03 devstack devstack@n-api.service[60147]: [pid: 60147|app: 0|req: 70/146] 192.168.122.58 () {58 vars in 1247 bytes} [Mon Apr 13 09:41:03 2026] DELETE /compute/v2.1/servers/2a1529e2-86a2-4c8a-944b-d989e220db51 => generated 0 bytes in 322 msecs (HTTP/1.1 204) 9 headers in 363 bytes (1 switches on core 0)
Apr 13 09:41:03 devstack devstack@n-api.service[60147]: DEBUG nova.api.openstack.wsgi [None req-79114587-250f-4961-99d8-7b6539106bf5 tempest-ServerRescueNegativeTestJSON-82174994 tempest-ServerRescueNegativeTestJSON-82174994-project-member] Calling method '>' {{(pid=60147) _process_stack /opt/stack/nova/nova/api/openstack/wsgi.py:551}}
Apr 13 09:41:03 devstack devstack@n-api.service[60147]: DEBUG nova.compute.api [None req-79114587-250f-4961-99d8-7b6539106bf5 tempest-ServerRescueNegativeTestJSON-82174994 tempest-ServerRescueNegativeTestJSON-82174994-project-member] [instance: 2a1529e2-86a2-4c8a-944b-d989e220db51] Fetching instance by UUID {{(pid=60147) get /opt/stack/nova/nova/compute/api.py:3056}}
Apr 13 09:41:03 devstack devstack@n-api.service[60147]: DEBUG oslo_concurrency.lockutils [None req-79114587-250f-4961-99d8-7b6539106bf5 tempest-ServerRescueNegativeTestJSON-82174994 tempest-ServerRescueNegativeTestJSON-82174994-project-member] Acquiring lock "2f67ccf1-4ca0-4ac9-820b-c2cf7a74fe38" by "nova.context.set_target_cell..get_or_set_cached_cell_and_set_connections" {{(pid=60147) inner /opt/stack/data/venv/lib/python3.10/site-packages/oslo_concurrency/lockutils.py:506}}
Apr 13 09:41:03 devstack devstack@n-api.service[60147]: DEBUG oslo_concurrency.lockutils [None req-79114587-250f-4961-99d8-7b6539106bf5 tempest-ServerRescueNegativeTestJSON-82174994 tempest-ServerRescueNegativeTestJSON-82174994-project-member] Lock "2f67ccf1-4ca0-4ac9-820b-c2cf7a74fe38" acquired by "nova.context.set_target_cell..get_or_set_cached_cell_and_set_connections" :: waited 0.000s {{(pid=60147) inner /opt/stack/data/venv/lib/python3.10/site-packages/oslo_concurrency/lockutils.py:519}}
Apr 13 09:41:03 devstack devstack@n-api.service[60147]: DEBUG oslo_concurrency.lockutils [None req-79114587-250f-4961-99d8-7b6539106bf5 tempest-ServerRescueNegativeTestJSON-82174994 tempest-ServerRescueNegativeTestJSON-82174994-project-member] Lock "2f67ccf1-4ca0-4ac9-820b-c2cf7a74fe38" "released" by "nova.context.set_target_cell..get_or_set_cached_cell_and_set_connections" :: held 0.000s {{(pid=60147) inner /opt/stack/data/venv/lib/python3.10/site-packages/oslo_concurrency/lockutils.py:538}}
Apr 13 09:41:03 devstack devstack@n-api.service[60147]: DEBUG oslo_concurrency.lockutils [None req-79114587-250f-4961-99d8-7b6539106bf5 tempest-ServerRescueNegativeTestJSON-82174994 tempest-ServerRescueNegativeTestJSON-82174994-project-member] Acquiring lock "2f67ccf1-4ca0-4ac9-820b-c2cf7a74fe38" by "nova.context.set_target_cell..get_or_set_cached_cell_and_set_connections" {{(pid=60147) inner /opt/stack/data/venv/lib/python3.10/site-packages/oslo_concurrency/lockutils.py:506}}
Apr 13 09:41:03 devstack devstack@n-api.service[60147]: DEBUG oslo_concurrency.lockutils [None req-79114587-250f-4961-99d8-7b6539106bf5 tempest-ServerRescueNegativeTestJSON-82174994 tempest-ServerRescueNegativeTestJSON-82174994-project-member] Lock "2f67ccf1-4ca0-4ac9-820b-c2cf7a74fe38" acquired by "nova.context.set_target_cell..get_or_set_cached_cell_and_set_connections" :: waited 0.000s {{(pid=60147) inner /opt/stack/data/venv/lib/python3.10/site-packages/oslo_concurrency/lockutils.py:519}}
Apr 13 09:41:03 devstack devstack@n-api.service[60147]: DEBUG oslo_concurrency.lockutils [None req-79114587-250f-4961-99d8-7b6539106bf5 tempest-ServerRescueNegativeTestJSON-82174994 tempest-ServerRescueNegativeTestJSON-82174994-project-member] Lock "2f67ccf1-4ca0-4ac9-820b-c2cf7a74fe38" "released" by "nova.context.set_target_cell..get_or_set_cached_cell_and_set_connections" :: held 0.001s {{(pid=60147) inner /opt/stack/data/venv/lib/python3.10/site-packages/oslo_concurrency/lockutils.py:538}}
Apr 13 09:41:03 devstack devstack@n-api.service[60147]: WARNING neutronclient.v2_0.client [None req-79114587-250f-4961-99d8-7b6539106bf5 tempest-ServerRescueNegativeTestJSON-82174994 tempest-ServerRescueNegativeTestJSON-82174994-project-member] The python binding code in neutronclient is deprecated in favor of OpenstackSDK, please use that as this will be removed in a future release.
Apr 13 09:41:03 devstack devstack@n-api.service[60146]: WARNING neutronclient.v2_0.client [None req-912dfda0-8301-45b4-8d28-9d3f7109ae88 tempest-VolumesAdminNegativeTest-92571371 tempest-VolumesAdminNegativeTest-92571371-project-member] The python binding code in neutronclient is deprecated in favor of OpenstackSDK, please use that as this will be removed in a future release.
Apr 13 09:41:04 devstack devstack@n-api.service[60147]: DEBUG nova.policy [None req-79114587-250f-4961-99d8-7b6539106bf5 tempest-ServerRescueNegativeTestJSON-82174994 tempest-ServerRescueNegativeTestJSON-82174994-project-member] Policy check for os_compute_api:os-extended-server-attributes failed with credentials {'is_admin': False, 'user_id': 'ee6a19797a96447ba5814ccc18494153', 'user_domain_id': 'default', 'system_scope': None, 'domain_id': None, 'project_id': 'b47f08adb53842229dab427035ab73ca', 'project_domain_id': 'default', 'roles': ['member', 'reader'], 'is_admin_project': True, 'service_user_id': None, 'service_user_domain_id': None, 'service_project_id': None, 'service_project_domain_id': None, 'service_roles': []} {{(pid=60147) authorize /opt/stack/nova/nova/policy.py:192}}
Apr 13 09:41:04 devstack devstack@n-api.service[60147]: INFO nova.api.openstack.requestlog [None req-79114587-250f-4961-99d8-7b6539106bf5 tempest-ServerRescueNegativeTestJSON-82174994 tempest-ServerRescueNegativeTestJSON-82174994-project-member] 192.168.122.58 "GET /compute/v2.1/servers/2a1529e2-86a2-4c8a-944b-d989e220db51" status: 200 len: 1513 microversion: 2.1 time: 0.518041
Apr 13 09:41:04 devstack devstack@n-api.service[60147]: [pid: 60147|app: 0|req: 71/147] 192.168.122.58 () {58 vars in 1244 bytes} [Mon Apr 13 09:41:03 2026] GET /compute/v2.1/servers/2a1529e2-86a2-4c8a-944b-d989e220db51 => generated 1513 bytes in 519 msecs (HTTP/1.1 200) 9 headers in 358 bytes (1 switches on core 0)
Apr 13 09:41:04 devstack devstack@n-api.service[60147]: DEBUG nova.api.openstack.wsgi [None req-235b2ab0-13ed-409d-9f65-6d7584bb8125 tempest-DeleteServersTestJSON-1647089907 tempest-DeleteServersTestJSON-1647089907-project-member] Calling method '>' {{(pid=60147) _process_stack /opt/stack/nova/nova/api/openstack/wsgi.py:551}}
Apr 13 09:41:04 devstack devstack@n-api.service[60147]: DEBUG nova.compute.api [None req-235b2ab0-13ed-409d-9f65-6d7584bb8125 tempest-DeleteServersTestJSON-1647089907 tempest-DeleteServersTestJSON-1647089907-project-member] [instance: 87bb67c5-9521-428e-a2e9-8e20f2a48533] Fetching instance by UUID {{(pid=60147) get /opt/stack/nova/nova/compute/api.py:3056}}
Apr 13 09:41:04 devstack devstack@n-api.service[60147]: DEBUG oslo_concurrency.lockutils [None req-235b2ab0-13ed-409d-9f65-6d7584bb8125 tempest-DeleteServersTestJSON-1647089907 tempest-DeleteServersTestJSON-1647089907-project-member] Acquiring lock "2f67ccf1-4ca0-4ac9-820b-c2cf7a74fe38" by "nova.context.set_target_cell..get_or_set_cached_cell_and_set_connections" {{(pid=60147) inner /opt/stack/data/venv/lib/python3.10/site-packages/oslo_concurrency/lockutils.py:506}}
Apr 13 09:41:04 devstack devstack@n-api.service[60147]: DEBUG oslo_concurrency.lockutils [None req-235b2ab0-13ed-409d-9f65-6d7584bb8125 tempest-DeleteServersTestJSON-1647089907 tempest-DeleteServersTestJSON-1647089907-project-member] Lock "2f67ccf1-4ca0-4ac9-820b-c2cf7a74fe38" acquired by "nova.context.set_target_cell..get_or_set_cached_cell_and_set_connections" :: waited 0.001s {{(pid=60147) inner /opt/stack/data/venv/lib/python3.10/site-packages/oslo_concurrency/lockutils.py:519}}
Apr 13 09:41:04 devstack devstack@n-api.service[60147]: DEBUG oslo_concurrency.lockutils [None req-235b2ab0-13ed-409d-9f65-6d7584bb8125 tempest-DeleteServersTestJSON-1647089907 tempest-DeleteServersTestJSON-1647089907-project-member] Lock "2f67ccf1-4ca0-4ac9-820b-c2cf7a74fe38" "released" by "nova.context.set_target_cell..get_or_set_cached_cell_and_set_connections" :: held 0.000s {{(pid=60147) inner /opt/stack/data/venv/lib/python3.10/site-packages/oslo_concurrency/lockutils.py:538}}
Apr 13 09:41:04 devstack devstack@n-api.service[60147]: DEBUG oslo_concurrency.lockutils [None req-235b2ab0-13ed-409d-9f65-6d7584bb8125 tempest-DeleteServersTestJSON-1647089907 tempest-DeleteServersTestJSON-1647089907-project-member] Acquiring lock "2f67ccf1-4ca0-4ac9-820b-c2cf7a74fe38" by "nova.context.set_target_cell..get_or_set_cached_cell_and_set_connections" {{(pid=60147) inner /opt/stack/data/venv/lib/python3.10/site-packages/oslo_concurrency/lockutils.py:506}}
Apr 13 09:41:04 devstack devstack@n-api.service[60147]: DEBUG oslo_concurrency.lockutils [None req-235b2ab0-13ed-409d-9f65-6d7584bb8125 tempest-DeleteServersTestJSON-1647089907 tempest-DeleteServersTestJSON-1647089907-project-member] Lock "2f67ccf1-4ca0-4ac9-820b-c2cf7a74fe38" acquired by "nova.context.set_target_cell..get_or_set_cached_cell_and_set_connections" :: waited 0.003s {{(pid=60147) inner /opt/stack/data/venv/lib/python3.10/site-packages/oslo_concurrency/lockutils.py:519}}
Apr 13 09:41:04 devstack devstack@n-api.service[60147]: DEBUG oslo_concurrency.lockutils [None req-235b2ab0-13ed-409d-9f65-6d7584bb8125 tempest-DeleteServersTestJSON-1647089907 tempest-DeleteServersTestJSON-1647089907-project-member] Lock "2f67ccf1-4ca0-4ac9-820b-c2cf7a74fe38" "released" by "nova.context.set_target_cell..get_or_set_cached_cell_and_set_connections" :: held 0.000s {{(pid=60147) inner /opt/stack/data/venv/lib/python3.10/site-packages/oslo_concurrency/lockutils.py:538}}
Apr 13 09:41:04 devstack devstack@n-api.service[60147]: WARNING neutronclient.v2_0.client [None req-235b2ab0-13ed-409d-9f65-6d7584bb8125 tempest-DeleteServersTestJSON-1647089907 tempest-DeleteServersTestJSON-1647089907-project-member] The python binding code in neutronclient is deprecated in favor of OpenstackSDK, please use that as this will be removed in a future release.
Apr 13 09:41:04 devstack devstack@n-api.service[60146]: DEBUG nova.virt.hardware [None req-912dfda0-8301-45b4-8d28-9d3f7109ae88 tempest-VolumesAdminNegativeTest-92571371 tempest-VolumesAdminNegativeTest-92571371-project-member] Flavor limits 0:0:0 {{(pid=60146) get_cpu_topology_constraints /opt/stack/nova/nova/virt/hardware.py:356}}
Apr 13 09:41:04 devstack devstack@n-api.service[60146]: DEBUG nova.virt.hardware [None req-912dfda0-8301-45b4-8d28-9d3f7109ae88 tempest-VolumesAdminNegativeTest-92571371 tempest-VolumesAdminNegativeTest-92571371-project-member] Image limits 0:0:0 {{(pid=60146) get_cpu_topology_constraints /opt/stack/nova/nova/virt/hardware.py:360}}
Apr 13 09:41:04 devstack devstack@n-api.service[60146]: DEBUG nova.virt.hardware [None req-912dfda0-8301-45b4-8d28-9d3f7109ae88 tempest-VolumesAdminNegativeTest-92571371 tempest-VolumesAdminNegativeTest-92571371-project-member] Flavor pref 0:0:0 {{(pid=60146) get_cpu_topology_constraints /opt/stack/nova/nova/virt/hardware.py:396}}
Apr 13 09:41:04 devstack devstack@n-api.service[60146]: DEBUG nova.virt.hardware [None req-912dfda0-8301-45b4-8d28-9d3f7109ae88 tempest-VolumesAdminNegativeTest-92571371 tempest-VolumesAdminNegativeTest-92571371-project-member] Image pref 0:0:0 {{(pid=60146) get_cpu_topology_constraints /opt/stack/nova/nova/virt/hardware.py:400}}
Apr 13 09:41:04 devstack devstack@n-api.service[60146]: DEBUG nova.virt.hardware [None req-912dfda0-8301-45b4-8d28-9d3f7109ae88 tempest-VolumesAdminNegativeTest-92571371 tempest-VolumesAdminNegativeTest-92571371-project-member] Chose sockets=0, cores=0, threads=0; limits were sockets=65536, cores=65536, threads=65536 {{(pid=60146) get_cpu_topology_constraints /opt/stack/nova/nova/virt/hardware.py:438}}
Apr 13 09:41:04 devstack devstack@n-api.service[60146]: DEBUG oslo_concurrency.lockutils [None req-912dfda0-8301-45b4-8d28-9d3f7109ae88 tempest-VolumesAdminNegativeTest-92571371 tempest-VolumesAdminNegativeTest-92571371-project-member] Acquiring lock "00000000-0000-0000-0000-000000000000" by "nova.context.set_target_cell..get_or_set_cached_cell_and_set_connections" {{(pid=60146) inner /opt/stack/data/venv/lib/python3.10/site-packages/oslo_concurrency/lockutils.py:506}}
Apr 13 09:41:04 devstack devstack@n-api.service[60146]: DEBUG oslo_concurrency.lockutils [None req-912dfda0-8301-45b4-8d28-9d3f7109ae88 tempest-VolumesAdminNegativeTest-92571371 tempest-VolumesAdminNegativeTest-92571371-project-member] Lock "00000000-0000-0000-0000-000000000000" acquired by "nova.context.set_target_cell..get_or_set_cached_cell_and_set_connections" :: waited 0.001s {{(pid=60146) inner /opt/stack/data/venv/lib/python3.10/site-packages/oslo_concurrency/lockutils.py:519}}
Apr 13 09:41:04 devstack devstack@n-api.service[60146]: DEBUG oslo_concurrency.lockutils [None req-912dfda0-8301-45b4-8d28-9d3f7109ae88 tempest-VolumesAdminNegativeTest-92571371 tempest-VolumesAdminNegativeTest-92571371-project-member] Lock "00000000-0000-0000-0000-000000000000" "released" by "nova.context.set_target_cell..get_or_set_cached_cell_and_set_connections" :: held 0.001s {{(pid=60146) inner /opt/stack/data/venv/lib/python3.10/site-packages/oslo_concurrency/lockutils.py:538}}
Apr 13 09:41:04 devstack devstack@n-api.service[60147]: DEBUG nova.policy [None req-235b2ab0-13ed-409d-9f65-6d7584bb8125 tempest-DeleteServersTestJSON-1647089907 tempest-DeleteServersTestJSON-1647089907-project-member] Policy check for os_compute_api:os-extended-server-attributes failed with credentials {'is_admin': False, 'user_id': 'be31fee6c69e456293faaae7608405b2', 'user_domain_id': 'default', 'system_scope': None, 'domain_id': None, 'project_id': 'f695dbeddec543d7889ce887476858bc', 'project_domain_id': 'default', 'roles': ['member', 'reader'], 'is_admin_project': True, 'service_user_id': None, 'service_user_domain_id': None, 'service_project_id': None, 'service_project_domain_id': None, 'service_roles': []} {{(pid=60147) authorize /opt/stack/nova/nova/policy.py:192}}
Apr 13 09:41:04 devstack devstack@n-api.service[60146]: DEBUG oslo_concurrency.lockutils [None req-912dfda0-8301-45b4-8d28-9d3f7109ae88 tempest-VolumesAdminNegativeTest-92571371 tempest-VolumesAdminNegativeTest-92571371-project-member] Acquiring lock "2f67ccf1-4ca0-4ac9-820b-c2cf7a74fe38" by "nova.context.set_target_cell..get_or_set_cached_cell_and_set_connections" {{(pid=60146) inner /opt/stack/data/venv/lib/python3.10/site-packages/oslo_concurrency/lockutils.py:506}}
Apr 13 09:41:04 devstack devstack@n-api.service[60146]: DEBUG oslo_concurrency.lockutils [None req-912dfda0-8301-45b4-8d28-9d3f7109ae88 tempest-VolumesAdminNegativeTest-92571371 tempest-VolumesAdminNegativeTest-92571371-project-member] Lock "2f67ccf1-4ca0-4ac9-820b-c2cf7a74fe38" acquired by "nova.context.set_target_cell..get_or_set_cached_cell_and_set_connections" :: waited 0.005s {{(pid=60146) inner /opt/stack/data/venv/lib/python3.10/site-packages/oslo_concurrency/lockutils.py:519}}
Apr 13 09:41:04 devstack devstack@n-api.service[60146]: DEBUG oslo_concurrency.lockutils [None req-912dfda0-8301-45b4-8d28-9d3f7109ae88 tempest-VolumesAdminNegativeTest-92571371 tempest-VolumesAdminNegativeTest-92571371-project-member] Lock "2f67ccf1-4ca0-4ac9-820b-c2cf7a74fe38" "released" by "nova.context.set_target_cell..get_or_set_cached_cell_and_set_connections" :: held 0.002s {{(pid=60146) inner /opt/stack/data/venv/lib/python3.10/site-packages/oslo_concurrency/lockutils.py:538}}
Apr 13 09:41:04 devstack devstack@n-api.service[60146]: DEBUG nova.quota [None req-912dfda0-8301-45b4-8d28-9d3f7109ae88 tempest-VolumesAdminNegativeTest-92571371 tempest-VolumesAdminNegativeTest-92571371-project-member] Getting quotas for project fb47f49f00f644e38a4473337461c87d. Resources: {'cores', 'ram', 'instances'} {{(pid=60146) _get_quotas /opt/stack/nova/nova/quota.py:392}}
Apr 13 09:41:04 devstack devstack@n-api.service[60146]: DEBUG nova.quota [None req-912dfda0-8301-45b4-8d28-9d3f7109ae88 tempest-VolumesAdminNegativeTest-92571371 tempest-VolumesAdminNegativeTest-92571371-project-member] Getting quotas for user 5b4292591b5646c7a2aca6d17283eed8 and project fb47f49f00f644e38a4473337461c87d. Resources: {'cores', 'ram', 'instances'} {{(pid=60146) _get_quotas /opt/stack/nova/nova/quota.py:382}}
Apr 13 09:41:04 devstack devstack@n-api.service[60147]: INFO nova.api.openstack.requestlog [None req-235b2ab0-13ed-409d-9f65-6d7584bb8125 tempest-DeleteServersTestJSON-1647089907 tempest-DeleteServersTestJSON-1647089907-project-member] 192.168.122.58 "GET /compute/v2.1/servers/87bb67c5-9521-428e-a2e9-8e20f2a48533" status: 200 len: 1516 microversion: 2.1 time: 0.125451
Apr 13 09:41:04 devstack devstack@n-api.service[60147]: [pid: 60147|app: 0|req: 72/148] 192.168.122.58 () {58 vars in 1244 bytes} [Mon Apr 13 09:41:04 2026] GET /compute/v2.1/servers/87bb67c5-9521-428e-a2e9-8e20f2a48533 => generated 1516 bytes in 126 msecs (HTTP/1.1 200) 9 headers in 358 bytes (1 switches on core 0)
Apr 13 09:41:04 devstack devstack@n-api.service[60147]: DEBUG nova.api.openstack.wsgi [req-503e392b-4e94-4a66-b32f-887b607e9a4a req-e32db0cf-5ede-400c-933b-a94ec329e652 service nova] Action: 'create', calling method: >, body: {"events": [{"server_uuid": "87bb67c5-9521-428e-a2e9-8e20f2a48533", "name": "network-vif-deleted", "tag": "fe11d163-e973-491e-becb-40a56bca2b6b"}]} {{(pid=60147) _process_stack /opt/stack/nova/nova/api/openstack/wsgi.py:549}}
Apr 13 09:41:04 devstack devstack@n-api.service[60146]: DEBUG nova.compute.api [None req-912dfda0-8301-45b4-8d28-9d3f7109ae88 tempest-VolumesAdminNegativeTest-92571371 tempest-VolumesAdminNegativeTest-92571371-project-member] Going to run 1 instances... {{(pid=60146) _provision_instances /opt/stack/nova/nova/compute/api.py:1466}}
Apr 13 09:41:04 devstack devstack@n-api.service[60146]: DEBUG nova.compute.api [None req-912dfda0-8301-45b4-8d28-9d3f7109ae88 tempest-VolumesAdminNegativeTest-92571371 tempest-VolumesAdminNegativeTest-92571371-project-member] [instance: d28b7604-037b-44db-99c0-18e0fdeda8f6] block_device_mapping [BlockDeviceMapping(attachment_id=,boot_index=0,connection_info=None,created_at=,delete_on_termination=True,deleted=,deleted_at=,destination_type='local',device_name=None,device_type='disk',disk_bus=None,encrypted=False,encryption_format=None,encryption_options=None,encryption_secret_uuid=None,guest_format=None,id=,image_id='168ef6f7-3a65-468d-bd46-416aedea31b3',instance=,instance_uuid=,no_device=False,snapshot_id=None,source_type='image',tag=None,updated_at=,uuid=,volume_id=None,volume_size=None,volume_type=None)] {{(pid=60146) _bdm_validate_set_size_and_instance /opt/stack/nova/nova/compute/api.py:1934}}
Apr 13 09:41:04 devstack devstack@n-api.service[60147]: DEBUG oslo_concurrency.lockutils [req-503e392b-4e94-4a66-b32f-887b607e9a4a req-e32db0cf-5ede-400c-933b-a94ec329e652 service nova] Acquiring lock "2f67ccf1-4ca0-4ac9-820b-c2cf7a74fe38" by "nova.context.set_target_cell..get_or_set_cached_cell_and_set_connections" {{(pid=60147) inner /opt/stack/data/venv/lib/python3.10/site-packages/oslo_concurrency/lockutils.py:506}}
Apr 13 09:41:04 devstack devstack@n-api.service[60147]: DEBUG oslo_concurrency.lockutils [req-503e392b-4e94-4a66-b32f-887b607e9a4a req-e32db0cf-5ede-400c-933b-a94ec329e652 service nova] Lock "2f67ccf1-4ca0-4ac9-820b-c2cf7a74fe38" acquired by "nova.context.set_target_cell..get_or_set_cached_cell_and_set_connections" :: waited 0.000s {{(pid=60147) inner /opt/stack/data/venv/lib/python3.10/site-packages/oslo_concurrency/lockutils.py:519}}
Apr 13 09:41:04 devstack devstack@n-api.service[60147]: DEBUG oslo_concurrency.lockutils [req-503e392b-4e94-4a66-b32f-887b607e9a4a req-e32db0cf-5ede-400c-933b-a94ec329e652 service nova] Lock "2f67ccf1-4ca0-4ac9-820b-c2cf7a74fe38" "released" by "nova.context.set_target_cell..get_or_set_cached_cell_and_set_connections" :: held 0.000s {{(pid=60147) inner /opt/stack/data/venv/lib/python3.10/site-packages/oslo_concurrency/lockutils.py:538}}
Apr 13 09:41:04 devstack devstack@n-api.service[60147]: INFO nova.api.openstack.compute.server_external_events [req-503e392b-4e94-4a66-b32f-887b607e9a4a req-e32db0cf-5ede-400c-933b-a94ec329e652 service nova] Creating event network-vif-deleted:fe11d163-e973-491e-becb-40a56bca2b6b for instance 87bb67c5-9521-428e-a2e9-8e20f2a48533 on devstack
Apr 13 09:41:04 devstack devstack@n-api.service[60147]: DEBUG nova.compute.rpcapi [req-503e392b-4e94-4a66-b32f-887b607e9a4a req-e32db0cf-5ede-400c-933b-a94ec329e652 service nova] RPC: Sending the message to topic: compute-alt {{(pid=60147) prepare_for_alt_rpcserver /opt/stack/nova/nova/compute/rpcapi.py:595}}
Apr 13 09:41:04 devstack devstack@n-api.service[60147]: INFO nova.api.openstack.requestlog [req-503e392b-4e94-4a66-b32f-887b607e9a4a req-e32db0cf-5ede-400c-933b-a94ec329e652 service nova] 192.168.122.58 "POST /compute/v2.1/os-server-external-events" status: 200 len: 183 microversion: 2.1 time: 0.051039
Apr 13 09:41:04 devstack devstack@n-api.service[60147]: [pid: 60147|app: 0|req: 73/149] 192.168.122.58 () {64 vars in 1327 bytes} [Mon Apr 13 09:41:04 2026] POST /compute/v2.1/os-server-external-events => generated 183 bytes in 53 msecs (HTTP/1.1 200) 9 headers in 357 bytes (1 switches on core 0)
Apr 13 09:41:04 devstack devstack@n-api.service[60146]: INFO nova.api.openstack.requestlog [None req-912dfda0-8301-45b4-8d28-9d3f7109ae88 tempest-VolumesAdminNegativeTest-92571371 tempest-VolumesAdminNegativeTest-92571371-project-member] 192.168.122.58 "POST /compute/v2.1/servers" status: 202 len: 386 microversion: 2.1 time: 1.135239
Apr 13 09:41:04 devstack devstack@n-api.service[60146]: [pid: 60146|app: 0|req: 77/150] 192.168.122.58 () {60 vars in 1155 bytes} [Mon Apr 13 09:41:03 2026] POST /compute/v2.1/servers => generated 386 bytes in 1137 msecs (HTTP/1.1 202) 10 headers in 454 bytes (1 switches on core 0)
Apr 13 09:41:04 devstack devstack@n-api.service[60147]: DEBUG nova.api.openstack.wsgi [None req-0bb95817-8883-4976-ad73-e80bff989eec tempest-VolumesAdminNegativeTest-92571371 tempest-VolumesAdminNegativeTest-92571371-project-member] Calling method '>' {{(pid=60147) _process_stack /opt/stack/nova/nova/api/openstack/wsgi.py:551}}
Apr 13 09:41:04 devstack devstack@n-api.service[60147]: DEBUG nova.compute.api [None req-0bb95817-8883-4976-ad73-e80bff989eec tempest-VolumesAdminNegativeTest-92571371 tempest-VolumesAdminNegativeTest-92571371-project-member] [instance: d28b7604-037b-44db-99c0-18e0fdeda8f6] Fetching instance by UUID {{(pid=60147) get /opt/stack/nova/nova/compute/api.py:3056}}
Apr 13 09:41:04 devstack devstack@n-api.service[60146]: DEBUG nova.api.openstack.wsgi [req-47628775-ce41-49ac-b889-001f302679f0 req-6b72ebac-84f3-46a0-8b46-38fed4eb76bb service nova] Action: 'create', calling method: >, body: {"events": [{"server_uuid": "87bb67c5-9521-428e-a2e9-8e20f2a48533", "name": "network-vif-unplugged", "status": "completed", "tag": "fe11d163-e973-491e-becb-40a56bca2b6b"}]} {{(pid=60146) _process_stack /opt/stack/nova/nova/api/openstack/wsgi.py:549}}
Apr 13 09:41:04 devstack devstack@n-api.service[60146]: DEBUG oslo_concurrency.lockutils [req-47628775-ce41-49ac-b889-001f302679f0 req-6b72ebac-84f3-46a0-8b46-38fed4eb76bb service nova] Acquiring lock "2f67ccf1-4ca0-4ac9-820b-c2cf7a74fe38" by "nova.context.set_target_cell..get_or_set_cached_cell_and_set_connections" {{(pid=60146) inner /opt/stack/data/venv/lib/python3.10/site-packages/oslo_concurrency/lockutils.py:506}}
Apr 13 09:41:04 devstack devstack@n-api.service[60146]: DEBUG oslo_concurrency.lockutils [req-47628775-ce41-49ac-b889-001f302679f0 req-6b72ebac-84f3-46a0-8b46-38fed4eb76bb service nova] Lock "2f67ccf1-4ca0-4ac9-820b-c2cf7a74fe38" acquired by "nova.context.set_target_cell..get_or_set_cached_cell_and_set_connections" :: waited 0.001s {{(pid=60146) inner /opt/stack/data/venv/lib/python3.10/site-packages/oslo_concurrency/lockutils.py:519}}
Apr 13 09:41:04 devstack devstack@n-api.service[60147]: WARNING neutronclient.v2_0.client [None req-0bb95817-8883-4976-ad73-e80bff989eec tempest-VolumesAdminNegativeTest-92571371 tempest-VolumesAdminNegativeTest-92571371-project-member] The python binding code in neutronclient is deprecated in favor of OpenstackSDK, please use that as this will be removed in a future release.
Apr 13 09:41:04 devstack devstack@n-api.service[60146]: DEBUG oslo_concurrency.lockutils [req-47628775-ce41-49ac-b889-001f302679f0 req-6b72ebac-84f3-46a0-8b46-38fed4eb76bb service nova] Lock "2f67ccf1-4ca0-4ac9-820b-c2cf7a74fe38" "released" by "nova.context.set_target_cell..get_or_set_cached_cell_and_set_connections" :: held 0.000s {{(pid=60146) inner /opt/stack/data/venv/lib/python3.10/site-packages/oslo_concurrency/lockutils.py:538}}
Apr 13 09:41:04 devstack devstack@n-api.service[60146]: INFO nova.api.openstack.compute.server_external_events [req-47628775-ce41-49ac-b889-001f302679f0 req-6b72ebac-84f3-46a0-8b46-38fed4eb76bb service nova] Creating event network-vif-unplugged:fe11d163-e973-491e-becb-40a56bca2b6b for instance 87bb67c5-9521-428e-a2e9-8e20f2a48533 on devstack
