Apr 13 09:42:38 devstack cinder-volume[82295]: DEBUG cinder.volume.manager [None req-914f5f7b-8cb9-467f-9162-93611c3ecdc2 tempest-VolumeTypesAccessTest-1093978078 None] Flow 'volume_create_manager' (5ac7bc3c-844d-47ad-94f8-0dc5f19e2ef4) transitioned into state 'SUCCESS' from state 'RUNNING' {{(pid=82295) _flow_receiver /opt/stack/data/venv/lib/python3.10/site-packages/taskflow/listeners/logging.py:145}}
Apr 13 09:42:38 devstack cinder-volume[82295]: INFO cinder.volume.manager [None req-914f5f7b-8cb9-467f-9162-93611c3ecdc2 tempest-VolumeTypesAccessTest-1093978078 None] Created volume successfully.
Apr 13 09:42:39 devstack sudo[85097]: pam_unix(sudo:session): session closed for user root
Apr 13 09:42:39 devstack cinder-volume[82295]: DEBUG oslo_concurrency.processutils [None req-7fa8d9a9-c5b2-4e88-8a17-87f82a0f3f64 tempest-VolumesDeleteCascade-2138284285 None] CMD "sudo cinder-rootwrap /etc/cinder/rootwrap.conf qemu-img create -f qcow2 -o preallocation=metadata /opt/stack/data/cinder/mnt/3584d207d2ed8b827bb2c8b55d6e8983/volume-2cd03e78-b65d-43ef-a36c-1951a237081b 1073741824" returned: 0 in 0.602s {{(pid=82295) execute /opt/stack/data/venv/lib/python3.10/site-packages/oslo_concurrency/processutils.py:468}}
Apr 13 09:42:39 devstack cinder-volume[82295]: DEBUG oslo_concurrency.processutils [None req-7fa8d9a9-c5b2-4e88-8a17-87f82a0f3f64 tempest-VolumesDeleteCascade-2138284285 None] Running cmd (subprocess): sudo cinder-rootwrap /etc/cinder/rootwrap.conf chmod ugo+rw /opt/stack/data/cinder/mnt/3584d207d2ed8b827bb2c8b55d6e8983/volume-2cd03e78-b65d-43ef-a36c-1951a237081b {{(pid=82295) execute /opt/stack/data/venv/lib/python3.10/site-packages/oslo_concurrency/processutils.py:440}}
Apr 13 09:42:39 devstack sudo[85102]: quobyte : PWD=/ ; USER=root ; COMMAND=/opt/stack/data/venv/bin/cinder-rootwrap /etc/cinder/rootwrap.conf chmod ugo+rw /opt/stack/data/cinder/mnt/3584d207d2ed8b827bb2c8b55d6e8983/volume-2cd03e78-b65d-43ef-a36c-1951a237081b
Apr 13 09:42:39 devstack sudo[85102]: pam_unix(sudo:session): session opened for user root(uid=0) by (uid=1000)
Apr 13 09:42:39 devstack cinder-volume[82295]: DEBUG cinder.coordination [None req-1dff75c4-e26d-4f18-b200-4f8ea8316510 tempest-VolumeTypesAccessTest-1093978078 None] Acquiring lock "cinder-5d497ac8-edeb-4cca-b0f2-cc23a6175024-delete_volume" by "delete_volume" {{(pid=82295) __acquire /opt/stack/cinder/cinder/coordination.py:138}}
Apr 13 09:42:39 devstack cinder-volume[82295]: DEBUG cinder.coordination [None req-1dff75c4-e26d-4f18-b200-4f8ea8316510 tempest-VolumeTypesAccessTest-1093978078 None] Lock "cinder-5d497ac8-edeb-4cca-b0f2-cc23a6175024-delete_volume" acquired by "delete_volume" :: waited 0.015s {{(pid=82295) __acquire /opt/stack/cinder/cinder/coordination.py:141}}
Apr 13 09:42:39 devstack cinder-volume[82295]: DEBUG cinder.coordination [None req-1dff75c4-e26d-4f18-b200-4f8ea8316510 tempest-VolumeTypesAccessTest-1093978078 None] Acquiring lock "cinder-quobyte-5d497ac8-edeb-4cca-b0f2-cc23a6175024" by "delete_volume" {{(pid=82295) __acquire /opt/stack/cinder/cinder/coordination.py:138}}
Apr 13 09:42:39 devstack cinder-volume[82295]: DEBUG cinder.coordination [None req-1dff75c4-e26d-4f18-b200-4f8ea8316510 tempest-VolumeTypesAccessTest-1093978078 None] Lock "cinder-quobyte-5d497ac8-edeb-4cca-b0f2-cc23a6175024" acquired by "delete_volume" :: waited 0.018s {{(pid=82295) __acquire /opt/stack/cinder/cinder/coordination.py:141}}
Apr 13 09:42:39 devstack cinder-volume[82295]: DEBUG oslo.privsep.daemon [-] privsep: reply[c9229fc4-c19c-4bba-b584-cd9055fcf715]: (4, 'qcow2') {{(pid=83336) _call_back /opt/stack/data/venv/lib/python3.10/site-packages/oslo_privsep/daemon.py:573}}
Apr 13 09:42:39 devstack cinder-volume[82295]: DEBUG oslo_concurrency.processutils [None req-1dff75c4-e26d-4f18-b200-4f8ea8316510 tempest-VolumeTypesAccessTest-1093978078 None] Running cmd (subprocess): /opt/stack/data/venv/bin/python3.10 -m oslo_concurrency.prlimit --as=1073741824 --cpu=60 -- sudo cinder-rootwrap /etc/cinder/rootwrap.conf env LC_ALL=C qemu-img info -f qcow2 --output=json --force-share /opt/stack/data/cinder/mnt/3584d207d2ed8b827bb2c8b55d6e8983/volume-5d497ac8-edeb-4cca-b0f2-cc23a6175024 {{(pid=82295) execute /opt/stack/data/venv/lib/python3.10/site-packages/oslo_concurrency/processutils.py:440}}
Apr 13 09:42:39 devstack sudo[85420]: quobyte : PWD=/ ; USER=root ; COMMAND=/opt/stack/data/venv/bin/cinder-rootwrap /etc/cinder/rootwrap.conf env LC_ALL=C qemu-img info -f qcow2 --output=json --force-share /opt/stack/data/cinder/mnt/3584d207d2ed8b827bb2c8b55d6e8983/volume-5d497ac8-edeb-4cca-b0f2-cc23a6175024
Apr 13 09:42:39 devstack sudo[85420]: pam_unix(sudo:session): session opened for user root(uid=0) by (uid=1000)
Apr 13 09:42:39 devstack sudo[85102]: pam_unix(sudo:session): session closed for user root
Apr 13 09:42:39 devstack cinder-volume[82295]: DEBUG oslo_concurrency.processutils [None req-7fa8d9a9-c5b2-4e88-8a17-87f82a0f3f64 tempest-VolumesDeleteCascade-2138284285 None] CMD "sudo cinder-rootwrap /etc/cinder/rootwrap.conf chmod ugo+rw /opt/stack/data/cinder/mnt/3584d207d2ed8b827bb2c8b55d6e8983/volume-2cd03e78-b65d-43ef-a36c-1951a237081b" returned: 0 in 0.647s {{(pid=82295) execute /opt/stack/data/venv/lib/python3.10/site-packages/oslo_concurrency/processutils.py:468}}
Apr 13 09:42:40 devstack cinder-volume[82295]: DEBUG cinder.volume.drivers.quobyte [None req-7fa8d9a9-c5b2-4e88-8a17-87f82a0f3f64 tempest-VolumesDeleteCascade-2138284285 None] <== create_volume: return (1284ms) {'provider_location': 'osci02.corp.quobyte.com/cinder-vol-baeca8fa-dd0e-40b6-b8a8-1811087b6b66'} {{(pid=82295) trace_logging_wrapper /opt/stack/cinder/cinder/volume/volume_utils.py:1523}}
Apr 13 09:42:40 devstack cinder-volume[82295]: DEBUG oslo_concurrency.lockutils [None req-7fa8d9a9-c5b2-4e88-8a17-87f82a0f3f64 tempest-VolumesDeleteCascade-2138284285 None] Lock "quobyte" "released" by "cinder.volume.drivers.quobyte.QuobyteDriver.create_volume" :: held 1.287s {{(pid=82295) inner /opt/stack/data/venv/lib/python3.10/site-packages/oslo_concurrency/lockutils.py:538}}
Apr 13 09:42:40 devstack cinder-volume[82295]: DEBUG cinder.volume.manager [None req-7fa8d9a9-c5b2-4e88-8a17-87f82a0f3f64 tempest-VolumesDeleteCascade-2138284285 None] Task 'cinder.volume.flows.manager.create_volume.CreateVolumeFromSpecTask;volume:create' (1fc03d34-0cba-4aab-947c-e82b8fa5cd72) transitioned into state 'SUCCESS' from state 'RUNNING' with result '{'status': 'creating', 'volume_name': 'volume-2cd03e78-b65d-43ef-a36c-1951a237081b', 'volume_size': 1}' {{(pid=82295) _task_receiver /opt/stack/data/venv/lib/python3.10/site-packages/taskflow/listeners/logging.py:182}}
Apr 13 09:42:40 devstack cinder-volume[82295]: DEBUG cinder.volume.manager [None req-7fa8d9a9-c5b2-4e88-8a17-87f82a0f3f64 tempest-VolumesDeleteCascade-2138284285 None] Task 'cinder.volume.flows.manager.create_volume.CreateVolumeOnFinishTask;volume:create, create.end' (8cebec4c-b5e5-4d31-b80c-e10dbb8d185e) transitioned into state 'RUNNING' from state 'PENDING' {{(pid=82295) _task_receiver /opt/stack/data/venv/lib/python3.10/site-packages/taskflow/listeners/logging.py:194}}
Apr 13 09:42:40 devstack cinder-volume[82295]: INFO cinder.volume.flows.manager.create_volume [None req-7fa8d9a9-c5b2-4e88-8a17-87f82a0f3f64 tempest-VolumesDeleteCascade-2138284285 None] Volume volume-2cd03e78-b65d-43ef-a36c-1951a237081b (2cd03e78-b65d-43ef-a36c-1951a237081b): created successfully
Apr 13 09:42:40 devstack cinder-volume[82295]: DEBUG cinder.volume.manager [None req-7fa8d9a9-c5b2-4e88-8a17-87f82a0f3f64 tempest-VolumesDeleteCascade-2138284285 None] Task 'cinder.volume.flows.manager.create_volume.CreateVolumeOnFinishTask;volume:create, create.end' (8cebec4c-b5e5-4d31-b80c-e10dbb8d185e) transitioned into state 'SUCCESS' from state 'RUNNING' with result 'None' {{(pid=82295) _task_receiver /opt/stack/data/venv/lib/python3.10/site-packages/taskflow/listeners/logging.py:182}}
Apr 13 09:42:40 devstack cinder-volume[82295]: DEBUG cinder.volume.manager [None req-7fa8d9a9-c5b2-4e88-8a17-87f82a0f3f64 tempest-VolumesDeleteCascade-2138284285 None] Flow 'volume_create_manager' (16cddb91-e372-44cc-bcd0-4f4e17d5bd31) transitioned into state 'SUCCESS' from state 'RUNNING' {{(pid=82295) _flow_receiver /opt/stack/data/venv/lib/python3.10/site-packages/taskflow/listeners/logging.py:145}}
Apr 13 09:42:40 devstack cinder-volume[82295]: INFO cinder.volume.manager [None req-7fa8d9a9-c5b2-4e88-8a17-87f82a0f3f64 tempest-VolumesDeleteCascade-2138284285 None] Created volume successfully.
Apr 13 09:42:40 devstack sudo[85420]: pam_unix(sudo:session): session closed for user root
Apr 13 09:42:40 devstack cinder-volume[82295]: DEBUG oslo_concurrency.processutils [None req-1dff75c4-e26d-4f18-b200-4f8ea8316510 tempest-VolumeTypesAccessTest-1093978078 None] CMD "/opt/stack/data/venv/bin/python3.10 -m oslo_concurrency.prlimit --as=1073741824 --cpu=60 -- sudo cinder-rootwrap /etc/cinder/rootwrap.conf env LC_ALL=C qemu-img info -f qcow2 --output=json --force-share /opt/stack/data/cinder/mnt/3584d207d2ed8b827bb2c8b55d6e8983/volume-5d497ac8-edeb-4cca-b0f2-cc23a6175024" returned: 0 in 0.962s {{(pid=82295) execute /opt/stack/data/venv/lib/python3.10/site-packages/oslo_concurrency/processutils.py:468}}
Apr 13 09:42:40 devstack cinder-volume[82295]: DEBUG oslo_concurrency.processutils [None req-1dff75c4-e26d-4f18-b200-4f8ea8316510 tempest-VolumeTypesAccessTest-1093978078 None] Running cmd (subprocess): sudo cinder-rootwrap /etc/cinder/rootwrap.conf rm -f /opt/stack/data/cinder/mnt/3584d207d2ed8b827bb2c8b55d6e8983/volume-5d497ac8-edeb-4cca-b0f2-cc23a6175024 {{(pid=82295) execute /opt/stack/data/venv/lib/python3.10/site-packages/oslo_concurrency/processutils.py:440}}
Apr 13 09:42:40 devstack sudo[85449]: quobyte : PWD=/ ; USER=root ; COMMAND=/opt/stack/data/venv/bin/cinder-rootwrap /etc/cinder/rootwrap.conf rm -f /opt/stack/data/cinder/mnt/3584d207d2ed8b827bb2c8b55d6e8983/volume-5d497ac8-edeb-4cca-b0f2-cc23a6175024
Apr 13 09:42:40 devstack sudo[85449]: pam_unix(sudo:session): session opened for user root(uid=0) by (uid=1000)
Apr 13 09:42:41 devstack sudo[85449]: pam_unix(sudo:session): session closed for user root
Apr 13 09:42:41 devstack cinder-volume[82295]: DEBUG oslo_concurrency.processutils [None req-1dff75c4-e26d-4f18-b200-4f8ea8316510 tempest-VolumeTypesAccessTest-1093978078 None] CMD "sudo cinder-rootwrap /etc/cinder/rootwrap.conf rm -f /opt/stack/data/cinder/mnt/3584d207d2ed8b827bb2c8b55d6e8983/volume-5d497ac8-edeb-4cca-b0f2-cc23a6175024" returned: 0 in 0.559s {{(pid=82295) execute /opt/stack/data/venv/lib/python3.10/site-packages/oslo_concurrency/processutils.py:468}}
Apr 13 09:42:41 devstack cinder-volume[82295]: DEBUG cinder.coordination [None req-1dff75c4-e26d-4f18-b200-4f8ea8316510 tempest-VolumeTypesAccessTest-1093978078 None] Lock "cinder-quobyte-5d497ac8-edeb-4cca-b0f2-cc23a6175024" released by "delete_volume" :: held 1.555s {{(pid=82295) __release /opt/stack/cinder/cinder/coordination.py:152}}
Apr 13 09:42:41 devstack cinder-volume[82295]: WARNING cinder.quota [None req-1dff75c4-e26d-4f18-b200-4f8ea8316510 tempest-VolumeTypesAccessTest-1093978078 None] Deprecated: Default quota for resource: volumes_tempest-VolumeTypesAccessTest-volume-type-640112003 is set by the default quota flag: quota_volumes_tempest-VolumeTypesAccessTest-volume-type-640112003, it is now deprecated. Please use the default quota class for default quota.
Apr 13 09:42:41 devstack cinder-volume[82295]: WARNING cinder.quota [None req-1dff75c4-e26d-4f18-b200-4f8ea8316510 tempest-VolumeTypesAccessTest-1093978078 None] Deprecated: Default quota for resource: gigabytes_tempest-VolumeTypesAccessTest-volume-type-640112003 is set by the default quota flag: quota_gigabytes_tempest-VolumeTypesAccessTest-volume-type-640112003, it is now deprecated. Please use the default quota class for default quota.
Apr 13 09:42:41 devstack cinder-volume[82295]: DEBUG cinder.quota [None req-1dff75c4-e26d-4f18-b200-4f8ea8316510 tempest-VolumeTypesAccessTest-1093978078 None] Created reservations ['c6e5c4b7-2585-401d-b2ed-b3b7cfed1957', '7a0b6a51-498d-4101-bd58-11e217c79a9a', '24071a9b-8a79-43ea-8a1c-dc1c64c19475', '2338006f-6d9f-44cd-a23f-12b1033019de'] {{(pid=82295) reserve /opt/stack/cinder/cinder/quota.py:752}}
Apr 13 09:42:41 devstack cinder-volume[82295]: DEBUG oslo_concurrency.lockutils [None req-1dff75c4-e26d-4f18-b200-4f8ea8316510 tempest-VolumeTypesAccessTest-1093978078 None] Acquiring lock "quobyte_ensure" by "cinder.volume.drivers.quobyte.QuobyteDriver._ensure_shares_mounted" {{(pid=82295) inner /opt/stack/data/venv/lib/python3.10/site-packages/oslo_concurrency/lockutils.py:506}}
Apr 13 09:42:41 devstack cinder-volume[82295]: DEBUG oslo_concurrency.lockutils [None req-1dff75c4-e26d-4f18-b200-4f8ea8316510 tempest-VolumeTypesAccessTest-1093978078 None] Lock "quobyte_ensure" acquired by "cinder.volume.drivers.quobyte.QuobyteDriver._ensure_shares_mounted" :: waited 0.001s {{(pid=82295) inner /opt/stack/data/venv/lib/python3.10/site-packages/oslo_concurrency/lockutils.py:519}}
Apr 13 09:42:41 devstack cinder-volume[82295]: DEBUG cinder.volume.drivers.quobyte [None req-1dff75c4-e26d-4f18-b200-4f8ea8316510 tempest-VolumeTypesAccessTest-1093978078 None] Quobyte Volume URL set to: {'osci02.corp.quobyte.com/cinder-vol-baeca8fa-dd0e-40b6-b8a8-1811087b6b66': None} {{(pid=82295) _load_shares_config /opt/stack/cinder/cinder/volume/drivers/quobyte.py:617}}
Apr 13 09:42:41 devstack cinder-volume[82295]: DEBUG cinder.volume.drivers.quobyte [None req-1dff75c4-e26d-4f18-b200-4f8ea8316510 tempest-VolumeTypesAccessTest-1093978078 None] Available shares ['osci02.corp.quobyte.com/cinder-vol-baeca8fa-dd0e-40b6-b8a8-1811087b6b66'] {{(pid=82295) _ensure_shares_mounted /opt/stack/cinder/cinder/volume/drivers/quobyte.py:647}}
Apr 13 09:42:41 devstack cinder-volume[82295]: DEBUG oslo_concurrency.lockutils [None req-1dff75c4-e26d-4f18-b200-4f8ea8316510 tempest-VolumeTypesAccessTest-1093978078 None] Lock "quobyte_ensure" "released" by "cinder.volume.drivers.quobyte.QuobyteDriver._ensure_shares_mounted" :: held 0.006s {{(pid=82295) inner /opt/stack/data/venv/lib/python3.10/site-packages/oslo_concurrency/lockutils.py:538}}
Apr 13 09:42:41 devstack cinder-volume[82295]: DEBUG oslo_concurrency.processutils [None req-1dff75c4-e26d-4f18-b200-4f8ea8316510 tempest-VolumeTypesAccessTest-1093978078 None] Running cmd (subprocess): sudo cinder-rootwrap /etc/cinder/rootwrap.conf df --portability --block-size 1 /opt/stack/data/cinder/mnt/3584d207d2ed8b827bb2c8b55d6e8983 {{(pid=82295) execute /opt/stack/data/venv/lib/python3.10/site-packages/oslo_concurrency/processutils.py:440}}
Apr 13 09:42:41 devstack sudo[85453]: quobyte : PWD=/ ; USER=root ; COMMAND=/opt/stack/data/venv/bin/cinder-rootwrap /etc/cinder/rootwrap.conf df --portability --block-size 1 /opt/stack/data/cinder/mnt/3584d207d2ed8b827bb2c8b55d6e8983
Apr 13 09:42:41 devstack sudo[85453]: pam_unix(sudo:session): session opened for user root(uid=0) by (uid=1000)
Apr 13 09:42:41 devstack cinder-volume[82295]: DEBUG oslo_concurrency.lockutils [None req-22b2f88b-bc33-483a-8b7d-bed864d2c99f tempest-VolumesDeleteCascade-2138284285 None] Acquiring lock "quobyte" by "cinder.volume.drivers.quobyte.QuobyteDriver.create_snapshot" {{(pid=82295) inner /opt/stack/data/venv/lib/python3.10/site-packages/oslo_concurrency/lockutils.py:506}}
Apr 13 09:42:41 devstack cinder-volume[82295]: DEBUG oslo_concurrency.lockutils [None req-22b2f88b-bc33-483a-8b7d-bed864d2c99f tempest-VolumesDeleteCascade-2138284285 None] Lock "quobyte" acquired by "cinder.volume.drivers.quobyte.QuobyteDriver.create_snapshot" :: waited 0.001s {{(pid=82295) inner /opt/stack/data/venv/lib/python3.10/site-packages/oslo_concurrency/lockutils.py:519}}
Apr 13 09:42:41 devstack cinder-volume[82295]: DEBUG cinder.volume.drivers.remotefs [None req-22b2f88b-bc33-483a-8b7d-bed864d2c99f tempest-VolumesDeleteCascade-2138284285 None] Creating offline snapshot 4b60f66f-c38d-4343-9ed5-f8979057a585 of volume 2cd03e78-b65d-43ef-a36c-1951a237081b {{(pid=82295) _create_snapshot /opt/stack/cinder/cinder/volume/drivers/remotefs.py:1815}}
Apr 13 09:42:41 devstack cinder-volume[82295]: DEBUG oslo.privsep.daemon [-] privsep: reply[80ecb162-6bbf-4731-9945-9a572488b8cd]: (4, 'qcow2') {{(pid=83336) _call_back /opt/stack/data/venv/lib/python3.10/site-packages/oslo_privsep/daemon.py:573}}
Apr 13 09:42:41 devstack cinder-volume[82295]: DEBUG oslo_concurrency.processutils [None req-22b2f88b-bc33-483a-8b7d-bed864d2c99f tempest-VolumesDeleteCascade-2138284285 None] Running cmd (subprocess): /opt/stack/data/venv/bin/python3.10 -m oslo_concurrency.prlimit --as=1073741824 --cpu=60 -- sudo cinder-rootwrap /etc/cinder/rootwrap.conf env LC_ALL=C qemu-img info -f qcow2 --output=json --force-share /opt/stack/data/cinder/mnt/3584d207d2ed8b827bb2c8b55d6e8983/volume-2cd03e78-b65d-43ef-a36c-1951a237081b {{(pid=82295) execute /opt/stack/data/venv/lib/python3.10/site-packages/oslo_concurrency/processutils.py:440}}
Apr 13 09:42:41 devstack sudo[85455]: quobyte : PWD=/ ; USER=root ; COMMAND=/opt/stack/data/venv/bin/cinder-rootwrap /etc/cinder/rootwrap.conf env LC_ALL=C qemu-img info -f qcow2 --output=json --force-share /opt/stack/data/cinder/mnt/3584d207d2ed8b827bb2c8b55d6e8983/volume-2cd03e78-b65d-43ef-a36c-1951a237081b
Apr 13 09:42:41 devstack sudo[85455]: pam_unix(sudo:session): session opened for user root(uid=0) by (uid=1000)
Apr 13 09:42:41 devstack cinder-volume[82295]: DEBUG oslo_concurrency.processutils [None req-1dff75c4-e26d-4f18-b200-4f8ea8316510 tempest-VolumeTypesAccessTest-1093978078 None] CMD "sudo cinder-rootwrap /etc/cinder/rootwrap.conf df --portability --block-size 1 /opt/stack/data/cinder/mnt/3584d207d2ed8b827bb2c8b55d6e8983" returned: 0 in 0.539s {{(pid=82295) execute /opt/stack/data/venv/lib/python3.10/site-packages/oslo_concurrency/processutils.py:468}}
Apr 13 09:42:41 devstack sudo[85453]: pam_unix(sudo:session): session closed for user root
Apr 13 09:42:41 devstack cinder-volume[82295]: DEBUG cinder.manager [None req-1dff75c4-e26d-4f18-b200-4f8ea8316510 tempest-VolumeTypesAccessTest-1093978078 None] Notifying Schedulers of capabilities ... {{(pid=82295) _publish_service_capabilities /opt/stack/cinder/cinder/manager.py:202}}
Apr 13 09:42:41 devstack cinder-volume[82295]: INFO cinder.volume.manager [None req-1dff75c4-e26d-4f18-b200-4f8ea8316510 tempest-VolumeTypesAccessTest-1093978078 None] Deleted volume successfully.
Apr 13 09:42:41 devstack cinder-volume[82295]: DEBUG cinder.coordination [None req-1dff75c4-e26d-4f18-b200-4f8ea8316510 tempest-VolumeTypesAccessTest-1093978078 None] Lock "cinder-5d497ac8-edeb-4cca-b0f2-cc23a6175024-delete_volume" released by "delete_volume" :: held 2.265s {{(pid=82295) __release /opt/stack/cinder/cinder/coordination.py:152}}
Apr 13 09:42:41 devstack sudo[85455]: pam_unix(sudo:session): session closed for user root
Apr 13 09:42:41 devstack cinder-volume[82295]: DEBUG oslo_concurrency.processutils [None req-22b2f88b-bc33-483a-8b7d-bed864d2c99f tempest-VolumesDeleteCascade-2138284285 None] CMD "/opt/stack/data/venv/bin/python3.10 -m oslo_concurrency.prlimit --as=1073741824 --cpu=60 -- sudo cinder-rootwrap /etc/cinder/rootwrap.conf env LC_ALL=C qemu-img info -f qcow2 --output=json --force-share /opt/stack/data/cinder/mnt/3584d207d2ed8b827bb2c8b55d6e8983/volume-2cd03e78-b65d-43ef-a36c-1951a237081b" returned: 0 in 0.573s {{(pid=82295) execute /opt/stack/data/venv/lib/python3.10/site-packages/oslo_concurrency/processutils.py:468}}
Apr 13 09:42:41 devstack cinder-volume[82295]: DEBUG oslo_concurrency.processutils [None req-22b2f88b-bc33-483a-8b7d-bed864d2c99f tempest-VolumesDeleteCascade-2138284285 None] Running cmd (subprocess): sudo cinder-rootwrap /etc/cinder/rootwrap.conf qemu-img create -f qcow2 -o backing_file=/opt/stack/data/cinder/mnt/3584d207d2ed8b827bb2c8b55d6e8983/volume-2cd03e78-b65d-43ef-a36c-1951a237081b,backing_fmt=qcow2 /opt/stack/data/cinder/mnt/3584d207d2ed8b827bb2c8b55d6e8983/volume-2cd03e78-b65d-43ef-a36c-1951a237081b.4b60f66f-c38d-4343-9ed5-f8979057a585 1G {{(pid=82295) execute /opt/stack/data/venv/lib/python3.10/site-packages/oslo_concurrency/processutils.py:440}}
Apr 13 09:42:41 devstack sudo[85461]: quobyte : PWD=/ ; USER=root ; COMMAND=/opt/stack/data/venv/bin/cinder-rootwrap /etc/cinder/rootwrap.conf qemu-img create -f qcow2 -o backing_file=/opt/stack/data/cinder/mnt/3584d207d2ed8b827bb2c8b55d6e8983/volume-2cd03e78-b65d-43ef-a36c-1951a237081b,backing_fmt=qcow2 /opt/stack/data/cinder/mnt/3584d207d2ed8b827bb2c8b55d6e8983/volume-2cd03e78-b65d-43ef-a36c-1951a237081b.4b60f66f-c38d-4343-9ed5-f8979057a585 1G
Apr 13 09:42:41 devstack sudo[85461]: pam_unix(sudo:session): session opened for user root(uid=0) by (uid=1000)
Apr 13 09:42:42 devstack sudo[85461]: pam_unix(sudo:session): session closed for user root
Apr 13 09:42:42 devstack cinder-volume[82295]: DEBUG oslo_concurrency.processutils [None req-22b2f88b-bc33-483a-8b7d-bed864d2c99f tempest-VolumesDeleteCascade-2138284285 None] CMD "sudo cinder-rootwrap /etc/cinder/rootwrap.conf qemu-img create -f qcow2 -o backing_file=/opt/stack/data/cinder/mnt/3584d207d2ed8b827bb2c8b55d6e8983/volume-2cd03e78-b65d-43ef-a36c-1951a237081b,backing_fmt=qcow2 /opt/stack/data/cinder/mnt/3584d207d2ed8b827bb2c8b55d6e8983/volume-2cd03e78-b65d-43ef-a36c-1951a237081b.4b60f66f-c38d-4343-9ed5-f8979057a585 1G" returned: 0 in 0.990s {{(pid=82295) execute /opt/stack/data/venv/lib/python3.10/site-packages/oslo_concurrency/processutils.py:468}}
Apr 13 09:42:42 devstack cinder-volume[82295]: DEBUG oslo_concurrency.processutils [None req-22b2f88b-bc33-483a-8b7d-bed864d2c99f tempest-VolumesDeleteCascade-2138284285 None] Running cmd (subprocess): sudo cinder-rootwrap /etc/cinder/rootwrap.conf qemu-img rebase -u -b volume-2cd03e78-b65d-43ef-a36c-1951a237081b -F qcow2 /opt/stack/data/cinder/mnt/3584d207d2ed8b827bb2c8b55d6e8983/volume-2cd03e78-b65d-43ef-a36c-1951a237081b.4b60f66f-c38d-4343-9ed5-f8979057a585 {{(pid=82295) execute /opt/stack/data/venv/lib/python3.10/site-packages/oslo_concurrency/processutils.py:440}}
Apr 13 09:42:42 devstack sudo[85467]: quobyte : PWD=/ ; USER=root ; COMMAND=/opt/stack/data/venv/bin/cinder-rootwrap /etc/cinder/rootwrap.conf qemu-img rebase -u -b volume-2cd03e78-b65d-43ef-a36c-1951a237081b -F qcow2 /opt/stack/data/cinder/mnt/3584d207d2ed8b827bb2c8b55d6e8983/volume-2cd03e78-b65d-43ef-a36c-1951a237081b.4b60f66f-c38d-4343-9ed5-f8979057a585
Apr 13 09:42:42 devstack sudo[85467]: pam_unix(sudo:session): session opened for user root(uid=0) by (uid=1000)
Apr 13 09:42:43 devstack sudo[85467]: pam_unix(sudo:session): session closed for user root
Apr 13 09:42:43 devstack cinder-volume[82295]: DEBUG oslo_concurrency.processutils [None req-22b2f88b-bc33-483a-8b7d-bed864d2c99f tempest-VolumesDeleteCascade-2138284285 None] CMD "sudo cinder-rootwrap /etc/cinder/rootwrap.conf qemu-img rebase -u -b volume-2cd03e78-b65d-43ef-a36c-1951a237081b -F qcow2 /opt/stack/data/cinder/mnt/3584d207d2ed8b827bb2c8b55d6e8983/volume-2cd03e78-b65d-43ef-a36c-1951a237081b.4b60f66f-c38d-4343-9ed5-f8979057a585" returned: 0 in 0.525s {{(pid=82295) execute /opt/stack/data/venv/lib/python3.10/site-packages/oslo_concurrency/processutils.py:468}}
Apr 13 09:42:43 devstack cinder-volume[82295]: WARNING cinder.volume.drivers.remotefs [None req-22b2f88b-bc33-483a-8b7d-bed864d2c99f tempest-VolumesDeleteCascade-2138284285 None] /opt/stack/data/cinder/mnt/3584d207d2ed8b827bb2c8b55d6e8983/volume-2cd03e78-b65d-43ef-a36c-1951a237081b.4b60f66f-c38d-4343-9ed5-f8979057a585 is being set with open permissions: ugo+rw
Apr 13 09:42:43 devstack cinder-volume[82295]: DEBUG oslo_concurrency.processutils [None req-22b2f88b-bc33-483a-8b7d-bed864d2c99f tempest-VolumesDeleteCascade-2138284285 None] Running cmd (subprocess): sudo cinder-rootwrap /etc/cinder/rootwrap.conf chmod ugo+rw /opt/stack/data/cinder/mnt/3584d207d2ed8b827bb2c8b55d6e8983/volume-2cd03e78-b65d-43ef-a36c-1951a237081b.4b60f66f-c38d-4343-9ed5-f8979057a585 {{(pid=82295) execute /opt/stack/data/venv/lib/python3.10/site-packages/oslo_concurrency/processutils.py:440}}
Apr 13 09:42:43 devstack sudo[85472]: quobyte : PWD=/ ; USER=root ; COMMAND=/opt/stack/data/venv/bin/cinder-rootwrap /etc/cinder/rootwrap.conf chmod ugo+rw /opt/stack/data/cinder/mnt/3584d207d2ed8b827bb2c8b55d6e8983/volume-2cd03e78-b65d-43ef-a36c-1951a237081b.4b60f66f-c38d-4343-9ed5-f8979057a585
Apr 13 09:42:43 devstack sudo[85472]: pam_unix(sudo:session): session opened for user root(uid=0) by (uid=1000)
Apr 13 09:42:44 devstack sudo[85472]: pam_unix(sudo:session): session closed for user root
Apr 13 09:42:44 devstack cinder-volume[82295]: DEBUG oslo_concurrency.processutils [None req-22b2f88b-bc33-483a-8b7d-bed864d2c99f tempest-VolumesDeleteCascade-2138284285 None] CMD "sudo cinder-rootwrap /etc/cinder/rootwrap.conf chmod ugo+rw /opt/stack/data/cinder/mnt/3584d207d2ed8b827bb2c8b55d6e8983/volume-2cd03e78-b65d-43ef-a36c-1951a237081b.4b60f66f-c38d-4343-9ed5-f8979057a585" returned: 0 in 0.594s {{(pid=82295) execute /opt/stack/data/venv/lib/python3.10/site-packages/oslo_concurrency/processutils.py:468}}
Apr 13 09:42:44 devstack cinder-volume[82295]: DEBUG oslo_concurrency.processutils [None req-22b2f88b-bc33-483a-8b7d-bed864d2c99f tempest-VolumesDeleteCascade-2138284285 None] Running cmd (subprocess): sudo cinder-rootwrap /etc/cinder/rootwrap.conf truncate -s0 /opt/stack/data/cinder/mnt/3584d207d2ed8b827bb2c8b55d6e8983/volume-2cd03e78-b65d-43ef-a36c-1951a237081b.info {{(pid=82295) execute /opt/stack/data/venv/lib/python3.10/site-packages/oslo_concurrency/processutils.py:440}}
Apr 13 09:42:44 devstack sudo[85477]: quobyte : PWD=/ ; USER=root ; COMMAND=/opt/stack/data/venv/bin/cinder-rootwrap /etc/cinder/rootwrap.conf truncate -s0 /opt/stack/data/cinder/mnt/3584d207d2ed8b827bb2c8b55d6e8983/volume-2cd03e78-b65d-43ef-a36c-1951a237081b.info
Apr 13 09:42:44 devstack sudo[85477]: pam_unix(sudo:session): session opened for user root(uid=0) by (uid=1000)
Apr 13 09:42:44 devstack sudo[85477]: pam_unix(sudo:session): session closed for user root
Apr 13 09:42:44 devstack cinder-volume[82295]: DEBUG oslo_concurrency.processutils [None req-22b2f88b-bc33-483a-8b7d-bed864d2c99f tempest-VolumesDeleteCascade-2138284285 None] CMD "sudo cinder-rootwrap /etc/cinder/rootwrap.conf truncate -s0 /opt/stack/data/cinder/mnt/3584d207d2ed8b827bb2c8b55d6e8983/volume-2cd03e78-b65d-43ef-a36c-1951a237081b.info" returned: 0 in 0.507s {{(pid=82295) execute /opt/stack/data/venv/lib/python3.10/site-packages/oslo_concurrency/processutils.py:468}}
Apr 13 09:42:44 devstack cinder-volume[82295]: WARNING cinder.volume.drivers.remotefs [None req-22b2f88b-bc33-483a-8b7d-bed864d2c99f tempest-VolumesDeleteCascade-2138284285 None] /opt/stack/data/cinder/mnt/3584d207d2ed8b827bb2c8b55d6e8983/volume-2cd03e78-b65d-43ef-a36c-1951a237081b.info is being set with open permissions: ugo+rw
Apr 13 09:42:44 devstack cinder-volume[82295]: DEBUG oslo_concurrency.processutils [None req-22b2f88b-bc33-483a-8b7d-bed864d2c99f tempest-VolumesDeleteCascade-2138284285 None] Running cmd (subprocess): sudo cinder-rootwrap /etc/cinder/rootwrap.conf chmod ugo+rw /opt/stack/data/cinder/mnt/3584d207d2ed8b827bb2c8b55d6e8983/volume-2cd03e78-b65d-43ef-a36c-1951a237081b.info {{(pid=82295) execute /opt/stack/data/venv/lib/python3.10/site-packages/oslo_concurrency/processutils.py:440}}
Apr 13 09:42:44 devstack sudo[85480]: quobyte : PWD=/ ; USER=root ; COMMAND=/opt/stack/data/venv/bin/cinder-rootwrap /etc/cinder/rootwrap.conf chmod ugo+rw /opt/stack/data/cinder/mnt/3584d207d2ed8b827bb2c8b55d6e8983/volume-2cd03e78-b65d-43ef-a36c-1951a237081b.info
Apr 13 09:42:44 devstack sudo[85480]: pam_unix(sudo:session): session opened for user root(uid=0) by (uid=1000)
Apr 13 09:42:45 devstack sudo[85480]: pam_unix(sudo:session): session closed for user root
Apr 13 09:42:45 devstack cinder-volume[82295]: DEBUG oslo_concurrency.processutils [None req-22b2f88b-bc33-483a-8b7d-bed864d2c99f tempest-VolumesDeleteCascade-2138284285 None] CMD "sudo cinder-rootwrap /etc/cinder/rootwrap.conf chmod ugo+rw /opt/stack/data/cinder/mnt/3584d207d2ed8b827bb2c8b55d6e8983/volume-2cd03e78-b65d-43ef-a36c-1951a237081b.info" returned: 0 in 0.627s {{(pid=82295) execute /opt/stack/data/venv/lib/python3.10/site-packages/oslo_concurrency/processutils.py:468}}
Apr 13 09:42:45 devstack cinder-volume[82295]: DEBUG oslo_concurrency.lockutils [None req-22b2f88b-bc33-483a-8b7d-bed864d2c99f tempest-VolumesDeleteCascade-2138284285 None] Lock "quobyte" "released" by "cinder.volume.drivers.quobyte.QuobyteDriver.create_snapshot" :: held 3.897s {{(pid=82295) inner /opt/stack/data/venv/lib/python3.10/site-packages/oslo_concurrency/lockutils.py:538}}
Apr 13 09:42:45 devstack cinder-volume[82295]: INFO cinder.volume.manager [None req-22b2f88b-bc33-483a-8b7d-bed864d2c99f tempest-VolumesDeleteCascade-2138284285 None] Create snapshot completed successfully
Apr 13 09:42:45 devstack cinder-volume[82295]: DEBUG oslo_concurrency.lockutils [None req-2d0f303d-71df-4ed5-af09-a84625db8541 tempest-VolumesDeleteCascade-2138284285 None] Acquiring lock "quobyte" by "cinder.volume.drivers.quobyte.QuobyteDriver.create_snapshot" {{(pid=82295) inner /opt/stack/data/venv/lib/python3.10/site-packages/oslo_concurrency/lockutils.py:506}}
Apr 13 09:42:45 devstack cinder-volume[82295]: DEBUG oslo_concurrency.lockutils [None req-2d0f303d-71df-4ed5-af09-a84625db8541 tempest-VolumesDeleteCascade-2138284285 None] Lock "quobyte" acquired by "cinder.volume.drivers.quobyte.QuobyteDriver.create_snapshot" :: waited 0.001s {{(pid=82295) inner /opt/stack/data/venv/lib/python3.10/site-packages/oslo_concurrency/lockutils.py:519}}
Apr 13 09:42:45 devstack cinder-volume[82295]: DEBUG cinder.volume.drivers.remotefs [None req-2d0f303d-71df-4ed5-af09-a84625db8541 tempest-VolumesDeleteCascade-2138284285 None] Creating offline snapshot 67e1cc19-1ca1-4d73-aeb0-0c83bc299b32 of volume 2cd03e78-b65d-43ef-a36c-1951a237081b {{(pid=82295) _create_snapshot /opt/stack/cinder/cinder/volume/drivers/remotefs.py:1815}}
Apr 13 09:42:45 devstack cinder-volume[82295]: DEBUG oslo.privsep.daemon [-] privsep: reply[09201040-a0fb-4fec-aa50-1b92dad1ae1e]: (4, 'qcow2') {{(pid=83336) _call_back /opt/stack/data/venv/lib/python3.10/site-packages/oslo_privsep/daemon.py:573}}
Apr 13 09:42:45 devstack cinder-volume[82295]: DEBUG oslo_concurrency.processutils [None req-2d0f303d-71df-4ed5-af09-a84625db8541 tempest-VolumesDeleteCascade-2138284285 None] Running cmd (subprocess): /opt/stack/data/venv/bin/python3.10 -m oslo_concurrency.prlimit --as=1073741824 --cpu=60 -- sudo cinder-rootwrap /etc/cinder/rootwrap.conf env LC_ALL=C qemu-img info -f qcow2 --output=json --force-share /opt/stack/data/cinder/mnt/3584d207d2ed8b827bb2c8b55d6e8983/volume-2cd03e78-b65d-43ef-a36c-1951a237081b.4b60f66f-c38d-4343-9ed5-f8979057a585 {{(pid=82295) execute /opt/stack/data/venv/lib/python3.10/site-packages/oslo_concurrency/processutils.py:440}}
Apr 13 09:42:45 devstack sudo[85483]: quobyte : PWD=/ ; USER=root ; COMMAND=/opt/stack/data/venv/bin/cinder-rootwrap /etc/cinder/rootwrap.conf env LC_ALL=C qemu-img info -f qcow2 --output=json --force-share /opt/stack/data/cinder/mnt/3584d207d2ed8b827bb2c8b55d6e8983/volume-2cd03e78-b65d-43ef-a36c-1951a237081b.4b60f66f-c38d-4343-9ed5-f8979057a585
Apr 13 09:42:45 devstack sudo[85483]: pam_unix(sudo:session): session opened for user root(uid=0) by (uid=1000)
Apr 13 09:42:46 devstack sudo[85483]: pam_unix(sudo:session): session closed for user root
Apr 13 09:42:46 devstack cinder-volume[82295]: DEBUG oslo_concurrency.processutils [None req-2d0f303d-71df-4ed5-af09-a84625db8541 tempest-VolumesDeleteCascade-2138284285 None] CMD "/opt/stack/data/venv/bin/python3.10 -m oslo_concurrency.prlimit --as=1073741824 --cpu=60 -- sudo cinder-rootwrap /etc/cinder/rootwrap.conf env LC_ALL=C qemu-img info -f qcow2 --output=json --force-share /opt/stack/data/cinder/mnt/3584d207d2ed8b827bb2c8b55d6e8983/volume-2cd03e78-b65d-43ef-a36c-1951a237081b.4b60f66f-c38d-4343-9ed5-f8979057a585" returned: 0 in 0.573s {{(pid=82295) execute /opt/stack/data/venv/lib/python3.10/site-packages/oslo_concurrency/processutils.py:468}}
Apr 13 09:42:46 devstack cinder-volume[82295]: DEBUG cinder.volume.drivers.remotefs [None req-2d0f303d-71df-4ed5-af09-a84625db8541 tempest-VolumesDeleteCascade-2138284285 None] Fetching qemu-img info with special backing_file_template: (/opt/stack/data/cinder/mnt/[0-9a-f]+/)?(volume-2cd03e78-b65d-43ef-a36c-1951a237081b(.(tmp-snap-)?[0-9a-f-]+)?|volume_from_snapshot_cache/(tmp-snap-)?[0-9a-f-]+(.(child-|parent-)[0-9a-f-]+)?)$ {{(pid=82295) _qemu_img_info_base /opt/stack/cinder/cinder/volume/drivers/remotefs.py:896}}
Apr 13 09:42:46 devstack cinder-volume[82295]: DEBUG oslo_concurrency.processutils [None req-2d0f303d-71df-4ed5-af09-a84625db8541 tempest-VolumesDeleteCascade-2138284285 None] Running cmd (subprocess): sudo cinder-rootwrap /etc/cinder/rootwrap.conf qemu-img create -f qcow2 -o backing_file=/opt/stack/data/cinder/mnt/3584d207d2ed8b827bb2c8b55d6e8983/volume-2cd03e78-b65d-43ef-a36c-1951a237081b.4b60f66f-c38d-4343-9ed5-f8979057a585,backing_fmt=qcow2 /opt/stack/data/cinder/mnt/3584d207d2ed8b827bb2c8b55d6e8983/volume-2cd03e78-b65d-43ef-a36c-1951a237081b.67e1cc19-1ca1-4d73-aeb0-0c83bc299b32 1G {{(pid=82295) execute /opt/stack/data/venv/lib/python3.10/site-packages/oslo_concurrency/processutils.py:440}}
Apr 13 09:42:46 devstack sudo[85495]: quobyte : PWD=/ ; USER=root ; COMMAND=/opt/stack/data/venv/bin/cinder-rootwrap /etc/cinder/rootwrap.conf qemu-img create -f qcow2 -o backing_file=/opt/stack/data/cinder/mnt/3584d207d2ed8b827bb2c8b55d6e8983/volume-2cd03e78-b65d-43ef-a36c-1951a237081b.4b60f66f-c38d-4343-9ed5-f8979057a585,backing_fmt=qcow2 /opt/stack/data/cinder/mnt/3584d207d2ed8b827bb2c8b55d6e8983/volume-2cd03e78-b65d-43ef-a36c-1951a237081b.67e1cc19-1ca1-4d73-aeb0-0c83bc299b32 1G
Apr 13 09:42:46 devstack sudo[85495]: pam_unix(sudo:session): session opened for user root(uid=0) by (uid=1000)
Apr 13 09:42:46 devstack sudo[85495]: pam_unix(sudo:session): session closed for user root
Apr 13 09:42:46 devstack cinder-volume[82295]: DEBUG oslo_concurrency.processutils [None req-2d0f303d-71df-4ed5-af09-a84625db8541 tempest-VolumesDeleteCascade-2138284285 None] CMD "sudo cinder-rootwrap /etc/cinder/rootwrap.conf qemu-img create -f qcow2 -o backing_file=/opt/stack/data/cinder/mnt/3584d207d2ed8b827bb2c8b55d6e8983/volume-2cd03e78-b65d-43ef-a36c-1951a237081b.4b60f66f-c38d-4343-9ed5-f8979057a585,backing_fmt=qcow2 /opt/stack/data/cinder/mnt/3584d207d2ed8b827bb2c8b55d6e8983/volume-2cd03e78-b65d-43ef-a36c-1951a237081b.67e1cc19-1ca1-4d73-aeb0-0c83bc299b32 1G" returned: 0 in 0.598s {{(pid=82295) execute /opt/stack/data/venv/lib/python3.10/site-packages/oslo_concurrency/processutils.py:468}}
Apr 13 09:42:46 devstack cinder-volume[82295]: DEBUG oslo_concurrency.processutils [None req-2d0f303d-71df-4ed5-af09-a84625db8541 tempest-VolumesDeleteCascade-2138284285 None] Running cmd (subprocess): sudo cinder-rootwrap /etc/cinder/rootwrap.conf qemu-img rebase -u -b volume-2cd03e78-b65d-43ef-a36c-1951a237081b.4b60f66f-c38d-4343-9ed5-f8979057a585 -F qcow2 /opt/stack/data/cinder/mnt/3584d207d2ed8b827bb2c8b55d6e8983/volume-2cd03e78-b65d-43ef-a36c-1951a237081b.67e1cc19-1ca1-4d73-aeb0-0c83bc299b32 {{(pid=82295) execute /opt/stack/data/venv/lib/python3.10/site-packages/oslo_concurrency/processutils.py:440}}
Apr 13 09:42:46 devstack sudo[85500]: quobyte : PWD=/ ; USER=root ; COMMAND=/opt/stack/data/venv/bin/cinder-rootwrap /etc/cinder/rootwrap.conf qemu-img rebase -u -b volume-2cd03e78-b65d-43ef-a36c-1951a237081b.4b60f66f-c38d-4343-9ed5-f8979057a585 -F qcow2 /opt/stack/data/cinder/mnt/3584d207d2ed8b827bb2c8b55d6e8983/volume-2cd03e78-b65d-43ef-a36c-1951a237081b.67e1cc19-1ca1-4d73-aeb0-0c83bc299b32
Apr 13 09:42:46 devstack sudo[85500]: pam_unix(sudo:session): session opened for user root(uid=0) by (uid=1000)
Apr 13 09:42:47 devstack sudo[85500]: pam_unix(sudo:session): session closed for user root
Apr 13 09:42:47 devstack cinder-volume[82295]: DEBUG oslo_concurrency.processutils [None req-2d0f303d-71df-4ed5-af09-a84625db8541 tempest-VolumesDeleteCascade-2138284285 None] CMD "sudo cinder-rootwrap /etc/cinder/rootwrap.conf qemu-img rebase -u -b volume-2cd03e78-b65d-43ef-a36c-1951a237081b.4b60f66f-c38d-4343-9ed5-f8979057a585 -F qcow2 /opt/stack/data/cinder/mnt/3584d207d2ed8b827bb2c8b55d6e8983/volume-2cd03e78-b65d-43ef-a36c-1951a237081b.67e1cc19-1ca1-4d73-aeb0-0c83bc299b32" returned: 0 in 0.508s {{(pid=82295) execute /opt/stack/data/venv/lib/python3.10/site-packages/oslo_concurrency/processutils.py:468}}
Apr 13 09:42:47 devstack cinder-volume[82295]: WARNING cinder.volume.drivers.remotefs [None req-2d0f303d-71df-4ed5-af09-a84625db8541 tempest-VolumesDeleteCascade-2138284285 None] /opt/stack/data/cinder/mnt/3584d207d2ed8b827bb2c8b55d6e8983/volume-2cd03e78-b65d-43ef-a36c-1951a237081b.67e1cc19-1ca1-4d73-aeb0-0c83bc299b32 is being set with open permissions: ugo+rw
Apr 13 09:42:47 devstack cinder-volume[82295]: DEBUG oslo_concurrency.processutils [None req-2d0f303d-71df-4ed5-af09-a84625db8541 tempest-VolumesDeleteCascade-2138284285 None] Running cmd (subprocess): sudo cinder-rootwrap /etc/cinder/rootwrap.conf chmod ugo+rw /opt/stack/data/cinder/mnt/3584d207d2ed8b827bb2c8b55d6e8983/volume-2cd03e78-b65d-43ef-a36c-1951a237081b.67e1cc19-1ca1-4d73-aeb0-0c83bc299b32 {{(pid=82295) execute /opt/stack/data/venv/lib/python3.10/site-packages/oslo_concurrency/processutils.py:440}}
Apr 13 09:42:47 devstack sudo[85511]: quobyte : PWD=/ ; USER=root ; COMMAND=/opt/stack/data/venv/bin/cinder-rootwrap /etc/cinder/rootwrap.conf chmod ugo+rw /opt/stack/data/cinder/mnt/3584d207d2ed8b827bb2c8b55d6e8983/volume-2cd03e78-b65d-43ef-a36c-1951a237081b.67e1cc19-1ca1-4d73-aeb0-0c83bc299b32
Apr 13 09:42:47 devstack sudo[85511]: pam_unix(sudo:session): session opened for user root(uid=0) by (uid=1000)
Apr 13 09:42:48 devstack sudo[85511]: pam_unix(sudo:session): session closed for user root
Apr 13 09:42:48 devstack cinder-volume[82295]: DEBUG oslo_concurrency.processutils [None req-2d0f303d-71df-4ed5-af09-a84625db8541 tempest-VolumesDeleteCascade-2138284285 None] CMD "sudo cinder-rootwrap /etc/cinder/rootwrap.conf chmod ugo+rw /opt/stack/data/cinder/mnt/3584d207d2ed8b827bb2c8b55d6e8983/volume-2cd03e78-b65d-43ef-a36c-1951a237081b.67e1cc19-1ca1-4d73-aeb0-0c83bc299b32" returned: 0 in 0.577s {{(pid=82295) execute /opt/stack/data/venv/lib/python3.10/site-packages/oslo_concurrency/processutils.py:468}}
Apr 13 09:42:48 devstack cinder-volume[82295]: DEBUG oslo_concurrency.lockutils [None req-2d0f303d-71df-4ed5-af09-a84625db8541 tempest-VolumesDeleteCascade-2138284285 None] Lock "quobyte" "released" by "cinder.volume.drivers.quobyte.QuobyteDriver.create_snapshot" :: held 2.317s {{(pid=82295) inner /opt/stack/data/venv/lib/python3.10/site-packages/oslo_concurrency/lockutils.py:538}}
Apr 13 09:42:48 devstack cinder-volume[82295]: INFO cinder.volume.manager [None req-2d0f303d-71df-4ed5-af09-a84625db8541 tempest-VolumesDeleteCascade-2138284285 None] Create snapshot completed successfully
Apr 13 09:42:48 devstack cinder-volume[82295]: DEBUG cinder.coordination [None req-9140ec80-0043-4f5f-8e15-18c2742b914d tempest-VolumesDeleteCascade-2138284285 None] Acquiring lock "cinder-2cd03e78-b65d-43ef-a36c-1951a237081b-delete_volume" by "delete_volume" {{(pid=82295) __acquire /opt/stack/cinder/cinder/coordination.py:138}}
Apr 13 09:42:48 devstack cinder-volume[82295]: DEBUG cinder.coordination [None req-9140ec80-0043-4f5f-8e15-18c2742b914d tempest-VolumesDeleteCascade-2138284285 None] Lock "cinder-2cd03e78-b65d-43ef-a36c-1951a237081b-delete_volume" acquired by "delete_volume" :: waited 0.022s {{(pid=82295) __acquire /opt/stack/cinder/cinder/coordination.py:141}}
Apr 13 09:42:49 devstack cinder-volume[82295]: DEBUG cinder.volume.manager [None req-9140ec80-0043-4f5f-8e15-18c2742b914d tempest-VolumesDeleteCascade-2138284285 None] Performing cascade delete. {{(pid=82295) delete_volume /opt/stack/cinder/cinder/volume/manager.py:995}}
Apr 13 09:42:49 devstack cinder-volume[82295]: DEBUG cinder.coordination [None req-9140ec80-0043-4f5f-8e15-18c2742b914d tempest-VolumesDeleteCascade-2138284285 None] Acquiring lock "cinder-4b60f66f-c38d-4343-9ed5-f8979057a585-delete_snapshot" by "delete_snapshot" {{(pid=82295) __acquire /opt/stack/cinder/cinder/coordination.py:138}}
Apr 13 09:42:49 devstack cinder-volume[82295]: DEBUG cinder.coordination [None req-9140ec80-0043-4f5f-8e15-18c2742b914d tempest-VolumesDeleteCascade-2138284285 None] Lock "cinder-4b60f66f-c38d-4343-9ed5-f8979057a585-delete_snapshot" acquired by "delete_snapshot" :: waited 0.006s {{(pid=82295) __acquire /opt/stack/cinder/cinder/coordination.py:141}}
Apr 13 09:42:49 devstack cinder-volume[82295]: DEBUG cinder.coordination [None req-9140ec80-0043-4f5f-8e15-18c2742b914d tempest-VolumesDeleteCascade-2138284285 None] Acquiring lock "cinder-quobyte-2cd03e78-b65d-43ef-a36c-1951a237081b" by "delete_snapshot" {{(pid=82295) __acquire /opt/stack/cinder/cinder/coordination.py:138}}
Apr 13 09:42:49 devstack cinder-volume[82295]: DEBUG cinder.coordination [None req-9140ec80-0043-4f5f-8e15-18c2742b914d tempest-VolumesDeleteCascade-2138284285 None] Lock "cinder-quobyte-2cd03e78-b65d-43ef-a36c-1951a237081b" acquired by "delete_snapshot" :: waited 0.008s {{(pid=82295) __acquire /opt/stack/cinder/cinder/coordination.py:141}}
Apr 13 09:42:49 devstack cinder-volume[82295]: DEBUG cinder.coordination [None req-9140ec80-0043-4f5f-8e15-18c2742b914d tempest-VolumesDeleteCascade-2138284285 None] Acquiring lock "cinder-quobyte-4b60f66f-c38d-4343-9ed5-f8979057a585" by "_delete_snapshot" {{(pid=82295) __acquire /opt/stack/cinder/cinder/coordination.py:138}}
Apr 13 09:42:49 devstack cinder-volume[82295]: DEBUG cinder.coordination [None req-9140ec80-0043-4f5f-8e15-18c2742b914d tempest-VolumesDeleteCascade-2138284285 None] Lock "cinder-quobyte-4b60f66f-c38d-4343-9ed5-f8979057a585" acquired by "_delete_snapshot" :: waited 0.006s {{(pid=82295) __acquire /opt/stack/cinder/cinder/coordination.py:141}}
Apr 13 09:42:49 devstack cinder-volume[82295]: DEBUG cinder.volume.drivers.remotefs [None req-9140ec80-0043-4f5f-8e15-18c2742b914d tempest-VolumesDeleteCascade-2138284285 None] Deleting offline snapshot 4b60f66f-c38d-4343-9ed5-f8979057a585 of volume 2cd03e78-b65d-43ef-a36c-1951a237081b {{(pid=82295) _delete_snapshot /opt/stack/cinder/cinder/volume/drivers/remotefs.py:1288}}
Apr 13 09:42:49 devstack cinder-volume[82295]: DEBUG cinder.volume.drivers.remotefs [None req-9140ec80-0043-4f5f-8e15-18c2742b914d tempest-VolumesDeleteCascade-2138284285 None] snapshot_file for this snap is: volume-2cd03e78-b65d-43ef-a36c-1951a237081b.4b60f66f-c38d-4343-9ed5-f8979057a585 {{(pid=82295) _delete_snapshot /opt/stack/cinder/cinder/volume/drivers/remotefs.py:1317}}
Apr 13 09:42:49 devstack cinder-volume[82295]: DEBUG oslo.privsep.daemon [-] privsep: reply[9a84146f-ec5c-4bea-b863-29555028927f]: (4, 'qcow2') {{(pid=83336) _call_back /opt/stack/data/venv/lib/python3.10/site-packages/oslo_privsep/daemon.py:573}}
Apr 13 09:42:49 devstack cinder-volume[82295]: DEBUG oslo_concurrency.processutils [None req-9140ec80-0043-4f5f-8e15-18c2742b914d tempest-VolumesDeleteCascade-2138284285 None] Running cmd (subprocess): /opt/stack/data/venv/bin/python3.10 -m oslo_concurrency.prlimit --as=1073741824 --cpu=60 -- sudo cinder-rootwrap /etc/cinder/rootwrap.conf env LC_ALL=C qemu-img info -f qcow2 --output=json --force-share /opt/stack/data/cinder/mnt/3584d207d2ed8b827bb2c8b55d6e8983/volume-2cd03e78-b65d-43ef-a36c-1951a237081b.4b60f66f-c38d-4343-9ed5-f8979057a585 {{(pid=82295) execute /opt/stack/data/venv/lib/python3.10/site-packages/oslo_concurrency/processutils.py:440}}
Apr 13 09:42:49 devstack sudo[85541]: quobyte : PWD=/ ; USER=root ; COMMAND=/opt/stack/data/venv/bin/cinder-rootwrap /etc/cinder/rootwrap.conf env LC_ALL=C qemu-img info -f qcow2 --output=json --force-share /opt/stack/data/cinder/mnt/3584d207d2ed8b827bb2c8b55d6e8983/volume-2cd03e78-b65d-43ef-a36c-1951a237081b.4b60f66f-c38d-4343-9ed5-f8979057a585
Apr 13 09:42:49 devstack sudo[85541]: pam_unix(sudo:session): session opened for user root(uid=0) by (uid=1000)
Apr 13 09:42:49 devstack sudo[85541]: pam_unix(sudo:session): session closed for user root
Apr 13 09:42:49 devstack cinder-volume[82295]: DEBUG oslo_concurrency.processutils [None req-9140ec80-0043-4f5f-8e15-18c2742b914d tempest-VolumesDeleteCascade-2138284285 None] CMD "/opt/stack/data/venv/bin/python3.10 -m oslo_concurrency.prlimit --as=1073741824 --cpu=60 -- sudo cinder-rootwrap /etc/cinder/rootwrap.conf env LC_ALL=C qemu-img info -f qcow2 --output=json --force-share /opt/stack/data/cinder/mnt/3584d207d2ed8b827bb2c8b55d6e8983/volume-2cd03e78-b65d-43ef-a36c-1951a237081b.4b60f66f-c38d-4343-9ed5-f8979057a585" returned: 0 in 0.688s {{(pid=82295) execute /opt/stack/data/venv/lib/python3.10/site-packages/oslo_concurrency/processutils.py:468}}
Apr 13 09:42:49 devstack cinder-volume[82295]: DEBUG cinder.volume.drivers.remotefs [None req-9140ec80-0043-4f5f-8e15-18c2742b914d tempest-VolumesDeleteCascade-2138284285 None] Fetching qemu-img info with special backing_file_template: (/opt/stack/data/cinder/mnt/[0-9a-f]+/)?(volume-2cd03e78-b65d-43ef-a36c-1951a237081b(.(tmp-snap-)?[0-9a-f-]+)?|volume_from_snapshot_cache/(tmp-snap-)?[0-9a-f-]+(.(child-|parent-)[0-9a-f-]+)?)$ {{(pid=82295) _qemu_img_info_base /opt/stack/cinder/cinder/volume/drivers/remotefs.py:896}}
Apr 13 09:42:49 devstack cinder-volume[82295]: DEBUG oslo.privsep.daemon [-] privsep: reply[04d59f69-8ccf-4d05-8785-fa25cf732c63]: (4, 'qcow2') {{(pid=83336) _call_back /opt/stack/data/venv/lib/python3.10/site-packages/oslo_privsep/daemon.py:573}}
Apr 13 09:42:49 devstack cinder-volume[82295]: DEBUG oslo_concurrency.processutils [None req-9140ec80-0043-4f5f-8e15-18c2742b914d tempest-VolumesDeleteCascade-2138284285 None] Running cmd (subprocess): /opt/stack/data/venv/bin/python3.10 -m oslo_concurrency.prlimit --as=1073741824 --cpu=60 -- sudo cinder-rootwrap /etc/cinder/rootwrap.conf env LC_ALL=C qemu-img info -f qcow2 --output=json --force-share /opt/stack/data/cinder/mnt/3584d207d2ed8b827bb2c8b55d6e8983/volume-2cd03e78-b65d-43ef-a36c-1951a237081b {{(pid=82295) execute /opt/stack/data/venv/lib/python3.10/site-packages/oslo_concurrency/processutils.py:440}}
Apr 13 09:42:49 devstack sudo[85565]: quobyte : PWD=/ ; USER=root ; COMMAND=/opt/stack/data/venv/bin/cinder-rootwrap /etc/cinder/rootwrap.conf env LC_ALL=C qemu-img info -f qcow2 --output=json --force-share /opt/stack/data/cinder/mnt/3584d207d2ed8b827bb2c8b55d6e8983/volume-2cd03e78-b65d-43ef-a36c-1951a237081b
Apr 13 09:42:49 devstack sudo[85565]: pam_unix(sudo:session): session opened for user root(uid=0) by (uid=1000)
Apr 13 09:42:50 devstack sudo[85565]: pam_unix(sudo:session): session closed for user root
Apr 13 09:42:50 devstack cinder-volume[82295]: DEBUG oslo_concurrency.processutils [None req-9140ec80-0043-4f5f-8e15-18c2742b914d tempest-VolumesDeleteCascade-2138284285 None] CMD "/opt/stack/data/venv/bin/python3.10 -m oslo_concurrency.prlimit --as=1073741824 --cpu=60 -- sudo cinder-rootwrap /etc/cinder/rootwrap.conf env LC_ALL=C qemu-img info -f qcow2 --output=json --force-share /opt/stack/data/cinder/mnt/3584d207d2ed8b827bb2c8b55d6e8983/volume-2cd03e78-b65d-43ef-a36c-1951a237081b" returned: 0 in 0.662s {{(pid=82295) execute /opt/stack/data/venv/lib/python3.10/site-packages/oslo_concurrency/processutils.py:468}}
Apr 13 09:42:50 devstack cinder-volume[82295]: DEBUG oslo.privsep.daemon [-] privsep: reply[e480eeed-b40b-4c12-bfb5-c15a1160e238]: (4, 'qcow2') {{(pid=83336) _call_back /opt/stack/data/venv/lib/python3.10/site-packages/oslo_privsep/daemon.py:573}}
Apr 13 09:42:50 devstack cinder-volume[82295]: DEBUG oslo_concurrency.processutils [None req-9140ec80-0043-4f5f-8e15-18c2742b914d tempest-VolumesDeleteCascade-2138284285 None] Running cmd (subprocess): /opt/stack/data/venv/bin/python3.10 -m oslo_concurrency.prlimit --as=1073741824 --cpu=60 -- sudo cinder-rootwrap /etc/cinder/rootwrap.conf env LC_ALL=C qemu-img info -f qcow2 --output=json --force-share /opt/stack/data/cinder/mnt/3584d207d2ed8b827bb2c8b55d6e8983/volume-2cd03e78-b65d-43ef-a36c-1951a237081b.67e1cc19-1ca1-4d73-aeb0-0c83bc299b32 {{(pid=82295) execute /opt/stack/data/venv/lib/python3.10/site-packages/oslo_concurrency/processutils.py:440}}
Apr 13 09:42:50 devstack sudo[85570]: quobyte : PWD=/ ; USER=root ; COMMAND=/opt/stack/data/venv/bin/cinder-rootwrap /etc/cinder/rootwrap.conf env LC_ALL=C qemu-img info -f qcow2 --output=json --force-share /opt/stack/data/cinder/mnt/3584d207d2ed8b827bb2c8b55d6e8983/volume-2cd03e78-b65d-43ef-a36c-1951a237081b.67e1cc19-1ca1-4d73-aeb0-0c83bc299b32
Apr 13 09:42:50 devstack sudo[85570]: pam_unix(sudo:session): session opened for user root(uid=0) by (uid=1000)
Apr 13 09:42:51 devstack sudo[85570]: pam_unix(sudo:session): session closed for user root
Apr 13 09:42:51 devstack cinder-volume[82295]: DEBUG oslo_concurrency.processutils [None req-9140ec80-0043-4f5f-8e15-18c2742b914d tempest-VolumesDeleteCascade-2138284285 None] CMD "/opt/stack/data/venv/bin/python3.10 -m oslo_concurrency.prlimit --as=1073741824 --cpu=60 -- sudo cinder-rootwrap /etc/cinder/rootwrap.conf env LC_ALL=C qemu-img info -f qcow2 --output=json --force-share /opt/stack/data/cinder/mnt/3584d207d2ed8b827bb2c8b55d6e8983/volume-2cd03e78-b65d-43ef-a36c-1951a237081b.67e1cc19-1ca1-4d73-aeb0-0c83bc299b32" returned: 0 in 0.686s {{(pid=82295) execute /opt/stack/data/venv/lib/python3.10/site-packages/oslo_concurrency/processutils.py:468}}
