Jul 03 23:50:58 devstack cinder-volume[86650]: DEBUG cinder.volume.manager [None req-004ea3ce-7a6f-4900-a69c-7d2119fada28 tempest-GroupSnapshotsTest-1854254363 None] Group snapshot 485a4b1a-0ce0-4598-aa49-ae83c1232f18: creating. {{(pid=86650) create_group_snapshot /opt/stack/cinder/cinder/volume/manager.py:4175}}
Jul 03 23:50:58 devstack cinder-volume[86650]: DEBUG oslo_concurrency.lockutils [None req-004ea3ce-7a6f-4900-a69c-7d2119fada28 tempest-GroupSnapshotsTest-1854254363 None] Acquiring lock "quobyte" by "cinder.volume.drivers.quobyte.QuobyteDriver.create_snapshot" {{(pid=86650) inner /opt/stack/data/venv/lib/python3.12/site-packages/oslo_concurrency/lockutils.py:511}}
Jul 03 23:50:58 devstack cinder-volume[86650]: DEBUG oslo_concurrency.lockutils [None req-004ea3ce-7a6f-4900-a69c-7d2119fada28 tempest-GroupSnapshotsTest-1854254363 None] Lock "quobyte" acquired by "cinder.volume.drivers.quobyte.QuobyteDriver.create_snapshot" :: waited 0.001s {{(pid=86650) inner /opt/stack/data/venv/lib/python3.12/site-packages/oslo_concurrency/lockutils.py:524}}
Jul 03 23:50:58 devstack cinder-volume[86650]: DEBUG cinder.volume.drivers.remotefs [None req-004ea3ce-7a6f-4900-a69c-7d2119fada28 tempest-GroupSnapshotsTest-1854254363 None] Creating offline snapshot 1d8b7d40-f2ba-4fc8-8c14-b7fc1507affd of volume 6a2a85bf-3231-435e-bad7-34760980ca42 {{(pid=86650) _create_snapshot /opt/stack/cinder/cinder/volume/drivers/remotefs.py:1816}}
Jul 03 23:50:58 devstack cinder-volume[86650]: DEBUG oslo.privsep.daemon [-] privsep: reply[d8c48fbb-ea01-44ee-bf86-8cdd063e524e]: (4, 'qcow2') {{(pid=87748) _call_back /opt/stack/data/venv/lib/python3.12/site-packages/oslo_privsep/daemon.py:580}}
Jul 03 23:50:58 devstack cinder-volume[86650]: DEBUG oslo_concurrency.processutils [None req-004ea3ce-7a6f-4900-a69c-7d2119fada28 tempest-GroupSnapshotsTest-1854254363 None] Running cmd (subprocess): /opt/stack/data/venv/bin/python3.12 -m oslo_concurrency.prlimit --as=1073741824 --cpu=60 -- sudo cinder-rootwrap /etc/cinder/rootwrap.conf env LC_ALL=C qemu-img info -f qcow2 --output=json --force-share /opt/stack/data/cinder/mnt/277a21b6be71cc24fd8f2eedb21f7d8d/volume-6a2a85bf-3231-435e-bad7-34760980ca42 {{(pid=86650) execute /opt/stack/data/venv/lib/python3.12/site-packages/oslo_concurrency/processutils.py:440}}
Jul 03 23:50:59 devstack sudo[88736]: quobyte : PWD=/ ; USER=root ; COMMAND=/opt/stack/data/venv/bin/cinder-rootwrap /etc/cinder/rootwrap.conf env LC_ALL=C qemu-img info -f qcow2 --output=json --force-share /opt/stack/data/cinder/mnt/277a21b6be71cc24fd8f2eedb21f7d8d/volume-6a2a85bf-3231-435e-bad7-34760980ca42
Jul 03 23:50:59 devstack sudo[88736]: pam_unix(sudo:session): session opened for user root(uid=0) by (uid=1000)
Jul 03 23:50:59 devstack sudo[88736]: pam_unix(sudo:session): session closed for user root
Jul 03 23:50:59 devstack cinder-volume[86650]: DEBUG oslo_concurrency.processutils [None req-004ea3ce-7a6f-4900-a69c-7d2119fada28 tempest-GroupSnapshotsTest-1854254363 None] CMD "/opt/stack/data/venv/bin/python3.12 -m oslo_concurrency.prlimit --as=1073741824 --cpu=60 -- sudo cinder-rootwrap /etc/cinder/rootwrap.conf env LC_ALL=C qemu-img info -f qcow2 --output=json --force-share /opt/stack/data/cinder/mnt/277a21b6be71cc24fd8f2eedb21f7d8d/volume-6a2a85bf-3231-435e-bad7-34760980ca42" returned: 0 in 0.981s {{(pid=86650) execute /opt/stack/data/venv/lib/python3.12/site-packages/oslo_concurrency/processutils.py:468}}
Jul 03 23:50:59 devstack cinder-volume[86650]: DEBUG oslo_concurrency.processutils [None req-004ea3ce-7a6f-4900-a69c-7d2119fada28 tempest-GroupSnapshotsTest-1854254363 None] Running cmd (subprocess): sudo cinder-rootwrap /etc/cinder/rootwrap.conf qemu-img create -f qcow2 -o backing_file=/opt/stack/data/cinder/mnt/277a21b6be71cc24fd8f2eedb21f7d8d/volume-6a2a85bf-3231-435e-bad7-34760980ca42,backing_fmt=qcow2 /opt/stack/data/cinder/mnt/277a21b6be71cc24fd8f2eedb21f7d8d/volume-6a2a85bf-3231-435e-bad7-34760980ca42.1d8b7d40-f2ba-4fc8-8c14-b7fc1507affd 1G {{(pid=86650) execute /opt/stack/data/venv/lib/python3.12/site-packages/oslo_concurrency/processutils.py:440}}
Jul 03 23:50:59 devstack sudo[88742]: quobyte : PWD=/ ; USER=root ; COMMAND=/opt/stack/data/venv/bin/cinder-rootwrap /etc/cinder/rootwrap.conf qemu-img create -f qcow2 -o backing_file=/opt/stack/data/cinder/mnt/277a21b6be71cc24fd8f2eedb21f7d8d/volume-6a2a85bf-3231-435e-bad7-34760980ca42,backing_fmt=qcow2 /opt/stack/data/cinder/mnt/277a21b6be71cc24fd8f2eedb21f7d8d/volume-6a2a85bf-3231-435e-bad7-34760980ca42.1d8b7d40-f2ba-4fc8-8c14-b7fc1507affd 1G
Jul 03 23:50:59 devstack sudo[88742]: pam_unix(sudo:session): session opened for user root(uid=0) by (uid=1000)
Jul 03 23:51:00 devstack sudo[88742]: pam_unix(sudo:session): session closed for user root
Jul 03 23:51:00 devstack cinder-volume[86650]: DEBUG oslo_concurrency.processutils [None req-004ea3ce-7a6f-4900-a69c-7d2119fada28 tempest-GroupSnapshotsTest-1854254363 None] CMD "sudo cinder-rootwrap /etc/cinder/rootwrap.conf qemu-img create -f qcow2 -o backing_file=/opt/stack/data/cinder/mnt/277a21b6be71cc24fd8f2eedb21f7d8d/volume-6a2a85bf-3231-435e-bad7-34760980ca42,backing_fmt=qcow2 /opt/stack/data/cinder/mnt/277a21b6be71cc24fd8f2eedb21f7d8d/volume-6a2a85bf-3231-435e-bad7-34760980ca42.1d8b7d40-f2ba-4fc8-8c14-b7fc1507affd 1G" returned: 0 in 0.950s {{(pid=86650) execute /opt/stack/data/venv/lib/python3.12/site-packages/oslo_concurrency/processutils.py:468}}
Jul 03 23:51:00 devstack cinder-volume[86650]: DEBUG oslo_concurrency.processutils [None req-004ea3ce-7a6f-4900-a69c-7d2119fada28 tempest-GroupSnapshotsTest-1854254363 None] Running cmd (subprocess): sudo cinder-rootwrap /etc/cinder/rootwrap.conf qemu-img rebase -u -b volume-6a2a85bf-3231-435e-bad7-34760980ca42 -F qcow2 /opt/stack/data/cinder/mnt/277a21b6be71cc24fd8f2eedb21f7d8d/volume-6a2a85bf-3231-435e-bad7-34760980ca42.1d8b7d40-f2ba-4fc8-8c14-b7fc1507affd {{(pid=86650) execute /opt/stack/data/venv/lib/python3.12/site-packages/oslo_concurrency/processutils.py:440}}
Jul 03 23:51:00 devstack sudo[88748]: quobyte : PWD=/ ; USER=root ; COMMAND=/opt/stack/data/venv/bin/cinder-rootwrap /etc/cinder/rootwrap.conf qemu-img rebase -u -b volume-6a2a85bf-3231-435e-bad7-34760980ca42 -F qcow2 /opt/stack/data/cinder/mnt/277a21b6be71cc24fd8f2eedb21f7d8d/volume-6a2a85bf-3231-435e-bad7-34760980ca42.1d8b7d40-f2ba-4fc8-8c14-b7fc1507affd
Jul 03 23:51:00 devstack sudo[88748]: pam_unix(sudo:session): session opened for user root(uid=0) by (uid=1000)
Jul 03 23:51:01 devstack sudo[88748]: pam_unix(sudo:session): session closed for user root
Jul 03 23:51:01 devstack cinder-volume[86650]: DEBUG oslo_concurrency.processutils [None req-004ea3ce-7a6f-4900-a69c-7d2119fada28 tempest-GroupSnapshotsTest-1854254363 None] CMD "sudo cinder-rootwrap /etc/cinder/rootwrap.conf qemu-img rebase -u -b volume-6a2a85bf-3231-435e-bad7-34760980ca42 -F qcow2 /opt/stack/data/cinder/mnt/277a21b6be71cc24fd8f2eedb21f7d8d/volume-6a2a85bf-3231-435e-bad7-34760980ca42.1d8b7d40-f2ba-4fc8-8c14-b7fc1507affd" returned: 0 in 0.903s {{(pid=86650) execute /opt/stack/data/venv/lib/python3.12/site-packages/oslo_concurrency/processutils.py:468}}
Jul 03 23:51:01 devstack cinder-volume[86650]: WARNING cinder.volume.drivers.remotefs [None req-004ea3ce-7a6f-4900-a69c-7d2119fada28 tempest-GroupSnapshotsTest-1854254363 None] /opt/stack/data/cinder/mnt/277a21b6be71cc24fd8f2eedb21f7d8d/volume-6a2a85bf-3231-435e-bad7-34760980ca42.1d8b7d40-f2ba-4fc8-8c14-b7fc1507affd is being set with open permissions: ugo+rw: NotImplementedError
Jul 03 23:51:01 devstack cinder-volume[86650]: DEBUG oslo_concurrency.processutils [None req-004ea3ce-7a6f-4900-a69c-7d2119fada28 tempest-GroupSnapshotsTest-1854254363 None] Running cmd (subprocess): sudo cinder-rootwrap /etc/cinder/rootwrap.conf chmod ugo+rw /opt/stack/data/cinder/mnt/277a21b6be71cc24fd8f2eedb21f7d8d/volume-6a2a85bf-3231-435e-bad7-34760980ca42.1d8b7d40-f2ba-4fc8-8c14-b7fc1507affd {{(pid=86650) execute /opt/stack/data/venv/lib/python3.12/site-packages/oslo_concurrency/processutils.py:440}}
Jul 03 23:51:01 devstack sudo[88753]: quobyte : PWD=/ ; USER=root ; COMMAND=/opt/stack/data/venv/bin/cinder-rootwrap /etc/cinder/rootwrap.conf chmod ugo+rw /opt/stack/data/cinder/mnt/277a21b6be71cc24fd8f2eedb21f7d8d/volume-6a2a85bf-3231-435e-bad7-34760980ca42.1d8b7d40-f2ba-4fc8-8c14-b7fc1507affd
Jul 03 23:51:01 devstack sudo[88753]: pam_unix(sudo:session): session opened for user root(uid=0) by (uid=1000)
Jul 03 23:51:02 devstack sudo[88753]: pam_unix(sudo:session): session closed for user root
Jul 03 23:51:02 devstack cinder-volume[86650]: DEBUG oslo_concurrency.processutils [None req-004ea3ce-7a6f-4900-a69c-7d2119fada28 tempest-GroupSnapshotsTest-1854254363 None] CMD "sudo cinder-rootwrap /etc/cinder/rootwrap.conf chmod ugo+rw /opt/stack/data/cinder/mnt/277a21b6be71cc24fd8f2eedb21f7d8d/volume-6a2a85bf-3231-435e-bad7-34760980ca42.1d8b7d40-f2ba-4fc8-8c14-b7fc1507affd" returned: 0 in 0.800s {{(pid=86650) execute /opt/stack/data/venv/lib/python3.12/site-packages/oslo_concurrency/processutils.py:468}}
Jul 03 23:51:02 devstack cinder-volume[86650]: DEBUG oslo_concurrency.processutils [None req-004ea3ce-7a6f-4900-a69c-7d2119fada28 tempest-GroupSnapshotsTest-1854254363 None] Running cmd (subprocess): sudo cinder-rootwrap /etc/cinder/rootwrap.conf truncate -s0 /opt/stack/data/cinder/mnt/277a21b6be71cc24fd8f2eedb21f7d8d/volume-6a2a85bf-3231-435e-bad7-34760980ca42.info {{(pid=86650) execute /opt/stack/data/venv/lib/python3.12/site-packages/oslo_concurrency/processutils.py:440}}
Jul 03 23:51:02 devstack sudo[88756]: quobyte : PWD=/ ; USER=root ; COMMAND=/opt/stack/data/venv/bin/cinder-rootwrap /etc/cinder/rootwrap.conf truncate -s0 /opt/stack/data/cinder/mnt/277a21b6be71cc24fd8f2eedb21f7d8d/volume-6a2a85bf-3231-435e-bad7-34760980ca42.info
Jul 03 23:51:02 devstack sudo[88756]: pam_unix(sudo:session): session opened for user root(uid=0) by (uid=1000)
Jul 03 23:51:03 devstack cinder-volume[86650]: DEBUG cinder.volume.flows.manager.create_volume [None req-6fdc8891-60ea-4896-b907-b851f7093835 tempest-TaggedAttachmentsTest-659473798 None] Volume reschedule parameters: True retry: {'num_attempts': 1, 'backends': ['devstack@QuobyteHD#QuobyteHD'], 'hosts': ['devstack@QuobyteHD#QuobyteHD']} {{(pid=86650) get_flow /opt/stack/cinder/cinder/volume/flows/manager/create_volume.py:1397}}
Jul 03 23:51:03 devstack sudo[88756]: pam_unix(sudo:session): session closed for user root
Jul 03 23:51:03 devstack cinder-volume[86650]: DEBUG cinder.volume.manager [None req-6fdc8891-60ea-4896-b907-b851f7093835 tempest-TaggedAttachmentsTest-659473798 None] Flow 'volume_create_manager' (1d110660-8ebf-4eb8-9859-572c1e09a6a0) transitioned into state 'RUNNING' from state 'PENDING' {{(pid=86650) _flow_receiver /opt/stack/data/venv/lib/python3.12/site-packages/taskflow/listeners/logging.py:160}}
Jul 03 23:51:03 devstack cinder-volume[86650]: DEBUG cinder.volume.manager [None req-6fdc8891-60ea-4896-b907-b851f7093835 tempest-TaggedAttachmentsTest-659473798 None] Task 'cinder.volume.flows.manager.create_volume.ExtractVolumeRefTask;volume:create' (a7ad1c9c-9589-47b8-8fd9-357eb9646671) transitioned into state 'RUNNING' from state 'PENDING' {{(pid=86650) _task_receiver /opt/stack/data/venv/lib/python3.12/site-packages/taskflow/listeners/logging.py:242}}
Jul 03 23:51:03 devstack cinder-volume[86650]: DEBUG oslo_concurrency.processutils [None req-004ea3ce-7a6f-4900-a69c-7d2119fada28 tempest-GroupSnapshotsTest-1854254363 None] CMD "sudo cinder-rootwrap /etc/cinder/rootwrap.conf truncate -s0 /opt/stack/data/cinder/mnt/277a21b6be71cc24fd8f2eedb21f7d8d/volume-6a2a85bf-3231-435e-bad7-34760980ca42.info" returned: 0 in 1.046s {{(pid=86650) execute /opt/stack/data/venv/lib/python3.12/site-packages/oslo_concurrency/processutils.py:468}}
Jul 03 23:51:03 devstack cinder-volume[86650]: WARNING cinder.volume.drivers.remotefs [None req-004ea3ce-7a6f-4900-a69c-7d2119fada28 tempest-GroupSnapshotsTest-1854254363 None] /opt/stack/data/cinder/mnt/277a21b6be71cc24fd8f2eedb21f7d8d/volume-6a2a85bf-3231-435e-bad7-34760980ca42.info is being set with open permissions: ugo+rw: NotImplementedError
Jul 03 23:51:03 devstack cinder-volume[86650]: DEBUG oslo_concurrency.processutils [None req-004ea3ce-7a6f-4900-a69c-7d2119fada28 tempest-GroupSnapshotsTest-1854254363 None] Running cmd (subprocess): sudo cinder-rootwrap /etc/cinder/rootwrap.conf chmod ugo+rw /opt/stack/data/cinder/mnt/277a21b6be71cc24fd8f2eedb21f7d8d/volume-6a2a85bf-3231-435e-bad7-34760980ca42.info {{(pid=86650) execute /opt/stack/data/venv/lib/python3.12/site-packages/oslo_concurrency/processutils.py:440}}
Jul 03 23:51:03 devstack cinder-volume[86650]: DEBUG cinder.volume.manager [None req-6fdc8891-60ea-4896-b907-b851f7093835 tempest-TaggedAttachmentsTest-659473798 None] Task 'cinder.volume.flows.manager.create_volume.ExtractVolumeRefTask;volume:create' (a7ad1c9c-9589-47b8-8fd9-357eb9646671) transitioned into state 'SUCCESS' from state 'RUNNING' with result 'Volume(_name_id=None,admin_metadata=,attach_status='detached',availability_zone='nova',bootable=False,cluster=,cluster_name=None,consistencygroup=,consistencygroup_id=None,created_at=2026-07-03T21:51:03Z,deleted=False,deleted_at=None,display_description=None,display_name='tempest-TaggedAttachmentsTest-volume-1339633116',ec2_id=None,encryption_key_id=None,glance_metadata=,group=,group_id=None,host='devstack@QuobyteHD#QuobyteHD',id=61005290-234f-4b62-bbd0-dee84846a565,launched_at=None,metadata={},migration_status=None,multiattach=False,previous_status=None,project_id='d953c08e228b40ffa0af5a5207097fbe',provider_auth=None,provider_geometry=None,provider_id=None,provider_location=None,replication_driver_data=None,replication_extended_status=None,replication_status=None,scheduled_at=2026-07-03T21:51:03Z,service_uuid=None,shared_targets=True,size=1,snapshot_id=None,snapshots=,source_volid=None,status='creating',terminated_at=None,updated_at=2026-07-03T21:51:04Z,use_quota=True,user_id='4efd4a64f75944d5ae33d6b088554d9a',volume_attachment=VolumeAttachmentList,volume_type=VolumeType(914df0f9-aeaf-4c25-9221-9232c87cf214),volume_type_id=914df0f9-aeaf-4c25-9221-9232c87cf214)' {{(pid=86650) _task_receiver /opt/stack/data/venv/lib/python3.12/site-packages/taskflow/listeners/logging.py:218}}
Jul 03 23:51:03 devstack cinder-volume[86650]: DEBUG cinder.volume.manager [None req-6fdc8891-60ea-4896-b907-b851f7093835 tempest-TaggedAttachmentsTest-659473798 None] Task 'cinder.volume.flows.manager.create_volume.OnFailureRescheduleTask;volume:create' (a0bb1f56-6548-4e66-9620-75d078ea0e9d) transitioned into state 'RUNNING' from state 'PENDING' {{(pid=86650) _task_receiver /opt/stack/data/venv/lib/python3.12/site-packages/taskflow/listeners/logging.py:242}}
Jul 03 23:51:03 devstack sudo[88760]: quobyte : PWD=/ ; USER=root ; COMMAND=/opt/stack/data/venv/bin/cinder-rootwrap /etc/cinder/rootwrap.conf chmod ugo+rw /opt/stack/data/cinder/mnt/277a21b6be71cc24fd8f2eedb21f7d8d/volume-6a2a85bf-3231-435e-bad7-34760980ca42.info
Jul 03 23:51:03 devstack sudo[88760]: pam_unix(sudo:session): session opened for user root(uid=0) by (uid=1000)
Jul 03 23:51:03 devstack cinder-volume[86650]: DEBUG cinder.volume.manager [None req-6fdc8891-60ea-4896-b907-b851f7093835 tempest-TaggedAttachmentsTest-659473798 None] Task 'cinder.volume.flows.manager.create_volume.OnFailureRescheduleTask;volume:create' (a0bb1f56-6548-4e66-9620-75d078ea0e9d) transitioned into state 'SUCCESS' from state 'RUNNING' with result 'None' {{(pid=86650) _task_receiver /opt/stack/data/venv/lib/python3.12/site-packages/taskflow/listeners/logging.py:218}}
Jul 03 23:51:03 devstack cinder-volume[86650]: DEBUG cinder.volume.manager [None req-6fdc8891-60ea-4896-b907-b851f7093835 tempest-TaggedAttachmentsTest-659473798 None] Task 'cinder.volume.flows.manager.create_volume.ExtractVolumeSpecTask;volume:create' (a88ec594-a216-43b2-bfcd-9c96428549ef) transitioned into state 'RUNNING' from state 'PENDING' {{(pid=86650) _task_receiver /opt/stack/data/venv/lib/python3.12/site-packages/taskflow/listeners/logging.py:242}}
Jul 03 23:51:03 devstack cinder-volume[86650]: DEBUG cinder.volume.manager [None req-6fdc8891-60ea-4896-b907-b851f7093835 tempest-TaggedAttachmentsTest-659473798 None] Task 'cinder.volume.flows.manager.create_volume.ExtractVolumeSpecTask;volume:create' (a88ec594-a216-43b2-bfcd-9c96428549ef) transitioned into state 'SUCCESS' from state 'RUNNING' with result '{'status': 'creating', 'type': 'raw', 'volume_id': '61005290-234f-4b62-bbd0-dee84846a565', 'volume_name': 'volume-61005290-234f-4b62-bbd0-dee84846a565', 'volume_size': 1}' {{(pid=86650) _task_receiver /opt/stack/data/venv/lib/python3.12/site-packages/taskflow/listeners/logging.py:218}}
Jul 03 23:51:03 devstack cinder-volume[86650]: DEBUG cinder.volume.manager [None req-6fdc8891-60ea-4896-b907-b851f7093835 tempest-TaggedAttachmentsTest-659473798 None] Task 'cinder.volume.flows.manager.create_volume.NotifyVolumeActionTask;volume:create, create.start' (e111c418-6a73-4aca-923b-d99f11c10ead) transitioned into state 'RUNNING' from state 'PENDING' {{(pid=86650) _task_receiver /opt/stack/data/venv/lib/python3.12/site-packages/taskflow/listeners/logging.py:242}}
Jul 03 23:51:03 devstack cinder-volume[86650]: DEBUG cinder.volume.manager [None req-6fdc8891-60ea-4896-b907-b851f7093835 tempest-TaggedAttachmentsTest-659473798 None] Task 'cinder.volume.flows.manager.create_volume.NotifyVolumeActionTask;volume:create, create.start' (e111c418-6a73-4aca-923b-d99f11c10ead) transitioned into state 'SUCCESS' from state 'RUNNING' with result 'None' {{(pid=86650) _task_receiver /opt/stack/data/venv/lib/python3.12/site-packages/taskflow/listeners/logging.py:218}}
Jul 03 23:51:03 devstack cinder-volume[86650]: DEBUG cinder.volume.manager [None req-6fdc8891-60ea-4896-b907-b851f7093835 tempest-TaggedAttachmentsTest-659473798 None] Task 'cinder.volume.flows.manager.create_volume.CreateVolumeFromSpecTask;volume:create' (11c7e409-5180-45f2-b287-fc0f261b1792) transitioned into state 'RUNNING' from state 'PENDING' {{(pid=86650) _task_receiver /opt/stack/data/venv/lib/python3.12/site-packages/taskflow/listeners/logging.py:242}}
Jul 03 23:51:03 devstack cinder-volume[86650]: INFO cinder.volume.flows.manager.create_volume [None req-6fdc8891-60ea-4896-b907-b851f7093835 tempest-TaggedAttachmentsTest-659473798 None] Volume 61005290-234f-4b62-bbd0-dee84846a565: being created as raw with specification: {'status': 'creating', 'volume_name': 'volume-61005290-234f-4b62-bbd0-dee84846a565', 'volume_size': 1}
Jul 03 23:51:03 devstack cinder-volume[86650]: DEBUG oslo_concurrency.lockutils [None req-6fdc8891-60ea-4896-b907-b851f7093835 tempest-TaggedAttachmentsTest-659473798 None] Acquiring lock "quobyte" by "cinder.volume.drivers.quobyte.QuobyteDriver.create_volume" {{(pid=86650) inner /opt/stack/data/venv/lib/python3.12/site-packages/oslo_concurrency/lockutils.py:511}}
Jul 03 23:51:04 devstack sudo[88760]: pam_unix(sudo:session): session closed for user root
Jul 03 23:51:04 devstack cinder-volume[86650]: DEBUG oslo_concurrency.processutils [None req-004ea3ce-7a6f-4900-a69c-7d2119fada28 tempest-GroupSnapshotsTest-1854254363 None] CMD "sudo cinder-rootwrap /etc/cinder/rootwrap.conf chmod ugo+rw /opt/stack/data/cinder/mnt/277a21b6be71cc24fd8f2eedb21f7d8d/volume-6a2a85bf-3231-435e-bad7-34760980ca42.info" returned: 0 in 0.843s {{(pid=86650) execute /opt/stack/data/venv/lib/python3.12/site-packages/oslo_concurrency/processutils.py:468}}
Jul 03 23:51:04 devstack cinder-volume[86650]: DEBUG oslo_concurrency.lockutils [None req-004ea3ce-7a6f-4900-a69c-7d2119fada28 tempest-GroupSnapshotsTest-1854254363 None] Lock "quobyte" "released" by "cinder.volume.drivers.quobyte.QuobyteDriver.create_snapshot" :: held 5.671s {{(pid=86650) inner /opt/stack/data/venv/lib/python3.12/site-packages/oslo_concurrency/lockutils.py:543}}
Jul 03 23:51:04 devstack cinder-volume[86650]: DEBUG oslo_concurrency.lockutils [None req-004ea3ce-7a6f-4900-a69c-7d2119fada28 tempest-GroupSnapshotsTest-1854254363 None] Acquiring lock "quobyte" by "cinder.volume.drivers.quobyte.QuobyteDriver.create_snapshot" {{(pid=86650) inner /opt/stack/data/venv/lib/python3.12/site-packages/oslo_concurrency/lockutils.py:511}}
Jul 03 23:51:04 devstack cinder-volume[86650]: DEBUG oslo_concurrency.lockutils [None req-004ea3ce-7a6f-4900-a69c-7d2119fada28 tempest-GroupSnapshotsTest-1854254363 None] Lock "quobyte" acquired by "cinder.volume.drivers.quobyte.QuobyteDriver.create_snapshot" :: waited 0.001s {{(pid=86650) inner /opt/stack/data/venv/lib/python3.12/site-packages/oslo_concurrency/lockutils.py:524}}
Jul 03 23:51:04 devstack cinder-volume[86650]: DEBUG cinder.volume.drivers.remotefs [None req-004ea3ce-7a6f-4900-a69c-7d2119fada28 tempest-GroupSnapshotsTest-1854254363 None] Creating offline snapshot ec931359-e6d4-4400-a34a-fe1402fc9fbf of volume 40633f89-8b69-4e9e-b805-4b91273cc50d {{(pid=86650) _create_snapshot /opt/stack/cinder/cinder/volume/drivers/remotefs.py:1816}}
Jul 03 23:51:04 devstack cinder-volume[86650]: DEBUG oslo.privsep.daemon [-] privsep: reply[3ce78289-8c0e-47d2-99cc-a7b30e6fafea]: (4, 'qcow2') {{(pid=87748) _call_back /opt/stack/data/venv/lib/python3.12/site-packages/oslo_privsep/daemon.py:580}}
Jul 03 23:51:04 devstack cinder-volume[86650]: DEBUG oslo_concurrency.processutils [None req-004ea3ce-7a6f-4900-a69c-7d2119fada28 tempest-GroupSnapshotsTest-1854254363 None] Running cmd (subprocess): /opt/stack/data/venv/bin/python3.12 -m oslo_concurrency.prlimit --as=1073741824 --cpu=60 -- sudo cinder-rootwrap /etc/cinder/rootwrap.conf env LC_ALL=C qemu-img info -f qcow2 --output=json --force-share /opt/stack/data/cinder/mnt/277a21b6be71cc24fd8f2eedb21f7d8d/volume-40633f89-8b69-4e9e-b805-4b91273cc50d {{(pid=86650) execute /opt/stack/data/venv/lib/python3.12/site-packages/oslo_concurrency/processutils.py:440}}
Jul 03 23:51:04 devstack sudo[88764]: quobyte : PWD=/ ; USER=root ; COMMAND=/opt/stack/data/venv/bin/cinder-rootwrap /etc/cinder/rootwrap.conf env LC_ALL=C qemu-img info -f qcow2 --output=json --force-share /opt/stack/data/cinder/mnt/277a21b6be71cc24fd8f2eedb21f7d8d/volume-40633f89-8b69-4e9e-b805-4b91273cc50d
Jul 03 23:51:04 devstack sudo[88764]: pam_unix(sudo:session): session opened for user root(uid=0) by (uid=1000)
Jul 03 23:51:05 devstack sudo[88764]: pam_unix(sudo:session): session closed for user root
Jul 03 23:51:05 devstack cinder-volume[86650]: DEBUG oslo_concurrency.processutils [None req-004ea3ce-7a6f-4900-a69c-7d2119fada28 tempest-GroupSnapshotsTest-1854254363 None] CMD "/opt/stack/data/venv/bin/python3.12 -m oslo_concurrency.prlimit --as=1073741824 --cpu=60 -- sudo cinder-rootwrap /etc/cinder/rootwrap.conf env LC_ALL=C qemu-img info -f qcow2 --output=json --force-share /opt/stack/data/cinder/mnt/277a21b6be71cc24fd8f2eedb21f7d8d/volume-40633f89-8b69-4e9e-b805-4b91273cc50d" returned: 0 in 0.956s {{(pid=86650) execute /opt/stack/data/venv/lib/python3.12/site-packages/oslo_concurrency/processutils.py:468}}
Jul 03 23:51:05 devstack cinder-volume[86650]: DEBUG oslo_concurrency.processutils [None req-004ea3ce-7a6f-4900-a69c-7d2119fada28 tempest-GroupSnapshotsTest-1854254363 None] Running cmd (subprocess): sudo cinder-rootwrap /etc/cinder/rootwrap.conf qemu-img create -f qcow2 -o backing_file=/opt/stack/data/cinder/mnt/277a21b6be71cc24fd8f2eedb21f7d8d/volume-40633f89-8b69-4e9e-b805-4b91273cc50d,backing_fmt=qcow2 /opt/stack/data/cinder/mnt/277a21b6be71cc24fd8f2eedb21f7d8d/volume-40633f89-8b69-4e9e-b805-4b91273cc50d.ec931359-e6d4-4400-a34a-fe1402fc9fbf 1G {{(pid=86650) execute /opt/stack/data/venv/lib/python3.12/site-packages/oslo_concurrency/processutils.py:440}}
Jul 03 23:51:05 devstack sudo[88772]: quobyte : PWD=/ ; USER=root ; COMMAND=/opt/stack/data/venv/bin/cinder-rootwrap /etc/cinder/rootwrap.conf qemu-img create -f qcow2 -o backing_file=/opt/stack/data/cinder/mnt/277a21b6be71cc24fd8f2eedb21f7d8d/volume-40633f89-8b69-4e9e-b805-4b91273cc50d,backing_fmt=qcow2 /opt/stack/data/cinder/mnt/277a21b6be71cc24fd8f2eedb21f7d8d/volume-40633f89-8b69-4e9e-b805-4b91273cc50d.ec931359-e6d4-4400-a34a-fe1402fc9fbf 1G
Jul 03 23:51:05 devstack sudo[88772]: pam_unix(sudo:session): session opened for user root(uid=0) by (uid=1000)
Jul 03 23:51:06 devstack sudo[88772]: pam_unix(sudo:session): session closed for user root
Jul 03 23:51:06 devstack cinder-volume[86650]: DEBUG oslo_concurrency.processutils [None req-004ea3ce-7a6f-4900-a69c-7d2119fada28 tempest-GroupSnapshotsTest-1854254363 None] CMD "sudo cinder-rootwrap /etc/cinder/rootwrap.conf qemu-img create -f qcow2 -o backing_file=/opt/stack/data/cinder/mnt/277a21b6be71cc24fd8f2eedb21f7d8d/volume-40633f89-8b69-4e9e-b805-4b91273cc50d,backing_fmt=qcow2 /opt/stack/data/cinder/mnt/277a21b6be71cc24fd8f2eedb21f7d8d/volume-40633f89-8b69-4e9e-b805-4b91273cc50d.ec931359-e6d4-4400-a34a-fe1402fc9fbf 1G" returned: 0 in 1.076s {{(pid=86650) execute /opt/stack/data/venv/lib/python3.12/site-packages/oslo_concurrency/processutils.py:468}}
Jul 03 23:51:06 devstack cinder-volume[86650]: DEBUG oslo_concurrency.processutils [None req-004ea3ce-7a6f-4900-a69c-7d2119fada28 tempest-GroupSnapshotsTest-1854254363 None] Running cmd (subprocess): sudo cinder-rootwrap /etc/cinder/rootwrap.conf qemu-img rebase -u -b volume-40633f89-8b69-4e9e-b805-4b91273cc50d -F qcow2 /opt/stack/data/cinder/mnt/277a21b6be71cc24fd8f2eedb21f7d8d/volume-40633f89-8b69-4e9e-b805-4b91273cc50d.ec931359-e6d4-4400-a34a-fe1402fc9fbf {{(pid=86650) execute /opt/stack/data/venv/lib/python3.12/site-packages/oslo_concurrency/processutils.py:440}}
Jul 03 23:51:06 devstack sudo[88781]: quobyte : PWD=/ ; USER=root ; COMMAND=/opt/stack/data/venv/bin/cinder-rootwrap /etc/cinder/rootwrap.conf qemu-img rebase -u -b volume-40633f89-8b69-4e9e-b805-4b91273cc50d -F qcow2 /opt/stack/data/cinder/mnt/277a21b6be71cc24fd8f2eedb21f7d8d/volume-40633f89-8b69-4e9e-b805-4b91273cc50d.ec931359-e6d4-4400-a34a-fe1402fc9fbf
Jul 03 23:51:06 devstack sudo[88781]: pam_unix(sudo:session): session opened for user root(uid=0) by (uid=1000)
Jul 03 23:51:07 devstack sudo[88781]: pam_unix(sudo:session): session closed for user root
Jul 03 23:51:07 devstack cinder-volume[86650]: DEBUG oslo_concurrency.processutils [None req-004ea3ce-7a6f-4900-a69c-7d2119fada28 tempest-GroupSnapshotsTest-1854254363 None] CMD "sudo cinder-rootwrap /etc/cinder/rootwrap.conf qemu-img rebase -u -b volume-40633f89-8b69-4e9e-b805-4b91273cc50d -F qcow2 /opt/stack/data/cinder/mnt/277a21b6be71cc24fd8f2eedb21f7d8d/volume-40633f89-8b69-4e9e-b805-4b91273cc50d.ec931359-e6d4-4400-a34a-fe1402fc9fbf" returned: 0 in 0.753s {{(pid=86650) execute /opt/stack/data/venv/lib/python3.12/site-packages/oslo_concurrency/processutils.py:468}}
Jul 03 23:51:07 devstack cinder-volume[86650]: WARNING cinder.volume.drivers.remotefs [None req-004ea3ce-7a6f-4900-a69c-7d2119fada28 tempest-GroupSnapshotsTest-1854254363 None] /opt/stack/data/cinder/mnt/277a21b6be71cc24fd8f2eedb21f7d8d/volume-40633f89-8b69-4e9e-b805-4b91273cc50d.ec931359-e6d4-4400-a34a-fe1402fc9fbf is being set with open permissions: ugo+rw: NotImplementedError
Jul 03 23:51:07 devstack cinder-volume[86650]: DEBUG oslo_concurrency.processutils [None req-004ea3ce-7a6f-4900-a69c-7d2119fada28 tempest-GroupSnapshotsTest-1854254363 None] Running cmd (subprocess): sudo cinder-rootwrap /etc/cinder/rootwrap.conf chmod ugo+rw /opt/stack/data/cinder/mnt/277a21b6be71cc24fd8f2eedb21f7d8d/volume-40633f89-8b69-4e9e-b805-4b91273cc50d.ec931359-e6d4-4400-a34a-fe1402fc9fbf {{(pid=86650) execute /opt/stack/data/venv/lib/python3.12/site-packages/oslo_concurrency/processutils.py:440}}
Jul 03 23:51:07 devstack sudo[88786]: quobyte : PWD=/ ; USER=root ; COMMAND=/opt/stack/data/venv/bin/cinder-rootwrap /etc/cinder/rootwrap.conf chmod ugo+rw /opt/stack/data/cinder/mnt/277a21b6be71cc24fd8f2eedb21f7d8d/volume-40633f89-8b69-4e9e-b805-4b91273cc50d.ec931359-e6d4-4400-a34a-fe1402fc9fbf
Jul 03 23:51:07 devstack sudo[88786]: pam_unix(sudo:session): session opened for user root(uid=0) by (uid=1000)
Jul 03 23:51:08 devstack sudo[88786]: pam_unix(sudo:session): session closed for user root
Jul 03 23:51:08 devstack cinder-volume[86650]: DEBUG oslo_concurrency.processutils [None req-004ea3ce-7a6f-4900-a69c-7d2119fada28 tempest-GroupSnapshotsTest-1854254363 None] CMD "sudo cinder-rootwrap /etc/cinder/rootwrap.conf chmod ugo+rw /opt/stack/data/cinder/mnt/277a21b6be71cc24fd8f2eedb21f7d8d/volume-40633f89-8b69-4e9e-b805-4b91273cc50d.ec931359-e6d4-4400-a34a-fe1402fc9fbf" returned: 0 in 0.744s {{(pid=86650) execute /opt/stack/data/venv/lib/python3.12/site-packages/oslo_concurrency/processutils.py:468}}
Jul 03 23:51:08 devstack cinder-volume[86650]: DEBUG oslo_concurrency.processutils [None req-004ea3ce-7a6f-4900-a69c-7d2119fada28 tempest-GroupSnapshotsTest-1854254363 None] Running cmd (subprocess): sudo cinder-rootwrap /etc/cinder/rootwrap.conf truncate -s0 /opt/stack/data/cinder/mnt/277a21b6be71cc24fd8f2eedb21f7d8d/volume-40633f89-8b69-4e9e-b805-4b91273cc50d.info {{(pid=86650) execute /opt/stack/data/venv/lib/python3.12/site-packages/oslo_concurrency/processutils.py:440}}
Jul 03 23:51:08 devstack sudo[88789]: quobyte : PWD=/ ; USER=root ; COMMAND=/opt/stack/data/venv/bin/cinder-rootwrap /etc/cinder/rootwrap.conf truncate -s0 /opt/stack/data/cinder/mnt/277a21b6be71cc24fd8f2eedb21f7d8d/volume-40633f89-8b69-4e9e-b805-4b91273cc50d.info
Jul 03 23:51:08 devstack sudo[88789]: pam_unix(sudo:session): session opened for user root(uid=0) by (uid=1000)
Jul 03 23:51:08 devstack sudo[88789]: pam_unix(sudo:session): session closed for user root
Jul 03 23:51:08 devstack cinder-volume[86650]: DEBUG oslo_concurrency.processutils [None req-004ea3ce-7a6f-4900-a69c-7d2119fada28 tempest-GroupSnapshotsTest-1854254363 None] CMD "sudo cinder-rootwrap /etc/cinder/rootwrap.conf truncate -s0 /opt/stack/data/cinder/mnt/277a21b6be71cc24fd8f2eedb21f7d8d/volume-40633f89-8b69-4e9e-b805-4b91273cc50d.info" returned: 0 in 0.693s {{(pid=86650) execute /opt/stack/data/venv/lib/python3.12/site-packages/oslo_concurrency/processutils.py:468}}
Jul 03 23:51:08 devstack cinder-volume[86650]: WARNING cinder.volume.drivers.remotefs [None req-004ea3ce-7a6f-4900-a69c-7d2119fada28 tempest-GroupSnapshotsTest-1854254363 None] /opt/stack/data/cinder/mnt/277a21b6be71cc24fd8f2eedb21f7d8d/volume-40633f89-8b69-4e9e-b805-4b91273cc50d.info is being set with open permissions: ugo+rw: NotImplementedError
Jul 03 23:51:08 devstack cinder-volume[86650]: DEBUG oslo_concurrency.processutils [None req-004ea3ce-7a6f-4900-a69c-7d2119fada28 tempest-GroupSnapshotsTest-1854254363 None] Running cmd (subprocess): sudo cinder-rootwrap /etc/cinder/rootwrap.conf chmod ugo+rw /opt/stack/data/cinder/mnt/277a21b6be71cc24fd8f2eedb21f7d8d/volume-40633f89-8b69-4e9e-b805-4b91273cc50d.info {{(pid=86650) execute /opt/stack/data/venv/lib/python3.12/site-packages/oslo_concurrency/processutils.py:440}}
Jul 03 23:51:08 devstack sudo[88792]: quobyte : PWD=/ ; USER=root ; COMMAND=/opt/stack/data/venv/bin/cinder-rootwrap /etc/cinder/rootwrap.conf chmod ugo+rw /opt/stack/data/cinder/mnt/277a21b6be71cc24fd8f2eedb21f7d8d/volume-40633f89-8b69-4e9e-b805-4b91273cc50d.info
Jul 03 23:51:08 devstack sudo[88792]: pam_unix(sudo:session): session opened for user root(uid=0) by (uid=1000)
Jul 03 23:51:09 devstack sudo[88792]: pam_unix(sudo:session): session closed for user root
Jul 03 23:51:09 devstack cinder-volume[86650]: DEBUG oslo_concurrency.processutils [None req-004ea3ce-7a6f-4900-a69c-7d2119fada28 tempest-GroupSnapshotsTest-1854254363 None] CMD "sudo cinder-rootwrap /etc/cinder/rootwrap.conf chmod ugo+rw /opt/stack/data/cinder/mnt/277a21b6be71cc24fd8f2eedb21f7d8d/volume-40633f89-8b69-4e9e-b805-4b91273cc50d.info" returned: 0 in 0.737s {{(pid=86650) execute /opt/stack/data/venv/lib/python3.12/site-packages/oslo_concurrency/processutils.py:468}}
Jul 03 23:51:09 devstack cinder-volume[86650]: DEBUG oslo_concurrency.lockutils [None req-004ea3ce-7a6f-4900-a69c-7d2119fada28 tempest-GroupSnapshotsTest-1854254363 None] Lock "quobyte" "released" by "cinder.volume.drivers.quobyte.QuobyteDriver.create_snapshot" :: held 5.086s {{(pid=86650) inner /opt/stack/data/venv/lib/python3.12/site-packages/oslo_concurrency/lockutils.py:543}}
Jul 03 23:51:09 devstack cinder-volume[86650]: DEBUG oslo_concurrency.lockutils [None req-6fdc8891-60ea-4896-b907-b851f7093835 tempest-TaggedAttachmentsTest-659473798 None] Lock "quobyte" acquired by "cinder.volume.drivers.quobyte.QuobyteDriver.create_volume" :: waited 5.895s {{(pid=86650) inner /opt/stack/data/venv/lib/python3.12/site-packages/oslo_concurrency/lockutils.py:524}}
Jul 03 23:51:09 devstack cinder-volume[86650]: DEBUG cinder.volume.drivers.quobyte [None req-6fdc8891-60ea-4896-b907-b851f7093835 tempest-TaggedAttachmentsTest-659473798 None] ==> create_volume: call "{'self': , 'volume': Volume(_name_id=None,admin_metadata=,attach_status='detached',availability_zone='nova',bootable=False,cluster=,cluster_name=None,consistencygroup=,consistencygroup_id=None,created_at=2026-07-03T21:51:03Z,deleted=False,deleted_at=None,display_description=None,display_name='tempest-TaggedAttachmentsTest-volume-1339633116',ec2_id=None,encryption_key_id=None,glance_metadata=,group=,group_id=None,host='devstack@QuobyteHD#QuobyteHD',id=61005290-234f-4b62-bbd0-dee84846a565,launched_at=None,metadata={},migration_status=None,multiattach=False,previous_status=None,project_id='d953c08e228b40ffa0af5a5207097fbe',provider_auth=None,provider_geometry=None,provider_id=None,provider_location=None,replication_driver_data=None,replication_extended_status=None,replication_status=None,scheduled_at=2026-07-03T21:51:03Z,service_uuid=None,shared_targets=True,size=1,snapshot_id=None,snapshots=,source_volid=None,status='creating',terminated_at=None,updated_at=2026-07-03T21:51:04Z,use_quota=True,user_id='4efd4a64f75944d5ae33d6b088554d9a',volume_attachment=VolumeAttachmentList,volume_type=VolumeType(914df0f9-aeaf-4c25-9221-9232c87cf214),volume_type_id=914df0f9-aeaf-4c25-9221-9232c87cf214)}" {{(pid=86650) trace_logging_wrapper /opt/stack/cinder/cinder/volume/volume_utils.py:1497}}
Jul 03 23:51:09 devstack cinder-volume[86650]: DEBUG cinder.volume.drivers.remotefs [None req-6fdc8891-60ea-4896-b907-b851f7093835 tempest-TaggedAttachmentsTest-659473798 None] Creating volume 61005290-234f-4b62-bbd0-dee84846a565 {{(pid=86650) create_volume /opt/stack/cinder/cinder/volume/drivers/remotefs.py:292}}
Jul 03 23:51:09 devstack cinder-volume[86650]: DEBUG oslo_concurrency.lockutils [None req-6fdc8891-60ea-4896-b907-b851f7093835 tempest-TaggedAttachmentsTest-659473798 None] Acquiring lock "quobyte_ensure" by "cinder.volume.drivers.quobyte.QuobyteDriver._ensure_shares_mounted" {{(pid=86650) inner /opt/stack/data/venv/lib/python3.12/site-packages/oslo_concurrency/lockutils.py:511}}
Jul 03 23:51:09 devstack cinder-volume[86650]: DEBUG oslo_concurrency.lockutils [None req-6fdc8891-60ea-4896-b907-b851f7093835 tempest-TaggedAttachmentsTest-659473798 None] Lock "quobyte_ensure" acquired by "cinder.volume.drivers.quobyte.QuobyteDriver._ensure_shares_mounted" :: waited 0.000s {{(pid=86650) inner /opt/stack/data/venv/lib/python3.12/site-packages/oslo_concurrency/lockutils.py:524}}
Jul 03 23:51:09 devstack cinder-volume[86650]: DEBUG cinder.volume.drivers.quobyte [None req-6fdc8891-60ea-4896-b907-b851f7093835 tempest-TaggedAttachmentsTest-659473798 None] Quobyte Volume URL set to: {'osci02.corp.quobyte.com/cinder-vol-23614859-cce3-4ab0-ba08-d371f6796faf': None} {{(pid=86650) _load_shares_config /opt/stack/cinder/cinder/volume/drivers/quobyte.py:617}}
Jul 03 23:51:09 devstack cinder-volume[86650]: DEBUG cinder.volume.drivers.quobyte [None req-6fdc8891-60ea-4896-b907-b851f7093835 tempest-TaggedAttachmentsTest-659473798 None] Available shares ['osci02.corp.quobyte.com/cinder-vol-23614859-cce3-4ab0-ba08-d371f6796faf'] {{(pid=86650) _ensure_shares_mounted /opt/stack/cinder/cinder/volume/drivers/quobyte.py:647}}
Jul 03 23:51:09 devstack cinder-volume[86650]: DEBUG oslo_concurrency.lockutils [None req-6fdc8891-60ea-4896-b907-b851f7093835 tempest-TaggedAttachmentsTest-659473798 None] Lock "quobyte_ensure" "released" by "cinder.volume.drivers.quobyte.QuobyteDriver._ensure_shares_mounted" :: held 0.010s {{(pid=86650) inner /opt/stack/data/venv/lib/python3.12/site-packages/oslo_concurrency/lockutils.py:543}}
Jul 03 23:51:09 devstack cinder-volume[86650]: DEBUG cinder.volume.drivers.quobyte [None req-6fdc8891-60ea-4896-b907-b851f7093835 tempest-TaggedAttachmentsTest-659473798 None] Selected osci02.corp.quobyte.com/cinder-vol-23614859-cce3-4ab0-ba08-d371f6796faf as target Quobyte volume. {{(pid=86650) _find_share /opt/stack/cinder/cinder/volume/drivers/quobyte.py:668}}
Jul 03 23:51:09 devstack cinder-volume[86650]: INFO cinder.volume.drivers.remotefs [None req-6fdc8891-60ea-4896-b907-b851f7093835 tempest-TaggedAttachmentsTest-659473798 None] casted to osci02.corp.quobyte.com/cinder-vol-23614859-cce3-4ab0-ba08-d371f6796faf
Jul 03 23:51:09 devstack cinder-volume[86650]: DEBUG oslo_concurrency.processutils [None req-6fdc8891-60ea-4896-b907-b851f7093835 tempest-TaggedAttachmentsTest-659473798 None] Running cmd (subprocess): sudo cinder-rootwrap /etc/cinder/rootwrap.conf qemu-img create -f qcow2 -o preallocation=metadata /opt/stack/data/cinder/mnt/277a21b6be71cc24fd8f2eedb21f7d8d/volume-61005290-234f-4b62-bbd0-dee84846a565 1073741824 {{(pid=86650) execute /opt/stack/data/venv/lib/python3.12/site-packages/oslo_concurrency/processutils.py:440}}
Jul 03 23:51:09 devstack sudo[88795]: quobyte : PWD=/ ; USER=root ; COMMAND=/opt/stack/data/venv/bin/cinder-rootwrap /etc/cinder/rootwrap.conf qemu-img create -f qcow2 -o preallocation=metadata /opt/stack/data/cinder/mnt/277a21b6be71cc24fd8f2eedb21f7d8d/volume-61005290-234f-4b62-bbd0-dee84846a565 1073741824
Jul 03 23:51:09 devstack sudo[88795]: pam_unix(sudo:session): session opened for user root(uid=0) by (uid=1000)
Jul 03 23:51:09 devstack cinder-volume[86650]: INFO cinder.volume.manager [None req-004ea3ce-7a6f-4900-a69c-7d2119fada28 tempest-GroupSnapshotsTest-1854254363 None] group_snapshot 485a4b1a-0ce0-4598-aa49-ae83c1232f18: created successfully
Jul 03 23:51:10 devstack cinder-volume[86650]: INFO cinder.volume.manager [None req-42ab63bf-7c7b-4db1-a021-5826718d130a tempest-GroupSnapshotsTest-1854254363 None] group_snapshot 485a4b1a-0ce0-4598-aa49-ae83c1232f18: deleting
Jul 03 23:51:10 devstack cinder-volume[86650]: DEBUG cinder.volume.manager [None req-42ab63bf-7c7b-4db1-a021-5826718d130a tempest-GroupSnapshotsTest-1854254363 None] group_snapshot 485a4b1a-0ce0-4598-aa49-ae83c1232f18: deleting {{(pid=86650) delete_group_snapshot /opt/stack/cinder/cinder/volume/manager.py:4350}}
Jul 03 23:51:10 devstack cinder-volume[86650]: DEBUG cinder.coordination [None req-42ab63bf-7c7b-4db1-a021-5826718d130a tempest-GroupSnapshotsTest-1854254363 None] Acquiring lock "cinder-quobyte-6a2a85bf-3231-435e-bad7-34760980ca42" by "delete_snapshot" {{(pid=86650) __acquire /opt/stack/cinder/cinder/coordination.py:138}}
Jul 03 23:51:10 devstack cinder-volume[86650]: DEBUG cinder.coordination [None req-42ab63bf-7c7b-4db1-a021-5826718d130a tempest-GroupSnapshotsTest-1854254363 None] Lock "cinder-quobyte-6a2a85bf-3231-435e-bad7-34760980ca42" acquired by "delete_snapshot" :: waited 0.031s {{(pid=86650) __acquire /opt/stack/cinder/cinder/coordination.py:141}}
Jul 03 23:51:10 devstack cinder-volume[86650]: DEBUG cinder.coordination [None req-42ab63bf-7c7b-4db1-a021-5826718d130a tempest-GroupSnapshotsTest-1854254363 None] Acquiring lock "cinder-quobyte-1d8b7d40-f2ba-4fc8-8c14-b7fc1507affd" by "_delete_snapshot" {{(pid=86650) __acquire /opt/stack/cinder/cinder/coordination.py:138}}
Jul 03 23:51:10 devstack cinder-volume[86650]: DEBUG cinder.coordination [None req-42ab63bf-7c7b-4db1-a021-5826718d130a tempest-GroupSnapshotsTest-1854254363 None] Lock "cinder-quobyte-1d8b7d40-f2ba-4fc8-8c14-b7fc1507affd" acquired by "_delete_snapshot" :: waited 0.030s {{(pid=86650) __acquire /opt/stack/cinder/cinder/coordination.py:141}}
Jul 03 23:51:10 devstack cinder-volume[86650]: DEBUG cinder.volume.drivers.remotefs [None req-42ab63bf-7c7b-4db1-a021-5826718d130a tempest-GroupSnapshotsTest-1854254363 None] Deleting offline snapshot 1d8b7d40-f2ba-4fc8-8c14-b7fc1507affd of volume 6a2a85bf-3231-435e-bad7-34760980ca42 {{(pid=86650) _delete_snapshot /opt/stack/cinder/cinder/volume/drivers/remotefs.py:1288}}
Jul 03 23:51:10 devstack sudo[88795]: pam_unix(sudo:session): session closed for user root
Jul 03 23:51:10 devstack cinder-volume[86650]: DEBUG cinder.volume.drivers.remotefs [None req-42ab63bf-7c7b-4db1-a021-5826718d130a tempest-GroupSnapshotsTest-1854254363 None] snapshot_file for this snap is: volume-6a2a85bf-3231-435e-bad7-34760980ca42.1d8b7d40-f2ba-4fc8-8c14-b7fc1507affd {{(pid=86650) _delete_snapshot /opt/stack/cinder/cinder/volume/drivers/remotefs.py:1317}}
Jul 03 23:51:10 devstack cinder-volume[86650]: DEBUG oslo_concurrency.processutils [None req-6fdc8891-60ea-4896-b907-b851f7093835 tempest-TaggedAttachmentsTest-659473798 None] CMD "sudo cinder-rootwrap /etc/cinder/rootwrap.conf qemu-img create -f qcow2 -o preallocation=metadata /opt/stack/data/cinder/mnt/277a21b6be71cc24fd8f2eedb21f7d8d/volume-61005290-234f-4b62-bbd0-dee84846a565 1073741824" returned: 0 in 1.152s {{(pid=86650) execute /opt/stack/data/venv/lib/python3.12/site-packages/oslo_concurrency/processutils.py:468}}
Jul 03 23:51:10 devstack cinder-volume[86650]: DEBUG oslo.privsep.daemon [-] privsep: reply[ec01ced0-a6ee-4cde-8ca4-77b92dd3f43e]: (4, 'qcow2') {{(pid=87748) _call_back /opt/stack/data/venv/lib/python3.12/site-packages/oslo_privsep/daemon.py:580}}
Jul 03 23:51:10 devstack cinder-volume[86650]: DEBUG oslo_concurrency.processutils [None req-42ab63bf-7c7b-4db1-a021-5826718d130a tempest-GroupSnapshotsTest-1854254363 None] Running cmd (subprocess): /opt/stack/data/venv/bin/python3.12 -m oslo_concurrency.prlimit --as=1073741824 --cpu=60 -- sudo cinder-rootwrap /etc/cinder/rootwrap.conf env LC_ALL=C qemu-img info -f qcow2 --output=json --force-share /opt/stack/data/cinder/mnt/277a21b6be71cc24fd8f2eedb21f7d8d/volume-6a2a85bf-3231-435e-bad7-34760980ca42.1d8b7d40-f2ba-4fc8-8c14-b7fc1507affd {{(pid=86650) execute /opt/stack/data/venv/lib/python3.12/site-packages/oslo_concurrency/processutils.py:440}}
Jul 03 23:51:10 devstack cinder-volume[86650]: DEBUG oslo_concurrency.processutils [None req-6fdc8891-60ea-4896-b907-b851f7093835 tempest-TaggedAttachmentsTest-659473798 None] Running cmd (subprocess): sudo cinder-rootwrap /etc/cinder/rootwrap.conf chmod ugo+rw /opt/stack/data/cinder/mnt/277a21b6be71cc24fd8f2eedb21f7d8d/volume-61005290-234f-4b62-bbd0-dee84846a565 {{(pid=86650) execute /opt/stack/data/venv/lib/python3.12/site-packages/oslo_concurrency/processutils.py:440}}
Jul 03 23:51:10 devstack sudo[88803]: quobyte : PWD=/ ; USER=root ; COMMAND=/opt/stack/data/venv/bin/cinder-rootwrap /etc/cinder/rootwrap.conf chmod ugo+rw /opt/stack/data/cinder/mnt/277a21b6be71cc24fd8f2eedb21f7d8d/volume-61005290-234f-4b62-bbd0-dee84846a565
Jul 03 23:51:10 devstack sudo[88803]: pam_unix(sudo:session): session opened for user root(uid=0) by (uid=1000)
Jul 03 23:51:10 devstack sudo[88802]: quobyte : PWD=/ ; USER=root ; COMMAND=/opt/stack/data/venv/bin/cinder-rootwrap /etc/cinder/rootwrap.conf env LC_ALL=C qemu-img info -f qcow2 --output=json --force-share /opt/stack/data/cinder/mnt/277a21b6be71cc24fd8f2eedb21f7d8d/volume-6a2a85bf-3231-435e-bad7-34760980ca42.1d8b7d40-f2ba-4fc8-8c14-b7fc1507affd
Jul 03 23:51:10 devstack sudo[88802]: pam_unix(sudo:session): session opened for user root(uid=0) by (uid=1000)
Jul 03 23:51:11 devstack sudo[88802]: pam_unix(sudo:session): session closed for user root
Jul 03 23:51:11 devstack cinder-volume[86650]: DEBUG oslo_concurrency.processutils [None req-42ab63bf-7c7b-4db1-a021-5826718d130a tempest-GroupSnapshotsTest-1854254363 None] CMD "/opt/stack/data/venv/bin/python3.12 -m oslo_concurrency.prlimit --as=1073741824 --cpu=60 -- sudo cinder-rootwrap /etc/cinder/rootwrap.conf env LC_ALL=C qemu-img info -f qcow2 --output=json --force-share /opt/stack/data/cinder/mnt/277a21b6be71cc24fd8f2eedb21f7d8d/volume-6a2a85bf-3231-435e-bad7-34760980ca42.1d8b7d40-f2ba-4fc8-8c14-b7fc1507affd" returned: 0 in 1.141s {{(pid=86650) execute /opt/stack/data/venv/lib/python3.12/site-packages/oslo_concurrency/processutils.py:468}}
Jul 03 23:51:11 devstack cinder-volume[86650]: DEBUG cinder.volume.drivers.remotefs [None req-42ab63bf-7c7b-4db1-a021-5826718d130a tempest-GroupSnapshotsTest-1854254363 None] Fetching qemu-img info with special backing_file_template: (/opt/stack/data/cinder/mnt/[0-9a-f]+/)?(volume-6a2a85bf-3231-435e-bad7-34760980ca42(.(tmp-snap-)?[0-9a-f-]+)?|volume_from_snapshot_cache/(tmp-snap-)?[0-9a-f-]+(.(child-|parent-)[0-9a-f-]+)?)$ {{(pid=86650) _qemu_img_info_base /opt/stack/cinder/cinder/volume/drivers/remotefs.py:896}}
Jul 03 23:51:11 devstack cinder-volume[86650]: DEBUG oslo.privsep.daemon [-] privsep: reply[2cb39014-8128-4caf-b8d8-b82bca092946]: (4, 'qcow2') {{(pid=87748) _call_back /opt/stack/data/venv/lib/python3.12/site-packages/oslo_privsep/daemon.py:580}}
Jul 03 23:51:11 devstack cinder-volume[86650]: DEBUG oslo_concurrency.processutils [None req-42ab63bf-7c7b-4db1-a021-5826718d130a tempest-GroupSnapshotsTest-1854254363 None] Running cmd (subprocess): /opt/stack/data/venv/bin/python3.12 -m oslo_concurrency.prlimit --as=1073741824 --cpu=60 -- sudo cinder-rootwrap /etc/cinder/rootwrap.conf env LC_ALL=C qemu-img info -f qcow2 --output=json --force-share /opt/stack/data/cinder/mnt/277a21b6be71cc24fd8f2eedb21f7d8d/volume-6a2a85bf-3231-435e-bad7-34760980ca42 {{(pid=86650) execute /opt/stack/data/venv/lib/python3.12/site-packages/oslo_concurrency/processutils.py:440}}
Jul 03 23:51:12 devstack sudo[88803]: pam_unix(sudo:session): session closed for user root
Jul 03 23:51:12 devstack cinder-volume[86650]: DEBUG oslo_concurrency.processutils [None req-6fdc8891-60ea-4896-b907-b851f7093835 tempest-TaggedAttachmentsTest-659473798 None] CMD "sudo cinder-rootwrap /etc/cinder/rootwrap.conf chmod ugo+rw /opt/stack/data/cinder/mnt/277a21b6be71cc24fd8f2eedb21f7d8d/volume-61005290-234f-4b62-bbd0-dee84846a565" returned: 0 in 1.275s {{(pid=86650) execute /opt/stack/data/venv/lib/python3.12/site-packages/oslo_concurrency/processutils.py:468}}
Jul 03 23:51:12 devstack cinder-volume[86650]: DEBUG cinder.volume.drivers.quobyte [None req-6fdc8891-60ea-4896-b907-b851f7093835 tempest-TaggedAttachmentsTest-659473798 None] <== create_volume: return (2503ms) {'provider_location': 'osci02.corp.quobyte.com/cinder-vol-23614859-cce3-4ab0-ba08-d371f6796faf'} {{(pid=86650) trace_logging_wrapper /opt/stack/cinder/cinder/volume/volume_utils.py:1522}}
Jul 03 23:51:12 devstack cinder-volume[86650]: DEBUG oslo_concurrency.lockutils [None req-6fdc8891-60ea-4896-b907-b851f7093835 tempest-TaggedAttachmentsTest-659473798 None] Lock "quobyte" "released" by "cinder.volume.drivers.quobyte.QuobyteDriver.create_volume" :: held 2.507s {{(pid=86650) inner /opt/stack/data/venv/lib/python3.12/site-packages/oslo_concurrency/lockutils.py:543}}
Jul 03 23:51:12 devstack cinder-volume[86650]: DEBUG cinder.volume.manager [None req-6fdc8891-60ea-4896-b907-b851f7093835 tempest-TaggedAttachmentsTest-659473798 None] Task 'cinder.volume.flows.manager.create_volume.CreateVolumeFromSpecTask;volume:create' (11c7e409-5180-45f2-b287-fc0f261b1792) transitioned into state 'SUCCESS' from state 'RUNNING' with result '{'status': 'creating', 'volume_name': 'volume-61005290-234f-4b62-bbd0-dee84846a565', 'volume_size': 1}' {{(pid=86650) _task_receiver /opt/stack/data/venv/lib/python3.12/site-packages/taskflow/listeners/logging.py:218}}
Jul 03 23:51:12 devstack sudo[88813]: quobyte : PWD=/ ; USER=root ; COMMAND=/opt/stack/data/venv/bin/cinder-rootwrap /etc/cinder/rootwrap.conf env LC_ALL=C qemu-img info -f qcow2 --output=json --force-share /opt/stack/data/cinder/mnt/277a21b6be71cc24fd8f2eedb21f7d8d/volume-6a2a85bf-3231-435e-bad7-34760980ca42
Jul 03 23:51:12 devstack sudo[88813]: pam_unix(sudo:session): session opened for user root(uid=0) by (uid=1000)
Jul 03 23:51:12 devstack cinder-volume[86650]: DEBUG cinder.volume.manager [None req-6fdc8891-60ea-4896-b907-b851f7093835 tempest-TaggedAttachmentsTest-659473798 None] Task 'cinder.volume.flows.manager.create_volume.CreateVolumeOnFinishTask;volume:create, create.end' (e88154b9-d5b0-4ac1-9cbf-54a8b593b828) transitioned into state 'RUNNING' from state 'PENDING' {{(pid=86650) _task_receiver /opt/stack/data/venv/lib/python3.12/site-packages/taskflow/listeners/logging.py:242}}
Jul 03 23:51:12 devstack cinder-volume[86650]: INFO cinder.volume.flows.manager.create_volume [None req-6fdc8891-60ea-4896-b907-b851f7093835 tempest-TaggedAttachmentsTest-659473798 None] Volume volume-61005290-234f-4b62-bbd0-dee84846a565 (61005290-234f-4b62-bbd0-dee84846a565): created successfully
Jul 03 23:51:12 devstack cinder-volume[86650]: DEBUG cinder.volume.manager [None req-6fdc8891-60ea-4896-b907-b851f7093835 tempest-TaggedAttachmentsTest-659473798 None] Task 'cinder.volume.flows.manager.create_volume.CreateVolumeOnFinishTask;volume:create, create.end' (e88154b9-d5b0-4ac1-9cbf-54a8b593b828) transitioned into state 'SUCCESS' from state 'RUNNING' with result 'None' {{(pid=86650) _task_receiver /opt/stack/data/venv/lib/python3.12/site-packages/taskflow/listeners/logging.py:218}}
Jul 03 23:51:12 devstack cinder-volume[86650]: DEBUG cinder.volume.manager [None req-6fdc8891-60ea-4896-b907-b851f7093835 tempest-TaggedAttachmentsTest-659473798 None] Flow 'volume_create_manager' (1d110660-8ebf-4eb8-9859-572c1e09a6a0) transitioned into state 'SUCCESS' from state 'RUNNING' {{(pid=86650) _flow_receiver /opt/stack/data/venv/lib/python3.12/site-packages/taskflow/listeners/logging.py:160}}
Jul 03 23:51:12 devstack cinder-volume[86650]: INFO cinder.volume.manager [None req-6fdc8891-60ea-4896-b907-b851f7093835 tempest-TaggedAttachmentsTest-659473798 None] Created volume successfully.
Jul 03 23:51:13 devstack sudo[88813]: pam_unix(sudo:session): session closed for user root
