Jun 16 18:23:16 devstack sudo[97840]: quobyte : PWD=/ ; USER=root ; COMMAND=/opt/stack/data/venv/bin/cinder-rootwrap /etc/cinder/rootwrap.conf chmod ugo+rw /opt/stack/data/cinder/mnt/d58a963ea036aa98a6371a23a5706f06/volume-904f9603-18bf-4753-8c29-cbbd544c7270.b97cae34-3a4b-4f66-9f47-85e392067c2a
Jun 16 18:23:16 devstack sudo[97840]: pam_unix(sudo:session): session opened for user root(uid=0) by (uid=1000)
Jun 16 18:23:16 devstack sudo[97840]: pam_unix(sudo:session): session closed for user root
Jun 16 18:23:16 devstack cinder-volume[92036]: DEBUG oslo_concurrency.processutils [None req-d0df9153-a506-427f-a996-582a0fe3d7d2 tempest-VolumesCloneTest-1009403155 None] CMD "sudo cinder-rootwrap /etc/cinder/rootwrap.conf chmod ugo+rw /opt/stack/data/cinder/mnt/d58a963ea036aa98a6371a23a5706f06/volume-904f9603-18bf-4753-8c29-cbbd544c7270.b97cae34-3a4b-4f66-9f47-85e392067c2a" returned: 0 in 0.943s {{(pid=92036) execute /opt/stack/data/venv/lib/python3.12/site-packages/oslo_concurrency/processutils.py:468}}
Jun 16 18:23:17 devstack cinder-volume[92036]: DEBUG oslo_concurrency.processutils [None req-d0df9153-a506-427f-a996-582a0fe3d7d2 tempest-VolumesCloneTest-1009403155 None] Running cmd (subprocess): sudo cinder-rootwrap /etc/cinder/rootwrap.conf truncate -s0 /opt/stack/data/cinder/mnt/d58a963ea036aa98a6371a23a5706f06/volume-904f9603-18bf-4753-8c29-cbbd544c7270.info {{(pid=92036) execute /opt/stack/data/venv/lib/python3.12/site-packages/oslo_concurrency/processutils.py:440}}
Jun 16 18:23:17 devstack sudo[97843]: quobyte : PWD=/ ; USER=root ; COMMAND=/opt/stack/data/venv/bin/cinder-rootwrap /etc/cinder/rootwrap.conf truncate -s0 /opt/stack/data/cinder/mnt/d58a963ea036aa98a6371a23a5706f06/volume-904f9603-18bf-4753-8c29-cbbd544c7270.info
Jun 16 18:23:17 devstack sudo[97843]: pam_unix(sudo:session): session opened for user root(uid=0) by (uid=1000)
Jun 16 18:23:17 devstack sudo[97843]: pam_unix(sudo:session): session closed for user root
Jun 16 18:23:17 devstack cinder-volume[92036]: DEBUG oslo_concurrency.processutils [None req-d0df9153-a506-427f-a996-582a0fe3d7d2 tempest-VolumesCloneTest-1009403155 None] CMD "sudo cinder-rootwrap /etc/cinder/rootwrap.conf truncate -s0 /opt/stack/data/cinder/mnt/d58a963ea036aa98a6371a23a5706f06/volume-904f9603-18bf-4753-8c29-cbbd544c7270.info" returned: 0 in 0.687s {{(pid=92036) execute /opt/stack/data/venv/lib/python3.12/site-packages/oslo_concurrency/processutils.py:468}}
Jun 16 18:23:17 devstack cinder-volume[92036]: WARNING cinder.volume.drivers.remotefs [None req-d0df9153-a506-427f-a996-582a0fe3d7d2 tempest-VolumesCloneTest-1009403155 None] /opt/stack/data/cinder/mnt/d58a963ea036aa98a6371a23a5706f06/volume-904f9603-18bf-4753-8c29-cbbd544c7270.info is being set with open permissions: ugo+rw
Jun 16 18:23:17 devstack cinder-volume[92036]: DEBUG oslo_concurrency.processutils [None req-d0df9153-a506-427f-a996-582a0fe3d7d2 tempest-VolumesCloneTest-1009403155 None] Running cmd (subprocess): sudo cinder-rootwrap /etc/cinder/rootwrap.conf chmod ugo+rw /opt/stack/data/cinder/mnt/d58a963ea036aa98a6371a23a5706f06/volume-904f9603-18bf-4753-8c29-cbbd544c7270.info {{(pid=92036) execute /opt/stack/data/venv/lib/python3.12/site-packages/oslo_concurrency/processutils.py:440}}
Jun 16 18:23:17 devstack sudo[97847]: quobyte : PWD=/ ; USER=root ; COMMAND=/opt/stack/data/venv/bin/cinder-rootwrap /etc/cinder/rootwrap.conf chmod ugo+rw /opt/stack/data/cinder/mnt/d58a963ea036aa98a6371a23a5706f06/volume-904f9603-18bf-4753-8c29-cbbd544c7270.info
Jun 16 18:23:17 devstack sudo[97847]: pam_unix(sudo:session): session opened for user root(uid=0) by (uid=1000)
Jun 16 18:23:18 devstack sudo[97847]: pam_unix(sudo:session): session closed for user root
Jun 16 18:23:18 devstack cinder-volume[92036]: DEBUG oslo_concurrency.processutils [None req-d0df9153-a506-427f-a996-582a0fe3d7d2 tempest-VolumesCloneTest-1009403155 None] CMD "sudo cinder-rootwrap /etc/cinder/rootwrap.conf chmod ugo+rw /opt/stack/data/cinder/mnt/d58a963ea036aa98a6371a23a5706f06/volume-904f9603-18bf-4753-8c29-cbbd544c7270.info" returned: 0 in 0.760s {{(pid=92036) execute /opt/stack/data/venv/lib/python3.12/site-packages/oslo_concurrency/processutils.py:468}}
Jun 16 18:23:18 devstack cinder-volume[92036]: DEBUG cinder.coordination [None req-d0df9153-a506-427f-a996-582a0fe3d7d2 tempest-VolumesCloneTest-1009403155 None] Acquiring lock "cinder-quobyte-e4818add-629b-44bc-96bd-ce36cd1c3e1c" by "_copy_volume_from_snapshot" {{(pid=92036) __acquire /opt/stack/cinder/cinder/coordination.py:138}}
Jun 16 18:23:18 devstack cinder-volume[92036]: DEBUG cinder.coordination [None req-d0df9153-a506-427f-a996-582a0fe3d7d2 tempest-VolumesCloneTest-1009403155 None] Lock "cinder-quobyte-e4818add-629b-44bc-96bd-ce36cd1c3e1c" acquired by "_copy_volume_from_snapshot" :: waited 0.030s {{(pid=92036) __acquire /opt/stack/cinder/cinder/coordination.py:141}}
Jun 16 18:23:18 devstack cinder-volume[92036]: DEBUG cinder.volume.drivers.quobyte [None req-d0df9153-a506-427f-a996-582a0fe3d7d2 tempest-VolumesCloneTest-1009403155 None] snapshot: b97cae34-3a4b-4f66-9f47-85e392067c2a, volume: e4818add-629b-44bc-96bd-ce36cd1c3e1c, {{(pid=92036) _copy_volume_from_snapshot /opt/stack/cinder/cinder/volume/drivers/quobyte.py:401}}
Jun 16 18:23:18 devstack cinder-volume[92036]: DEBUG oslo_concurrency.lockutils [None req-d0df9153-a506-427f-a996-582a0fe3d7d2 tempest-VolumesCloneTest-1009403155 None] Acquiring lock "quobyte_ensure" by "cinder.volume.drivers.quobyte.QuobyteDriver._ensure_shares_mounted" {{(pid=92036) inner /opt/stack/data/venv/lib/python3.12/site-packages/oslo_concurrency/lockutils.py:506}}
Jun 16 18:23:18 devstack cinder-volume[92036]: DEBUG oslo_concurrency.lockutils [None req-d0df9153-a506-427f-a996-582a0fe3d7d2 tempest-VolumesCloneTest-1009403155 None] Lock "quobyte_ensure" acquired by "cinder.volume.drivers.quobyte.QuobyteDriver._ensure_shares_mounted" :: waited 0.001s {{(pid=92036) inner /opt/stack/data/venv/lib/python3.12/site-packages/oslo_concurrency/lockutils.py:519}}
Jun 16 18:23:18 devstack cinder-volume[92036]: DEBUG cinder.volume.drivers.quobyte [None req-d0df9153-a506-427f-a996-582a0fe3d7d2 tempest-VolumesCloneTest-1009403155 None] Quobyte Volume URL set to: {'osci02.corp.quobyte.com/cinder-vol-29460693-0a6a-4c4a-8016-293b589883f1': None} {{(pid=92036) _load_shares_config /opt/stack/cinder/cinder/volume/drivers/quobyte.py:617}}
Jun 16 18:23:18 devstack cinder-volume[92036]: DEBUG cinder.volume.drivers.quobyte [None req-d0df9153-a506-427f-a996-582a0fe3d7d2 tempest-VolumesCloneTest-1009403155 None] Available shares ['osci02.corp.quobyte.com/cinder-vol-29460693-0a6a-4c4a-8016-293b589883f1'] {{(pid=92036) _ensure_shares_mounted /opt/stack/cinder/cinder/volume/drivers/quobyte.py:647}}
Jun 16 18:23:18 devstack cinder-volume[92036]: DEBUG oslo_concurrency.lockutils [None req-d0df9153-a506-427f-a996-582a0fe3d7d2 tempest-VolumesCloneTest-1009403155 None] Lock "quobyte_ensure" "released" by "cinder.volume.drivers.quobyte.QuobyteDriver._ensure_shares_mounted" :: held 0.009s {{(pid=92036) inner /opt/stack/data/venv/lib/python3.12/site-packages/oslo_concurrency/lockutils.py:538}}
Jun 16 18:23:18 devstack cinder-volume[92036]: DEBUG oslo.privsep.daemon [-] privsep: reply[31f97668-fcc2-41e9-8d70-ce7205412df9]: (4, 'qcow2') {{(pid=92941) _call_back /opt/stack/data/venv/lib/python3.12/site-packages/oslo_privsep/daemon.py:573}}
Jun 16 18:23:18 devstack cinder-volume[92036]: DEBUG oslo_concurrency.processutils [None req-d0df9153-a506-427f-a996-582a0fe3d7d2 tempest-VolumesCloneTest-1009403155 None] Running cmd (subprocess): /opt/stack/data/venv/bin/python3.12 -m oslo_concurrency.prlimit --as=1073741824 --cpu=60 -- sudo cinder-rootwrap /etc/cinder/rootwrap.conf env LC_ALL=C qemu-img info -f qcow2 --output=json --force-share /opt/stack/data/cinder/mnt/d58a963ea036aa98a6371a23a5706f06/volume-904f9603-18bf-4753-8c29-cbbd544c7270.b97cae34-3a4b-4f66-9f47-85e392067c2a {{(pid=92036) execute /opt/stack/data/venv/lib/python3.12/site-packages/oslo_concurrency/processutils.py:440}}
Jun 16 18:23:18 devstack sudo[97850]: quobyte : PWD=/ ; USER=root ; COMMAND=/opt/stack/data/venv/bin/cinder-rootwrap /etc/cinder/rootwrap.conf env LC_ALL=C qemu-img info -f qcow2 --output=json --force-share /opt/stack/data/cinder/mnt/d58a963ea036aa98a6371a23a5706f06/volume-904f9603-18bf-4753-8c29-cbbd544c7270.b97cae34-3a4b-4f66-9f47-85e392067c2a
Jun 16 18:23:18 devstack sudo[97850]: pam_unix(sudo:session): session opened for user root(uid=0) by (uid=1000)
Jun 16 18:23:19 devstack sudo[97850]: pam_unix(sudo:session): session closed for user root
Jun 16 18:23:19 devstack cinder-volume[92036]: DEBUG oslo_concurrency.processutils [None req-d0df9153-a506-427f-a996-582a0fe3d7d2 tempest-VolumesCloneTest-1009403155 None] CMD "/opt/stack/data/venv/bin/python3.12 -m oslo_concurrency.prlimit --as=1073741824 --cpu=60 -- sudo cinder-rootwrap /etc/cinder/rootwrap.conf env LC_ALL=C qemu-img info -f qcow2 --output=json --force-share /opt/stack/data/cinder/mnt/d58a963ea036aa98a6371a23a5706f06/volume-904f9603-18bf-4753-8c29-cbbd544c7270.b97cae34-3a4b-4f66-9f47-85e392067c2a" returned: 0 in 1.206s {{(pid=92036) execute /opt/stack/data/venv/lib/python3.12/site-packages/oslo_concurrency/processutils.py:468}}
Jun 16 18:23:19 devstack cinder-volume[92036]: DEBUG cinder.volume.drivers.remotefs [None req-d0df9153-a506-427f-a996-582a0fe3d7d2 tempest-VolumesCloneTest-1009403155 None] Fetching qemu-img info with special backing_file_template: (/opt/stack/data/cinder/mnt/[0-9a-f]+/)?(volume-904f9603-18bf-4753-8c29-cbbd544c7270(.(tmp-snap-)?[0-9a-f-]+)?|volume_from_snapshot_cache/(tmp-snap-)?[0-9a-f-]+(.(child-|parent-)[0-9a-f-]+)?)$ {{(pid=92036) _qemu_img_info_base /opt/stack/cinder/cinder/volume/drivers/remotefs.py:896}}
Jun 16 18:23:19 devstack cinder-volume[92036]: DEBUG cinder.volume.drivers.quobyte [None req-d0df9153-a506-427f-a996-582a0fe3d7d2 tempest-VolumesCloneTest-1009403155 None] will copy from snapshot at /opt/stack/data/cinder/mnt/d58a963ea036aa98a6371a23a5706f06/volume-904f9603-18bf-4753-8c29-cbbd544c7270 {{(pid=92036) _copy_volume_from_snapshot /opt/stack/cinder/cinder/volume/drivers/quobyte.py:420}}
Jun 16 18:23:19 devstack cinder-volume[92036]: DEBUG cinder.volume.drivers.quobyte [None req-d0df9153-a506-427f-a996-582a0fe3d7d2 tempest-VolumesCloneTest-1009403155 None] Creating direct copy from snapshot {{(pid=92036) _copy_volume_from_snapshot /opt/stack/cinder/cinder/volume/drivers/quobyte.py:428}}
Jun 16 18:23:19 devstack cinder-volume[92036]: DEBUG oslo.privsep.daemon [-] privsep: reply[147e0b3d-1b89-4464-9ca8-5b8db542e83f]: (4, 'qcow2') {{(pid=92941) _call_back /opt/stack/data/venv/lib/python3.12/site-packages/oslo_privsep/daemon.py:573}}
Jun 16 18:23:19 devstack cinder-volume[92036]: DEBUG oslo_concurrency.processutils [None req-d0df9153-a506-427f-a996-582a0fe3d7d2 tempest-VolumesCloneTest-1009403155 None] Running cmd (subprocess): /opt/stack/data/venv/bin/python3.12 -m oslo_concurrency.prlimit --as=1073741824 --cpu=60 -- sudo cinder-rootwrap /etc/cinder/rootwrap.conf env LC_ALL=C qemu-img info -f qcow2 --output=json /opt/stack/data/cinder/mnt/d58a963ea036aa98a6371a23a5706f06/volume-904f9603-18bf-4753-8c29-cbbd544c7270 {{(pid=92036) execute /opt/stack/data/venv/lib/python3.12/site-packages/oslo_concurrency/processutils.py:440}}
Jun 16 18:23:19 devstack sudo[97894]: quobyte : PWD=/ ; USER=root ; COMMAND=/opt/stack/data/venv/bin/cinder-rootwrap /etc/cinder/rootwrap.conf env LC_ALL=C qemu-img info -f qcow2 --output=json /opt/stack/data/cinder/mnt/d58a963ea036aa98a6371a23a5706f06/volume-904f9603-18bf-4753-8c29-cbbd544c7270
Jun 16 18:23:19 devstack sudo[97894]: pam_unix(sudo:session): session opened for user root(uid=0) by (uid=1000)
Jun 16 18:23:20 devstack sudo[97894]: pam_unix(sudo:session): session closed for user root
Jun 16 18:23:20 devstack cinder-volume[92036]: DEBUG oslo_concurrency.processutils [None req-d0df9153-a506-427f-a996-582a0fe3d7d2 tempest-VolumesCloneTest-1009403155 None] CMD "/opt/stack/data/venv/bin/python3.12 -m oslo_concurrency.prlimit --as=1073741824 --cpu=60 -- sudo cinder-rootwrap /etc/cinder/rootwrap.conf env LC_ALL=C qemu-img info -f qcow2 --output=json /opt/stack/data/cinder/mnt/d58a963ea036aa98a6371a23a5706f06/volume-904f9603-18bf-4753-8c29-cbbd544c7270" returned: 0 in 0.903s {{(pid=92036) execute /opt/stack/data/venv/lib/python3.12/site-packages/oslo_concurrency/processutils.py:468}}
Jun 16 18:23:20 devstack cinder-volume[92036]: DEBUG cinder.utils [None req-d0df9153-a506-427f-a996-582a0fe3d7d2 tempest-VolumesCloneTest-1009403155 None] Path /opt/stack/data/cinder/mnt/d58a963ea036aa98a6371a23a5706f06/volume-e4818add-629b-44bc-96bd-ce36cd1c3e1c not found in is_blk_device check {{(pid=92036) is_blk_device /opt/stack/cinder/cinder/utils.py:615}}
Jun 16 18:23:20 devstack cinder-volume[92036]: DEBUG oslo_concurrency.processutils [None req-d0df9153-a506-427f-a996-582a0fe3d7d2 tempest-VolumesCloneTest-1009403155 None] Running cmd (subprocess): sudo cinder-rootwrap /etc/cinder/rootwrap.conf qemu-img convert -O qcow2 /opt/stack/data/cinder/mnt/d58a963ea036aa98a6371a23a5706f06/volume-904f9603-18bf-4753-8c29-cbbd544c7270 /opt/stack/data/cinder/mnt/d58a963ea036aa98a6371a23a5706f06/volume-e4818add-629b-44bc-96bd-ce36cd1c3e1c {{(pid=92036) execute /opt/stack/data/venv/lib/python3.12/site-packages/oslo_concurrency/processutils.py:440}}
Jun 16 18:23:20 devstack sudo[97899]: quobyte : PWD=/ ; USER=root ; COMMAND=/opt/stack/data/venv/bin/cinder-rootwrap /etc/cinder/rootwrap.conf qemu-img convert -O qcow2 /opt/stack/data/cinder/mnt/d58a963ea036aa98a6371a23a5706f06/volume-904f9603-18bf-4753-8c29-cbbd544c7270 /opt/stack/data/cinder/mnt/d58a963ea036aa98a6371a23a5706f06/volume-e4818add-629b-44bc-96bd-ce36cd1c3e1c
Jun 16 18:23:20 devstack sudo[97899]: pam_unix(sudo:session): session opened for user root(uid=0) by (uid=1000)
Jun 16 18:23:27 devstack cinder-volume[92036]: DEBUG dbcounter [-] [92036] Writing DB stats cinder:UPDATE=79,cinder:SELECT=59,cinder:DELETE=5,cinder:INSERT=16 {{(pid=92036) stat_writer /opt/stack/data/venv/lib/python3.12/site-packages/dbcounter.py:115}}
Jun 16 18:23:27 devstack cinder-volume[92036]: DEBUG dbcounter [-] [92036] Writing DB stats cinder:SELECT=59,cinder:UPDATE=62,cinder:INSERT=18,cinder:DELETE=8 {{(pid=92036) stat_writer /opt/stack/data/venv/lib/python3.12/site-packages/dbcounter.py:115}}
Jun 16 18:23:27 devstack sudo[97899]: pam_unix(sudo:session): session closed for user root
Jun 16 18:23:27 devstack cinder-volume[92036]: DEBUG oslo_concurrency.processutils [None req-d0df9153-a506-427f-a996-582a0fe3d7d2 tempest-VolumesCloneTest-1009403155 None] CMD "sudo cinder-rootwrap /etc/cinder/rootwrap.conf qemu-img convert -O qcow2 /opt/stack/data/cinder/mnt/d58a963ea036aa98a6371a23a5706f06/volume-904f9603-18bf-4753-8c29-cbbd544c7270 /opt/stack/data/cinder/mnt/d58a963ea036aa98a6371a23a5706f06/volume-e4818add-629b-44bc-96bd-ce36cd1c3e1c" returned: 0 in 7.144s {{(pid=92036) execute /opt/stack/data/venv/lib/python3.12/site-packages/oslo_concurrency/processutils.py:468}}
Jun 16 18:23:27 devstack cinder-volume[92036]: DEBUG oslo.privsep.daemon [-] privsep: reply[e123031c-1835-48f9-a579-f935d1aac4d5]: (4, 'qcow2') {{(pid=92941) _call_back /opt/stack/data/venv/lib/python3.12/site-packages/oslo_privsep/daemon.py:573}}
Jun 16 18:23:27 devstack cinder-volume[92036]: DEBUG oslo_concurrency.processutils [None req-d0df9153-a506-427f-a996-582a0fe3d7d2 tempest-VolumesCloneTest-1009403155 None] Running cmd (subprocess): /opt/stack/data/venv/bin/python3.12 -m oslo_concurrency.prlimit --as=1073741824 --cpu=60 -- sudo cinder-rootwrap /etc/cinder/rootwrap.conf env LC_ALL=C qemu-img info -f qcow2 --output=json /opt/stack/data/cinder/mnt/d58a963ea036aa98a6371a23a5706f06/volume-904f9603-18bf-4753-8c29-cbbd544c7270 {{(pid=92036) execute /opt/stack/data/venv/lib/python3.12/site-packages/oslo_concurrency/processutils.py:440}}
Jun 16 18:23:28 devstack sudo[97997]: quobyte : PWD=/ ; USER=root ; COMMAND=/opt/stack/data/venv/bin/cinder-rootwrap /etc/cinder/rootwrap.conf env LC_ALL=C qemu-img info -f qcow2 --output=json /opt/stack/data/cinder/mnt/d58a963ea036aa98a6371a23a5706f06/volume-904f9603-18bf-4753-8c29-cbbd544c7270
Jun 16 18:23:28 devstack sudo[97997]: pam_unix(sudo:session): session opened for user root(uid=0) by (uid=1000)
Jun 16 18:23:29 devstack sudo[97997]: pam_unix(sudo:session): session closed for user root
Jun 16 18:23:29 devstack cinder-volume[92036]: DEBUG oslo_concurrency.processutils [None req-d0df9153-a506-427f-a996-582a0fe3d7d2 tempest-VolumesCloneTest-1009403155 None] CMD "/opt/stack/data/venv/bin/python3.12 -m oslo_concurrency.prlimit --as=1073741824 --cpu=60 -- sudo cinder-rootwrap /etc/cinder/rootwrap.conf env LC_ALL=C qemu-img info -f qcow2 --output=json /opt/stack/data/cinder/mnt/d58a963ea036aa98a6371a23a5706f06/volume-904f9603-18bf-4753-8c29-cbbd544c7270" returned: 0 in 1.321s {{(pid=92036) execute /opt/stack/data/venv/lib/python3.12/site-packages/oslo_concurrency/processutils.py:468}}
Jun 16 18:23:29 devstack cinder-volume[92036]: DEBUG cinder.image.image_utils [None req-d0df9153-a506-427f-a996-582a0fe3d7d2 tempest-VolumesCloneTest-1009403155 None] Image conversion details: src /opt/stack/data/cinder/mnt/d58a963ea036aa98a6371a23a5706f06/volume-904f9603-18bf-4753-8c29-cbbd544c7270, size 1024.00 MB, duration 7.15 sec, destination /opt/stack/data/cinder/mnt/d58a963ea036aa98a6371a23a5706f06/volume-e4818add-629b-44bc-96bd-ce36cd1c3e1c {{(pid=92036) _convert_image /opt/stack/cinder/cinder/image/image_utils.py:536}}
Jun 16 18:23:29 devstack cinder-volume[92036]: INFO cinder.image.image_utils [None req-d0df9153-a506-427f-a996-582a0fe3d7d2 tempest-VolumesCloneTest-1009403155 None] Converted 1024.00 MB image at 143.28 MB/s
Jun 16 18:23:29 devstack cinder-volume[92036]: WARNING cinder.volume.drivers.remotefs [None req-d0df9153-a506-427f-a996-582a0fe3d7d2 tempest-VolumesCloneTest-1009403155 None] /opt/stack/data/cinder/mnt/d58a963ea036aa98a6371a23a5706f06/volume-e4818add-629b-44bc-96bd-ce36cd1c3e1c is being set with open permissions: ugo+rw
Jun 16 18:23:29 devstack cinder-volume[92036]: DEBUG oslo_concurrency.processutils [None req-d0df9153-a506-427f-a996-582a0fe3d7d2 tempest-VolumesCloneTest-1009403155 None] Running cmd (subprocess): sudo cinder-rootwrap /etc/cinder/rootwrap.conf chmod ugo+rw /opt/stack/data/cinder/mnt/d58a963ea036aa98a6371a23a5706f06/volume-e4818add-629b-44bc-96bd-ce36cd1c3e1c {{(pid=92036) execute /opt/stack/data/venv/lib/python3.12/site-packages/oslo_concurrency/processutils.py:440}}
Jun 16 18:23:29 devstack sudo[98003]: quobyte : PWD=/ ; USER=root ; COMMAND=/opt/stack/data/venv/bin/cinder-rootwrap /etc/cinder/rootwrap.conf chmod ugo+rw /opt/stack/data/cinder/mnt/d58a963ea036aa98a6371a23a5706f06/volume-e4818add-629b-44bc-96bd-ce36cd1c3e1c
Jun 16 18:23:29 devstack sudo[98003]: pam_unix(sudo:session): session opened for user root(uid=0) by (uid=1000)
Jun 16 18:23:30 devstack sudo[98003]: pam_unix(sudo:session): session closed for user root
Jun 16 18:23:30 devstack cinder-volume[92036]: DEBUG oslo_concurrency.processutils [None req-d0df9153-a506-427f-a996-582a0fe3d7d2 tempest-VolumesCloneTest-1009403155 None] CMD "sudo cinder-rootwrap /etc/cinder/rootwrap.conf chmod ugo+rw /opt/stack/data/cinder/mnt/d58a963ea036aa98a6371a23a5706f06/volume-e4818add-629b-44bc-96bd-ce36cd1c3e1c" returned: 0 in 0.888s {{(pid=92036) execute /opt/stack/data/venv/lib/python3.12/site-packages/oslo_concurrency/processutils.py:468}}
Jun 16 18:23:30 devstack cinder-volume[92036]: DEBUG cinder.coordination [None req-d0df9153-a506-427f-a996-582a0fe3d7d2 tempest-VolumesCloneTest-1009403155 None] Lock "cinder-quobyte-e4818add-629b-44bc-96bd-ce36cd1c3e1c" released by "_copy_volume_from_snapshot" :: held 11.606s {{(pid=92036) __release /opt/stack/cinder/cinder/coordination.py:152}}
Jun 16 18:23:30 devstack cinder-volume[92036]: DEBUG cinder.coordination [None req-d0df9153-a506-427f-a996-582a0fe3d7d2 tempest-VolumesCloneTest-1009403155 None] Acquiring lock "cinder-quobyte-b97cae34-3a4b-4f66-9f47-85e392067c2a" by "_delete_snapshot" {{(pid=92036) __acquire /opt/stack/cinder/cinder/coordination.py:138}}
Jun 16 18:23:30 devstack cinder-volume[92036]: DEBUG cinder.coordination [None req-d0df9153-a506-427f-a996-582a0fe3d7d2 tempest-VolumesCloneTest-1009403155 None] Lock "cinder-quobyte-b97cae34-3a4b-4f66-9f47-85e392067c2a" acquired by "_delete_snapshot" :: waited 0.034s {{(pid=92036) __acquire /opt/stack/cinder/cinder/coordination.py:141}}
Jun 16 18:23:30 devstack cinder-volume[92036]: DEBUG cinder.volume.drivers.remotefs [None req-d0df9153-a506-427f-a996-582a0fe3d7d2 tempest-VolumesCloneTest-1009403155 None] Deleting offline snapshot b97cae34-3a4b-4f66-9f47-85e392067c2a of volume 904f9603-18bf-4753-8c29-cbbd544c7270 {{(pid=92036) _delete_snapshot /opt/stack/cinder/cinder/volume/drivers/remotefs.py:1288}}
Jun 16 18:23:30 devstack cinder-volume[92036]: DEBUG cinder.volume.drivers.remotefs [None req-d0df9153-a506-427f-a996-582a0fe3d7d2 tempest-VolumesCloneTest-1009403155 None] snapshot_file for this snap is: volume-904f9603-18bf-4753-8c29-cbbd544c7270.b97cae34-3a4b-4f66-9f47-85e392067c2a {{(pid=92036) _delete_snapshot /opt/stack/cinder/cinder/volume/drivers/remotefs.py:1317}}
Jun 16 18:23:30 devstack cinder-volume[92036]: DEBUG oslo.privsep.daemon [-] privsep: reply[9a3d9bf7-5b10-4e67-b667-ea39f3315b20]: (4, 'qcow2') {{(pid=92941) _call_back /opt/stack/data/venv/lib/python3.12/site-packages/oslo_privsep/daemon.py:573}}
Jun 16 18:23:30 devstack cinder-volume[92036]: DEBUG oslo_concurrency.processutils [None req-d0df9153-a506-427f-a996-582a0fe3d7d2 tempest-VolumesCloneTest-1009403155 None] Running cmd (subprocess): /opt/stack/data/venv/bin/python3.12 -m oslo_concurrency.prlimit --as=1073741824 --cpu=60 -- sudo cinder-rootwrap /etc/cinder/rootwrap.conf env LC_ALL=C qemu-img info -f qcow2 --output=json --force-share /opt/stack/data/cinder/mnt/d58a963ea036aa98a6371a23a5706f06/volume-904f9603-18bf-4753-8c29-cbbd544c7270.b97cae34-3a4b-4f66-9f47-85e392067c2a {{(pid=92036) execute /opt/stack/data/venv/lib/python3.12/site-packages/oslo_concurrency/processutils.py:440}}
Jun 16 18:23:30 devstack sudo[98021]: quobyte : PWD=/ ; USER=root ; COMMAND=/opt/stack/data/venv/bin/cinder-rootwrap /etc/cinder/rootwrap.conf env LC_ALL=C qemu-img info -f qcow2 --output=json --force-share /opt/stack/data/cinder/mnt/d58a963ea036aa98a6371a23a5706f06/volume-904f9603-18bf-4753-8c29-cbbd544c7270.b97cae34-3a4b-4f66-9f47-85e392067c2a
Jun 16 18:23:30 devstack sudo[98021]: pam_unix(sudo:session): session opened for user root(uid=0) by (uid=1000)
Jun 16 18:23:31 devstack sudo[98021]: pam_unix(sudo:session): session closed for user root
Jun 16 18:23:31 devstack cinder-volume[92036]: DEBUG oslo_concurrency.processutils [None req-d0df9153-a506-427f-a996-582a0fe3d7d2 tempest-VolumesCloneTest-1009403155 None] CMD "/opt/stack/data/venv/bin/python3.12 -m oslo_concurrency.prlimit --as=1073741824 --cpu=60 -- sudo cinder-rootwrap /etc/cinder/rootwrap.conf env LC_ALL=C qemu-img info -f qcow2 --output=json --force-share /opt/stack/data/cinder/mnt/d58a963ea036aa98a6371a23a5706f06/volume-904f9603-18bf-4753-8c29-cbbd544c7270.b97cae34-3a4b-4f66-9f47-85e392067c2a" returned: 0 in 0.823s {{(pid=92036) execute /opt/stack/data/venv/lib/python3.12/site-packages/oslo_concurrency/processutils.py:468}}
Jun 16 18:23:31 devstack cinder-volume[92036]: DEBUG cinder.volume.drivers.remotefs [None req-d0df9153-a506-427f-a996-582a0fe3d7d2 tempest-VolumesCloneTest-1009403155 None] Fetching qemu-img info with special backing_file_template: (/opt/stack/data/cinder/mnt/[0-9a-f]+/)?(volume-904f9603-18bf-4753-8c29-cbbd544c7270(.(tmp-snap-)?[0-9a-f-]+)?|volume_from_snapshot_cache/(tmp-snap-)?[0-9a-f-]+(.(child-|parent-)[0-9a-f-]+)?)$ {{(pid=92036) _qemu_img_info_base /opt/stack/cinder/cinder/volume/drivers/remotefs.py:896}}
Jun 16 18:23:31 devstack cinder-volume[92036]: DEBUG oslo.privsep.daemon [-] privsep: reply[30ff6aa4-d7b8-47bd-bb4b-64ad8d83fd2f]: (4, 'qcow2') {{(pid=92941) _call_back /opt/stack/data/venv/lib/python3.12/site-packages/oslo_privsep/daemon.py:573}}
Jun 16 18:23:31 devstack cinder-volume[92036]: DEBUG oslo_concurrency.processutils [None req-d0df9153-a506-427f-a996-582a0fe3d7d2 tempest-VolumesCloneTest-1009403155 None] Running cmd (subprocess): /opt/stack/data/venv/bin/python3.12 -m oslo_concurrency.prlimit --as=1073741824 --cpu=60 -- sudo cinder-rootwrap /etc/cinder/rootwrap.conf env LC_ALL=C qemu-img info -f qcow2 --output=json --force-share /opt/stack/data/cinder/mnt/d58a963ea036aa98a6371a23a5706f06/volume-904f9603-18bf-4753-8c29-cbbd544c7270 {{(pid=92036) execute /opt/stack/data/venv/lib/python3.12/site-packages/oslo_concurrency/processutils.py:440}}
Jun 16 18:23:31 devstack sudo[98034]: quobyte : PWD=/ ; USER=root ; COMMAND=/opt/stack/data/venv/bin/cinder-rootwrap /etc/cinder/rootwrap.conf env LC_ALL=C qemu-img info -f qcow2 --output=json --force-share /opt/stack/data/cinder/mnt/d58a963ea036aa98a6371a23a5706f06/volume-904f9603-18bf-4753-8c29-cbbd544c7270
Jun 16 18:23:31 devstack sudo[98034]: pam_unix(sudo:session): session opened for user root(uid=0) by (uid=1000)
Jun 16 18:23:31 devstack sudo[98034]: pam_unix(sudo:session): session closed for user root
Jun 16 18:23:31 devstack cinder-volume[92036]: DEBUG oslo_concurrency.processutils [None req-d0df9153-a506-427f-a996-582a0fe3d7d2 tempest-VolumesCloneTest-1009403155 None] CMD "/opt/stack/data/venv/bin/python3.12 -m oslo_concurrency.prlimit --as=1073741824 --cpu=60 -- sudo cinder-rootwrap /etc/cinder/rootwrap.conf env LC_ALL=C qemu-img info -f qcow2 --output=json --force-share /opt/stack/data/cinder/mnt/d58a963ea036aa98a6371a23a5706f06/volume-904f9603-18bf-4753-8c29-cbbd544c7270" returned: 0 in 0.820s {{(pid=92036) execute /opt/stack/data/venv/lib/python3.12/site-packages/oslo_concurrency/processutils.py:468}}
Jun 16 18:23:31 devstack cinder-volume[92036]: DEBUG oslo_concurrency.processutils [None req-d0df9153-a506-427f-a996-582a0fe3d7d2 tempest-VolumesCloneTest-1009403155 None] Running cmd (subprocess): sudo cinder-rootwrap /etc/cinder/rootwrap.conf qemu-img commit -d /opt/stack/data/cinder/mnt/d58a963ea036aa98a6371a23a5706f06/volume-904f9603-18bf-4753-8c29-cbbd544c7270.b97cae34-3a4b-4f66-9f47-85e392067c2a {{(pid=92036) execute /opt/stack/data/venv/lib/python3.12/site-packages/oslo_concurrency/processutils.py:440}}
Jun 16 18:23:31 devstack sudo[98041]: quobyte : PWD=/ ; USER=root ; COMMAND=/opt/stack/data/venv/bin/cinder-rootwrap /etc/cinder/rootwrap.conf qemu-img commit -d /opt/stack/data/cinder/mnt/d58a963ea036aa98a6371a23a5706f06/volume-904f9603-18bf-4753-8c29-cbbd544c7270.b97cae34-3a4b-4f66-9f47-85e392067c2a
Jun 16 18:23:31 devstack sudo[98041]: pam_unix(sudo:session): session opened for user root(uid=0) by (uid=1000)
Jun 16 18:23:33 devstack sudo[98041]: pam_unix(sudo:session): session closed for user root
Jun 16 18:23:33 devstack cinder-volume[92036]: DEBUG oslo_concurrency.processutils [None req-d0df9153-a506-427f-a996-582a0fe3d7d2 tempest-VolumesCloneTest-1009403155 None] CMD "sudo cinder-rootwrap /etc/cinder/rootwrap.conf qemu-img commit -d /opt/stack/data/cinder/mnt/d58a963ea036aa98a6371a23a5706f06/volume-904f9603-18bf-4753-8c29-cbbd544c7270.b97cae34-3a4b-4f66-9f47-85e392067c2a" returned: 0 in 1.282s {{(pid=92036) execute /opt/stack/data/venv/lib/python3.12/site-packages/oslo_concurrency/processutils.py:468}}
Jun 16 18:23:33 devstack cinder-volume[92036]: DEBUG oslo_concurrency.processutils [None req-d0df9153-a506-427f-a996-582a0fe3d7d2 tempest-VolumesCloneTest-1009403155 None] Running cmd (subprocess): sudo cinder-rootwrap /etc/cinder/rootwrap.conf rm -f /opt/stack/data/cinder/mnt/d58a963ea036aa98a6371a23a5706f06/volume-904f9603-18bf-4753-8c29-cbbd544c7270.b97cae34-3a4b-4f66-9f47-85e392067c2a {{(pid=92036) execute /opt/stack/data/venv/lib/python3.12/site-packages/oslo_concurrency/processutils.py:440}}
Jun 16 18:23:33 devstack sudo[98048]: quobyte : PWD=/ ; USER=root ; COMMAND=/opt/stack/data/venv/bin/cinder-rootwrap /etc/cinder/rootwrap.conf rm -f /opt/stack/data/cinder/mnt/d58a963ea036aa98a6371a23a5706f06/volume-904f9603-18bf-4753-8c29-cbbd544c7270.b97cae34-3a4b-4f66-9f47-85e392067c2a
Jun 16 18:23:33 devstack sudo[98048]: pam_unix(sudo:session): session opened for user root(uid=0) by (uid=1000)
Jun 16 18:23:34 devstack cinder-volume[92036]: DEBUG oslo_service.periodic_task [None req-c80aaed3-d4e0-410f-9e8a-1211f8cc712d None None] Running periodic task VolumeManager.publish_service_capabilities {{(pid=92036) run_periodic_tasks /opt/stack/data/venv/lib/python3.12/site-packages/oslo_service/periodic_task.py:210}}
Jun 16 18:23:34 devstack cinder-volume[92036]: DEBUG oslo_concurrency.lockutils [None req-c80aaed3-d4e0-410f-9e8a-1211f8cc712d None None] Acquiring lock "quobyte_ensure" by "cinder.volume.drivers.quobyte.QuobyteDriver._ensure_shares_mounted" {{(pid=92036) inner /opt/stack/data/venv/lib/python3.12/site-packages/oslo_concurrency/lockutils.py:506}}
Jun 16 18:23:34 devstack cinder-volume[92036]: DEBUG oslo_concurrency.lockutils [None req-c80aaed3-d4e0-410f-9e8a-1211f8cc712d None None] Lock "quobyte_ensure" acquired by "cinder.volume.drivers.quobyte.QuobyteDriver._ensure_shares_mounted" :: waited 0.001s {{(pid=92036) inner /opt/stack/data/venv/lib/python3.12/site-packages/oslo_concurrency/lockutils.py:519}}
Jun 16 18:23:34 devstack cinder-volume[92036]: DEBUG cinder.volume.drivers.quobyte [None req-c80aaed3-d4e0-410f-9e8a-1211f8cc712d None None] Quobyte Volume URL set to: {'osci02.corp.quobyte.com/cinder-vol-29460693-0a6a-4c4a-8016-293b589883f1': None} {{(pid=92036) _load_shares_config /opt/stack/cinder/cinder/volume/drivers/quobyte.py:617}}
Jun 16 18:23:34 devstack cinder-volume[92036]: DEBUG cinder.volume.drivers.quobyte [None req-c80aaed3-d4e0-410f-9e8a-1211f8cc712d None None] Available shares ['osci02.corp.quobyte.com/cinder-vol-29460693-0a6a-4c4a-8016-293b589883f1'] {{(pid=92036) _ensure_shares_mounted /opt/stack/cinder/cinder/volume/drivers/quobyte.py:647}}
Jun 16 18:23:34 devstack cinder-volume[92036]: DEBUG oslo_concurrency.lockutils [None req-c80aaed3-d4e0-410f-9e8a-1211f8cc712d None None] Lock "quobyte_ensure" "released" by "cinder.volume.drivers.quobyte.QuobyteDriver._ensure_shares_mounted" :: held 0.022s {{(pid=92036) inner /opt/stack/data/venv/lib/python3.12/site-packages/oslo_concurrency/lockutils.py:538}}
Jun 16 18:23:34 devstack cinder-volume[92036]: DEBUG oslo_concurrency.processutils [None req-c80aaed3-d4e0-410f-9e8a-1211f8cc712d None None] Running cmd (subprocess): sudo cinder-rootwrap /etc/cinder/rootwrap.conf df --portability --block-size 1 /opt/stack/data/cinder/mnt/d58a963ea036aa98a6371a23a5706f06 {{(pid=92036) execute /opt/stack/data/venv/lib/python3.12/site-packages/oslo_concurrency/processutils.py:440}}
Jun 16 18:23:34 devstack sudo[98079]: quobyte : PWD=/ ; USER=root ; COMMAND=/opt/stack/data/venv/bin/cinder-rootwrap /etc/cinder/rootwrap.conf df --portability --block-size 1 /opt/stack/data/cinder/mnt/d58a963ea036aa98a6371a23a5706f06
Jun 16 18:23:34 devstack sudo[98079]: pam_unix(sudo:session): session opened for user root(uid=0) by (uid=1000)
Jun 16 18:23:34 devstack sudo[98048]: pam_unix(sudo:session): session closed for user root
Jun 16 18:23:34 devstack cinder-volume[92036]: DEBUG oslo_concurrency.processutils [None req-d0df9153-a506-427f-a996-582a0fe3d7d2 tempest-VolumesCloneTest-1009403155 None] CMD "sudo cinder-rootwrap /etc/cinder/rootwrap.conf rm -f /opt/stack/data/cinder/mnt/d58a963ea036aa98a6371a23a5706f06/volume-904f9603-18bf-4753-8c29-cbbd544c7270.b97cae34-3a4b-4f66-9f47-85e392067c2a" returned: 0 in 1.118s {{(pid=92036) execute /opt/stack/data/venv/lib/python3.12/site-packages/oslo_concurrency/processutils.py:468}}
Jun 16 18:23:34 devstack cinder-volume[92036]: DEBUG cinder.coordination [None req-d0df9153-a506-427f-a996-582a0fe3d7d2 tempest-VolumesCloneTest-1009403155 None] Lock "cinder-quobyte-b97cae34-3a4b-4f66-9f47-85e392067c2a" released by "_delete_snapshot" :: held 4.230s {{(pid=92036) __release /opt/stack/cinder/cinder/coordination.py:152}}
Jun 16 18:23:34 devstack cinder-volume[92036]: DEBUG oslo_concurrency.lockutils [None req-d0df9153-a506-427f-a996-582a0fe3d7d2 tempest-VolumesCloneTest-1009403155 None] Lock "quobyte" "released" by "cinder.volume.drivers.quobyte.QuobyteDriver.create_cloned_volume" :: held 21.857s {{(pid=92036) inner /opt/stack/data/venv/lib/python3.12/site-packages/oslo_concurrency/lockutils.py:538}}
Jun 16 18:23:34 devstack cinder-volume[92036]: DEBUG cinder.volume.manager [None req-d0df9153-a506-427f-a996-582a0fe3d7d2 tempest-VolumesCloneTest-1009403155 None] Task 'cinder.volume.flows.manager.create_volume.CreateVolumeFromSpecTask;volume:create' (7d27182c-ff76-440b-80e4-e19aedbb3dcc) transitioned into state 'SUCCESS' from state 'RUNNING' with result '{'status': 'creating', 'volume_name': 'volume-e4818add-629b-44bc-96bd-ce36cd1c3e1c', 'volume_size': 2, 'source_volid': '904f9603-18bf-4753-8c29-cbbd544c7270', 'source_volstatus': 'available'}' {{(pid=92036) _task_receiver /opt/stack/data/venv/lib/python3.12/site-packages/taskflow/listeners/logging.py:182}}
Jun 16 18:23:34 devstack cinder-volume[92036]: DEBUG cinder.volume.manager [None req-d0df9153-a506-427f-a996-582a0fe3d7d2 tempest-VolumesCloneTest-1009403155 None] Task 'cinder.volume.flows.manager.create_volume.CreateVolumeOnFinishTask;volume:create, create.end' (b89807b1-ccc7-4c6c-9713-0e330c4fa75f) transitioned into state 'RUNNING' from state 'PENDING' {{(pid=92036) _task_receiver /opt/stack/data/venv/lib/python3.12/site-packages/taskflow/listeners/logging.py:194}}
Jun 16 18:23:34 devstack cinder-volume[92036]: INFO cinder.volume.flows.manager.create_volume [None req-d0df9153-a506-427f-a996-582a0fe3d7d2 tempest-VolumesCloneTest-1009403155 None] Volume volume-e4818add-629b-44bc-96bd-ce36cd1c3e1c (e4818add-629b-44bc-96bd-ce36cd1c3e1c): created successfully
Jun 16 18:23:34 devstack cinder-volume[92036]: DEBUG cinder.volume.manager [None req-d0df9153-a506-427f-a996-582a0fe3d7d2 tempest-VolumesCloneTest-1009403155 None] Task 'cinder.volume.flows.manager.create_volume.CreateVolumeOnFinishTask;volume:create, create.end' (b89807b1-ccc7-4c6c-9713-0e330c4fa75f) transitioned into state 'SUCCESS' from state 'RUNNING' with result 'None' {{(pid=92036) _task_receiver /opt/stack/data/venv/lib/python3.12/site-packages/taskflow/listeners/logging.py:182}}
Jun 16 18:23:34 devstack cinder-volume[92036]: DEBUG cinder.volume.manager [None req-d0df9153-a506-427f-a996-582a0fe3d7d2 tempest-VolumesCloneTest-1009403155 None] Flow 'volume_create_manager' (ad282742-4878-4219-a5a6-4995a567436d) transitioned into state 'SUCCESS' from state 'RUNNING' {{(pid=92036) _flow_receiver /opt/stack/data/venv/lib/python3.12/site-packages/taskflow/listeners/logging.py:145}}
Jun 16 18:23:34 devstack cinder-volume[92036]: INFO cinder.volume.manager [None req-d0df9153-a506-427f-a996-582a0fe3d7d2 tempest-VolumesCloneTest-1009403155 None] Created volume successfully.
Jun 16 18:23:35 devstack cinder-volume[92036]: DEBUG cinder.coordination [None req-0d8c8a3b-ebd5-436a-89e0-bcbe164aa62b tempest-VolumesCloneTest-1009403155 None] Acquiring lock "cinder-e4818add-629b-44bc-96bd-ce36cd1c3e1c-delete_volume" by "delete_volume" {{(pid=92036) __acquire /opt/stack/cinder/cinder/coordination.py:138}}
Jun 16 18:23:35 devstack cinder-volume[92036]: DEBUG cinder.coordination [None req-0d8c8a3b-ebd5-436a-89e0-bcbe164aa62b tempest-VolumesCloneTest-1009403155 None] Lock "cinder-e4818add-629b-44bc-96bd-ce36cd1c3e1c-delete_volume" acquired by "delete_volume" :: waited 0.025s {{(pid=92036) __acquire /opt/stack/cinder/cinder/coordination.py:141}}
Jun 16 18:23:35 devstack cinder-volume[92036]: DEBUG cinder.coordination [None req-0d8c8a3b-ebd5-436a-89e0-bcbe164aa62b tempest-VolumesCloneTest-1009403155 None] Acquiring lock "cinder-quobyte-e4818add-629b-44bc-96bd-ce36cd1c3e1c" by "delete_volume" {{(pid=92036) __acquire /opt/stack/cinder/cinder/coordination.py:138}}
Jun 16 18:23:35 devstack cinder-volume[92036]: DEBUG cinder.coordination [None req-0d8c8a3b-ebd5-436a-89e0-bcbe164aa62b tempest-VolumesCloneTest-1009403155 None] Lock "cinder-quobyte-e4818add-629b-44bc-96bd-ce36cd1c3e1c" acquired by "delete_volume" :: waited 0.029s {{(pid=92036) __acquire /opt/stack/cinder/cinder/coordination.py:141}}
Jun 16 18:23:35 devstack cinder-volume[92036]: DEBUG oslo.privsep.daemon [-] privsep: reply[19632792-375d-478c-89a6-8a9c714f4703]: (4, 'qcow2') {{(pid=92941) _call_back /opt/stack/data/venv/lib/python3.12/site-packages/oslo_privsep/daemon.py:573}}
Jun 16 18:23:35 devstack cinder-volume[92036]: DEBUG oslo_concurrency.processutils [None req-0d8c8a3b-ebd5-436a-89e0-bcbe164aa62b tempest-VolumesCloneTest-1009403155 None] Running cmd (subprocess): /opt/stack/data/venv/bin/python3.12 -m oslo_concurrency.prlimit --as=1073741824 --cpu=60 -- sudo cinder-rootwrap /etc/cinder/rootwrap.conf env LC_ALL=C qemu-img info -f qcow2 --output=json --force-share /opt/stack/data/cinder/mnt/d58a963ea036aa98a6371a23a5706f06/volume-e4818add-629b-44bc-96bd-ce36cd1c3e1c {{(pid=92036) execute /opt/stack/data/venv/lib/python3.12/site-packages/oslo_concurrency/processutils.py:440}}
Jun 16 18:23:35 devstack sudo[98079]: pam_unix(sudo:session): session closed for user root
Jun 16 18:23:35 devstack cinder-volume[92036]: DEBUG oslo_concurrency.processutils [None req-c80aaed3-d4e0-410f-9e8a-1211f8cc712d None None] CMD "sudo cinder-rootwrap /etc/cinder/rootwrap.conf df --portability --block-size 1 /opt/stack/data/cinder/mnt/d58a963ea036aa98a6371a23a5706f06" returned: 0 in 1.476s {{(pid=92036) execute /opt/stack/data/venv/lib/python3.12/site-packages/oslo_concurrency/processutils.py:468}}
Jun 16 18:23:35 devstack cinder-volume[92036]: DEBUG cinder.manager [None req-c80aaed3-d4e0-410f-9e8a-1211f8cc712d None None] Notifying Schedulers of capabilities ... {{(pid=92036) _publish_service_capabilities /opt/stack/cinder/cinder/manager.py:219}}
Jun 16 18:23:35 devstack cinder-volume[92036]: DEBUG oslo_service.periodic_task [None req-c80aaed3-d4e0-410f-9e8a-1211f8cc712d None None] Running periodic task VolumeManager._thread_info {{(pid=92036) run_periodic_tasks /opt/stack/data/venv/lib/python3.12/site-packages/oslo_service/periodic_task.py:210}}
Jun 16 18:23:35 devstack cinder-volume[92036]: DEBUG cinder.volume.manager [None req-c80aaed3-d4e0-410f-9e8a-1211f8cc712d None None] thread count: 8 {{(pid=92036) _thread_info /opt/stack/cinder/cinder/volume/manager.py:5472}}
Jun 16 18:23:35 devstack cinder-volume[92036]: DEBUG cinder.volume.manager [None req-c80aaed3-d4e0-410f-9e8a-1211f8cc712d None None] thread info: [<_MainThread(MainThread, started 126992604524672)>, , , , , , , ] {{(pid=92036) _thread_info /opt/stack/cinder/cinder/volume/manager.py:5473}}
Jun 16 18:23:35 devstack sudo[98103]: quobyte : PWD=/ ; USER=root ; COMMAND=/opt/stack/data/venv/bin/cinder-rootwrap /etc/cinder/rootwrap.conf env LC_ALL=C qemu-img info -f qcow2 --output=json --force-share /opt/stack/data/cinder/mnt/d58a963ea036aa98a6371a23a5706f06/volume-e4818add-629b-44bc-96bd-ce36cd1c3e1c
Jun 16 18:23:35 devstack sudo[98103]: pam_unix(sudo:session): session opened for user root(uid=0) by (uid=1000)
Jun 16 18:23:36 devstack sudo[98103]: pam_unix(sudo:session): session closed for user root
Jun 16 18:23:36 devstack cinder-volume[92036]: DEBUG oslo_concurrency.processutils [None req-0d8c8a3b-ebd5-436a-89e0-bcbe164aa62b tempest-VolumesCloneTest-1009403155 None] CMD "/opt/stack/data/venv/bin/python3.12 -m oslo_concurrency.prlimit --as=1073741824 --cpu=60 -- sudo cinder-rootwrap /etc/cinder/rootwrap.conf env LC_ALL=C qemu-img info -f qcow2 --output=json --force-share /opt/stack/data/cinder/mnt/d58a963ea036aa98a6371a23a5706f06/volume-e4818add-629b-44bc-96bd-ce36cd1c3e1c" returned: 0 in 0.826s {{(pid=92036) execute /opt/stack/data/venv/lib/python3.12/site-packages/oslo_concurrency/processutils.py:468}}
Jun 16 18:23:36 devstack cinder-volume[92036]: DEBUG oslo_concurrency.processutils [None req-0d8c8a3b-ebd5-436a-89e0-bcbe164aa62b tempest-VolumesCloneTest-1009403155 None] Running cmd (subprocess): sudo cinder-rootwrap /etc/cinder/rootwrap.conf rm -f /opt/stack/data/cinder/mnt/d58a963ea036aa98a6371a23a5706f06/volume-e4818add-629b-44bc-96bd-ce36cd1c3e1c {{(pid=92036) execute /opt/stack/data/venv/lib/python3.12/site-packages/oslo_concurrency/processutils.py:440}}
Jun 16 18:23:36 devstack sudo[98110]: quobyte : PWD=/ ; USER=root ; COMMAND=/opt/stack/data/venv/bin/cinder-rootwrap /etc/cinder/rootwrap.conf rm -f /opt/stack/data/cinder/mnt/d58a963ea036aa98a6371a23a5706f06/volume-e4818add-629b-44bc-96bd-ce36cd1c3e1c
Jun 16 18:23:36 devstack sudo[98110]: pam_unix(sudo:session): session opened for user root(uid=0) by (uid=1000)
Jun 16 18:23:37 devstack sudo[98110]: pam_unix(sudo:session): session closed for user root
Jun 16 18:23:37 devstack cinder-volume[92036]: DEBUG oslo_concurrency.processutils [None req-0d8c8a3b-ebd5-436a-89e0-bcbe164aa62b tempest-VolumesCloneTest-1009403155 None] CMD "sudo cinder-rootwrap /etc/cinder/rootwrap.conf rm -f /opt/stack/data/cinder/mnt/d58a963ea036aa98a6371a23a5706f06/volume-e4818add-629b-44bc-96bd-ce36cd1c3e1c" returned: 0 in 0.842s {{(pid=92036) execute /opt/stack/data/venv/lib/python3.12/site-packages/oslo_concurrency/processutils.py:468}}
Jun 16 18:23:37 devstack cinder-volume[92036]: DEBUG cinder.coordination [None req-0d8c8a3b-ebd5-436a-89e0-bcbe164aa62b tempest-VolumesCloneTest-1009403155 None] Lock "cinder-quobyte-e4818add-629b-44bc-96bd-ce36cd1c3e1c" released by "delete_volume" :: held 1.769s {{(pid=92036) __release /opt/stack/cinder/cinder/coordination.py:152}}
Jun 16 18:23:37 devstack cinder-volume[92036]: DEBUG cinder.quota [None req-0d8c8a3b-ebd5-436a-89e0-bcbe164aa62b tempest-VolumesCloneTest-1009403155 None] Created reservations ['b0168c64-6e1f-40b9-a955-a50c9d43307e', '4b68fb27-5940-495f-9aef-e1077ef817b5', 'f88c4356-a6c1-4c74-b84d-757eb61d3e0c', 'f48f028e-5f7e-4710-8ddf-a069637ce017'] {{(pid=92036) reserve /opt/stack/cinder/cinder/quota.py:752}}
Jun 16 18:23:37 devstack cinder-volume[92036]: DEBUG oslo_concurrency.lockutils [None req-0d8c8a3b-ebd5-436a-89e0-bcbe164aa62b tempest-VolumesCloneTest-1009403155 None] Acquiring lock "quobyte_ensure" by "cinder.volume.drivers.quobyte.QuobyteDriver._ensure_shares_mounted" {{(pid=92036) inner /opt/stack/data/venv/lib/python3.12/site-packages/oslo_concurrency/lockutils.py:506}}
Jun 16 18:23:37 devstack cinder-volume[92036]: DEBUG oslo_concurrency.lockutils [None req-0d8c8a3b-ebd5-436a-89e0-bcbe164aa62b tempest-VolumesCloneTest-1009403155 None] Lock "quobyte_ensure" acquired by "cinder.volume.drivers.quobyte.QuobyteDriver._ensure_shares_mounted" :: waited 0.001s {{(pid=92036) inner /opt/stack/data/venv/lib/python3.12/site-packages/oslo_concurrency/lockutils.py:519}}
Jun 16 18:23:37 devstack cinder-volume[92036]: DEBUG cinder.volume.drivers.quobyte [None req-0d8c8a3b-ebd5-436a-89e0-bcbe164aa62b tempest-VolumesCloneTest-1009403155 None] Quobyte Volume URL set to: {'osci02.corp.quobyte.com/cinder-vol-29460693-0a6a-4c4a-8016-293b589883f1': None} {{(pid=92036) _load_shares_config /opt/stack/cinder/cinder/volume/drivers/quobyte.py:617}}
Jun 16 18:23:37 devstack cinder-volume[92036]: DEBUG cinder.volume.drivers.quobyte [None req-0d8c8a3b-ebd5-436a-89e0-bcbe164aa62b tempest-VolumesCloneTest-1009403155 None] Available shares ['osci02.corp.quobyte.com/cinder-vol-29460693-0a6a-4c4a-8016-293b589883f1'] {{(pid=92036) _ensure_shares_mounted /opt/stack/cinder/cinder/volume/drivers/quobyte.py:647}}
Jun 16 18:23:37 devstack cinder-volume[92036]: DEBUG oslo_concurrency.lockutils [None req-0d8c8a3b-ebd5-436a-89e0-bcbe164aa62b tempest-VolumesCloneTest-1009403155 None] Lock "quobyte_ensure" "released" by "cinder.volume.drivers.quobyte.QuobyteDriver._ensure_shares_mounted" :: held 0.006s {{(pid=92036) inner /opt/stack/data/venv/lib/python3.12/site-packages/oslo_concurrency/lockutils.py:538}}
Jun 16 18:23:37 devstack cinder-volume[92036]: DEBUG oslo_concurrency.processutils [None req-0d8c8a3b-ebd5-436a-89e0-bcbe164aa62b tempest-VolumesCloneTest-1009403155 None] Running cmd (subprocess): sudo cinder-rootwrap /etc/cinder/rootwrap.conf df --portability --block-size 1 /opt/stack/data/cinder/mnt/d58a963ea036aa98a6371a23a5706f06 {{(pid=92036) execute /opt/stack/data/venv/lib/python3.12/site-packages/oslo_concurrency/processutils.py:440}}
Jun 16 18:23:37 devstack sudo[98114]: quobyte : PWD=/ ; USER=root ; COMMAND=/opt/stack/data/venv/bin/cinder-rootwrap /etc/cinder/rootwrap.conf df --portability --block-size 1 /opt/stack/data/cinder/mnt/d58a963ea036aa98a6371a23a5706f06
Jun 16 18:23:37 devstack sudo[98114]: pam_unix(sudo:session): session opened for user root(uid=0) by (uid=1000)
Jun 16 18:23:37 devstack cinder-volume[92036]: DEBUG cinder.coordination [None req-f999ab3e-ff9d-4332-8e80-6d87c2d4b248 tempest-VolumesCloneTest-1009403155 None] Acquiring lock "cinder-904f9603-18bf-4753-8c29-cbbd544c7270-delete_volume" by "delete_volume" {{(pid=92036) __acquire /opt/stack/cinder/cinder/coordination.py:138}}
Jun 16 18:23:37 devstack cinder-volume[92036]: DEBUG cinder.coordination [None req-f999ab3e-ff9d-4332-8e80-6d87c2d4b248 tempest-VolumesCloneTest-1009403155 None] Lock "cinder-904f9603-18bf-4753-8c29-cbbd544c7270-delete_volume" acquired by "delete_volume" :: waited 0.022s {{(pid=92036) __acquire /opt/stack/cinder/cinder/coordination.py:141}}
Jun 16 18:23:38 devstack cinder-volume[92036]: DEBUG cinder.coordination [None req-f999ab3e-ff9d-4332-8e80-6d87c2d4b248 tempest-VolumesCloneTest-1009403155 None] Acquiring lock "cinder-quobyte-904f9603-18bf-4753-8c29-cbbd544c7270" by "delete_volume" {{(pid=92036) __acquire /opt/stack/cinder/cinder/coordination.py:138}}
Jun 16 18:23:38 devstack cinder-volume[92036]: DEBUG cinder.coordination [None req-f999ab3e-ff9d-4332-8e80-6d87c2d4b248 tempest-VolumesCloneTest-1009403155 None] Lock "cinder-quobyte-904f9603-18bf-4753-8c29-cbbd544c7270" acquired by "delete_volume" :: waited 0.021s {{(pid=92036) __acquire /opt/stack/cinder/cinder/coordination.py:141}}
Jun 16 18:23:38 devstack cinder-volume[92036]: DEBUG oslo.privsep.daemon [-] privsep: reply[44117536-4841-47fc-97cc-fdcf5e3c8e2b]: (4, 'qcow2') {{(pid=92941) _call_back /opt/stack/data/venv/lib/python3.12/site-packages/oslo_privsep/daemon.py:573}}
Jun 16 18:23:38 devstack cinder-volume[92036]: DEBUG oslo_concurrency.processutils [None req-f999ab3e-ff9d-4332-8e80-6d87c2d4b248 tempest-VolumesCloneTest-1009403155 None] Running cmd (subprocess): /opt/stack/data/venv/bin/python3.12 -m oslo_concurrency.prlimit --as=1073741824 --cpu=60 -- sudo cinder-rootwrap /etc/cinder/rootwrap.conf env LC_ALL=C qemu-img info -f qcow2 --output=json --force-share /opt/stack/data/cinder/mnt/d58a963ea036aa98a6371a23a5706f06/volume-904f9603-18bf-4753-8c29-cbbd544c7270 {{(pid=92036) execute /opt/stack/data/venv/lib/python3.12/site-packages/oslo_concurrency/processutils.py:440}}
Jun 16 18:23:38 devstack sudo[98114]: pam_unix(sudo:session): session closed for user root
Jun 16 18:23:38 devstack cinder-volume[92036]: DEBUG oslo_concurrency.processutils [None req-0d8c8a3b-ebd5-436a-89e0-bcbe164aa62b tempest-VolumesCloneTest-1009403155 None] CMD "sudo cinder-rootwrap /etc/cinder/rootwrap.conf df --portability --block-size 1 /opt/stack/data/cinder/mnt/d58a963ea036aa98a6371a23a5706f06" returned: 0 in 0.718s {{(pid=92036) execute /opt/stack/data/venv/lib/python3.12/site-packages/oslo_concurrency/processutils.py:468}}
Jun 16 18:23:38 devstack cinder-volume[92036]: DEBUG cinder.manager [None req-0d8c8a3b-ebd5-436a-89e0-bcbe164aa62b tempest-VolumesCloneTest-1009403155 None] Notifying Schedulers of capabilities ... {{(pid=92036) _publish_service_capabilities /opt/stack/cinder/cinder/manager.py:219}}
Jun 16 18:23:38 devstack cinder-volume[92036]: INFO cinder.volume.manager [None req-0d8c8a3b-ebd5-436a-89e0-bcbe164aa62b tempest-VolumesCloneTest-1009403155 None] Deleted volume successfully.
Jun 16 18:23:38 devstack cinder-volume[92036]: DEBUG cinder.coordination [None req-0d8c8a3b-ebd5-436a-89e0-bcbe164aa62b tempest-VolumesCloneTest-1009403155 None] Lock "cinder-e4818add-629b-44bc-96bd-ce36cd1c3e1c-delete_volume" released by "delete_volume" :: held 2.764s {{(pid=92036) __release /opt/stack/cinder/cinder/coordination.py:152}}
Jun 16 18:23:38 devstack sudo[98117]: quobyte : PWD=/ ; USER=root ; COMMAND=/opt/stack/data/venv/bin/cinder-rootwrap /etc/cinder/rootwrap.conf env LC_ALL=C qemu-img info -f qcow2 --output=json --force-share /opt/stack/data/cinder/mnt/d58a963ea036aa98a6371a23a5706f06/volume-904f9603-18bf-4753-8c29-cbbd544c7270
Jun 16 18:23:38 devstack sudo[98117]: pam_unix(sudo:session): session opened for user root(uid=0) by (uid=1000)
Jun 16 18:23:39 devstack sudo[98117]: pam_unix(sudo:session): session closed for user root
Jun 16 18:23:39 devstack cinder-volume[92036]: DEBUG oslo_concurrency.processutils [None req-f999ab3e-ff9d-4332-8e80-6d87c2d4b248 tempest-VolumesCloneTest-1009403155 None] CMD "/opt/stack/data/venv/bin/python3.12 -m oslo_concurrency.prlimit --as=1073741824 --cpu=60 -- sudo cinder-rootwrap /etc/cinder/rootwrap.conf env LC_ALL=C qemu-img info -f qcow2 --output=json --force-share /opt/stack/data/cinder/mnt/d58a963ea036aa98a6371a23a5706f06/volume-904f9603-18bf-4753-8c29-cbbd544c7270" returned: 0 in 1.023s {{(pid=92036) execute /opt/stack/data/venv/lib/python3.12/site-packages/oslo_concurrency/processutils.py:468}}
Jun 16 18:23:39 devstack cinder-volume[92036]: DEBUG oslo_concurrency.processutils [None req-f999ab3e-ff9d-4332-8e80-6d87c2d4b248 tempest-VolumesCloneTest-1009403155 None] Running cmd (subprocess): sudo cinder-rootwrap /etc/cinder/rootwrap.conf rm -f /opt/stack/data/cinder/mnt/d58a963ea036aa98a6371a23a5706f06/volume-904f9603-18bf-4753-8c29-cbbd544c7270 {{(pid=92036) execute /opt/stack/data/venv/lib/python3.12/site-packages/oslo_concurrency/processutils.py:440}}
