Feb 05 23:21:50 devstack devstack@n-api.service[62025]: DEBUG nova.api.openstack.wsgi_app [None req-ba5f0b4c-5df1-4ef6-ba54-808f2794970b None None] ******************************************************************************** {{(pid=62025) log_opt_values /opt/stack/data/venv/lib/python3.10/site-packages/oslo_config/cfg.py:2828}}
Feb 05 23:21:50 devstack devstack@n-api.service[62026]: DEBUG nova.api.openstack.wsgi_app [None req-12d5417a-63a2-49b8-8532-a0a055bb7a54 None None] oslo_messaging_rabbit.ssl_cert_file = {{(pid=62026) log_opt_values /opt/stack/data/venv/lib/python3.10/site-packages/oslo_config/cfg.py:2824}}
Feb 05 23:21:50 devstack devstack@n-api.service[62025]: WSGI app 0 (mountpoint='') ready in 5 seconds on interpreter 0x55975d6c71e0 pid: 62025 (default app)
Feb 05 23:21:50 devstack devstack@n-api.service[62026]: DEBUG nova.api.openstack.wsgi_app [None req-12d5417a-63a2-49b8-8532-a0a055bb7a54 None None] oslo_messaging_rabbit.ssl_enforce_fips_mode = False {{(pid=62026) log_opt_values /opt/stack/data/venv/lib/python3.10/site-packages/oslo_config/cfg.py:2824}}
Feb 05 23:21:50 devstack devstack@n-api.service[62026]: DEBUG nova.api.openstack.wsgi_app [None req-12d5417a-63a2-49b8-8532-a0a055bb7a54 None None] oslo_messaging_rabbit.ssl_key_file = {{(pid=62026) log_opt_values /opt/stack/data/venv/lib/python3.10/site-packages/oslo_config/cfg.py:2824}}
Feb 05 23:21:50 devstack devstack@n-api.service[62026]: DEBUG nova.api.openstack.wsgi_app [None req-12d5417a-63a2-49b8-8532-a0a055bb7a54 None None] oslo_messaging_rabbit.ssl_version = {{(pid=62026) log_opt_values /opt/stack/data/venv/lib/python3.10/site-packages/oslo_config/cfg.py:2824}}
Feb 05 23:21:50 devstack devstack@n-api.service[62026]: DEBUG nova.api.openstack.wsgi_app [None req-12d5417a-63a2-49b8-8532-a0a055bb7a54 None None] oslo_messaging_rabbit.use_queue_manager = False {{(pid=62026) log_opt_values /opt/stack/data/venv/lib/python3.10/site-packages/oslo_config/cfg.py:2824}}
Feb 05 23:21:50 devstack devstack@n-api.service[62026]: DEBUG nova.api.openstack.wsgi_app [None req-12d5417a-63a2-49b8-8532-a0a055bb7a54 None None] oslo_messaging_notifications.driver = ['messagingv2'] {{(pid=62026) log_opt_values /opt/stack/data/venv/lib/python3.10/site-packages/oslo_config/cfg.py:2824}}
Feb 05 23:21:50 devstack devstack@n-api.service[62025]: DEBUG nova.api.openstack.wsgi [None req-ba5f0b4c-5df1-4ef6-ba54-808f2794970b None None] Calling method '>' {{(pid=62025) _process_stack /opt/stack/nova/nova/api/openstack/wsgi.py:551}}
Feb 05 23:21:50 devstack devstack@n-api.service[62026]: DEBUG nova.api.openstack.wsgi_app [None req-12d5417a-63a2-49b8-8532-a0a055bb7a54 None None] oslo_messaging_notifications.retry = -1 {{(pid=62026) log_opt_values /opt/stack/data/venv/lib/python3.10/site-packages/oslo_config/cfg.py:2824}}
Feb 05 23:21:50 devstack devstack@n-api.service[62026]: DEBUG nova.api.openstack.wsgi_app [None req-12d5417a-63a2-49b8-8532-a0a055bb7a54 None None] oslo_messaging_notifications.topics = ['notifications'] {{(pid=62026) log_opt_values /opt/stack/data/venv/lib/python3.10/site-packages/oslo_config/cfg.py:2824}}
Feb 05 23:21:50 devstack devstack@n-api.service[62026]: DEBUG nova.api.openstack.wsgi_app [None req-12d5417a-63a2-49b8-8532-a0a055bb7a54 None None] oslo_messaging_notifications.transport_url = **** {{(pid=62026) log_opt_values /opt/stack/data/venv/lib/python3.10/site-packages/oslo_config/cfg.py:2824}}
Feb 05 23:21:50 devstack devstack@n-api.service[62026]: DEBUG nova.api.openstack.wsgi_app [None req-12d5417a-63a2-49b8-8532-a0a055bb7a54 None None] oslo_reports.file_event_handler = None {{(pid=62026) log_opt_values /opt/stack/data/venv/lib/python3.10/site-packages/oslo_config/cfg.py:2824}}
Feb 05 23:21:50 devstack devstack@n-api.service[62026]: DEBUG nova.api.openstack.wsgi_app [None req-12d5417a-63a2-49b8-8532-a0a055bb7a54 None None] oslo_reports.file_event_handler_interval = 1 {{(pid=62026) log_opt_values /opt/stack/data/venv/lib/python3.10/site-packages/oslo_config/cfg.py:2824}}
Feb 05 23:21:50 devstack devstack@n-api.service[62026]: DEBUG nova.api.openstack.wsgi_app [None req-12d5417a-63a2-49b8-8532-a0a055bb7a54 None None] oslo_reports.log_dir = None {{(pid=62026) log_opt_values /opt/stack/data/venv/lib/python3.10/site-packages/oslo_config/cfg.py:2824}}
Feb 05 23:21:50 devstack devstack@n-api.service[62026]: DEBUG nova.api.openstack.wsgi_app [None req-12d5417a-63a2-49b8-8532-a0a055bb7a54 None None] os_brick.lock_path = /opt/stack/data/os_brick {{(pid=62026) log_opt_values /opt/stack/data/venv/lib/python3.10/site-packages/oslo_config/cfg.py:2824}}
Feb 05 23:21:50 devstack devstack@n-api.service[62026]: DEBUG nova.api.openstack.wsgi_app [None req-12d5417a-63a2-49b8-8532-a0a055bb7a54 None None] os_brick.wait_mpath_device_attempts = 4 {{(pid=62026) log_opt_values /opt/stack/data/venv/lib/python3.10/site-packages/oslo_config/cfg.py:2824}}
Feb 05 23:21:50 devstack devstack@n-api.service[62026]: DEBUG nova.api.openstack.wsgi_app [None req-12d5417a-63a2-49b8-8532-a0a055bb7a54 None None] os_brick.wait_mpath_device_interval = 1 {{(pid=62026) log_opt_values /opt/stack/data/venv/lib/python3.10/site-packages/oslo_config/cfg.py:2824}}
Feb 05 23:21:50 devstack devstack@n-api.service[62026]: DEBUG nova.api.openstack.wsgi_app [None req-12d5417a-63a2-49b8-8532-a0a055bb7a54 None None] privsep_osbrick.capabilities = [21, 2] {{(pid=62026) log_opt_values /opt/stack/data/venv/lib/python3.10/site-packages/oslo_config/cfg.py:2824}}
Feb 05 23:21:50 devstack devstack@n-api.service[62026]: DEBUG nova.api.openstack.wsgi_app [None req-12d5417a-63a2-49b8-8532-a0a055bb7a54 None None] privsep_osbrick.group = None {{(pid=62026) log_opt_values /opt/stack/data/venv/lib/python3.10/site-packages/oslo_config/cfg.py:2824}}
Feb 05 23:21:50 devstack devstack@n-api.service[62026]: DEBUG nova.api.openstack.wsgi_app [None req-12d5417a-63a2-49b8-8532-a0a055bb7a54 None None] privsep_osbrick.helper_command = None {{(pid=62026) log_opt_values /opt/stack/data/venv/lib/python3.10/site-packages/oslo_config/cfg.py:2824}}
Feb 05 23:21:50 devstack devstack@n-api.service[62026]: DEBUG nova.api.openstack.wsgi_app [None req-12d5417a-63a2-49b8-8532-a0a055bb7a54 None None] privsep_osbrick.log_daemon_traceback = False {{(pid=62026) log_opt_values /opt/stack/data/venv/lib/python3.10/site-packages/oslo_config/cfg.py:2824}}
Feb 05 23:21:50 devstack devstack@n-api.service[62026]: DEBUG nova.api.openstack.wsgi_app [None req-12d5417a-63a2-49b8-8532-a0a055bb7a54 None None] privsep_osbrick.logger_name = os_brick.privileged {{(pid=62026) log_opt_values /opt/stack/data/venv/lib/python3.10/site-packages/oslo_config/cfg.py:2824}}
Feb 05 23:21:50 devstack devstack@n-api.service[62026]: DEBUG nova.api.openstack.wsgi_app [None req-12d5417a-63a2-49b8-8532-a0a055bb7a54 None None] privsep_osbrick.thread_pool_size = 4 {{(pid=62026) log_opt_values /opt/stack/data/venv/lib/python3.10/site-packages/oslo_config/cfg.py:2824}}
Feb 05 23:21:50 devstack devstack@n-api.service[62026]: DEBUG nova.api.openstack.wsgi_app [None req-12d5417a-63a2-49b8-8532-a0a055bb7a54 None None] privsep_osbrick.user = None {{(pid=62026) log_opt_values /opt/stack/data/venv/lib/python3.10/site-packages/oslo_config/cfg.py:2824}}
Feb 05 23:21:50 devstack devstack@n-api.service[62025]: INFO nova.api.openstack.requestlog [None req-ba5f0b4c-5df1-4ef6-ba54-808f2794970b None None] 192.168.122.188 "GET /compute/v2.1/" status: 200 len: 393 microversion: 2.1 time: 0.004686
Feb 05 23:21:50 devstack devstack@n-api.service[62026]: DEBUG nova.api.openstack.wsgi_app [None req-12d5417a-63a2-49b8-8532-a0a055bb7a54 None None] keystone_authtoken.admin_password = **** {{(pid=62026) log_opt_values /opt/stack/data/venv/lib/python3.10/site-packages/oslo_config/cfg.py:2824}}
Feb 05 23:21:50 devstack devstack@n-api.service[62025]: [pid: 62025|app: 0|req: 1/1] 192.168.122.188 () {54 vars in 889 bytes} [Thu Feb 5 23:21:50 2026] GET /compute/v2.1/ => generated 393 bytes in 6 msecs (HTTP/1.1 200) 9 headers in 357 bytes (1 switches on core 0)
Feb 05 23:21:50 devstack devstack@n-api.service[62026]: DEBUG nova.api.openstack.wsgi_app [None req-12d5417a-63a2-49b8-8532-a0a055bb7a54 None None] keystone_authtoken.admin_tenant_name = admin {{(pid=62026) log_opt_values /opt/stack/data/venv/lib/python3.10/site-packages/oslo_config/cfg.py:2824}}
Feb 05 23:21:50 devstack devstack@n-api.service[62026]: DEBUG nova.api.openstack.wsgi_app [None req-12d5417a-63a2-49b8-8532-a0a055bb7a54 None None] keystone_authtoken.admin_token = **** {{(pid=62026) log_opt_values /opt/stack/data/venv/lib/python3.10/site-packages/oslo_config/cfg.py:2824}}
Feb 05 23:21:50 devstack devstack@n-api.service[62026]: DEBUG nova.api.openstack.wsgi_app [None req-12d5417a-63a2-49b8-8532-a0a055bb7a54 None None] keystone_authtoken.admin_user = None {{(pid=62026) log_opt_values /opt/stack/data/venv/lib/python3.10/site-packages/oslo_config/cfg.py:2824}}
Feb 05 23:21:50 devstack devstack@n-api.service[62026]: DEBUG nova.api.openstack.wsgi_app [None req-12d5417a-63a2-49b8-8532-a0a055bb7a54 None None] keystone_authtoken.auth_admin_prefix = {{(pid=62026) log_opt_values /opt/stack/data/venv/lib/python3.10/site-packages/oslo_config/cfg.py:2824}}
Feb 05 23:21:50 devstack devstack@n-api.service[62026]: DEBUG nova.api.openstack.wsgi_app [None req-12d5417a-63a2-49b8-8532-a0a055bb7a54 None None] keystone_authtoken.auth_host = 127.0.0.1 {{(pid=62026) log_opt_values /opt/stack/data/venv/lib/python3.10/site-packages/oslo_config/cfg.py:2824}}
Feb 05 23:21:50 devstack devstack@n-api.service[62026]: DEBUG nova.api.openstack.wsgi_app [None req-12d5417a-63a2-49b8-8532-a0a055bb7a54 None None] keystone_authtoken.auth_port = 35357 {{(pid=62026) log_opt_values /opt/stack/data/venv/lib/python3.10/site-packages/oslo_config/cfg.py:2824}}
Feb 05 23:21:50 devstack devstack@n-api.service[62026]: DEBUG nova.api.openstack.wsgi_app [None req-12d5417a-63a2-49b8-8532-a0a055bb7a54 None None] keystone_authtoken.auth_protocol = https {{(pid=62026) log_opt_values /opt/stack/data/venv/lib/python3.10/site-packages/oslo_config/cfg.py:2824}}
Feb 05 23:21:50 devstack devstack@n-api.service[62026]: DEBUG nova.api.openstack.wsgi_app [None req-12d5417a-63a2-49b8-8532-a0a055bb7a54 None None] keystone_authtoken.auth_section = None {{(pid=62026) log_opt_values /opt/stack/data/venv/lib/python3.10/site-packages/oslo_config/cfg.py:2824}}
Feb 05 23:21:50 devstack devstack@n-api.service[62026]: DEBUG nova.api.openstack.wsgi_app [None req-12d5417a-63a2-49b8-8532-a0a055bb7a54 None None] keystone_authtoken.auth_type = password {{(pid=62026) log_opt_values /opt/stack/data/venv/lib/python3.10/site-packages/oslo_config/cfg.py:2824}}
Feb 05 23:21:50 devstack devstack@n-api.service[62026]: DEBUG nova.api.openstack.wsgi_app [None req-12d5417a-63a2-49b8-8532-a0a055bb7a54 None None] keystone_authtoken.auth_uri = None {{(pid=62026) log_opt_values /opt/stack/data/venv/lib/python3.10/site-packages/oslo_config/cfg.py:2824}}
Feb 05 23:21:50 devstack devstack@n-api.service[62026]: DEBUG nova.api.openstack.wsgi_app [None req-12d5417a-63a2-49b8-8532-a0a055bb7a54 None None] keystone_authtoken.auth_url = http://192.168.122.188/identity {{(pid=62026) log_opt_values /opt/stack/data/venv/lib/python3.10/site-packages/oslo_config/cfg.py:2824}}
Feb 05 23:21:50 devstack devstack@n-api.service[62026]: DEBUG nova.api.openstack.wsgi_app [None req-12d5417a-63a2-49b8-8532-a0a055bb7a54 None None] keystone_authtoken.auth_version = None {{(pid=62026) log_opt_values /opt/stack/data/venv/lib/python3.10/site-packages/oslo_config/cfg.py:2824}}
Feb 05 23:21:50 devstack devstack@n-api.service[62026]: DEBUG nova.api.openstack.wsgi_app [None req-12d5417a-63a2-49b8-8532-a0a055bb7a54 None None] keystone_authtoken.cache = None {{(pid=62026) log_opt_values /opt/stack/data/venv/lib/python3.10/site-packages/oslo_config/cfg.py:2824}}
Feb 05 23:21:50 devstack devstack@n-api.service[62026]: DEBUG nova.api.openstack.wsgi_app [None req-12d5417a-63a2-49b8-8532-a0a055bb7a54 None None] keystone_authtoken.cafile = /opt/stack/data/ca-bundle.pem {{(pid=62026) log_opt_values /opt/stack/data/venv/lib/python3.10/site-packages/oslo_config/cfg.py:2824}}
Feb 05 23:21:50 devstack devstack@n-api.service[62026]: DEBUG nova.api.openstack.wsgi_app [None req-12d5417a-63a2-49b8-8532-a0a055bb7a54 None None] keystone_authtoken.certfile = None {{(pid=62026) log_opt_values /opt/stack/data/venv/lib/python3.10/site-packages/oslo_config/cfg.py:2824}}
Feb 05 23:21:50 devstack devstack@n-api.service[62026]: DEBUG nova.api.openstack.wsgi_app [None req-12d5417a-63a2-49b8-8532-a0a055bb7a54 None None] keystone_authtoken.default_domain_id = None {{(pid=62026) log_opt_values /opt/stack/data/venv/lib/python3.10/site-packages/oslo_config/cfg.py:2824}}
Feb 05 23:21:50 devstack devstack@n-api.service[62026]: DEBUG nova.api.openstack.wsgi_app [None req-12d5417a-63a2-49b8-8532-a0a055bb7a54 None None] keystone_authtoken.default_domain_name = None {{(pid=62026) log_opt_values /opt/stack/data/venv/lib/python3.10/site-packages/oslo_config/cfg.py:2824}}
Feb 05 23:21:50 devstack devstack@n-api.service[62026]: DEBUG nova.api.openstack.wsgi_app [None req-12d5417a-63a2-49b8-8532-a0a055bb7a54 None None] keystone_authtoken.delay_auth_decision = False {{(pid=62026) log_opt_values /opt/stack/data/venv/lib/python3.10/site-packages/oslo_config/cfg.py:2824}}
Feb 05 23:21:50 devstack devstack@n-api.service[62026]: DEBUG nova.api.openstack.wsgi_app [None req-12d5417a-63a2-49b8-8532-a0a055bb7a54 None None] keystone_authtoken.domain_id = None {{(pid=62026) log_opt_values /opt/stack/data/venv/lib/python3.10/site-packages/oslo_config/cfg.py:2824}}
Feb 05 23:21:50 devstack devstack@n-api.service[62026]: DEBUG nova.api.openstack.wsgi_app [None req-12d5417a-63a2-49b8-8532-a0a055bb7a54 None None] keystone_authtoken.domain_name = None {{(pid=62026) log_opt_values /opt/stack/data/venv/lib/python3.10/site-packages/oslo_config/cfg.py:2824}}
Feb 05 23:21:50 devstack devstack@n-api.service[62026]: DEBUG nova.api.openstack.wsgi_app [None req-12d5417a-63a2-49b8-8532-a0a055bb7a54 None None] keystone_authtoken.enforce_token_bind = permissive {{(pid=62026) log_opt_values /opt/stack/data/venv/lib/python3.10/site-packages/oslo_config/cfg.py:2824}}
Feb 05 23:21:50 devstack devstack@n-api.service[62026]: DEBUG nova.api.openstack.wsgi_app [None req-12d5417a-63a2-49b8-8532-a0a055bb7a54 None None] keystone_authtoken.http_connect_timeout = None {{(pid=62026) log_opt_values /opt/stack/data/venv/lib/python3.10/site-packages/oslo_config/cfg.py:2824}}
Feb 05 23:21:50 devstack devstack@n-api.service[62026]: DEBUG nova.api.openstack.wsgi_app [None req-12d5417a-63a2-49b8-8532-a0a055bb7a54 None None] keystone_authtoken.http_request_max_retries = 3 {{(pid=62026) log_opt_values /opt/stack/data/venv/lib/python3.10/site-packages/oslo_config/cfg.py:2824}}
Feb 05 23:21:50 devstack devstack@n-api.service[62026]: DEBUG nova.api.openstack.wsgi_app [None req-12d5417a-63a2-49b8-8532-a0a055bb7a54 None None] keystone_authtoken.identity_uri = None {{(pid=62026) log_opt_values /opt/stack/data/venv/lib/python3.10/site-packages/oslo_config/cfg.py:2824}}
Feb 05 23:21:50 devstack devstack@n-api.service[62026]: DEBUG nova.api.openstack.wsgi_app [None req-12d5417a-63a2-49b8-8532-a0a055bb7a54 None None] keystone_authtoken.include_service_catalog = True {{(pid=62026) log_opt_values /opt/stack/data/venv/lib/python3.10/site-packages/oslo_config/cfg.py:2824}}
Feb 05 23:21:50 devstack devstack@n-api.service[62026]: DEBUG nova.api.openstack.wsgi_app [None req-12d5417a-63a2-49b8-8532-a0a055bb7a54 None None] keystone_authtoken.insecure = False {{(pid=62026) log_opt_values /opt/stack/data/venv/lib/python3.10/site-packages/oslo_config/cfg.py:2824}}
Feb 05 23:21:50 devstack devstack@n-api.service[62026]: DEBUG nova.api.openstack.wsgi_app [None req-12d5417a-63a2-49b8-8532-a0a055bb7a54 None None] keystone_authtoken.interface = public {{(pid=62026) log_opt_values /opt/stack/data/venv/lib/python3.10/site-packages/oslo_config/cfg.py:2824}}
Feb 05 23:21:50 devstack devstack@n-api.service[62026]: DEBUG nova.api.openstack.wsgi_app [None req-12d5417a-63a2-49b8-8532-a0a055bb7a54 None None] keystone_authtoken.keyfile = None {{(pid=62026) log_opt_values /opt/stack/data/venv/lib/python3.10/site-packages/oslo_config/cfg.py:2824}}
Feb 05 23:21:50 devstack devstack@n-api.service[62026]: DEBUG nova.api.openstack.wsgi_app [None req-12d5417a-63a2-49b8-8532-a0a055bb7a54 None None] keystone_authtoken.memcache_password = {{(pid=62026) log_opt_values /opt/stack/data/venv/lib/python3.10/site-packages/oslo_config/cfg.py:2824}}
Feb 05 23:21:50 devstack devstack@n-api.service[62026]: DEBUG nova.api.openstack.wsgi_app [None req-12d5417a-63a2-49b8-8532-a0a055bb7a54 None None] keystone_authtoken.memcache_pool_conn_get_timeout = 10 {{(pid=62026) log_opt_values /opt/stack/data/venv/lib/python3.10/site-packages/oslo_config/cfg.py:2824}}
Feb 05 23:21:50 devstack devstack@n-api.service[62026]: DEBUG nova.api.openstack.wsgi_app [None req-12d5417a-63a2-49b8-8532-a0a055bb7a54 None None] keystone_authtoken.memcache_pool_dead_retry = 300 {{(pid=62026) log_opt_values /opt/stack/data/venv/lib/python3.10/site-packages/oslo_config/cfg.py:2824}}
Feb 05 23:21:50 devstack devstack@n-api.service[62026]: DEBUG nova.api.openstack.wsgi_app [None req-12d5417a-63a2-49b8-8532-a0a055bb7a54 None None] keystone_authtoken.memcache_pool_maxsize = 10 {{(pid=62026) log_opt_values /opt/stack/data/venv/lib/python3.10/site-packages/oslo_config/cfg.py:2824}}
Feb 05 23:21:50 devstack devstack@n-api.service[62026]: DEBUG nova.api.openstack.wsgi_app [None req-12d5417a-63a2-49b8-8532-a0a055bb7a54 None None] keystone_authtoken.memcache_pool_socket_timeout = 3 {{(pid=62026) log_opt_values /opt/stack/data/venv/lib/python3.10/site-packages/oslo_config/cfg.py:2824}}
Feb 05 23:21:50 devstack devstack@n-api.service[62026]: DEBUG nova.api.openstack.wsgi_app [None req-12d5417a-63a2-49b8-8532-a0a055bb7a54 None None] keystone_authtoken.memcache_pool_unused_timeout = 60 {{(pid=62026) log_opt_values /opt/stack/data/venv/lib/python3.10/site-packages/oslo_config/cfg.py:2824}}
Feb 05 23:21:50 devstack devstack@n-api.service[62026]: DEBUG nova.api.openstack.wsgi_app [None req-12d5417a-63a2-49b8-8532-a0a055bb7a54 None None] keystone_authtoken.memcache_sasl_enabled = False {{(pid=62026) log_opt_values /opt/stack/data/venv/lib/python3.10/site-packages/oslo_config/cfg.py:2824}}
Feb 05 23:21:50 devstack devstack@n-api.service[62026]: DEBUG nova.api.openstack.wsgi_app [None req-12d5417a-63a2-49b8-8532-a0a055bb7a54 None None] keystone_authtoken.memcache_secret_key = **** {{(pid=62026) log_opt_values /opt/stack/data/venv/lib/python3.10/site-packages/oslo_config/cfg.py:2824}}
Feb 05 23:21:50 devstack devstack@n-api.service[62026]: DEBUG nova.api.openstack.wsgi_app [None req-12d5417a-63a2-49b8-8532-a0a055bb7a54 None None] keystone_authtoken.memcache_security_strategy = None {{(pid=62026) log_opt_values /opt/stack/data/venv/lib/python3.10/site-packages/oslo_config/cfg.py:2824}}
Feb 05 23:21:50 devstack devstack@n-api.service[62026]: DEBUG nova.api.openstack.wsgi_app [None req-12d5417a-63a2-49b8-8532-a0a055bb7a54 None None] keystone_authtoken.memcache_tls_allowed_ciphers = None {{(pid=62026) log_opt_values /opt/stack/data/venv/lib/python3.10/site-packages/oslo_config/cfg.py:2824}}
Feb 05 23:21:50 devstack devstack@n-api.service[62026]: DEBUG nova.api.openstack.wsgi_app [None req-12d5417a-63a2-49b8-8532-a0a055bb7a54 None None] keystone_authtoken.memcache_tls_cafile = None {{(pid=62026) log_opt_values /opt/stack/data/venv/lib/python3.10/site-packages/oslo_config/cfg.py:2824}}
Feb 05 23:21:50 devstack devstack@n-api.service[62026]: DEBUG nova.api.openstack.wsgi_app [None req-12d5417a-63a2-49b8-8532-a0a055bb7a54 None None] keystone_authtoken.memcache_tls_certfile = None {{(pid=62026) log_opt_values /opt/stack/data/venv/lib/python3.10/site-packages/oslo_config/cfg.py:2824}}
Feb 05 23:21:50 devstack devstack@n-api.service[62026]: DEBUG nova.api.openstack.wsgi_app [None req-12d5417a-63a2-49b8-8532-a0a055bb7a54 None None] keystone_authtoken.memcache_tls_enabled = False {{(pid=62026) log_opt_values /opt/stack/data/venv/lib/python3.10/site-packages/oslo_config/cfg.py:2824}}
Feb 05 23:21:50 devstack devstack@n-api.service[62026]: DEBUG nova.api.openstack.wsgi_app [None req-12d5417a-63a2-49b8-8532-a0a055bb7a54 None None] keystone_authtoken.memcache_tls_keyfile = None {{(pid=62026) log_opt_values /opt/stack/data/venv/lib/python3.10/site-packages/oslo_config/cfg.py:2824}}
Feb 05 23:21:50 devstack devstack@n-api.service[62026]: DEBUG nova.api.openstack.wsgi_app [None req-12d5417a-63a2-49b8-8532-a0a055bb7a54 None None] keystone_authtoken.memcache_use_advanced_pool = True {{(pid=62026) log_opt_values /opt/stack/data/venv/lib/python3.10/site-packages/oslo_config/cfg.py:2824}}
Feb 05 23:21:50 devstack devstack@n-api.service[62026]: DEBUG nova.api.openstack.wsgi_app [None req-12d5417a-63a2-49b8-8532-a0a055bb7a54 None None] keystone_authtoken.memcache_username = {{(pid=62026) log_opt_values /opt/stack/data/venv/lib/python3.10/site-packages/oslo_config/cfg.py:2824}}
Feb 05 23:21:50 devstack devstack@n-api.service[62026]: DEBUG nova.api.openstack.wsgi_app [None req-12d5417a-63a2-49b8-8532-a0a055bb7a54 None None] keystone_authtoken.memcached_servers = ['localhost:11211'] {{(pid=62026) log_opt_values /opt/stack/data/venv/lib/python3.10/site-packages/oslo_config/cfg.py:2824}}
Feb 05 23:21:50 devstack devstack@n-api.service[62026]: DEBUG nova.api.openstack.wsgi_app [None req-12d5417a-63a2-49b8-8532-a0a055bb7a54 None None] keystone_authtoken.password = **** {{(pid=62026) log_opt_values /opt/stack/data/venv/lib/python3.10/site-packages/oslo_config/cfg.py:2824}}
Feb 05 23:21:50 devstack devstack@n-api.service[62026]: DEBUG nova.api.openstack.wsgi_app [None req-12d5417a-63a2-49b8-8532-a0a055bb7a54 None None] keystone_authtoken.project_domain_id = None {{(pid=62026) log_opt_values /opt/stack/data/venv/lib/python3.10/site-packages/oslo_config/cfg.py:2824}}
Feb 05 23:21:50 devstack devstack@n-api.service[62026]: DEBUG nova.api.openstack.wsgi_app [None req-12d5417a-63a2-49b8-8532-a0a055bb7a54 None None] keystone_authtoken.project_domain_name = Default {{(pid=62026) log_opt_values /opt/stack/data/venv/lib/python3.10/site-packages/oslo_config/cfg.py:2824}}
Feb 05 23:21:50 devstack devstack@n-api.service[62026]: DEBUG nova.api.openstack.wsgi_app [None req-12d5417a-63a2-49b8-8532-a0a055bb7a54 None None] keystone_authtoken.project_id = None {{(pid=62026) log_opt_values /opt/stack/data/venv/lib/python3.10/site-packages/oslo_config/cfg.py:2824}}
Feb 05 23:21:50 devstack devstack@n-api.service[62026]: DEBUG nova.api.openstack.wsgi_app [None req-12d5417a-63a2-49b8-8532-a0a055bb7a54 None None] keystone_authtoken.project_name = service {{(pid=62026) log_opt_values /opt/stack/data/venv/lib/python3.10/site-packages/oslo_config/cfg.py:2824}}
Feb 05 23:21:50 devstack devstack@n-api.service[62026]: DEBUG nova.api.openstack.wsgi_app [None req-12d5417a-63a2-49b8-8532-a0a055bb7a54 None None] keystone_authtoken.region_name = None {{(pid=62026) log_opt_values /opt/stack/data/venv/lib/python3.10/site-packages/oslo_config/cfg.py:2824}}
Feb 05 23:21:50 devstack devstack@n-api.service[62026]: DEBUG nova.api.openstack.wsgi_app [None req-12d5417a-63a2-49b8-8532-a0a055bb7a54 None None] keystone_authtoken.service_token_roles = ['service'] {{(pid=62026) log_opt_values /opt/stack/data/venv/lib/python3.10/site-packages/oslo_config/cfg.py:2824}}
Feb 05 23:21:50 devstack devstack@n-api.service[62026]: DEBUG nova.api.openstack.wsgi_app [None req-12d5417a-63a2-49b8-8532-a0a055bb7a54 None None] keystone_authtoken.service_token_roles_required = False {{(pid=62026) log_opt_values /opt/stack/data/venv/lib/python3.10/site-packages/oslo_config/cfg.py:2824}}
Feb 05 23:21:50 devstack devstack@n-api.service[62026]: DEBUG nova.api.openstack.wsgi_app [None req-12d5417a-63a2-49b8-8532-a0a055bb7a54 None None] keystone_authtoken.service_type = None {{(pid=62026) log_opt_values /opt/stack/data/venv/lib/python3.10/site-packages/oslo_config/cfg.py:2824}}
Feb 05 23:21:50 devstack devstack@n-api.service[62026]: DEBUG nova.api.openstack.wsgi_app [None req-12d5417a-63a2-49b8-8532-a0a055bb7a54 None None] keystone_authtoken.system_scope = None {{(pid=62026) log_opt_values /opt/stack/data/venv/lib/python3.10/site-packages/oslo_config/cfg.py:2824}}
Feb 05 23:21:50 devstack devstack@n-api.service[62026]: DEBUG nova.api.openstack.wsgi_app [None req-12d5417a-63a2-49b8-8532-a0a055bb7a54 None None] keystone_authtoken.token_cache_time = 300 {{(pid=62026) log_opt_values /opt/stack/data/venv/lib/python3.10/site-packages/oslo_config/cfg.py:2824}}
Feb 05 23:21:50 devstack devstack@n-api.service[62026]: DEBUG nova.api.openstack.wsgi_app [None req-12d5417a-63a2-49b8-8532-a0a055bb7a54 None None] keystone_authtoken.trust_id = None {{(pid=62026) log_opt_values /opt/stack/data/venv/lib/python3.10/site-packages/oslo_config/cfg.py:2824}}
Feb 05 23:21:50 devstack devstack@n-api.service[62026]: DEBUG nova.api.openstack.wsgi_app [None req-12d5417a-63a2-49b8-8532-a0a055bb7a54 None None] keystone_authtoken.user_domain_id = None {{(pid=62026) log_opt_values /opt/stack/data/venv/lib/python3.10/site-packages/oslo_config/cfg.py:2824}}
Feb 05 23:21:50 devstack devstack@n-api.service[62026]: DEBUG nova.api.openstack.wsgi_app [None req-12d5417a-63a2-49b8-8532-a0a055bb7a54 None None] keystone_authtoken.user_domain_name = Default {{(pid=62026) log_opt_values /opt/stack/data/venv/lib/python3.10/site-packages/oslo_config/cfg.py:2824}}
Feb 05 23:21:50 devstack devstack@n-api.service[62026]: DEBUG nova.api.openstack.wsgi_app [None req-12d5417a-63a2-49b8-8532-a0a055bb7a54 None None] keystone_authtoken.user_id = None {{(pid=62026) log_opt_values /opt/stack/data/venv/lib/python3.10/site-packages/oslo_config/cfg.py:2824}}
Feb 05 23:21:50 devstack devstack@n-api.service[62026]: DEBUG nova.api.openstack.wsgi_app [None req-12d5417a-63a2-49b8-8532-a0a055bb7a54 None None] keystone_authtoken.username = nova {{(pid=62026) log_opt_values /opt/stack/data/venv/lib/python3.10/site-packages/oslo_config/cfg.py:2824}}
Feb 05 23:21:50 devstack devstack@n-api.service[62026]: DEBUG nova.api.openstack.wsgi_app [None req-12d5417a-63a2-49b8-8532-a0a055bb7a54 None None] keystone_authtoken.www_authenticate_uri = None {{(pid=62026) log_opt_values /opt/stack/data/venv/lib/python3.10/site-packages/oslo_config/cfg.py:2824}}
Feb 05 23:21:50 devstack devstack@n-api.service[62026]: DEBUG nova.api.openstack.wsgi_app [None req-12d5417a-63a2-49b8-8532-a0a055bb7a54 None None] ******************************************************************************** {{(pid=62026) log_opt_values /opt/stack/data/venv/lib/python3.10/site-packages/oslo_config/cfg.py:2828}}
Feb 05 23:21:50 devstack devstack@n-api.service[62026]: WSGI app 0 (mountpoint='') ready in 5 seconds on interpreter 0x55975d6c71e0 pid: 62026 (default app)
Feb 05 23:21:58 devstack devstack@n-api.service[62025]: DEBUG dbcounter [-] [62025] Writing DB stats nova_api:SELECT=1 {{(pid=62025) stat_writer /opt/stack/data/venv/lib/python3.10/site-packages/dbcounter.py:115}}
Feb 05 23:21:58 devstack devstack@n-api.service[62026]: DEBUG dbcounter [-] [62026] Writing DB stats nova_api:SELECT=1 {{(pid=62026) stat_writer /opt/stack/data/venv/lib/python3.10/site-packages/dbcounter.py:115}}
Feb 05 23:21:58 devstack devstack@n-api.service[62025]: DEBUG dbcounter [-] [62025] Writing DB stats nova_cell1:SELECT=1 {{(pid=62025) stat_writer /opt/stack/data/venv/lib/python3.10/site-packages/dbcounter.py:115}}
Feb 05 23:21:58 devstack devstack@n-api.service[62025]: DEBUG dbcounter [-] [62025] Writing DB stats nova_cell0:SELECT=1 {{(pid=62025) stat_writer /opt/stack/data/venv/lib/python3.10/site-packages/dbcounter.py:115}}
Feb 05 23:21:58 devstack devstack@n-api.service[62025]: DEBUG dbcounter [-] [62025] Writing DB stats nova_cell0:SELECT=2,nova_cell0:INSERT=1 {{(pid=62025) stat_writer /opt/stack/data/venv/lib/python3.10/site-packages/dbcounter.py:115}}
Feb 05 23:21:58 devstack devstack@n-api.service[62026]: DEBUG dbcounter [-] [62026] Writing DB stats nova_cell0:SELECT=1 {{(pid=62026) stat_writer /opt/stack/data/venv/lib/python3.10/site-packages/dbcounter.py:115}}
Feb 05 23:21:58 devstack devstack@n-api.service[62026]: DEBUG dbcounter [-] [62026] Writing DB stats nova_cell1:SELECT=1 {{(pid=62026) stat_writer /opt/stack/data/venv/lib/python3.10/site-packages/dbcounter.py:115}}
Feb 05 23:21:58 devstack devstack@n-api.service[62026]: DEBUG dbcounter [-] [62026] Writing DB stats nova_cell0:SELECT=1 {{(pid=62026) stat_writer /opt/stack/data/venv/lib/python3.10/site-packages/dbcounter.py:115}}
Feb 05 23:23:25 devstack devstack@n-api.service[62025]: DEBUG nova.api.openstack.wsgi [None req-ba5f0b4c-5df1-4ef6-ba54-808f2794970b None None] Calling method '>' {{(pid=62025) _process_stack /opt/stack/nova/nova/api/openstack/wsgi.py:551}}
Feb 05 23:23:25 devstack devstack@n-api.service[62025]: INFO nova.api.openstack.requestlog [None req-ba5f0b4c-5df1-4ef6-ba54-808f2794970b None None] 192.168.122.188 "GET /compute/v2.1" status: 200 len: 393 microversion: 2.1 time: 0.005254
Feb 05 23:23:25 devstack devstack@n-api.service[62025]: [pid: 62025|app: 0|req: 2/2] 192.168.122.188 () {58 vars in 1032 bytes} [Thu Feb 5 23:23:25 2026] GET /compute/v2.1 => generated 393 bytes in 6 msecs (HTTP/1.1 200) 9 headers in 357 bytes (1 switches on core 0)
Feb 05 23:23:25 devstack devstack@n-api.service[62026]: DEBUG nova.api.openstack.wsgi [None req-f5a73e3c-a0a0-4017-a77b-204f8eb5794a admin admin] Calling method '>' {{(pid=62026) _process_stack /opt/stack/nova/nova/api/openstack/wsgi.py:551}}
Feb 05 23:23:25 devstack devstack@n-api.service[62026]: INFO nova.api.openstack.requestlog [None req-f5a73e3c-a0a0-4017-a77b-204f8eb5794a admin admin] 192.168.122.188 "GET /compute/v2.1/flavors/detail?is_public=True" status: 200 len: 15 microversion: 2.61 time: 0.365917
Feb 05 23:23:25 devstack devstack@n-api.service[62026]: [pid: 62026|app: 0|req: 1/3] 192.168.122.188 () {64 vars in 1393 bytes} [Thu Feb 5 23:23:25 2026] GET /compute/v2.1/flavors/detail?is_public=True => generated 15 bytes in 368 msecs (HTTP/1.1 200) 9 headers in 358 bytes (1 switches on core 0)
Feb 05 23:23:27 devstack devstack@n-api.service[62025]: DEBUG nova.api.openstack.wsgi [None req-ba5f0b4c-5df1-4ef6-ba54-808f2794970b None None] Calling method '>' {{(pid=62025) _process_stack /opt/stack/nova/nova/api/openstack/wsgi.py:551}}
Feb 05 23:23:27 devstack devstack@n-api.service[62025]: INFO nova.api.openstack.requestlog [None req-ba5f0b4c-5df1-4ef6-ba54-808f2794970b None None] 192.168.122.188 "GET /compute/v2.1" status: 200 len: 393 microversion: 2.1 time: 0.004919
Feb 05 23:23:27 devstack devstack@n-api.service[62025]: [pid: 62025|app: 0|req: 3/4] 192.168.122.188 () {58 vars in 1032 bytes} [Thu Feb 5 23:23:27 2026] GET /compute/v2.1 => generated 393 bytes in 7 msecs (HTTP/1.1 200) 9 headers in 357 bytes (1 switches on core 0)
Feb 05 23:23:27 devstack devstack@n-api.service[62026]: DEBUG nova.api.openstack.wsgi [None req-7fcdcead-6a3c-4e91-9644-d5a0b606a94e admin admin] Action: 'create', calling method: >, body: {"flavor": {"swap": 0, "disk": 1, "rxtx_factor": 1.0, "name": "cirros256", "OS-FLV-EXT-DATA:ephemeral": 0, "ram": 256, "vcpus": 1, "os-flavor-access:is_public": true, "id": "c1"}} {{(pid=62026) _process_stack /opt/stack/nova/nova/api/openstack/wsgi.py:549}}
Feb 05 23:23:27 devstack devstack@n-api.service[62026]: INFO nova.api.openstack.requestlog [None req-7fcdcead-6a3c-4e91-9644-d5a0b606a94e admin admin] 192.168.122.188 "POST /compute/v2.1/flavors" status: 200 len: 415 microversion: 2.61 time: 0.093168
Feb 05 23:23:27 devstack devstack@n-api.service[62026]: [pid: 62026|app: 0|req: 2/5] 192.168.122.188 () {68 vars in 1384 bytes} [Thu Feb 5 23:23:27 2026] POST /compute/v2.1/flavors => generated 415 bytes in 95 msecs (HTTP/1.1 200) 9 headers in 359 bytes (1 switches on core 0)
Feb 05 23:23:27 devstack devstack@n-api.service[62025]: DEBUG nova.api.openstack.wsgi [None req-b9750c47-1e0b-43f7-9fae-b7c65584bac7 admin admin] Action: 'create', calling method: >, body: {"extra_specs": {"hw_rng:allowed": "True"}} {{(pid=62025) _process_stack /opt/stack/nova/nova/api/openstack/wsgi.py:549}}
Feb 05 23:23:27 devstack devstack@n-api.service[62025]: INFO nova.api.openstack.requestlog [None req-b9750c47-1e0b-43f7-9fae-b7c65584bac7 admin admin] 192.168.122.188 "POST /compute/v2.1/flavors/c1/os-extra_specs" status: 200 len: 43 microversion: 2.61 time: 0.253958
Feb 05 23:23:27 devstack devstack@n-api.service[62025]: [pid: 62025|app: 0|req: 4/6] 192.168.122.188 () {68 vars in 1437 bytes} [Thu Feb 5 23:23:27 2026] POST /compute/v2.1/flavors/c1/os-extra_specs => generated 43 bytes in 255 msecs (HTTP/1.1 200) 9 headers in 358 bytes (1 switches on core 0)
Feb 05 23:23:29 devstack devstack@n-api.service[62026]: DEBUG nova.api.openstack.wsgi [None req-7fcdcead-6a3c-4e91-9644-d5a0b606a94e admin admin] Calling method '>' {{(pid=62026) _process_stack /opt/stack/nova/nova/api/openstack/wsgi.py:551}}
Feb 05 23:23:29 devstack devstack@n-api.service[62026]: INFO nova.api.openstack.requestlog [None req-7fcdcead-6a3c-4e91-9644-d5a0b606a94e admin admin] 192.168.122.188 "GET /compute/v2.1" status: 200 len: 393 microversion: 2.1 time: 0.004646
Feb 05 23:23:29 devstack devstack@n-api.service[62026]: [pid: 62026|app: 0|req: 3/7] 192.168.122.188 () {58 vars in 1032 bytes} [Thu Feb 5 23:23:29 2026] GET /compute/v2.1 => generated 393 bytes in 5 msecs (HTTP/1.1 200) 9 headers in 357 bytes (1 switches on core 0)
Feb 05 23:23:29 devstack devstack@n-api.service[62025]: DEBUG nova.api.openstack.wsgi [None req-18270222-1e54-4f2e-a8e2-62cd4db50f65 admin admin] Action: 'create', calling method: >, body: {"flavor": {"ram": 512, "name": "ds512M", "OS-FLV-EXT-DATA:ephemeral": 0, "vcpus": 1, "id": "d1", "rxtx_factor": 1.0, "swap": 0, "disk": 5, "os-flavor-access:is_public": true}} {{(pid=62025) _process_stack /opt/stack/nova/nova/api/openstack/wsgi.py:549}}
Feb 05 23:23:29 devstack devstack@n-api.service[62025]: INFO nova.api.openstack.requestlog [None req-18270222-1e54-4f2e-a8e2-62cd4db50f65 admin admin] 192.168.122.188 "POST /compute/v2.1/flavors" status: 200 len: 412 microversion: 2.61 time: 0.152239
Feb 05 23:23:29 devstack devstack@n-api.service[62025]: [pid: 62025|app: 0|req: 5/8] 192.168.122.188 () {68 vars in 1384 bytes} [Thu Feb 5 23:23:29 2026] POST /compute/v2.1/flavors => generated 412 bytes in 154 msecs (HTTP/1.1 200) 9 headers in 359 bytes (1 switches on core 0)
Feb 05 23:23:29 devstack devstack@n-api.service[62026]: DEBUG nova.api.openstack.wsgi [None req-5540e789-43b9-46e7-a6f1-3be4f162be69 admin admin] Action: 'create', calling method: >, body: {"extra_specs": {"hw_rng:allowed": "True"}} {{(pid=62026) _process_stack /opt/stack/nova/nova/api/openstack/wsgi.py:549}}
Feb 05 23:23:29 devstack devstack@n-api.service[62026]: INFO nova.api.openstack.requestlog [None req-5540e789-43b9-46e7-a6f1-3be4f162be69 admin admin] 192.168.122.188 "POST /compute/v2.1/flavors/d1/os-extra_specs" status: 200 len: 43 microversion: 2.61 time: 0.041372
Feb 05 23:23:29 devstack devstack@n-api.service[62026]: [pid: 62026|app: 0|req: 4/9] 192.168.122.188 () {68 vars in 1437 bytes} [Thu Feb 5 23:23:29 2026] POST /compute/v2.1/flavors/d1/os-extra_specs => generated 43 bytes in 44 msecs (HTTP/1.1 200) 9 headers in 358 bytes (1 switches on core 0)
Feb 05 23:23:31 devstack devstack@n-api.service[62025]: DEBUG nova.api.openstack.wsgi [None req-18270222-1e54-4f2e-a8e2-62cd4db50f65 admin admin] Calling method '>' {{(pid=62025) _process_stack /opt/stack/nova/nova/api/openstack/wsgi.py:551}}
Feb 05 23:23:31 devstack devstack@n-api.service[62025]: INFO nova.api.openstack.requestlog [None req-18270222-1e54-4f2e-a8e2-62cd4db50f65 admin admin] 192.168.122.188 "GET /compute/v2.1" status: 200 len: 393 microversion: 2.1 time: 0.006255
Feb 05 23:23:31 devstack devstack@n-api.service[62025]: [pid: 62025|app: 0|req: 6/10] 192.168.122.188 () {58 vars in 1032 bytes} [Thu Feb 5 23:23:31 2026] GET /compute/v2.1 => generated 393 bytes in 8 msecs (HTTP/1.1 200) 9 headers in 357 bytes (1 switches on core 0)
Feb 05 23:23:31 devstack devstack@n-api.service[62026]: DEBUG nova.api.openstack.wsgi [None req-3140e2ae-eca5-4382-9dde-cb733d7d5870 admin admin] Action: 'create', calling method: >, body: {"flavor": {"disk": 10, "vcpus": 1, "id": "d2", "os-flavor-access:is_public": true, "swap": 0, "rxtx_factor": 1.0, "name": "ds1G", "ram": 1024, "OS-FLV-EXT-DATA:ephemeral": 0}} {{(pid=62026) _process_stack /opt/stack/nova/nova/api/openstack/wsgi.py:549}}
Feb 05 23:23:31 devstack devstack@n-api.service[62026]: INFO nova.api.openstack.requestlog [None req-3140e2ae-eca5-4382-9dde-cb733d7d5870 admin admin] 192.168.122.188 "POST /compute/v2.1/flavors" status: 200 len: 412 microversion: 2.61 time: 0.105010
Feb 05 23:23:31 devstack devstack@n-api.service[62026]: [pid: 62026|app: 0|req: 5/11] 192.168.122.188 () {68 vars in 1384 bytes} [Thu Feb 5 23:23:31 2026] POST /compute/v2.1/flavors => generated 412 bytes in 106 msecs (HTTP/1.1 200) 9 headers in 359 bytes (1 switches on core 0)
Feb 05 23:23:31 devstack devstack@n-api.service[62025]: DEBUG nova.api.openstack.wsgi [None req-c31b9116-d158-4b40-a028-6f19b95ab61a admin admin] Action: 'create', calling method: >, body: {"extra_specs": {"hw_rng:allowed": "True"}} {{(pid=62025) _process_stack /opt/stack/nova/nova/api/openstack/wsgi.py:549}}
Feb 05 23:23:31 devstack devstack@n-api.service[62025]: INFO nova.api.openstack.requestlog [None req-c31b9116-d158-4b40-a028-6f19b95ab61a admin admin] 192.168.122.188 "POST /compute/v2.1/flavors/d2/os-extra_specs" status: 200 len: 43 microversion: 2.61 time: 0.042737
Feb 05 23:23:31 devstack devstack@n-api.service[62025]: [pid: 62025|app: 0|req: 7/12] 192.168.122.188 () {68 vars in 1437 bytes} [Thu Feb 5 23:23:31 2026] POST /compute/v2.1/flavors/d2/os-extra_specs => generated 43 bytes in 53 msecs (HTTP/1.1 200) 9 headers in 358 bytes (1 switches on core 0)
Feb 05 23:23:33 devstack devstack@n-api.service[62026]: DEBUG nova.api.openstack.wsgi [None req-3140e2ae-eca5-4382-9dde-cb733d7d5870 admin admin] Calling method '>' {{(pid=62026) _process_stack /opt/stack/nova/nova/api/openstack/wsgi.py:551}}
Feb 05 23:23:33 devstack devstack@n-api.service[62026]: INFO nova.api.openstack.requestlog [None req-3140e2ae-eca5-4382-9dde-cb733d7d5870 admin admin] 192.168.122.188 "GET /compute/v2.1" status: 200 len: 393 microversion: 2.1 time: 0.004234
Feb 05 23:23:33 devstack devstack@n-api.service[62026]: [pid: 62026|app: 0|req: 6/13] 192.168.122.188 () {58 vars in 1032 bytes} [Thu Feb 5 23:23:33 2026] GET /compute/v2.1 => generated 393 bytes in 5 msecs (HTTP/1.1 200) 9 headers in 357 bytes (1 switches on core 0)
Feb 05 23:23:33 devstack devstack@n-api.service[62025]: DEBUG nova.api.openstack.wsgi [None req-ace8514c-ce7e-48fc-b72a-e36be4ba104c admin admin] Action: 'create', calling method: >, body: {"flavor": {"disk": 10, "rxtx_factor": 1.0, "OS-FLV-EXT-DATA:ephemeral": 0, "name": "ds2G", "swap": 0, "id": "d3", "os-flavor-access:is_public": true, "ram": 2048, "vcpus": 2}} {{(pid=62025) _process_stack /opt/stack/nova/nova/api/openstack/wsgi.py:549}}
Feb 05 23:23:33 devstack devstack@n-api.service[62025]: INFO nova.api.openstack.requestlog [None req-ace8514c-ce7e-48fc-b72a-e36be4ba104c admin admin] 192.168.122.188 "POST /compute/v2.1/flavors" status: 200 len: 412 microversion: 2.61 time: 0.085081
Feb 05 23:23:33 devstack devstack@n-api.service[62025]: [pid: 62025|app: 0|req: 8/14] 192.168.122.188 () {68 vars in 1384 bytes} [Thu Feb 5 23:23:33 2026] POST /compute/v2.1/flavors => generated 412 bytes in 86 msecs (HTTP/1.1 200) 9 headers in 359 bytes (1 switches on core 0)
Feb 05 23:23:33 devstack devstack@n-api.service[62026]: DEBUG nova.api.openstack.wsgi [None req-de3e3d1e-0aeb-46bc-88aa-68a9fc661d07 admin admin] Action: 'create', calling method: >, body: {"extra_specs": {"hw_rng:allowed": "True"}} {{(pid=62026) _process_stack /opt/stack/nova/nova/api/openstack/wsgi.py:549}}
Feb 05 23:23:33 devstack devstack@n-api.service[62026]: INFO nova.api.openstack.requestlog [None req-de3e3d1e-0aeb-46bc-88aa-68a9fc661d07 admin admin] 192.168.122.188 "POST /compute/v2.1/flavors/d3/os-extra_specs" status: 200 len: 43 microversion: 2.61 time: 0.043381
Feb 05 23:23:33 devstack devstack@n-api.service[62026]: [pid: 62026|app: 0|req: 7/15] 192.168.122.188 () {68 vars in 1437 bytes} [Thu Feb 5 23:23:33 2026] POST /compute/v2.1/flavors/d3/os-extra_specs => generated 43 bytes in 45 msecs (HTTP/1.1 200) 9 headers in 358 bytes (1 switches on core 0)
Feb 05 23:23:35 devstack devstack@n-api.service[62025]: DEBUG nova.api.openstack.wsgi [None req-ace8514c-ce7e-48fc-b72a-e36be4ba104c admin admin] Calling method '>' {{(pid=62025) _process_stack /opt/stack/nova/nova/api/openstack/wsgi.py:551}}
Feb 05 23:23:35 devstack devstack@n-api.service[62025]: INFO nova.api.openstack.requestlog [None req-ace8514c-ce7e-48fc-b72a-e36be4ba104c admin admin] 192.168.122.188 "GET /compute/v2.1" status: 200 len: 393 microversion: 2.1 time: 0.004922
Feb 05 23:23:35 devstack devstack@n-api.service[62025]: [pid: 62025|app: 0|req: 9/16] 192.168.122.188 () {58 vars in 1032 bytes} [Thu Feb 5 23:23:35 2026] GET /compute/v2.1 => generated 393 bytes in 6 msecs (HTTP/1.1 200) 9 headers in 357 bytes (1 switches on core 0)
Feb 05 23:23:35 devstack devstack@n-api.service[62026]: DEBUG nova.api.openstack.wsgi [None req-b0fcde2e-a11b-45ec-8f24-55a49a4a9b9a admin admin] Action: 'create', calling method: >, body: {"flavor": {"os-flavor-access:is_public": true, "rxtx_factor": 1.0, "vcpus": 4, "ram": 4096, "disk": 20, "id": "d4", "name": "ds4G", "OS-FLV-EXT-DATA:ephemeral": 0, "swap": 0}} {{(pid=62026) _process_stack /opt/stack/nova/nova/api/openstack/wsgi.py:549}}
Feb 05 23:23:35 devstack devstack@n-api.service[62026]: INFO nova.api.openstack.requestlog [None req-b0fcde2e-a11b-45ec-8f24-55a49a4a9b9a admin admin] 192.168.122.188 "POST /compute/v2.1/flavors" status: 200 len: 412 microversion: 2.61 time: 0.050526
Feb 05 23:23:35 devstack devstack@n-api.service[62026]: [pid: 62026|app: 0|req: 8/17] 192.168.122.188 () {68 vars in 1384 bytes} [Thu Feb 5 23:23:35 2026] POST /compute/v2.1/flavors => generated 412 bytes in 52 msecs (HTTP/1.1 200) 9 headers in 359 bytes (1 switches on core 0)
Feb 05 23:23:35 devstack devstack@n-api.service[62025]: DEBUG nova.api.openstack.wsgi [None req-6b85d363-c165-4237-981b-087cf906c76e admin admin] Action: 'create', calling method: >, body: {"extra_specs": {"hw_rng:allowed": "True"}} {{(pid=62025) _process_stack /opt/stack/nova/nova/api/openstack/wsgi.py:549}}
Feb 05 23:23:35 devstack devstack@n-api.service[62025]: INFO nova.api.openstack.requestlog [None req-6b85d363-c165-4237-981b-087cf906c76e admin admin] 192.168.122.188 "POST /compute/v2.1/flavors/d4/os-extra_specs" status: 200 len: 43 microversion: 2.61 time: 0.022678
Feb 05 23:23:35 devstack devstack@n-api.service[62025]: [pid: 62025|app: 0|req: 10/18] 192.168.122.188 () {68 vars in 1437 bytes} [Thu Feb 5 23:23:35 2026] POST /compute/v2.1/flavors/d4/os-extra_specs => generated 43 bytes in 24 msecs (HTTP/1.1 200) 9 headers in 358 bytes (1 switches on core 0)
Feb 05 23:23:37 devstack devstack@n-api.service[62026]: DEBUG nova.api.openstack.wsgi [None req-b0fcde2e-a11b-45ec-8f24-55a49a4a9b9a admin admin] Calling method '>' {{(pid=62026) _process_stack /opt/stack/nova/nova/api/openstack/wsgi.py:551}}
Feb 05 23:23:37 devstack devstack@n-api.service[62026]: INFO nova.api.openstack.requestlog [None req-b0fcde2e-a11b-45ec-8f24-55a49a4a9b9a admin admin] 192.168.122.188 "GET /compute/v2.1" status: 200 len: 393 microversion: 2.1 time: 0.004705
Feb 05 23:23:37 devstack devstack@n-api.service[62026]: [pid: 62026|app: 0|req: 9/19] 192.168.122.188 () {58 vars in 1032 bytes} [Thu Feb 5 23:23:37 2026] GET /compute/v2.1 => generated 393 bytes in 5 msecs (HTTP/1.1 200) 9 headers in 357 bytes (1 switches on core 0)
Feb 05 23:23:37 devstack devstack@n-api.service[62025]: DEBUG nova.api.openstack.wsgi [None req-b6aa49fd-96c2-45b9-9192-da4c7e1b36d2 admin admin] Calling method '>' {{(pid=62025) _process_stack /opt/stack/nova/nova/api/openstack/wsgi.py:551}}
Feb 05 23:23:37 devstack devstack@n-api.service[62025]: INFO nova.api.openstack.requestlog [None req-b6aa49fd-96c2-45b9-9192-da4c7e1b36d2 admin admin] 192.168.122.188 "GET /compute/v2.1/flavors/detail?is_public=True" status: 200 len: 2146 microversion: 2.61 time: 0.098204
Feb 05 23:23:37 devstack devstack@n-api.service[62025]: [pid: 62025|app: 0|req: 11/20] 192.168.122.188 () {64 vars in 1393 bytes} [Thu Feb 5 23:23:37 2026] GET /compute/v2.1/flavors/detail?is_public=True => generated 2146 bytes in 99 msecs (HTTP/1.1 200) 9 headers in 360 bytes (1 switches on core 0)
Feb 05 23:23:39 devstack devstack@n-api.service[62026]: DEBUG nova.api.openstack.wsgi [None req-b0fcde2e-a11b-45ec-8f24-55a49a4a9b9a admin admin] Calling method '>' {{(pid=62026) _process_stack /opt/stack/nova/nova/api/openstack/wsgi.py:551}}
Feb 05 23:23:39 devstack devstack@n-api.service[62026]: INFO nova.api.openstack.requestlog [None req-b0fcde2e-a11b-45ec-8f24-55a49a4a9b9a admin admin] 192.168.122.188 "GET /compute/v2.1" status: 200 len: 393 microversion: 2.1 time: 0.004367
Feb 05 23:23:39 devstack devstack@n-api.service[62026]: [pid: 62026|app: 0|req: 10/21] 192.168.122.188 () {58 vars in 1032 bytes} [Thu Feb 5 23:23:39 2026] GET /compute/v2.1 => generated 393 bytes in 5 msecs (HTTP/1.1 200) 9 headers in 357 bytes (1 switches on core 0)
Feb 05 23:23:39 devstack devstack@n-api.service[62025]: DEBUG nova.api.openstack.wsgi [None req-5da22d34-17dd-4103-9644-c6923a8c741e admin admin] Action: 'create', calling method: >, body: {"flavor": {"os-flavor-access:is_public": true, "rxtx_factor": 1.0, "name": "m1.tiny", "ram": 512, "swap": 0, "id": "1", "OS-FLV-EXT-DATA:ephemeral": 0, "vcpus": 1, "disk": 1}} {{(pid=62025) _process_stack /opt/stack/nova/nova/api/openstack/wsgi.py:549}}
Feb 05 23:23:39 devstack devstack@n-api.service[62025]: INFO nova.api.openstack.requestlog [None req-5da22d34-17dd-4103-9644-c6923a8c741e admin admin] 192.168.122.188 "POST /compute/v2.1/flavors" status: 200 len: 410 microversion: 2.61 time: 0.071543
Feb 05 23:23:39 devstack devstack@n-api.service[62025]: [pid: 62025|app: 0|req: 12/22] 192.168.122.188 () {68 vars in 1384 bytes} [Thu Feb 5 23:23:39 2026] POST /compute/v2.1/flavors => generated 410 bytes in 73 msecs (HTTP/1.1 200) 9 headers in 359 bytes (1 switches on core 0)
Feb 05 23:23:39 devstack devstack@n-api.service[62026]: DEBUG nova.api.openstack.wsgi [None req-1f401c5f-4cac-4697-8ed8-d202ffe051c4 admin admin] Action: 'create', calling method: >, body: {"extra_specs": {"hw_rng:allowed": "True"}} {{(pid=62026) _process_stack /opt/stack/nova/nova/api/openstack/wsgi.py:549}}
Feb 05 23:23:40 devstack devstack@n-api.service[62026]: INFO nova.api.openstack.requestlog [None req-1f401c5f-4cac-4697-8ed8-d202ffe051c4 admin admin] 192.168.122.188 "POST /compute/v2.1/flavors/1/os-extra_specs" status: 200 len: 43 microversion: 2.61 time: 0.023873
Feb 05 23:23:40 devstack devstack@n-api.service[62026]: [pid: 62026|app: 0|req: 11/23] 192.168.122.188 () {68 vars in 1434 bytes} [Thu Feb 5 23:23:39 2026] POST /compute/v2.1/flavors/1/os-extra_specs => generated 43 bytes in 40 msecs (HTTP/1.1 200) 9 headers in 358 bytes (1 switches on core 0)
Feb 05 23:23:41 devstack devstack@n-api.service[62025]: DEBUG nova.api.openstack.wsgi [None req-5da22d34-17dd-4103-9644-c6923a8c741e admin admin] Calling method '>' {{(pid=62025) _process_stack /opt/stack/nova/nova/api/openstack/wsgi.py:551}}
Feb 05 23:23:41 devstack devstack@n-api.service[62025]: INFO nova.api.openstack.requestlog [None req-5da22d34-17dd-4103-9644-c6923a8c741e admin admin] 192.168.122.188 "GET /compute/v2.1" status: 200 len: 393 microversion: 2.1 time: 0.004726
Feb 05 23:23:41 devstack devstack@n-api.service[62025]: [pid: 62025|app: 0|req: 13/24] 192.168.122.188 () {58 vars in 1032 bytes} [Thu Feb 5 23:23:41 2026] GET /compute/v2.1 => generated 393 bytes in 6 msecs (HTTP/1.1 200) 9 headers in 357 bytes (1 switches on core 0)
Feb 05 23:23:41 devstack devstack@n-api.service[62026]: DEBUG nova.api.openstack.wsgi [None req-01cbdbd9-4a66-462c-8542-36b92c6f0ffa admin admin] Action: 'create', calling method: >, body: {"flavor": {"id": "2", "ram": 2048, "os-flavor-access:is_public": true, "disk": 20, "OS-FLV-EXT-DATA:ephemeral": 0, "vcpus": 1, "name": "m1.small", "swap": 0, "rxtx_factor": 1.0}} {{(pid=62026) _process_stack /opt/stack/nova/nova/api/openstack/wsgi.py:549}}
Feb 05 23:23:41 devstack devstack@n-api.service[62026]: INFO nova.api.openstack.requestlog [None req-01cbdbd9-4a66-462c-8542-36b92c6f0ffa admin admin] 192.168.122.188 "POST /compute/v2.1/flavors" status: 200 len: 413 microversion: 2.61 time: 0.055734
Feb 05 23:23:41 devstack devstack@n-api.service[62026]: [pid: 62026|app: 0|req: 12/25] 192.168.122.188 () {68 vars in 1384 bytes} [Thu Feb 5 23:23:41 2026] POST /compute/v2.1/flavors => generated 413 bytes in 57 msecs (HTTP/1.1 200) 9 headers in 359 bytes (2 switches on core 0)
Feb 05 23:23:41 devstack devstack@n-api.service[62025]: DEBUG nova.api.openstack.wsgi [None req-2a7c5a22-3c1b-4d5b-a8dd-c2aace613e53 admin admin] Action: 'create', calling method: >, body: {"extra_specs": {"hw_rng:allowed": "True"}} {{(pid=62025) _process_stack /opt/stack/nova/nova/api/openstack/wsgi.py:549}}
Feb 05 23:23:41 devstack devstack@n-api.service[62025]: INFO nova.api.openstack.requestlog [None req-2a7c5a22-3c1b-4d5b-a8dd-c2aace613e53 admin admin] 192.168.122.188 "POST /compute/v2.1/flavors/2/os-extra_specs" status: 200 len: 43 microversion: 2.61 time: 0.023742
Feb 05 23:23:41 devstack devstack@n-api.service[62025]: [pid: 62025|app: 0|req: 14/26] 192.168.122.188 () {68 vars in 1434 bytes} [Thu Feb 5 23:23:41 2026] POST /compute/v2.1/flavors/2/os-extra_specs => generated 43 bytes in 39 msecs (HTTP/1.1 200) 9 headers in 358 bytes (1 switches on core 0)
