Feb 05 23:23:42 devstack devstack@g-api.service[75624]: DEBUG glance.common.config [None req-c54c690d-314f-4a5f-8ea9-4917f4787c82 None None] barbican_service_user.cafile = None {{(pid=75624) log_opt_values /opt/stack/data/venv/lib/python3.10/site-packages/oslo_config/cfg.py:2824}}
Feb 05 23:23:42 devstack devstack@g-api.service[75624]: DEBUG glance.common.config [None req-c54c690d-314f-4a5f-8ea9-4917f4787c82 None None] barbican_service_user.certfile = None {{(pid=75624) log_opt_values /opt/stack/data/venv/lib/python3.10/site-packages/oslo_config/cfg.py:2824}}
Feb 05 23:23:42 devstack devstack@g-api.service[75624]: DEBUG glance.common.config [None req-c54c690d-314f-4a5f-8ea9-4917f4787c82 None None] barbican_service_user.collect_timing = False {{(pid=75624) log_opt_values /opt/stack/data/venv/lib/python3.10/site-packages/oslo_config/cfg.py:2824}}
Feb 05 23:23:42 devstack devstack@g-api.service[75624]: DEBUG glance.common.config [None req-c54c690d-314f-4a5f-8ea9-4917f4787c82 None None] barbican_service_user.insecure = False {{(pid=75624) log_opt_values /opt/stack/data/venv/lib/python3.10/site-packages/oslo_config/cfg.py:2824}}
Feb 05 23:23:42 devstack devstack@g-api.service[75624]: DEBUG glance.common.config [None req-c54c690d-314f-4a5f-8ea9-4917f4787c82 None None] barbican_service_user.keyfile = None {{(pid=75624) log_opt_values /opt/stack/data/venv/lib/python3.10/site-packages/oslo_config/cfg.py:2824}}
Feb 05 23:23:42 devstack devstack@g-api.service[75624]: DEBUG glance.common.config [None req-c54c690d-314f-4a5f-8ea9-4917f4787c82 None None] barbican_service_user.split_loggers = False {{(pid=75624) log_opt_values /opt/stack/data/venv/lib/python3.10/site-packages/oslo_config/cfg.py:2824}}
Feb 05 23:23:42 devstack devstack@g-api.service[75624]: DEBUG glance.common.config [None req-c54c690d-314f-4a5f-8ea9-4917f4787c82 None None] barbican_service_user.timeout = None {{(pid=75624) log_opt_values /opt/stack/data/venv/lib/python3.10/site-packages/oslo_config/cfg.py:2824}}
Feb 05 23:23:42 devstack devstack@g-api.service[75624]: DEBUG glance.common.config [None req-c54c690d-314f-4a5f-8ea9-4917f4787c82 None None] database.asyncio_connection = **** {{(pid=75624) log_opt_values /opt/stack/data/venv/lib/python3.10/site-packages/oslo_config/cfg.py:2824}}
Feb 05 23:23:42 devstack devstack@g-api.service[75624]: DEBUG glance.common.config [None req-c54c690d-314f-4a5f-8ea9-4917f4787c82 None None] database.asyncio_slave_connection = **** {{(pid=75624) log_opt_values /opt/stack/data/venv/lib/python3.10/site-packages/oslo_config/cfg.py:2824}}
Feb 05 23:23:42 devstack devstack@g-api.service[75624]: DEBUG glance.common.config [None req-c54c690d-314f-4a5f-8ea9-4917f4787c82 None None] database.backend = sqlalchemy {{(pid=75624) log_opt_values /opt/stack/data/venv/lib/python3.10/site-packages/oslo_config/cfg.py:2824}}
Feb 05 23:23:42 devstack devstack@g-api.service[75624]: DEBUG glance.common.config [None req-c54c690d-314f-4a5f-8ea9-4917f4787c82 None None] database.connection = **** {{(pid=75624) log_opt_values /opt/stack/data/venv/lib/python3.10/site-packages/oslo_config/cfg.py:2824}}
Feb 05 23:23:42 devstack devstack@g-api.service[75624]: DEBUG glance.common.config [None req-c54c690d-314f-4a5f-8ea9-4917f4787c82 None None] database.connection_debug = 0 {{(pid=75624) log_opt_values /opt/stack/data/venv/lib/python3.10/site-packages/oslo_config/cfg.py:2824}}
Feb 05 23:23:42 devstack devstack@g-api.service[75624]: DEBUG glance.common.config [None req-c54c690d-314f-4a5f-8ea9-4917f4787c82 None None] database.connection_parameters = {{(pid=75624) log_opt_values /opt/stack/data/venv/lib/python3.10/site-packages/oslo_config/cfg.py:2824}}
Feb 05 23:23:42 devstack devstack@g-api.service[75624]: DEBUG glance.common.config [None req-c54c690d-314f-4a5f-8ea9-4917f4787c82 None None] database.connection_recycle_time = 3600 {{(pid=75624) log_opt_values /opt/stack/data/venv/lib/python3.10/site-packages/oslo_config/cfg.py:2824}}
Feb 05 23:23:42 devstack devstack@g-api.service[75624]: DEBUG glance.common.config [None req-c54c690d-314f-4a5f-8ea9-4917f4787c82 None None] database.connection_trace = False {{(pid=75624) log_opt_values /opt/stack/data/venv/lib/python3.10/site-packages/oslo_config/cfg.py:2824}}
Feb 05 23:23:42 devstack devstack@g-api.service[75624]: DEBUG glance.common.config [None req-c54c690d-314f-4a5f-8ea9-4917f4787c82 None None] database.db_inc_retry_interval = True {{(pid=75624) log_opt_values /opt/stack/data/venv/lib/python3.10/site-packages/oslo_config/cfg.py:2824}}
Feb 05 23:23:42 devstack devstack@g-api.service[75624]: DEBUG glance.common.config [None req-c54c690d-314f-4a5f-8ea9-4917f4787c82 None None] database.db_max_retries = 20 {{(pid=75624) log_opt_values /opt/stack/data/venv/lib/python3.10/site-packages/oslo_config/cfg.py:2824}}
Feb 05 23:23:42 devstack devstack@g-api.service[75624]: DEBUG glance.common.config [None req-c54c690d-314f-4a5f-8ea9-4917f4787c82 None None] database.db_max_retry_interval = 10 {{(pid=75624) log_opt_values /opt/stack/data/venv/lib/python3.10/site-packages/oslo_config/cfg.py:2824}}
Feb 05 23:23:42 devstack devstack@g-api.service[75624]: DEBUG glance.common.config [None req-c54c690d-314f-4a5f-8ea9-4917f4787c82 None None] database.db_retry_interval = 1 {{(pid=75624) log_opt_values /opt/stack/data/venv/lib/python3.10/site-packages/oslo_config/cfg.py:2824}}
Feb 05 23:23:42 devstack devstack@g-api.service[75624]: DEBUG glance.common.config [None req-c54c690d-314f-4a5f-8ea9-4917f4787c82 None None] database.max_overflow = 50 {{(pid=75624) log_opt_values /opt/stack/data/venv/lib/python3.10/site-packages/oslo_config/cfg.py:2824}}
Feb 05 23:23:42 devstack devstack@g-api.service[75624]: DEBUG glance.common.config [None req-c54c690d-314f-4a5f-8ea9-4917f4787c82 None None] database.max_pool_size = 5 {{(pid=75624) log_opt_values /opt/stack/data/venv/lib/python3.10/site-packages/oslo_config/cfg.py:2824}}
Feb 05 23:23:42 devstack devstack@g-api.service[75624]: DEBUG glance.common.config [None req-c54c690d-314f-4a5f-8ea9-4917f4787c82 None None] database.max_retries = 10 {{(pid=75624) log_opt_values /opt/stack/data/venv/lib/python3.10/site-packages/oslo_config/cfg.py:2824}}
Feb 05 23:23:42 devstack devstack@g-api.service[75624]: DEBUG glance.common.config [None req-c54c690d-314f-4a5f-8ea9-4917f4787c82 None None] database.mysql_sql_mode = TRADITIONAL {{(pid=75624) log_opt_values /opt/stack/data/venv/lib/python3.10/site-packages/oslo_config/cfg.py:2824}}
Feb 05 23:23:42 devstack devstack@g-api.service[75624]: DEBUG glance.common.config [None req-c54c690d-314f-4a5f-8ea9-4917f4787c82 None None] database.mysql_wsrep_sync_wait = None {{(pid=75624) log_opt_values /opt/stack/data/venv/lib/python3.10/site-packages/oslo_config/cfg.py:2824}}
Feb 05 23:23:42 devstack devstack@g-api.service[75624]: DEBUG glance.common.config [None req-c54c690d-314f-4a5f-8ea9-4917f4787c82 None None] database.pool_timeout = None {{(pid=75624) log_opt_values /opt/stack/data/venv/lib/python3.10/site-packages/oslo_config/cfg.py:2824}}
Feb 05 23:23:42 devstack devstack@g-api.service[75624]: DEBUG glance.common.config [None req-c54c690d-314f-4a5f-8ea9-4917f4787c82 None None] database.retry_interval = 10 {{(pid=75624) log_opt_values /opt/stack/data/venv/lib/python3.10/site-packages/oslo_config/cfg.py:2824}}
Feb 05 23:23:42 devstack devstack@g-api.service[75624]: DEBUG glance.common.config [None req-c54c690d-314f-4a5f-8ea9-4917f4787c82 None None] database.slave_connection = **** {{(pid=75624) log_opt_values /opt/stack/data/venv/lib/python3.10/site-packages/oslo_config/cfg.py:2824}}
Feb 05 23:23:42 devstack devstack@g-api.service[75624]: DEBUG glance.common.config [None req-c54c690d-314f-4a5f-8ea9-4917f4787c82 None None] database.sqlite_synchronous = True {{(pid=75624) log_opt_values /opt/stack/data/venv/lib/python3.10/site-packages/oslo_config/cfg.py:2824}}
Feb 05 23:23:42 devstack devstack@g-api.service[75624]: DEBUG glance.common.config [None req-c54c690d-314f-4a5f-8ea9-4917f4787c82 None None] database.synchronous_reader = True {{(pid=75624) log_opt_values /opt/stack/data/venv/lib/python3.10/site-packages/oslo_config/cfg.py:2824}}
Feb 05 23:23:42 devstack devstack@g-api.service[75624]: DEBUG glance.common.config [None req-c54c690d-314f-4a5f-8ea9-4917f4787c82 None None] database.use_db_reconnect = False {{(pid=75624) log_opt_values /opt/stack/data/venv/lib/python3.10/site-packages/oslo_config/cfg.py:2824}}
Feb 05 23:23:42 devstack devstack@g-api.service[75624]: DEBUG glance.common.config [None req-c54c690d-314f-4a5f-8ea9-4917f4787c82 None None] healthcheck.allowed_source_ranges = [] {{(pid=75624) log_opt_values /opt/stack/data/venv/lib/python3.10/site-packages/oslo_config/cfg.py:2824}}
Feb 05 23:23:42 devstack devstack@g-api.service[75624]: DEBUG glance.common.config [None req-c54c690d-314f-4a5f-8ea9-4917f4787c82 None None] healthcheck.backends = ['disable_by_file'] {{(pid=75624) log_opt_values /opt/stack/data/venv/lib/python3.10/site-packages/oslo_config/cfg.py:2824}}
Feb 05 23:23:42 devstack devstack@g-api.service[75624]: DEBUG glance.common.config [None req-c54c690d-314f-4a5f-8ea9-4917f4787c82 None None] healthcheck.detailed = False {{(pid=75624) log_opt_values /opt/stack/data/venv/lib/python3.10/site-packages/oslo_config/cfg.py:2824}}
Feb 05 23:23:42 devstack devstack@g-api.service[75624]: DEBUG glance.common.config [None req-c54c690d-314f-4a5f-8ea9-4917f4787c82 None None] healthcheck.disable_by_file_path = None {{(pid=75624) log_opt_values /opt/stack/data/venv/lib/python3.10/site-packages/oslo_config/cfg.py:2824}}
Feb 05 23:23:42 devstack devstack@g-api.service[75624]: DEBUG glance.common.config [None req-c54c690d-314f-4a5f-8ea9-4917f4787c82 None None] healthcheck.ignore_proxied_requests = False {{(pid=75624) log_opt_values /opt/stack/data/venv/lib/python3.10/site-packages/oslo_config/cfg.py:2824}}
Feb 05 23:23:42 devstack devstack@g-api.service[75624]: DEBUG glance.common.config [None req-c54c690d-314f-4a5f-8ea9-4917f4787c82 None None] ******************************************************************************** {{(pid=75624) log_opt_values /opt/stack/data/venv/lib/python3.10/site-packages/oslo_config/cfg.py:2828}}
Feb 05 23:23:42 devstack devstack@g-api.service[75624]: WSGI app 0 (mountpoint='') ready in 4 seconds on interpreter 0x55d26265f6a0 pid: 75624 (default app)
Feb 05 23:23:44 devstack devstack@g-api.service[75625]: DEBUG glance.api.middleware.version_negotiation [None req-e7097853-4365-4a50-836d-afea4dac9b31 None None] Determining version of request: GET / Accept: application/json {{(pid=75625) process_request /opt/stack/glance/glance/api/middleware/version_negotiation.py:44}}
Feb 05 23:23:44 devstack devstack@g-api.service[75625]: DEBUG glance.api.middleware.version_negotiation [None req-e7097853-4365-4a50-836d-afea4dac9b31 None None] Using url versioning {{(pid=75625) process_request /opt/stack/glance/glance/api/middleware/version_negotiation.py:57}}
Feb 05 23:23:44 devstack devstack@g-api.service[75625]: DEBUG glance.api.middleware.version_negotiation [None req-e7097853-4365-4a50-836d-afea4dac9b31 None None] Unknown version. Returning version choices. {{(pid=75625) process_request /opt/stack/glance/glance/api/middleware/version_negotiation.py:64}}
Feb 05 23:23:44 devstack devstack@g-api.service[75625]: [pid: 75625|app: 0|req: 2/2] 127.0.0.1 () {34 vars in 519 bytes} [Thu Feb 5 23:23:44 2026] GET / => generated 1459 bytes in 2 msecs (HTTP/1.1 300) 3 headers in 106 bytes (1 switches on core 0)
Feb 05 23:23:44 devstack devstack@g-api.service[75624]: DEBUG glance.api.middleware.version_negotiation [None req-c54c690d-314f-4a5f-8ea9-4917f4787c82 None None] Determining version of request: POST /v2/images Accept: */* {{(pid=75624) process_request /opt/stack/glance/glance/api/middleware/version_negotiation.py:44}}
Feb 05 23:23:44 devstack devstack@g-api.service[75624]: DEBUG glance.api.middleware.version_negotiation [None req-c54c690d-314f-4a5f-8ea9-4917f4787c82 None None] Using url versioning {{(pid=75624) process_request /opt/stack/glance/glance/api/middleware/version_negotiation.py:57}}
Feb 05 23:23:44 devstack devstack@g-api.service[75624]: DEBUG glance.api.middleware.version_negotiation [None req-c54c690d-314f-4a5f-8ea9-4917f4787c82 None None] Matched version: v2 {{(pid=75624) process_request /opt/stack/glance/glance/api/middleware/version_negotiation.py:69}}
Feb 05 23:23:44 devstack devstack@g-api.service[75624]: DEBUG glance.api.middleware.version_negotiation [None req-c54c690d-314f-4a5f-8ea9-4917f4787c82 None None] new path /v2/images {{(pid=75624) process_request /opt/stack/glance/glance/api/middleware/version_negotiation.py:70}}
Feb 05 23:23:45 devstack devstack@g-api.service[75624]: [pid: 75624|app: 0|req: 1/3] 127.0.0.1 () {40 vars in 782 bytes} [Thu Feb 5 23:23:44 2026] POST /v2/images => generated 807 bytes in 750 msecs (HTTP/1.1 201) 6 headers in 314 bytes (1 switches on core 0)
Feb 05 23:23:45 devstack devstack@g-api.service[75625]: DEBUG glance.api.middleware.version_negotiation [None req-e7097853-4365-4a50-836d-afea4dac9b31 None None] Determining version of request: PUT /v2/images/39d7e728-12f3-4a10-b12c-566accecadb5/file Accept: {{(pid=75625) process_request /opt/stack/glance/glance/api/middleware/version_negotiation.py:44}}
Feb 05 23:23:45 devstack devstack@g-api.service[75625]: DEBUG glance.api.middleware.version_negotiation [None req-e7097853-4365-4a50-836d-afea4dac9b31 None None] Using url versioning {{(pid=75625) process_request /opt/stack/glance/glance/api/middleware/version_negotiation.py:57}}
Feb 05 23:23:45 devstack devstack@g-api.service[75625]: DEBUG glance.api.middleware.version_negotiation [None req-e7097853-4365-4a50-836d-afea4dac9b31 None None] Matched version: v2 {{(pid=75625) process_request /opt/stack/glance/glance/api/middleware/version_negotiation.py:69}}
Feb 05 23:23:45 devstack devstack@g-api.service[75625]: DEBUG glance.api.middleware.version_negotiation [None req-e7097853-4365-4a50-836d-afea4dac9b31 None None] new path /v2/images/39d7e728-12f3-4a10-b12c-566accecadb5/file {{(pid=75625) process_request /opt/stack/glance/glance/api/middleware/version_negotiation.py:70}}
Feb 05 23:23:46 devstack devstack@g-api.service[75625]: INFO glance.api.v2.image_data [None req-3cbf1bef-84aa-4752-b857-cbfce238f138 admin admin] Unable to create trust: no such option collect_timing in group [keystone_authtoken] Use the existing user token.
Feb 05 23:23:46 devstack devstack@g-api.service[75625]: DEBUG glance.location [None req-3cbf1bef-84aa-4752-b857-cbfce238f138 admin admin] Enabling in-flight format inspection for qcow2 {{(pid=75625) set_data /opt/stack/glance/glance/location.py:616}}
Feb 05 23:23:46 devstack devstack@g-api.service[75625]: DEBUG oslo_utils.imageutils.format_inspector [None req-3cbf1bef-84aa-4752-b857-cbfce238f138 admin admin] Format inspector for vmdk does not match, excluding from consideration (Signature KDMV not found: b'QFI\xfb') {{(pid=75625) _process_chunk /opt/stack/data/venv/lib/python3.10/site-packages/oslo_utils/imageutils/format_inspector.py:1537}}
Feb 05 23:23:46 devstack devstack@g-api.service[75625]: DEBUG oslo_utils.imageutils.format_inspector [None req-3cbf1bef-84aa-4752-b857-cbfce238f138 admin admin] Format inspector for vhdx does not match, excluding from consideration (Region signature not found at 30000) {{(pid=75625) _process_chunk /opt/stack/data/venv/lib/python3.10/site-packages/oslo_utils/imageutils/format_inspector.py:1537}}
Feb 05 23:23:46 devstack devstack@g-api.service[75625]: DEBUG glance_store._drivers.filesystem [None req-3cbf1bef-84aa-4752-b857-cbfce238f138 admin admin] Wrote 21692416 bytes to /opt/stack/data/glance/images/39d7e728-12f3-4a10-b12c-566accecadb5 with checksum 87617e24a5e30cb3b87fda8c0764838f and multihash 9a9bce0083a00939ec17c11febbfc767aa211aaa54f51e75c5a8b271a9b5637c77205a518b7a2007cb391d23cceb01e0e4e8d64832317151bc85b734b92a7be0 {{(pid=75625) add /opt/stack/data/venv/lib/python3.10/site-packages/glance_store/_drivers/filesystem.py:794}}
Feb 05 23:23:46 devstack devstack@g-api.service[75625]: INFO glance.location [None req-3cbf1bef-84aa-4752-b857-cbfce238f138 admin admin] Image format matched and virtual size computed: 117440512
Feb 05 23:23:46 devstack devstack@g-api.service[75625]: DEBUG glance_store.backend [None req-3cbf1bef-84aa-4752-b857-cbfce238f138 admin admin] Skipping store.set_acls... not implemented. {{(pid=75625) set_acls /opt/stack/data/venv/lib/python3.10/site-packages/glance_store/backend.py:507}}
Feb 05 23:23:46 devstack devstack@g-api.service[75625]: [pid: 75625|app: 0|req: 3/4] 127.0.0.1 () {40 vars in 875 bytes} [Thu Feb 5 23:23:45 2026] PUT /v2/images/39d7e728-12f3-4a10-b12c-566accecadb5/file => generated 0 bytes in 1272 msecs (HTTP/1.1 204) 4 headers in 171 bytes (1 switches on core 0)
Feb 05 23:23:46 devstack devstack@g-api.service[75624]: DEBUG glance.api.middleware.version_negotiation [None req-c225cef7-bfe8-4fc9-b136-c9048eea2810 admin admin] Determining version of request: GET /v2/images/39d7e728-12f3-4a10-b12c-566accecadb5 Accept: */* {{(pid=75624) process_request /opt/stack/glance/glance/api/middleware/version_negotiation.py:44}}
Feb 05 23:23:46 devstack devstack@g-api.service[75624]: DEBUG glance.api.middleware.version_negotiation [None req-c225cef7-bfe8-4fc9-b136-c9048eea2810 admin admin] Using url versioning {{(pid=75624) process_request /opt/stack/glance/glance/api/middleware/version_negotiation.py:57}}
Feb 05 23:23:46 devstack devstack@g-api.service[75624]: DEBUG glance.api.middleware.version_negotiation [None req-c225cef7-bfe8-4fc9-b136-c9048eea2810 admin admin] Matched version: v2 {{(pid=75624) process_request /opt/stack/glance/glance/api/middleware/version_negotiation.py:69}}
Feb 05 23:23:46 devstack devstack@g-api.service[75624]: DEBUG glance.api.middleware.version_negotiation [None req-c225cef7-bfe8-4fc9-b136-c9048eea2810 admin admin] new path /v2/images/39d7e728-12f3-4a10-b12c-566accecadb5 {{(pid=75624) process_request /opt/stack/glance/glance/api/middleware/version_negotiation.py:70}}
Feb 05 23:23:46 devstack devstack@g-api.service[75624]: [pid: 75624|app: 0|req: 2/5] 127.0.0.1 () {36 vars in 802 bytes} [Thu Feb 5 23:23:46 2026] GET /v2/images/39d7e728-12f3-4a10-b12c-566accecadb5 => generated 976 bytes in 16 msecs (HTTP/1.1 200) 4 headers in 157 bytes (1 switches on core 0)
Feb 05 23:23:56 devstack devstack@g-api.service[75625]: DEBUG dbcounter [-] [75625] Writing DB stats glance:INSERT=5,glance:SELECT=16,glance:UPDATE=2 {{(pid=75625) stat_writer /opt/stack/data/venv/lib/python3.10/site-packages/dbcounter.py:115}}
Feb 05 23:23:56 devstack devstack@g-api.service[75624]: DEBUG dbcounter [-] [75624] Writing DB stats glance:INSERT=9,glance:SELECT=6 {{(pid=75624) stat_writer /opt/stack/data/venv/lib/python3.10/site-packages/dbcounter.py:115}}
Feb 05 23:24:24 devstack devstack@g-api.service[75625]: DEBUG glance.api.middleware.version_negotiation [None req-3cbf1bef-84aa-4752-b857-cbfce238f138 admin admin] Determining version of request: GET / Accept: application/json {{(pid=75625) process_request /opt/stack/glance/glance/api/middleware/version_negotiation.py:44}}
Feb 05 23:24:24 devstack devstack@g-api.service[75625]: DEBUG glance.api.middleware.version_negotiation [None req-3cbf1bef-84aa-4752-b857-cbfce238f138 admin admin] Using url versioning {{(pid=75625) process_request /opt/stack/glance/glance/api/middleware/version_negotiation.py:57}}
Feb 05 23:24:24 devstack devstack@g-api.service[75625]: DEBUG glance.api.middleware.version_negotiation [None req-3cbf1bef-84aa-4752-b857-cbfce238f138 admin admin] Unknown version. Returning version choices. {{(pid=75625) process_request /opt/stack/glance/glance/api/middleware/version_negotiation.py:64}}
Feb 05 23:24:24 devstack devstack@g-api.service[75625]: [pid: 75625|app: 0|req: 4/6] 127.0.0.1 () {34 vars in 515 bytes} [Thu Feb 5 23:24:24 2026] GET / => generated 1459 bytes in 2 msecs (HTTP/1.1 300) 3 headers in 106 bytes (1 switches on core 0)
Feb 05 23:24:24 devstack devstack@g-api.service[75624]: DEBUG glance.api.middleware.version_negotiation [None req-2526a0be-4b09-46fd-b64c-9eddb28aa211 admin admin] Determining version of request: GET /v2/images Accept: application/json {{(pid=75624) process_request /opt/stack/glance/glance/api/middleware/version_negotiation.py:44}}
Feb 05 23:24:24 devstack devstack@g-api.service[75624]: DEBUG glance.api.middleware.version_negotiation [None req-2526a0be-4b09-46fd-b64c-9eddb28aa211 admin admin] Using url versioning {{(pid=75624) process_request /opt/stack/glance/glance/api/middleware/version_negotiation.py:57}}
Feb 05 23:24:24 devstack devstack@g-api.service[75624]: DEBUG glance.api.middleware.version_negotiation [None req-2526a0be-4b09-46fd-b64c-9eddb28aa211 admin admin] Matched version: v2 {{(pid=75624) process_request /opt/stack/glance/glance/api/middleware/version_negotiation.py:69}}
Feb 05 23:24:24 devstack devstack@g-api.service[75624]: DEBUG glance.api.middleware.version_negotiation [None req-2526a0be-4b09-46fd-b64c-9eddb28aa211 admin admin] new path /v2/images {{(pid=75624) process_request /opt/stack/glance/glance/api/middleware/version_negotiation.py:70}}
Feb 05 23:24:24 devstack devstack@g-api.service[75624]: [pid: 75624|app: 0|req: 3/7] 127.0.0.1 () {36 vars in 737 bytes} [Thu Feb 5 23:24:24 2026] GET /v2/images => generated 1045 bytes in 60 msecs (HTTP/1.1 200) 4 headers in 158 bytes (1 switches on core 0)
Feb 05 23:24:29 devstack devstack@g-api.service[75625]: DEBUG glance.api.middleware.version_negotiation [None req-3cbf1bef-84aa-4752-b857-cbfce238f138 admin admin] Determining version of request: GET / Accept: application/json {{(pid=75625) process_request /opt/stack/glance/glance/api/middleware/version_negotiation.py:44}}
Feb 05 23:24:29 devstack devstack@g-api.service[75625]: DEBUG glance.api.middleware.version_negotiation [None req-3cbf1bef-84aa-4752-b857-cbfce238f138 admin admin] Using url versioning {{(pid=75625) process_request /opt/stack/glance/glance/api/middleware/version_negotiation.py:57}}
Feb 05 23:24:29 devstack devstack@g-api.service[75625]: DEBUG glance.api.middleware.version_negotiation [None req-3cbf1bef-84aa-4752-b857-cbfce238f138 admin admin] Unknown version. Returning version choices. {{(pid=75625) process_request /opt/stack/glance/glance/api/middleware/version_negotiation.py:64}}
Feb 05 23:24:29 devstack devstack@g-api.service[75625]: [pid: 75625|app: 0|req: 5/8] 127.0.0.1 () {34 vars in 515 bytes} [Thu Feb 5 23:24:29 2026] GET / => generated 1459 bytes in 2 msecs (HTTP/1.1 300) 3 headers in 106 bytes (1 switches on core 0)
Feb 05 23:24:29 devstack devstack@g-api.service[75624]: DEBUG glance.api.middleware.version_negotiation [None req-743db27b-197d-4826-a163-5f4d78067346 admin admin] Determining version of request: GET /v2/images/39d7e728-12f3-4a10-b12c-566accecadb5 Accept: */* {{(pid=75624) process_request /opt/stack/glance/glance/api/middleware/version_negotiation.py:44}}
Feb 05 23:24:29 devstack devstack@g-api.service[75624]: DEBUG glance.api.middleware.version_negotiation [None req-743db27b-197d-4826-a163-5f4d78067346 admin admin] Using url versioning {{(pid=75624) process_request /opt/stack/glance/glance/api/middleware/version_negotiation.py:57}}
Feb 05 23:24:29 devstack devstack@g-api.service[75624]: DEBUG glance.api.middleware.version_negotiation [None req-743db27b-197d-4826-a163-5f4d78067346 admin admin] Matched version: v2 {{(pid=75624) process_request /opt/stack/glance/glance/api/middleware/version_negotiation.py:69}}
Feb 05 23:24:29 devstack devstack@g-api.service[75624]: DEBUG glance.api.middleware.version_negotiation [None req-743db27b-197d-4826-a163-5f4d78067346 admin admin] new path /v2/images/39d7e728-12f3-4a10-b12c-566accecadb5 {{(pid=75624) process_request /opt/stack/glance/glance/api/middleware/version_negotiation.py:70}}
Feb 05 23:24:30 devstack devstack@g-api.service[75624]: [pid: 75624|app: 0|req: 4/9] 127.0.0.1 () {36 vars in 798 bytes} [Thu Feb 5 23:24:29 2026] GET /v2/images/39d7e728-12f3-4a10-b12c-566accecadb5 => generated 976 bytes in 46 msecs (HTTP/1.1 200) 4 headers in 157 bytes (1 switches on core 0)
Feb 05 23:24:33 devstack devstack@g-api.service[75625]: DEBUG glance.api.middleware.version_negotiation [None req-3cbf1bef-84aa-4752-b857-cbfce238f138 admin admin] Determining version of request: GET / Accept: application/json {{(pid=75625) process_request /opt/stack/glance/glance/api/middleware/version_negotiation.py:44}}
Feb 05 23:24:33 devstack devstack@g-api.service[75625]: DEBUG glance.api.middleware.version_negotiation [None req-3cbf1bef-84aa-4752-b857-cbfce238f138 admin admin] Using url versioning {{(pid=75625) process_request /opt/stack/glance/glance/api/middleware/version_negotiation.py:57}}
Feb 05 23:24:33 devstack devstack@g-api.service[75625]: DEBUG glance.api.middleware.version_negotiation [None req-3cbf1bef-84aa-4752-b857-cbfce238f138 admin admin] Unknown version. Returning version choices. {{(pid=75625) process_request /opt/stack/glance/glance/api/middleware/version_negotiation.py:64}}
Feb 05 23:24:33 devstack devstack@g-api.service[75625]: [pid: 75625|app: 0|req: 6/10] 127.0.0.1 () {34 vars in 515 bytes} [Thu Feb 5 23:24:33 2026] GET / => generated 1459 bytes in 2 msecs (HTTP/1.1 300) 3 headers in 106 bytes (1 switches on core 0)
Feb 05 23:24:33 devstack devstack@g-api.service[75624]: DEBUG glance.api.middleware.version_negotiation [None req-52dbc72a-94fc-4f94-bd6b-9ff93269a11e admin admin] Determining version of request: GET /v2/images/39d7e728-12f3-4a10-b12c-566accecadb5 Accept: */* {{(pid=75624) process_request /opt/stack/glance/glance/api/middleware/version_negotiation.py:44}}
Feb 05 23:24:33 devstack devstack@g-api.service[75624]: DEBUG glance.api.middleware.version_negotiation [None req-52dbc72a-94fc-4f94-bd6b-9ff93269a11e admin admin] Using url versioning {{(pid=75624) process_request /opt/stack/glance/glance/api/middleware/version_negotiation.py:57}}
Feb 05 23:24:33 devstack devstack@g-api.service[75624]: DEBUG glance.api.middleware.version_negotiation [None req-52dbc72a-94fc-4f94-bd6b-9ff93269a11e admin admin] Matched version: v2 {{(pid=75624) process_request /opt/stack/glance/glance/api/middleware/version_negotiation.py:69}}
Feb 05 23:24:33 devstack devstack@g-api.service[75624]: DEBUG glance.api.middleware.version_negotiation [None req-52dbc72a-94fc-4f94-bd6b-9ff93269a11e admin admin] new path /v2/images/39d7e728-12f3-4a10-b12c-566accecadb5 {{(pid=75624) process_request /opt/stack/glance/glance/api/middleware/version_negotiation.py:70}}
Feb 05 23:24:33 devstack devstack@g-api.service[75624]: [pid: 75624|app: 0|req: 5/11] 127.0.0.1 () {36 vars in 798 bytes} [Thu Feb 5 23:24:33 2026] GET /v2/images/39d7e728-12f3-4a10-b12c-566accecadb5 => generated 976 bytes in 44 msecs (HTTP/1.1 200) 4 headers in 157 bytes (1 switches on core 0)
Feb 05 23:24:43 devstack devstack@g-api.service[75624]: DEBUG dbcounter [-] [75624] Writing DB stats glance:SELECT=5 {{(pid=75624) stat_writer /opt/stack/data/venv/lib/python3.10/site-packages/dbcounter.py:115}}
Feb 05 23:25:53 devstack devstack@g-api.service[75625]: DEBUG glance.api.middleware.version_negotiation [None req-3cbf1bef-84aa-4752-b857-cbfce238f138 admin admin] Determining version of request: GET / Accept: application/json {{(pid=75625) process_request /opt/stack/glance/glance/api/middleware/version_negotiation.py:44}}
Feb 05 23:25:53 devstack devstack@g-api.service[75625]: DEBUG glance.api.middleware.version_negotiation [None req-3cbf1bef-84aa-4752-b857-cbfce238f138 admin admin] Using url versioning {{(pid=75625) process_request /opt/stack/glance/glance/api/middleware/version_negotiation.py:57}}
Feb 05 23:25:53 devstack devstack@g-api.service[75625]: DEBUG glance.api.middleware.version_negotiation [None req-3cbf1bef-84aa-4752-b857-cbfce238f138 admin admin] Unknown version. Returning version choices. {{(pid=75625) process_request /opt/stack/glance/glance/api/middleware/version_negotiation.py:64}}
Feb 05 23:25:53 devstack devstack@g-api.service[75625]: [pid: 75625|app: 0|req: 7/12] 127.0.0.1 () {36 vars in 486 bytes} [Thu Feb 5 23:25:53 2026] GET / => generated 1459 bytes in 2 msecs (HTTP/1.1 300) 3 headers in 106 bytes (1 switches on core 0)
Feb 05 23:26:53 devstack devstack@g-api.service[75624]: DEBUG glance.api.middleware.version_negotiation [None req-704fe2e8-d3f6-446b-abf8-ff537b8a1cec admin admin] Determining version of request: GET /v2/images/39d7e728-12f3-4a10-b12c-566accecadb5 Accept: */* {{(pid=75624) process_request /opt/stack/glance/glance/api/middleware/version_negotiation.py:44}}
Feb 05 23:26:53 devstack devstack@g-api.service[75624]: DEBUG glance.api.middleware.version_negotiation [None req-704fe2e8-d3f6-446b-abf8-ff537b8a1cec admin admin] Using url versioning {{(pid=75624) process_request /opt/stack/glance/glance/api/middleware/version_negotiation.py:57}}
Feb 05 23:26:53 devstack devstack@g-api.service[75624]: DEBUG glance.api.middleware.version_negotiation [None req-704fe2e8-d3f6-446b-abf8-ff537b8a1cec admin admin] Matched version: v2 {{(pid=75624) process_request /opt/stack/glance/glance/api/middleware/version_negotiation.py:69}}
Feb 05 23:26:53 devstack devstack@g-api.service[75624]: DEBUG glance.api.middleware.version_negotiation [None req-704fe2e8-d3f6-446b-abf8-ff537b8a1cec admin admin] new path /v2/images/39d7e728-12f3-4a10-b12c-566accecadb5 {{(pid=75624) process_request /opt/stack/glance/glance/api/middleware/version_negotiation.py:70}}
Feb 05 23:26:53 devstack devstack@g-api.service[75624]: WARNING keystonemiddleware.auth_token [None req-704fe2e8-d3f6-446b-abf8-ff537b8a1cec admin admin] A valid token was submitted as a service token, but it was not a valid service token. This is incorrect but backwards compatible behaviour. This will be removed in future releases.
Feb 05 23:26:53 devstack devstack@g-api.service[75624]: [pid: 75624|app: 0|req: 6/13] 127.0.0.1 () {42 vars in 1057 bytes} [Thu Feb 5 23:26:53 2026] GET /v2/images/39d7e728-12f3-4a10-b12c-566accecadb5 => generated 976 bytes in 113 msecs (HTTP/1.1 200) 4 headers in 157 bytes (1 switches on core 0)
Feb 05 23:26:53 devstack devstack@g-api.service[75625]: DEBUG glance.api.middleware.version_negotiation [None req-3cbf1bef-84aa-4752-b857-cbfce238f138 admin admin] Determining version of request: GET /v2/schemas/image Accept: */* {{(pid=75625) process_request /opt/stack/glance/glance/api/middleware/version_negotiation.py:44}}
Feb 05 23:26:53 devstack devstack@g-api.service[75625]: DEBUG glance.api.middleware.version_negotiation [None req-3cbf1bef-84aa-4752-b857-cbfce238f138 admin admin] Using url versioning {{(pid=75625) process_request /opt/stack/glance/glance/api/middleware/version_negotiation.py:57}}
Feb 05 23:26:53 devstack devstack@g-api.service[75625]: DEBUG glance.api.middleware.version_negotiation [None req-3cbf1bef-84aa-4752-b857-cbfce238f138 admin admin] Matched version: v2 {{(pid=75625) process_request /opt/stack/glance/glance/api/middleware/version_negotiation.py:69}}
Feb 05 23:26:53 devstack devstack@g-api.service[75625]: DEBUG glance.api.middleware.version_negotiation [None req-3cbf1bef-84aa-4752-b857-cbfce238f138 admin admin] new path /v2/schemas/image {{(pid=75625) process_request /opt/stack/glance/glance/api/middleware/version_negotiation.py:70}}
Feb 05 23:26:53 devstack devstack@g-api.service[75625]: WARNING keystonemiddleware.auth_token [None req-3cbf1bef-84aa-4752-b857-cbfce238f138 admin admin] A valid token was submitted as a service token, but it was not a valid service token. This is incorrect but backwards compatible behaviour. This will be removed in future releases.
Feb 05 23:26:53 devstack devstack@g-api.service[75625]: [pid: 75625|app: 0|req: 8/14] 127.0.0.1 () {42 vars in 997 bytes} [Thu Feb 5 23:26:53 2026] GET /v2/schemas/image => generated 6083 bytes in 9 msecs (HTTP/1.1 200) 4 headers in 158 bytes (1 switches on core 0)
Feb 05 23:26:53 devstack devstack@g-api.service[75624]: DEBUG glance.api.middleware.version_negotiation [None req-910c665d-65ff-4f16-9f3e-772c0b3406c3 tempest-TaggedBootDevicesTest_v242-1006044192 tempest-TaggedBootDevicesTest_v242-1006044192-project-member] Determining version of request: GET /v2/schemas/image Accept: */* {{(pid=75624) process_request /opt/stack/glance/glance/api/middleware/version_negotiation.py:44}}
Feb 05 23:26:53 devstack devstack@g-api.service[75624]: DEBUG glance.api.middleware.version_negotiation [None req-910c665d-65ff-4f16-9f3e-772c0b3406c3 tempest-TaggedBootDevicesTest_v242-1006044192 tempest-TaggedBootDevicesTest_v242-1006044192-project-member] Using url versioning {{(pid=75624) process_request /opt/stack/glance/glance/api/middleware/version_negotiation.py:57}}
Feb 05 23:26:53 devstack devstack@g-api.service[75624]: DEBUG glance.api.middleware.version_negotiation [None req-910c665d-65ff-4f16-9f3e-772c0b3406c3 tempest-TaggedBootDevicesTest_v242-1006044192 tempest-TaggedBootDevicesTest_v242-1006044192-project-member] Matched version: v2 {{(pid=75624) process_request /opt/stack/glance/glance/api/middleware/version_negotiation.py:69}}
Feb 05 23:26:53 devstack devstack@g-api.service[75624]: DEBUG glance.api.middleware.version_negotiation [None req-910c665d-65ff-4f16-9f3e-772c0b3406c3 tempest-TaggedBootDevicesTest_v242-1006044192 tempest-TaggedBootDevicesTest_v242-1006044192-project-member] new path /v2/schemas/image {{(pid=75624) process_request /opt/stack/glance/glance/api/middleware/version_negotiation.py:70}}
Feb 05 23:26:53 devstack devstack@g-api.service[75624]: [pid: 75624|app: 0|req: 7/15] 127.0.0.1 () {42 vars in 997 bytes} [Thu Feb 5 23:26:53 2026] GET /v2/schemas/image => generated 6083 bytes in 4 msecs (HTTP/1.1 200) 4 headers in 158 bytes (1 switches on core 0)
Feb 05 23:26:53 devstack devstack@g-api.service[75625]: DEBUG glance.api.middleware.version_negotiation [None req-910c665d-65ff-4f16-9f3e-772c0b3406c3 tempest-TaggedBootDevicesTest_v242-1006044192 tempest-TaggedBootDevicesTest_v242-1006044192-project-member] Determining version of request: GET /v2/images/39d7e728-12f3-4a10-b12c-566accecadb5 Accept: */* {{(pid=75625) process_request /opt/stack/glance/glance/api/middleware/version_negotiation.py:44}}
Feb 05 23:26:53 devstack devstack@g-api.service[75625]: DEBUG glance.api.middleware.version_negotiation [None req-910c665d-65ff-4f16-9f3e-772c0b3406c3 tempest-TaggedBootDevicesTest_v242-1006044192 tempest-TaggedBootDevicesTest_v242-1006044192-project-member] Using url versioning {{(pid=75625) process_request /opt/stack/glance/glance/api/middleware/version_negotiation.py:57}}
Feb 05 23:26:53 devstack devstack@g-api.service[75625]: DEBUG glance.api.middleware.version_negotiation [None req-910c665d-65ff-4f16-9f3e-772c0b3406c3 tempest-TaggedBootDevicesTest_v242-1006044192 tempest-TaggedBootDevicesTest_v242-1006044192-project-member] Matched version: v2 {{(pid=75625) process_request /opt/stack/glance/glance/api/middleware/version_negotiation.py:69}}
Feb 05 23:26:53 devstack devstack@g-api.service[75625]: DEBUG glance.api.middleware.version_negotiation [None req-910c665d-65ff-4f16-9f3e-772c0b3406c3 tempest-TaggedBootDevicesTest_v242-1006044192 tempest-TaggedBootDevicesTest_v242-1006044192-project-member] new path /v2/images/39d7e728-12f3-4a10-b12c-566accecadb5 {{(pid=75625) process_request /opt/stack/glance/glance/api/middleware/version_negotiation.py:70}}
Feb 05 23:26:53 devstack devstack@g-api.service[75625]: [pid: 75625|app: 0|req: 9/16] 127.0.0.1 () {42 vars in 1057 bytes} [Thu Feb 5 23:26:53 2026] GET /v2/images/39d7e728-12f3-4a10-b12c-566accecadb5 => generated 976 bytes in 41 msecs (HTTP/1.1 200) 4 headers in 157 bytes (1 switches on core 0)
Feb 05 23:26:53 devstack devstack@g-api.service[75624]: DEBUG glance.api.middleware.version_negotiation [None req-910c665d-65ff-4f16-9f3e-772c0b3406c3 tempest-TaggedBootDevicesTest_v242-1006044192 tempest-TaggedBootDevicesTest_v242-1006044192-project-member] Determining version of request: GET /v2/schemas/image Accept: */* {{(pid=75624) process_request /opt/stack/glance/glance/api/middleware/version_negotiation.py:44}}
Feb 05 23:26:53 devstack devstack@g-api.service[75624]: DEBUG glance.api.middleware.version_negotiation [None req-910c665d-65ff-4f16-9f3e-772c0b3406c3 tempest-TaggedBootDevicesTest_v242-1006044192 tempest-TaggedBootDevicesTest_v242-1006044192-project-member] Using url versioning {{(pid=75624) process_request /opt/stack/glance/glance/api/middleware/version_negotiation.py:57}}
Feb 05 23:26:53 devstack devstack@g-api.service[75624]: DEBUG glance.api.middleware.version_negotiation [None req-910c665d-65ff-4f16-9f3e-772c0b3406c3 tempest-TaggedBootDevicesTest_v242-1006044192 tempest-TaggedBootDevicesTest_v242-1006044192-project-member] Matched version: v2 {{(pid=75624) process_request /opt/stack/glance/glance/api/middleware/version_negotiation.py:69}}
Feb 05 23:26:53 devstack devstack@g-api.service[75624]: DEBUG glance.api.middleware.version_negotiation [None req-910c665d-65ff-4f16-9f3e-772c0b3406c3 tempest-TaggedBootDevicesTest_v242-1006044192 tempest-TaggedBootDevicesTest_v242-1006044192-project-member] new path /v2/schemas/image {{(pid=75624) process_request /opt/stack/glance/glance/api/middleware/version_negotiation.py:70}}
Feb 05 23:26:53 devstack devstack@g-api.service[75624]: [pid: 75624|app: 0|req: 8/17] 127.0.0.1 () {42 vars in 997 bytes} [Thu Feb 5 23:26:53 2026] GET /v2/schemas/image => generated 6083 bytes in 4 msecs (HTTP/1.1 200) 4 headers in 158 bytes (1 switches on core 0)
Feb 05 23:26:53 devstack devstack@g-api.service[75625]: DEBUG glance.api.middleware.version_negotiation [None req-910c665d-65ff-4f16-9f3e-772c0b3406c3 tempest-TaggedBootDevicesTest_v242-1006044192 tempest-TaggedBootDevicesTest_v242-1006044192-project-member] Determining version of request: GET /v2/schemas/image Accept: */* {{(pid=75625) process_request /opt/stack/glance/glance/api/middleware/version_negotiation.py:44}}
Feb 05 23:26:53 devstack devstack@g-api.service[75625]: DEBUG glance.api.middleware.version_negotiation [None req-910c665d-65ff-4f16-9f3e-772c0b3406c3 tempest-TaggedBootDevicesTest_v242-1006044192 tempest-TaggedBootDevicesTest_v242-1006044192-project-member] Using url versioning {{(pid=75625) process_request /opt/stack/glance/glance/api/middleware/version_negotiation.py:57}}
Feb 05 23:26:53 devstack devstack@g-api.service[75625]: DEBUG glance.api.middleware.version_negotiation [None req-910c665d-65ff-4f16-9f3e-772c0b3406c3 tempest-TaggedBootDevicesTest_v242-1006044192 tempest-TaggedBootDevicesTest_v242-1006044192-project-member] Matched version: v2 {{(pid=75625) process_request /opt/stack/glance/glance/api/middleware/version_negotiation.py:69}}
Feb 05 23:26:53 devstack devstack@g-api.service[75625]: DEBUG glance.api.middleware.version_negotiation [None req-910c665d-65ff-4f16-9f3e-772c0b3406c3 tempest-TaggedBootDevicesTest_v242-1006044192 tempest-TaggedBootDevicesTest_v242-1006044192-project-member] new path /v2/schemas/image {{(pid=75625) process_request /opt/stack/glance/glance/api/middleware/version_negotiation.py:70}}
Feb 05 23:26:53 devstack devstack@g-api.service[75625]: [pid: 75625|app: 0|req: 10/18] 127.0.0.1 () {42 vars in 997 bytes} [Thu Feb 5 23:26:53 2026] GET /v2/schemas/image => generated 6083 bytes in 14 msecs (HTTP/1.1 200) 4 headers in 158 bytes (1 switches on core 0)
Feb 05 23:26:53 devstack devstack@g-api.service[75624]: DEBUG glance.api.middleware.version_negotiation [None req-910c665d-65ff-4f16-9f3e-772c0b3406c3 tempest-TaggedBootDevicesTest_v242-1006044192 tempest-TaggedBootDevicesTest_v242-1006044192-project-member] Determining version of request: GET /v2/images/39d7e728-12f3-4a10-b12c-566accecadb5 Accept: */* {{(pid=75624) process_request /opt/stack/glance/glance/api/middleware/version_negotiation.py:44}}
Feb 05 23:26:53 devstack devstack@g-api.service[75624]: DEBUG glance.api.middleware.version_negotiation [None req-910c665d-65ff-4f16-9f3e-772c0b3406c3 tempest-TaggedBootDevicesTest_v242-1006044192 tempest-TaggedBootDevicesTest_v242-1006044192-project-member] Using url versioning {{(pid=75624) process_request /opt/stack/glance/glance/api/middleware/version_negotiation.py:57}}
Feb 05 23:26:53 devstack devstack@g-api.service[75624]: DEBUG glance.api.middleware.version_negotiation [None req-910c665d-65ff-4f16-9f3e-772c0b3406c3 tempest-TaggedBootDevicesTest_v242-1006044192 tempest-TaggedBootDevicesTest_v242-1006044192-project-member] Matched version: v2 {{(pid=75624) process_request /opt/stack/glance/glance/api/middleware/version_negotiation.py:69}}
Feb 05 23:26:53 devstack devstack@g-api.service[75624]: DEBUG glance.api.middleware.version_negotiation [None req-910c665d-65ff-4f16-9f3e-772c0b3406c3 tempest-TaggedBootDevicesTest_v242-1006044192 tempest-TaggedBootDevicesTest_v242-1006044192-project-member] new path /v2/images/39d7e728-12f3-4a10-b12c-566accecadb5 {{(pid=75624) process_request /opt/stack/glance/glance/api/middleware/version_negotiation.py:70}}
Feb 05 23:26:53 devstack devstack@g-api.service[75624]: [pid: 75624|app: 0|req: 9/19] 127.0.0.1 () {42 vars in 1057 bytes} [Thu Feb 5 23:26:53 2026] GET /v2/images/39d7e728-12f3-4a10-b12c-566accecadb5 => generated 976 bytes in 15 msecs (HTTP/1.1 200) 4 headers in 157 bytes (1 switches on core 0)
Feb 05 23:26:53 devstack devstack@g-api.service[75625]: DEBUG glance.api.middleware.version_negotiation [None req-910c665d-65ff-4f16-9f3e-772c0b3406c3 tempest-TaggedBootDevicesTest_v242-1006044192 tempest-TaggedBootDevicesTest_v242-1006044192-project-member] Determining version of request: GET /v2/schemas/image Accept: */* {{(pid=75625) process_request /opt/stack/glance/glance/api/middleware/version_negotiation.py:44}}
Feb 05 23:26:53 devstack devstack@g-api.service[75625]: DEBUG glance.api.middleware.version_negotiation [None req-910c665d-65ff-4f16-9f3e-772c0b3406c3 tempest-TaggedBootDevicesTest_v242-1006044192 tempest-TaggedBootDevicesTest_v242-1006044192-project-member] Using url versioning {{(pid=75625) process_request /opt/stack/glance/glance/api/middleware/version_negotiation.py:57}}
Feb 05 23:26:53 devstack devstack@g-api.service[75625]: DEBUG glance.api.middleware.version_negotiation [None req-910c665d-65ff-4f16-9f3e-772c0b3406c3 tempest-TaggedBootDevicesTest_v242-1006044192 tempest-TaggedBootDevicesTest_v242-1006044192-project-member] Matched version: v2 {{(pid=75625) process_request /opt/stack/glance/glance/api/middleware/version_negotiation.py:69}}
Feb 05 23:26:53 devstack devstack@g-api.service[75625]: DEBUG glance.api.middleware.version_negotiation [None req-910c665d-65ff-4f16-9f3e-772c0b3406c3 tempest-TaggedBootDevicesTest_v242-1006044192 tempest-TaggedBootDevicesTest_v242-1006044192-project-member] new path /v2/schemas/image {{(pid=75625) process_request /opt/stack/glance/glance/api/middleware/version_negotiation.py:70}}
Feb 05 23:26:53 devstack devstack@g-api.service[75625]: [pid: 75625|app: 0|req: 11/20] 127.0.0.1 () {42 vars in 997 bytes} [Thu Feb 5 23:26:53 2026] GET /v2/schemas/image => generated 6083 bytes in 4 msecs (HTTP/1.1 200) 4 headers in 158 bytes (1 switches on core 0)
Feb 05 23:26:53 devstack devstack@g-api.service[75624]: DEBUG glance.api.middleware.version_negotiation [None req-910c665d-65ff-4f16-9f3e-772c0b3406c3 tempest-TaggedBootDevicesTest_v242-1006044192 tempest-TaggedBootDevicesTest_v242-1006044192-project-member] Determining version of request: GET /v2/schemas/image Accept: */* {{(pid=75624) process_request /opt/stack/glance/glance/api/middleware/version_negotiation.py:44}}
Feb 05 23:26:53 devstack devstack@g-api.service[75624]: DEBUG glance.api.middleware.version_negotiation [None req-910c665d-65ff-4f16-9f3e-772c0b3406c3 tempest-TaggedBootDevicesTest_v242-1006044192 tempest-TaggedBootDevicesTest_v242-1006044192-project-member] Using url versioning {{(pid=75624) process_request /opt/stack/glance/glance/api/middleware/version_negotiation.py:57}}
Feb 05 23:26:53 devstack devstack@g-api.service[75624]: DEBUG glance.api.middleware.version_negotiation [None req-910c665d-65ff-4f16-9f3e-772c0b3406c3 tempest-TaggedBootDevicesTest_v242-1006044192 tempest-TaggedBootDevicesTest_v242-1006044192-project-member] Matched version: v2 {{(pid=75624) process_request /opt/stack/glance/glance/api/middleware/version_negotiation.py:69}}
Feb 05 23:26:53 devstack devstack@g-api.service[75624]: DEBUG glance.api.middleware.version_negotiation [None req-910c665d-65ff-4f16-9f3e-772c0b3406c3 tempest-TaggedBootDevicesTest_v242-1006044192 tempest-TaggedBootDevicesTest_v242-1006044192-project-member] new path /v2/schemas/image {{(pid=75624) process_request /opt/stack/glance/glance/api/middleware/version_negotiation.py:70}}
Feb 05 23:26:53 devstack devstack@g-api.service[75624]: [pid: 75624|app: 0|req: 10/21] 127.0.0.1 () {42 vars in 997 bytes} [Thu Feb 5 23:26:53 2026] GET /v2/schemas/image => generated 6083 bytes in 6 msecs (HTTP/1.1 200) 4 headers in 158 bytes (1 switches on core 0)
Feb 05 23:26:54 devstack devstack@g-api.service[75625]: DEBUG glance.api.middleware.version_negotiation [None req-910c665d-65ff-4f16-9f3e-772c0b3406c3 tempest-TaggedBootDevicesTest_v242-1006044192 tempest-TaggedBootDevicesTest_v242-1006044192-project-member] Determining version of request: GET /v2/images/39d7e728-12f3-4a10-b12c-566accecadb5 Accept: application/json {{(pid=75625) process_request /opt/stack/glance/glance/api/middleware/version_negotiation.py:44}}
Feb 05 23:26:54 devstack devstack@g-api.service[75625]: DEBUG glance.api.middleware.version_negotiation [None req-910c665d-65ff-4f16-9f3e-772c0b3406c3 tempest-TaggedBootDevicesTest_v242-1006044192 tempest-TaggedBootDevicesTest_v242-1006044192-project-member] Using url versioning {{(pid=75625) process_request /opt/stack/glance/glance/api/middleware/version_negotiation.py:57}}
Feb 05 23:26:54 devstack devstack@g-api.service[75625]: DEBUG glance.api.middleware.version_negotiation [None req-910c665d-65ff-4f16-9f3e-772c0b3406c3 tempest-TaggedBootDevicesTest_v242-1006044192 tempest-TaggedBootDevicesTest_v242-1006044192-project-member] Matched version: v2 {{(pid=75625) process_request /opt/stack/glance/glance/api/middleware/version_negotiation.py:69}}
Feb 05 23:26:54 devstack devstack@g-api.service[75625]: DEBUG glance.api.middleware.version_negotiation [None req-910c665d-65ff-4f16-9f3e-772c0b3406c3 tempest-TaggedBootDevicesTest_v242-1006044192 tempest-TaggedBootDevicesTest_v242-1006044192-project-member] new path /v2/images/39d7e728-12f3-4a10-b12c-566accecadb5 {{(pid=75625) process_request /opt/stack/glance/glance/api/middleware/version_negotiation.py:70}}
Feb 05 23:26:55 devstack devstack@g-api.service[75625]: [pid: 75625|app: 0|req: 12/22] 127.0.0.1 () {38 vars in 782 bytes} [Thu Feb 5 23:26:54 2026] GET /v2/images/39d7e728-12f3-4a10-b12c-566accecadb5 => generated 976 bytes in 210 msecs (HTTP/1.1 200) 4 headers in 157 bytes (1 switches on core 0)
Feb 05 23:26:55 devstack devstack@g-api.service[75624]: DEBUG glance.api.middleware.version_negotiation [None req-910c665d-65ff-4f16-9f3e-772c0b3406c3 tempest-TaggedBootDevicesTest_v242-1006044192 tempest-TaggedBootDevicesTest_v242-1006044192-project-member] Determining version of request: GET /v2/images/39d7e728-12f3-4a10-b12c-566accecadb5/file Accept: application/json {{(pid=75624) process_request /opt/stack/glance/glance/api/middleware/version_negotiation.py:44}}
Feb 05 23:26:55 devstack devstack@g-api.service[75624]: DEBUG glance.api.middleware.version_negotiation [None req-910c665d-65ff-4f16-9f3e-772c0b3406c3 tempest-TaggedBootDevicesTest_v242-1006044192 tempest-TaggedBootDevicesTest_v242-1006044192-project-member] Using url versioning {{(pid=75624) process_request /opt/stack/glance/glance/api/middleware/version_negotiation.py:57}}
Feb 05 23:26:55 devstack devstack@g-api.service[75624]: DEBUG glance.api.middleware.version_negotiation [None req-910c665d-65ff-4f16-9f3e-772c0b3406c3 tempest-TaggedBootDevicesTest_v242-1006044192 tempest-TaggedBootDevicesTest_v242-1006044192-project-member] Matched version: v2 {{(pid=75624) process_request /opt/stack/glance/glance/api/middleware/version_negotiation.py:69}}
Feb 05 23:26:55 devstack devstack@g-api.service[75624]: DEBUG glance.api.middleware.version_negotiation [None req-910c665d-65ff-4f16-9f3e-772c0b3406c3 tempest-TaggedBootDevicesTest_v242-1006044192 tempest-TaggedBootDevicesTest_v242-1006044192-project-member] new path /v2/images/39d7e728-12f3-4a10-b12c-566accecadb5/file {{(pid=75624) process_request /opt/stack/glance/glance/api/middleware/version_negotiation.py:70}}
Feb 05 23:26:55 devstack devstack@g-api.service[75624]: DEBUG glance_store._drivers.filesystem [None req-6485a3ec-5bae-4cae-b5eb-d20ef58aae2d tempest-AttachSCSIVolumeTestJSON-124580015 tempest-AttachSCSIVolumeTestJSON-124580015-project-admin] Found image at /opt/stack/data/glance/images/39d7e728-12f3-4a10-b12c-566accecadb5. Returning in ChunkedFile. {{(pid=75624) get /opt/stack/data/venv/lib/python3.10/site-packages/glance_store/_drivers/filesystem.py:618}}
Feb 05 23:26:55 devstack devstack@g-api.service[75624]: DEBUG glance.image_cache [None req-6485a3ec-5bae-4cae-b5eb-d20ef58aae2d tempest-AttachSCSIVolumeTestJSON-124580015 tempest-AttachSCSIVolumeTestJSON-124580015-project-admin] Tee'ing image '39d7e728-12f3-4a10-b12c-566accecadb5' into cache {{(pid=75624) get_caching_iter /opt/stack/glance/glance/image_cache/__init__.py:350}}
Feb 05 23:26:55 devstack devstack@g-api.service[75625]: DEBUG glance.api.middleware.version_negotiation [None req-a86f8f91-b724-4408-b603-a7bdecad7b2c tempest-AttachSCSIVolumeTestJSON-1333058648 tempest-AttachSCSIVolumeTestJSON-1333058648-project-reader] Determining version of request: POST /v2/images Accept: application/json {{(pid=75625) process_request /opt/stack/glance/glance/api/middleware/version_negotiation.py:44}}
