Apr 28 22:03:36 devstack devstack@n-api.service[60840]: DEBUG nova.api.openstack.wsgi [None req-f2d37ae5-e57c-4539-8275-b99c395a8d3b tempest-VolumesTestJSON-1789549530 tempest-VolumesTestJSON-1789549530-project-reader] Calling method '>' {{(pid=60840) _process_stack /opt/stack/nova/nova/api/openstack/wsgi.py:551}}
Apr 28 22:03:36 devstack devstack@n-api.service[60839]: [pid: 60839|app: 0|req: 67/136] 192.168.122.185 () {58 vars in 1253 bytes} [Tue Apr 28 22:03:36 2026] GET /compute/v2.1/os-snapshots/38c4d336-8b6b-4530-b31f-132aa250db61 => generated 286 bytes in 119 msecs (HTTP/1.1 200) 9 headers in 357 bytes (1 switches on core 0)
Apr 28 22:03:36 devstack devstack@n-api.service[60840]: INFO nova.api.openstack.requestlog [None req-f2d37ae5-e57c-4539-8275-b99c395a8d3b tempest-VolumesTestJSON-1789549530 tempest-VolumesTestJSON-1789549530-project-reader] 192.168.122.185 "GET /compute/v2.1/os-volumes?limit=2" status: 200 len: 689 microversion: 2.1 time: 0.088293
Apr 28 22:03:36 devstack devstack@n-api.service[60840]: [pid: 60840|app: 0|req: 70/137] 192.168.122.185 () {58 vars in 1151 bytes} [Tue Apr 28 22:03:36 2026] GET /compute/v2.1/os-volumes?limit=2 => generated 689 bytes in 90 msecs (HTTP/1.1 200) 9 headers in 357 bytes (1 switches on core 0)
Apr 28 22:03:36 devstack devstack@n-api.service[60839]: DEBUG nova.api.openstack.wsgi [None req-8cabdfd5-e4b0-4def-bd91-7ca74d255df9 tempest-VolumesTestJSON-1789549530 tempest-VolumesTestJSON-1789549530-project-reader] Calling method '>' {{(pid=60839) _process_stack /opt/stack/nova/nova/api/openstack/wsgi.py:551}}
Apr 28 22:03:37 devstack devstack@n-api.service[60839]: INFO nova.api.openstack.requestlog [None req-8cabdfd5-e4b0-4def-bd91-7ca74d255df9 tempest-VolumesTestJSON-1789549530 tempest-VolumesTestJSON-1789549530-project-reader] 192.168.122.185 "GET /compute/v2.1/os-volumes" status: 200 len: 1028 microversion: 2.1 time: 0.242501
Apr 28 22:03:37 devstack devstack@n-api.service[60839]: [pid: 60839|app: 0|req: 68/138] 192.168.122.185 () {58 vars in 1136 bytes} [Tue Apr 28 22:03:36 2026] GET /compute/v2.1/os-volumes => generated 1028 bytes in 244 msecs (HTTP/1.1 200) 9 headers in 358 bytes (1 switches on core 0)
Apr 28 22:03:37 devstack devstack@n-api.service[60840]: DEBUG nova.api.openstack.wsgi [None req-412e709a-fa14-4c1d-abf3-09f2e7dd9649 tempest-VolumesTestJSON-1789549530 tempest-VolumesTestJSON-1789549530-project-reader] Calling method '>' {{(pid=60840) _process_stack /opt/stack/nova/nova/api/openstack/wsgi.py:551}}
Apr 28 22:03:37 devstack devstack@n-api.service[60840]: INFO nova.api.openstack.requestlog [None req-412e709a-fa14-4c1d-abf3-09f2e7dd9649 tempest-VolumesTestJSON-1789549530 tempest-VolumesTestJSON-1789549530-project-reader] 192.168.122.185 "GET /compute/v2.1/os-volumes?offset=1&limit=1" status: 200 len: 351 microversion: 2.1 time: 0.070059
Apr 28 22:03:37 devstack devstack@n-api.service[60840]: [pid: 60840|app: 0|req: 71/139] 192.168.122.185 () {58 vars in 1169 bytes} [Tue Apr 28 22:03:37 2026] GET /compute/v2.1/os-volumes?offset=1&limit=1 => generated 351 bytes in 73 msecs (HTTP/1.1 200) 9 headers in 357 bytes (2 switches on core 0)
Apr 28 22:03:37 devstack devstack@n-api.service[60839]: DEBUG nova.api.openstack.wsgi [None req-389d29aa-f77b-4228-9463-35da4b56d483 tempest-VolumesTestJSON-1789549530 tempest-VolumesTestJSON-1789549530-project-reader] Calling method '>' {{(pid=60839) _process_stack /opt/stack/nova/nova/api/openstack/wsgi.py:551}}
Apr 28 22:03:37 devstack devstack@n-api.service[60839]: INFO nova.api.openstack.requestlog [None req-389d29aa-f77b-4228-9463-35da4b56d483 tempest-VolumesTestJSON-1789549530 tempest-VolumesTestJSON-1789549530-project-reader] 192.168.122.185 "GET /compute/v2.1/os-volumes/detail?limit=2" status: 200 len: 689 microversion: 2.1 time: 0.136660
Apr 28 22:03:37 devstack devstack@n-api.service[60839]: [pid: 60839|app: 0|req: 69/140] 192.168.122.185 () {58 vars in 1172 bytes} [Tue Apr 28 22:03:37 2026] GET /compute/v2.1/os-volumes/detail?limit=2 => generated 689 bytes in 138 msecs (HTTP/1.1 200) 9 headers in 357 bytes (1 switches on core 0)
Apr 28 22:03:37 devstack devstack@n-api.service[60840]: DEBUG nova.api.openstack.wsgi [None req-2fe25a3e-496d-4a42-b1c8-8bdf57b4efc9 tempest-VolumesTestJSON-1789549530 tempest-VolumesTestJSON-1789549530-project-reader] Calling method '>' {{(pid=60840) _process_stack /opt/stack/nova/nova/api/openstack/wsgi.py:551}}
Apr 28 22:03:37 devstack devstack@n-api.service[60840]: INFO nova.api.openstack.requestlog [None req-2fe25a3e-496d-4a42-b1c8-8bdf57b4efc9 tempest-VolumesTestJSON-1789549530 tempest-VolumesTestJSON-1789549530-project-reader] 192.168.122.185 "GET /compute/v2.1/os-volumes/detail" status: 200 len: 1028 microversion: 2.1 time: 0.099243
Apr 28 22:03:37 devstack devstack@n-api.service[60840]: [pid: 60840|app: 0|req: 72/141] 192.168.122.185 () {58 vars in 1157 bytes} [Tue Apr 28 22:03:37 2026] GET /compute/v2.1/os-volumes/detail => generated 1028 bytes in 105 msecs (HTTP/1.1 200) 9 headers in 358 bytes (1 switches on core 0)
Apr 28 22:03:37 devstack devstack@n-api.service[60839]: DEBUG nova.api.openstack.wsgi [None req-7e6a62e5-a116-4d8e-8aec-da5c2dcb23d2 tempest-VolumesTestJSON-1789549530 tempest-VolumesTestJSON-1789549530-project-reader] Calling method '>' {{(pid=60839) _process_stack /opt/stack/nova/nova/api/openstack/wsgi.py:551}}
Apr 28 22:03:37 devstack devstack@n-api.service[60839]: INFO nova.api.openstack.requestlog [None req-7e6a62e5-a116-4d8e-8aec-da5c2dcb23d2 tempest-VolumesTestJSON-1789549530 tempest-VolumesTestJSON-1789549530-project-reader] 192.168.122.185 "GET /compute/v2.1/os-volumes/detail?offset=1&limit=1" status: 200 len: 351 microversion: 2.1 time: 0.137706
Apr 28 22:03:37 devstack devstack@n-api.service[60839]: [pid: 60839|app: 0|req: 70/142] 192.168.122.185 () {58 vars in 1190 bytes} [Tue Apr 28 22:03:37 2026] GET /compute/v2.1/os-volumes/detail?offset=1&limit=1 => generated 351 bytes in 141 msecs (HTTP/1.1 200) 9 headers in 357 bytes (1 switches on core 0)
Apr 28 22:03:37 devstack devstack@n-api.service[60840]: DEBUG nova.api.openstack.wsgi [None req-bd44a0ae-e1ba-439a-8ac5-1c74dccc9902 tempest-VolumesTestJSON-1789549530 tempest-VolumesTestJSON-1789549530-project-reader] Calling method '>' {{(pid=60840) _process_stack /opt/stack/nova/nova/api/openstack/wsgi.py:551}}
Apr 28 22:03:37 devstack devstack@n-api.service[60840]: INFO nova.api.openstack.requestlog [None req-bd44a0ae-e1ba-439a-8ac5-1c74dccc9902 tempest-VolumesTestJSON-1789549530 tempest-VolumesTestJSON-1789549530-project-reader] 192.168.122.185 "GET /compute/v2.1/os-volumes/detail" status: 200 len: 1028 microversion: 2.1 time: 0.130238
Apr 28 22:03:37 devstack devstack@n-api.service[60840]: [pid: 60840|app: 0|req: 73/143] 192.168.122.185 () {58 vars in 1157 bytes} [Tue Apr 28 22:03:37 2026] GET /compute/v2.1/os-volumes/detail => generated 1028 bytes in 133 msecs (HTTP/1.1 200) 9 headers in 358 bytes (1 switches on core 0)
Apr 28 22:03:37 devstack devstack@n-api.service[60839]: DEBUG nova.api.openstack.wsgi [None req-f051e3c1-63d5-4baa-a168-e8cc08656227 tempest-VolumesSnapshotsTestJSON-48231436 tempest-VolumesSnapshotsTestJSON-48231436-project-member] Calling method '>' {{(pid=60839) _process_stack /opt/stack/nova/nova/api/openstack/wsgi.py:551}}
Apr 28 22:03:37 devstack devstack@n-api.service[60839]: INFO nova.api.openstack.requestlog [None req-f051e3c1-63d5-4baa-a168-e8cc08656227 tempest-VolumesSnapshotsTestJSON-48231436 tempest-VolumesSnapshotsTestJSON-48231436-project-member] 192.168.122.185 "GET /compute/v2.1/os-snapshots/38c4d336-8b6b-4530-b31f-132aa250db61" status: 200 len: 286 microversion: 2.1 time: 0.129302
Apr 28 22:03:37 devstack devstack@n-api.service[60839]: [pid: 60839|app: 0|req: 71/144] 192.168.122.185 () {58 vars in 1253 bytes} [Tue Apr 28 22:03:37 2026] GET /compute/v2.1/os-snapshots/38c4d336-8b6b-4530-b31f-132aa250db61 => generated 286 bytes in 130 msecs (HTTP/1.1 200) 9 headers in 357 bytes (1 switches on core 0)
Apr 28 22:03:38 devstack devstack@n-api.service[60840]: DEBUG nova.api.openstack.wsgi [None req-6aa14cd1-7dab-4c1e-943d-7348d67ec5fb tempest-VolumesSnapshotsTestJSON-48231436 tempest-VolumesSnapshotsTestJSON-48231436-project-member] Calling method '>' {{(pid=60840) _process_stack /opt/stack/nova/nova/api/openstack/wsgi.py:551}}
Apr 28 22:03:38 devstack devstack@n-api.service[60840]: INFO nova.api.openstack.requestlog [None req-6aa14cd1-7dab-4c1e-943d-7348d67ec5fb tempest-VolumesSnapshotsTestJSON-48231436 tempest-VolumesSnapshotsTestJSON-48231436-project-member] 192.168.122.185 "GET /compute/v2.1/os-snapshots/38c4d336-8b6b-4530-b31f-132aa250db61" status: 200 len: 286 microversion: 2.1 time: 0.086369
Apr 28 22:03:38 devstack devstack@n-api.service[60840]: [pid: 60840|app: 0|req: 74/145] 192.168.122.185 () {58 vars in 1253 bytes} [Tue Apr 28 22:03:38 2026] GET /compute/v2.1/os-snapshots/38c4d336-8b6b-4530-b31f-132aa250db61 => generated 286 bytes in 88 msecs (HTTP/1.1 200) 9 headers in 357 bytes (1 switches on core 0)
Apr 28 22:03:39 devstack devstack@n-api.service[60839]: DEBUG nova.api.openstack.wsgi [None req-0c243304-3932-46f3-a40c-ba59d064d12e tempest-VolumesAdminNegativeTest-772064740 tempest-VolumesAdminNegativeTest-772064740-project] Action: 'update', calling method: >, body: {"volumeAttachment": {"volumeId": "9312d68d-f454-4eed-bd16-04200c66cf5c"}} {{(pid=60839) _process_stack /opt/stack/nova/nova/api/openstack/wsgi.py:549}}
Apr 28 22:03:39 devstack devstack@n-api.service[60839]: DEBUG nova.compute.api [None req-0c243304-3932-46f3-a40c-ba59d064d12e tempest-VolumesAdminNegativeTest-772064740 tempest-VolumesAdminNegativeTest-772064740-project] [instance: 8626a9ea-cacb-4d74-99c9-3394d4fb5ded] Fetching instance by UUID {{(pid=60839) get /opt/stack/nova/nova/compute/api.py:3047}}
Apr 28 22:03:39 devstack devstack@n-api.service[60839]: DEBUG oslo_concurrency.lockutils [None req-0c243304-3932-46f3-a40c-ba59d064d12e tempest-VolumesAdminNegativeTest-772064740 tempest-VolumesAdminNegativeTest-772064740-project] Acquiring lock "2418d178-74b7-4ad9-bfef-4588af2e4b4b" by "nova.context.set_target_cell..get_or_set_cached_cell_and_set_connections" {{(pid=60839) inner /opt/stack/data/venv/lib/python3.12/site-packages/oslo_concurrency/lockutils.py:506}}
Apr 28 22:03:39 devstack devstack@n-api.service[60839]: DEBUG oslo_concurrency.lockutils [None req-0c243304-3932-46f3-a40c-ba59d064d12e tempest-VolumesAdminNegativeTest-772064740 tempest-VolumesAdminNegativeTest-772064740-project] Lock "2418d178-74b7-4ad9-bfef-4588af2e4b4b" acquired by "nova.context.set_target_cell..get_or_set_cached_cell_and_set_connections" :: waited 0.001s {{(pid=60839) inner /opt/stack/data/venv/lib/python3.12/site-packages/oslo_concurrency/lockutils.py:519}}
Apr 28 22:03:39 devstack devstack@n-api.service[60839]: DEBUG oslo_concurrency.lockutils [None req-0c243304-3932-46f3-a40c-ba59d064d12e tempest-VolumesAdminNegativeTest-772064740 tempest-VolumesAdminNegativeTest-772064740-project] Lock "2418d178-74b7-4ad9-bfef-4588af2e4b4b" "released" by "nova.context.set_target_cell..get_or_set_cached_cell_and_set_connections" :: held 0.001s {{(pid=60839) inner /opt/stack/data/venv/lib/python3.12/site-packages/oslo_concurrency/lockutils.py:538}}
Apr 28 22:03:39 devstack devstack@n-api.service[60839]: DEBUG oslo_concurrency.lockutils [None req-0c243304-3932-46f3-a40c-ba59d064d12e tempest-VolumesAdminNegativeTest-772064740 tempest-VolumesAdminNegativeTest-772064740-project] Acquiring lock "2418d178-74b7-4ad9-bfef-4588af2e4b4b" by "nova.context.set_target_cell..get_or_set_cached_cell_and_set_connections" {{(pid=60839) inner /opt/stack/data/venv/lib/python3.12/site-packages/oslo_concurrency/lockutils.py:506}}
Apr 28 22:03:39 devstack devstack@n-api.service[60839]: DEBUG oslo_concurrency.lockutils [None req-0c243304-3932-46f3-a40c-ba59d064d12e tempest-VolumesAdminNegativeTest-772064740 tempest-VolumesAdminNegativeTest-772064740-project] Lock "2418d178-74b7-4ad9-bfef-4588af2e4b4b" acquired by "nova.context.set_target_cell..get_or_set_cached_cell_and_set_connections" :: waited 0.004s {{(pid=60839) inner /opt/stack/data/venv/lib/python3.12/site-packages/oslo_concurrency/lockutils.py:519}}
Apr 28 22:03:39 devstack devstack@n-api.service[60839]: DEBUG oslo_concurrency.lockutils [None req-0c243304-3932-46f3-a40c-ba59d064d12e tempest-VolumesAdminNegativeTest-772064740 tempest-VolumesAdminNegativeTest-772064740-project] Lock "2418d178-74b7-4ad9-bfef-4588af2e4b4b" "released" by "nova.context.set_target_cell..get_or_set_cached_cell_and_set_connections" :: held 0.001s {{(pid=60839) inner /opt/stack/data/venv/lib/python3.12/site-packages/oslo_concurrency/lockutils.py:538}}
Apr 28 22:03:39 devstack devstack@n-api.service[60840]: DEBUG dbcounter [-] [60840] Writing DB stats nova_api:SELECT=15 {{(pid=60840) stat_writer /opt/stack/data/venv/lib/python3.12/site-packages/dbcounter.py:115}}
Apr 28 22:03:39 devstack devstack@n-api.service[60840]: DEBUG dbcounter [-] [60840] Writing DB stats nova_cell1:SELECT=36 {{(pid=60840) stat_writer /opt/stack/data/venv/lib/python3.12/site-packages/dbcounter.py:115}}
Apr 28 22:03:39 devstack devstack@n-api.service[60840]: DEBUG nova.api.openstack.wsgi [None req-81fb7df0-c97c-438a-a00d-cc933e17140a tempest-VolumesSnapshotsTestJSON-48231436 tempest-VolumesSnapshotsTestJSON-48231436-project-member] Calling method '>' {{(pid=60840) _process_stack /opt/stack/nova/nova/api/openstack/wsgi.py:551}}
Apr 28 22:03:39 devstack devstack@n-api.service[60839]: INFO nova.api.openstack.wsgi [None req-0c243304-3932-46f3-a40c-ba59d064d12e tempest-VolumesAdminNegativeTest-772064740 tempest-VolumesAdminNegativeTest-772064740-project] HTTP exception thrown: Volume cbeaab59-7b8f-4163-9bf7-638e9400d614 could not be found.
Apr 28 22:03:39 devstack devstack@n-api.service[60839]: DEBUG nova.api.openstack.wsgi [None req-0c243304-3932-46f3-a40c-ba59d064d12e tempest-VolumesAdminNegativeTest-772064740 tempest-VolumesAdminNegativeTest-772064740-project] Returning 404 to user: Volume cbeaab59-7b8f-4163-9bf7-638e9400d614 could not be found. {{(pid=60839) __call__ /opt/stack/nova/nova/api/openstack/wsgi.py:908}}
Apr 28 22:03:40 devstack devstack@n-api.service[60839]: INFO nova.api.openstack.requestlog [None req-0c243304-3932-46f3-a40c-ba59d064d12e tempest-VolumesAdminNegativeTest-772064740 tempest-VolumesAdminNegativeTest-772064740-project] 192.168.122.185 "PUT /compute/v2.1/servers/8626a9ea-cacb-4d74-99c9-3394d4fb5ded/os-volume_attachments/cbeaab59-7b8f-4163-9bf7-638e9400d614" status: 404 len: 109 microversion: 2.1 time: 0.757383
Apr 28 22:03:40 devstack devstack@n-api.service[60839]: [pid: 60839|app: 0|req: 72/146] 192.168.122.185 () {60 vars in 1435 bytes} [Tue Apr 28 22:03:39 2026] PUT /compute/v2.1/servers/8626a9ea-cacb-4d74-99c9-3394d4fb5ded/os-volume_attachments/cbeaab59-7b8f-4163-9bf7-638e9400d614 => generated 109 bytes in 762 msecs (HTTP/1.1 404) 9 headers in 379 bytes (1 switches on core 0)
Apr 28 22:03:40 devstack devstack@n-api.service[60840]: INFO nova.api.openstack.wsgi [None req-81fb7df0-c97c-438a-a00d-cc933e17140a tempest-VolumesSnapshotsTestJSON-48231436 tempest-VolumesSnapshotsTestJSON-48231436-project-member] HTTP exception thrown: Snapshot 38c4d336-8b6b-4530-b31f-132aa250db61 could not be found.
Apr 28 22:03:40 devstack devstack@n-api.service[60840]: DEBUG nova.api.openstack.wsgi [None req-81fb7df0-c97c-438a-a00d-cc933e17140a tempest-VolumesSnapshotsTestJSON-48231436 tempest-VolumesSnapshotsTestJSON-48231436-project-member] Returning 404 to user: Snapshot 38c4d336-8b6b-4530-b31f-132aa250db61 could not be found. {{(pid=60840) __call__ /opt/stack/nova/nova/api/openstack/wsgi.py:908}}
Apr 28 22:03:40 devstack devstack@n-api.service[60840]: INFO nova.api.openstack.requestlog [None req-81fb7df0-c97c-438a-a00d-cc933e17140a tempest-VolumesSnapshotsTestJSON-48231436 tempest-VolumesSnapshotsTestJSON-48231436-project-member] 192.168.122.185 "GET /compute/v2.1/os-snapshots/38c4d336-8b6b-4530-b31f-132aa250db61" status: 404 len: 111 microversion: 2.1 time: 0.114618
Apr 28 22:03:40 devstack devstack@n-api.service[60840]: [pid: 60840|app: 0|req: 75/147] 192.168.122.185 () {58 vars in 1253 bytes} [Tue Apr 28 22:03:39 2026] GET /compute/v2.1/os-snapshots/38c4d336-8b6b-4530-b31f-132aa250db61 => generated 111 bytes in 118 msecs (HTTP/1.1 404) 9 headers in 379 bytes (1 switches on core 0)
Apr 28 22:03:40 devstack devstack@n-api.service[60839]: DEBUG nova.api.openstack.wsgi [None req-7652af2f-a196-442b-b26d-5627d4f69902 tempest-VolumesSnapshotsTestJSON-48231436 tempest-VolumesSnapshotsTestJSON-48231436-project-member] Calling method '>' {{(pid=60839) _process_stack /opt/stack/nova/nova/api/openstack/wsgi.py:551}}
Apr 28 22:03:40 devstack devstack@n-api.service[60839]: INFO nova.api.openstack.requestlog [None req-7652af2f-a196-442b-b26d-5627d4f69902 tempest-VolumesSnapshotsTestJSON-48231436 tempest-VolumesSnapshotsTestJSON-48231436-project-member] 192.168.122.185 "DELETE /compute/v2.1/os-volumes/eefd8a5f-4db4-4b41-af6c-2eb475cd6cd4" status: 202 len: 0 microversion: 2.1 time: 0.767267
Apr 28 22:03:40 devstack devstack@n-api.service[60839]: [pid: 60839|app: 0|req: 73/148] 192.168.122.185 () {58 vars in 1250 bytes} [Tue Apr 28 22:03:40 2026] DELETE /compute/v2.1/os-volumes/eefd8a5f-4db4-4b41-af6c-2eb475cd6cd4 => generated 0 bytes in 769 msecs (HTTP/1.1 202) 9 headers in 361 bytes (1 switches on core 0)
Apr 28 22:03:40 devstack devstack@n-api.service[60840]: DEBUG nova.api.openstack.wsgi [None req-9cf8d524-ee1d-400c-97c1-f2fe923f59e1 tempest-VolumesSnapshotsTestJSON-48231436 tempest-VolumesSnapshotsTestJSON-48231436-project-member] Calling method '>' {{(pid=60840) _process_stack /opt/stack/nova/nova/api/openstack/wsgi.py:551}}
Apr 28 22:03:41 devstack devstack@n-api.service[60840]: INFO nova.api.openstack.requestlog [None req-9cf8d524-ee1d-400c-97c1-f2fe923f59e1 tempest-VolumesSnapshotsTestJSON-48231436 tempest-VolumesSnapshotsTestJSON-48231436-project-member] 192.168.122.185 "GET /compute/v2.1/os-volumes/eefd8a5f-4db4-4b41-af6c-2eb475cd6cd4" status: 200 len: 343 microversion: 2.1 time: 0.255920
Apr 28 22:03:41 devstack devstack@n-api.service[60840]: [pid: 60840|app: 0|req: 76/149] 192.168.122.185 () {58 vars in 1247 bytes} [Tue Apr 28 22:03:40 2026] GET /compute/v2.1/os-volumes/eefd8a5f-4db4-4b41-af6c-2eb475cd6cd4 => generated 343 bytes in 257 msecs (HTTP/1.1 200) 9 headers in 357 bytes (1 switches on core 0)
Apr 28 22:03:42 devstack devstack@n-api.service[60839]: DEBUG nova.api.openstack.wsgi [None req-fb28ad9d-a60e-400a-aaf2-4d6c28cebbc8 tempest-VolumesSnapshotsTestJSON-48231436 tempest-VolumesSnapshotsTestJSON-48231436-project-member] Calling method '>' {{(pid=60839) _process_stack /opt/stack/nova/nova/api/openstack/wsgi.py:551}}
Apr 28 22:03:42 devstack devstack@n-api.service[60839]: INFO nova.api.openstack.requestlog [None req-fb28ad9d-a60e-400a-aaf2-4d6c28cebbc8 tempest-VolumesSnapshotsTestJSON-48231436 tempest-VolumesSnapshotsTestJSON-48231436-project-member] 192.168.122.185 "GET /compute/v2.1/os-volumes/eefd8a5f-4db4-4b41-af6c-2eb475cd6cd4" status: 200 len: 343 microversion: 2.1 time: 0.136947
Apr 28 22:03:42 devstack devstack@n-api.service[60839]: [pid: 60839|app: 0|req: 74/150] 192.168.122.185 () {58 vars in 1247 bytes} [Tue Apr 28 22:03:42 2026] GET /compute/v2.1/os-volumes/eefd8a5f-4db4-4b41-af6c-2eb475cd6cd4 => generated 343 bytes in 143 msecs (HTTP/1.1 200) 9 headers in 357 bytes (1 switches on core 0)
Apr 28 22:03:43 devstack devstack@n-api.service[60840]: DEBUG nova.api.openstack.wsgi [None req-f4ca5488-fb27-41b0-a389-2aff3040aeda tempest-VolumesSnapshotsTestJSON-48231436 tempest-VolumesSnapshotsTestJSON-48231436-project-member] Calling method '>' {{(pid=60840) _process_stack /opt/stack/nova/nova/api/openstack/wsgi.py:551}}
Apr 28 22:03:43 devstack devstack@n-api.service[60840]: INFO nova.api.openstack.requestlog [None req-f4ca5488-fb27-41b0-a389-2aff3040aeda tempest-VolumesSnapshotsTestJSON-48231436 tempest-VolumesSnapshotsTestJSON-48231436-project-member] 192.168.122.185 "GET /compute/v2.1/os-volumes/eefd8a5f-4db4-4b41-af6c-2eb475cd6cd4" status: 200 len: 343 microversion: 2.1 time: 0.084682
Apr 28 22:03:43 devstack devstack@n-api.service[60840]: [pid: 60840|app: 0|req: 77/151] 192.168.122.185 () {58 vars in 1247 bytes} [Tue Apr 28 22:03:43 2026] GET /compute/v2.1/os-volumes/eefd8a5f-4db4-4b41-af6c-2eb475cd6cd4 => generated 343 bytes in 89 msecs (HTTP/1.1 200) 9 headers in 357 bytes (2 switches on core 0)
Apr 28 22:03:43 devstack devstack@n-api.service[60839]: DEBUG nova.api.openstack.wsgi [None req-c8ba540f-cd87-48aa-b69a-a6a9613f48b2 tempest-DeleteServersTestJSON-1890352589 tempest-DeleteServersTestJSON-1890352589-project-member] Action: 'create', calling method: >, body: {"server": {"name": "tempest-DeleteServersTestJSON-server-1458932101", "imageRef": "eea3f98a-f64b-4ae5-950b-6d03ae89a234", "flavorRef": "42", "networks": [{"uuid": "e2a23512-426a-474e-9fc9-9075d40fd1c1"}]}} {{(pid=60839) _process_stack /opt/stack/nova/nova/api/openstack/wsgi.py:549}}
Apr 28 22:03:43 devstack devstack@n-api.service[60839]: DEBUG oslo_concurrency.lockutils [None req-c8ba540f-cd87-48aa-b69a-a6a9613f48b2 tempest-DeleteServersTestJSON-1890352589 tempest-DeleteServersTestJSON-1890352589-project-member] Acquiring lock "00000000-0000-0000-0000-000000000000" by "nova.context.set_target_cell..get_or_set_cached_cell_and_set_connections" {{(pid=60839) inner /opt/stack/data/venv/lib/python3.12/site-packages/oslo_concurrency/lockutils.py:506}}
Apr 28 22:03:43 devstack devstack@n-api.service[60839]: DEBUG oslo_concurrency.lockutils [None req-c8ba540f-cd87-48aa-b69a-a6a9613f48b2 tempest-DeleteServersTestJSON-1890352589 tempest-DeleteServersTestJSON-1890352589-project-member] Lock "00000000-0000-0000-0000-000000000000" acquired by "nova.context.set_target_cell..get_or_set_cached_cell_and_set_connections" :: waited 0.001s {{(pid=60839) inner /opt/stack/data/venv/lib/python3.12/site-packages/oslo_concurrency/lockutils.py:519}}
Apr 28 22:03:43 devstack devstack@n-api.service[60839]: DEBUG oslo_concurrency.lockutils [None req-c8ba540f-cd87-48aa-b69a-a6a9613f48b2 tempest-DeleteServersTestJSON-1890352589 tempest-DeleteServersTestJSON-1890352589-project-member] Lock "00000000-0000-0000-0000-000000000000" "released" by "nova.context.set_target_cell..get_or_set_cached_cell_and_set_connections" :: held 0.002s {{(pid=60839) inner /opt/stack/data/venv/lib/python3.12/site-packages/oslo_concurrency/lockutils.py:538}}
Apr 28 22:03:43 devstack devstack@n-api.service[60839]: DEBUG oslo_concurrency.lockutils [None req-c8ba540f-cd87-48aa-b69a-a6a9613f48b2 tempest-DeleteServersTestJSON-1890352589 tempest-DeleteServersTestJSON-1890352589-project-member] Acquiring lock "2418d178-74b7-4ad9-bfef-4588af2e4b4b" by "nova.context.set_target_cell..get_or_set_cached_cell_and_set_connections" {{(pid=60839) inner /opt/stack/data/venv/lib/python3.12/site-packages/oslo_concurrency/lockutils.py:506}}
Apr 28 22:03:43 devstack devstack@n-api.service[60839]: DEBUG oslo_concurrency.lockutils [None req-c8ba540f-cd87-48aa-b69a-a6a9613f48b2 tempest-DeleteServersTestJSON-1890352589 tempest-DeleteServersTestJSON-1890352589-project-member] Lock "2418d178-74b7-4ad9-bfef-4588af2e4b4b" acquired by "nova.context.set_target_cell..get_or_set_cached_cell_and_set_connections" :: waited 0.003s {{(pid=60839) inner /opt/stack/data/venv/lib/python3.12/site-packages/oslo_concurrency/lockutils.py:519}}
Apr 28 22:03:43 devstack devstack@n-api.service[60839]: DEBUG oslo_concurrency.lockutils [None req-c8ba540f-cd87-48aa-b69a-a6a9613f48b2 tempest-DeleteServersTestJSON-1890352589 tempest-DeleteServersTestJSON-1890352589-project-member] Lock "2418d178-74b7-4ad9-bfef-4588af2e4b4b" "released" by "nova.context.set_target_cell..get_or_set_cached_cell_and_set_connections" :: held 0.001s {{(pid=60839) inner /opt/stack/data/venv/lib/python3.12/site-packages/oslo_concurrency/lockutils.py:538}}
Apr 28 22:03:43 devstack devstack@n-api.service[60839]: DEBUG nova.network.neutron [None req-c8ba540f-cd87-48aa-b69a-a6a9613f48b2 tempest-DeleteServersTestJSON-1890352589 tempest-DeleteServersTestJSON-1890352589-project-member] validate_networks() for [('e2a23512-426a-474e-9fc9-9075d40fd1c1', None, None, None, None, None)] {{(pid=60839) validate_networks /opt/stack/nova/nova/network/neutron.py:2685}}
Apr 28 22:03:43 devstack devstack@n-api.service[60839]: WARNING neutronclient.v2_0.client [None req-c8ba540f-cd87-48aa-b69a-a6a9613f48b2 tempest-DeleteServersTestJSON-1890352589 tempest-DeleteServersTestJSON-1890352589-project-member] The python binding code in neutronclient is deprecated in favor of OpenstackSDK, please use that as this will be removed in a future release.
Apr 28 22:03:43 devstack devstack@n-api.service[60839]: WARNING neutronclient.v2_0.client [None req-c8ba540f-cd87-48aa-b69a-a6a9613f48b2 tempest-DeleteServersTestJSON-1890352589 tempest-DeleteServersTestJSON-1890352589-project-member] The python binding code in neutronclient is deprecated in favor of OpenstackSDK, please use that as this will be removed in a future release.
Apr 28 22:03:44 devstack devstack@n-api.service[60839]: DEBUG nova.virt.hardware [None req-c8ba540f-cd87-48aa-b69a-a6a9613f48b2 tempest-DeleteServersTestJSON-1890352589 tempest-DeleteServersTestJSON-1890352589-project-member] Flavor limits 0:0:0 {{(pid=60839) get_cpu_topology_constraints /opt/stack/nova/nova/virt/hardware.py:356}}
Apr 28 22:03:44 devstack devstack@n-api.service[60839]: DEBUG nova.virt.hardware [None req-c8ba540f-cd87-48aa-b69a-a6a9613f48b2 tempest-DeleteServersTestJSON-1890352589 tempest-DeleteServersTestJSON-1890352589-project-member] Image limits 0:0:0 {{(pid=60839) get_cpu_topology_constraints /opt/stack/nova/nova/virt/hardware.py:360}}
Apr 28 22:03:44 devstack devstack@n-api.service[60839]: DEBUG nova.virt.hardware [None req-c8ba540f-cd87-48aa-b69a-a6a9613f48b2 tempest-DeleteServersTestJSON-1890352589 tempest-DeleteServersTestJSON-1890352589-project-member] Flavor pref 0:0:0 {{(pid=60839) get_cpu_topology_constraints /opt/stack/nova/nova/virt/hardware.py:396}}
Apr 28 22:03:44 devstack devstack@n-api.service[60839]: DEBUG nova.virt.hardware [None req-c8ba540f-cd87-48aa-b69a-a6a9613f48b2 tempest-DeleteServersTestJSON-1890352589 tempest-DeleteServersTestJSON-1890352589-project-member] Image pref 0:0:0 {{(pid=60839) get_cpu_topology_constraints /opt/stack/nova/nova/virt/hardware.py:400}}
Apr 28 22:03:44 devstack devstack@n-api.service[60839]: DEBUG nova.virt.hardware [None req-c8ba540f-cd87-48aa-b69a-a6a9613f48b2 tempest-DeleteServersTestJSON-1890352589 tempest-DeleteServersTestJSON-1890352589-project-member] Chose sockets=0, cores=0, threads=0; limits were sockets=65536, cores=65536, threads=65536 {{(pid=60839) get_cpu_topology_constraints /opt/stack/nova/nova/virt/hardware.py:438}}
Apr 28 22:03:44 devstack devstack@n-api.service[60840]: DEBUG nova.api.openstack.wsgi [None req-fd187a0d-97b5-4f35-aba7-7bf09116eff7 tempest-VolumesAdminNegativeTest-1452946245 tempest-VolumesAdminNegativeTest-1452946245-project-member] Calling method '>' {{(pid=60840) _process_stack /opt/stack/nova/nova/api/openstack/wsgi.py:551}}
Apr 28 22:03:44 devstack devstack@n-api.service[60840]: DEBUG nova.compute.api [None req-fd187a0d-97b5-4f35-aba7-7bf09116eff7 tempest-VolumesAdminNegativeTest-1452946245 tempest-VolumesAdminNegativeTest-1452946245-project-member] [instance: 8626a9ea-cacb-4d74-99c9-3394d4fb5ded] Fetching instance by UUID {{(pid=60840) get /opt/stack/nova/nova/compute/api.py:3047}}
Apr 28 22:03:44 devstack devstack@n-api.service[60839]: DEBUG oslo_concurrency.lockutils [None req-c8ba540f-cd87-48aa-b69a-a6a9613f48b2 tempest-DeleteServersTestJSON-1890352589 tempest-DeleteServersTestJSON-1890352589-project-member] Acquiring lock "00000000-0000-0000-0000-000000000000" by "nova.context.set_target_cell..get_or_set_cached_cell_and_set_connections" {{(pid=60839) inner /opt/stack/data/venv/lib/python3.12/site-packages/oslo_concurrency/lockutils.py:506}}
Apr 28 22:03:44 devstack devstack@n-api.service[60839]: DEBUG oslo_concurrency.lockutils [None req-c8ba540f-cd87-48aa-b69a-a6a9613f48b2 tempest-DeleteServersTestJSON-1890352589 tempest-DeleteServersTestJSON-1890352589-project-member] Lock "00000000-0000-0000-0000-000000000000" acquired by "nova.context.set_target_cell..get_or_set_cached_cell_and_set_connections" :: waited 0.001s {{(pid=60839) inner /opt/stack/data/venv/lib/python3.12/site-packages/oslo_concurrency/lockutils.py:519}}
Apr 28 22:03:44 devstack devstack@n-api.service[60839]: DEBUG oslo_concurrency.lockutils [None req-c8ba540f-cd87-48aa-b69a-a6a9613f48b2 tempest-DeleteServersTestJSON-1890352589 tempest-DeleteServersTestJSON-1890352589-project-member] Lock "00000000-0000-0000-0000-000000000000" "released" by "nova.context.set_target_cell..get_or_set_cached_cell_and_set_connections" :: held 0.001s {{(pid=60839) inner /opt/stack/data/venv/lib/python3.12/site-packages/oslo_concurrency/lockutils.py:538}}
Apr 28 22:03:44 devstack devstack@n-api.service[60839]: DEBUG oslo_concurrency.lockutils [None req-c8ba540f-cd87-48aa-b69a-a6a9613f48b2 tempest-DeleteServersTestJSON-1890352589 tempest-DeleteServersTestJSON-1890352589-project-member] Acquiring lock "2418d178-74b7-4ad9-bfef-4588af2e4b4b" by "nova.context.set_target_cell..get_or_set_cached_cell_and_set_connections" {{(pid=60839) inner /opt/stack/data/venv/lib/python3.12/site-packages/oslo_concurrency/lockutils.py:506}}
Apr 28 22:03:44 devstack devstack@n-api.service[60839]: DEBUG oslo_concurrency.lockutils [None req-c8ba540f-cd87-48aa-b69a-a6a9613f48b2 tempest-DeleteServersTestJSON-1890352589 tempest-DeleteServersTestJSON-1890352589-project-member] Lock "2418d178-74b7-4ad9-bfef-4588af2e4b4b" acquired by "nova.context.set_target_cell..get_or_set_cached_cell_and_set_connections" :: waited 0.001s {{(pid=60839) inner /opt/stack/data/venv/lib/python3.12/site-packages/oslo_concurrency/lockutils.py:519}}
Apr 28 22:03:44 devstack devstack@n-api.service[60839]: DEBUG oslo_concurrency.lockutils [None req-c8ba540f-cd87-48aa-b69a-a6a9613f48b2 tempest-DeleteServersTestJSON-1890352589 tempest-DeleteServersTestJSON-1890352589-project-member] Lock "2418d178-74b7-4ad9-bfef-4588af2e4b4b" "released" by "nova.context.set_target_cell..get_or_set_cached_cell_and_set_connections" :: held 0.001s {{(pid=60839) inner /opt/stack/data/venv/lib/python3.12/site-packages/oslo_concurrency/lockutils.py:538}}
Apr 28 22:03:44 devstack devstack@n-api.service[60840]: DEBUG oslo_concurrency.lockutils [None req-fd187a0d-97b5-4f35-aba7-7bf09116eff7 tempest-VolumesAdminNegativeTest-1452946245 tempest-VolumesAdminNegativeTest-1452946245-project-member] Acquiring lock "2418d178-74b7-4ad9-bfef-4588af2e4b4b" by "nova.context.set_target_cell..get_or_set_cached_cell_and_set_connections" {{(pid=60840) inner /opt/stack/data/venv/lib/python3.12/site-packages/oslo_concurrency/lockutils.py:506}}
Apr 28 22:03:44 devstack devstack@n-api.service[60840]: DEBUG oslo_concurrency.lockutils [None req-fd187a0d-97b5-4f35-aba7-7bf09116eff7 tempest-VolumesAdminNegativeTest-1452946245 tempest-VolumesAdminNegativeTest-1452946245-project-member] Lock "2418d178-74b7-4ad9-bfef-4588af2e4b4b" acquired by "nova.context.set_target_cell..get_or_set_cached_cell_and_set_connections" :: waited 0.003s {{(pid=60840) inner /opt/stack/data/venv/lib/python3.12/site-packages/oslo_concurrency/lockutils.py:519}}
Apr 28 22:03:44 devstack devstack@n-api.service[60840]: DEBUG oslo_concurrency.lockutils [None req-fd187a0d-97b5-4f35-aba7-7bf09116eff7 tempest-VolumesAdminNegativeTest-1452946245 tempest-VolumesAdminNegativeTest-1452946245-project-member] Lock "2418d178-74b7-4ad9-bfef-4588af2e4b4b" "released" by "nova.context.set_target_cell..get_or_set_cached_cell_and_set_connections" :: held 0.000s {{(pid=60840) inner /opt/stack/data/venv/lib/python3.12/site-packages/oslo_concurrency/lockutils.py:538}}
Apr 28 22:03:44 devstack devstack@n-api.service[60840]: DEBUG oslo_concurrency.lockutils [None req-fd187a0d-97b5-4f35-aba7-7bf09116eff7 tempest-VolumesAdminNegativeTest-1452946245 tempest-VolumesAdminNegativeTest-1452946245-project-member] Acquiring lock "2418d178-74b7-4ad9-bfef-4588af2e4b4b" by "nova.context.set_target_cell..get_or_set_cached_cell_and_set_connections" {{(pid=60840) inner /opt/stack/data/venv/lib/python3.12/site-packages/oslo_concurrency/lockutils.py:506}}
Apr 28 22:03:44 devstack devstack@n-api.service[60840]: DEBUG oslo_concurrency.lockutils [None req-fd187a0d-97b5-4f35-aba7-7bf09116eff7 tempest-VolumesAdminNegativeTest-1452946245 tempest-VolumesAdminNegativeTest-1452946245-project-member] Lock "2418d178-74b7-4ad9-bfef-4588af2e4b4b" acquired by "nova.context.set_target_cell..get_or_set_cached_cell_and_set_connections" :: waited 0.003s {{(pid=60840) inner /opt/stack/data/venv/lib/python3.12/site-packages/oslo_concurrency/lockutils.py:519}}
Apr 28 22:03:44 devstack devstack@n-api.service[60840]: DEBUG oslo_concurrency.lockutils [None req-fd187a0d-97b5-4f35-aba7-7bf09116eff7 tempest-VolumesAdminNegativeTest-1452946245 tempest-VolumesAdminNegativeTest-1452946245-project-member] Lock "2418d178-74b7-4ad9-bfef-4588af2e4b4b" "released" by "nova.context.set_target_cell..get_or_set_cached_cell_and_set_connections" :: held 0.002s {{(pid=60840) inner /opt/stack/data/venv/lib/python3.12/site-packages/oslo_concurrency/lockutils.py:538}}
Apr 28 22:03:44 devstack devstack@n-api.service[60839]: DEBUG nova.quota [None req-c8ba540f-cd87-48aa-b69a-a6a9613f48b2 tempest-DeleteServersTestJSON-1890352589 tempest-DeleteServersTestJSON-1890352589-project-member] Getting quotas for project 763eb5ae8d3040efbe15b3bc08e97a59. Resources: {'cores', 'instances', 'ram'} {{(pid=60839) _get_quotas /opt/stack/nova/nova/quota.py:392}}
Apr 28 22:03:44 devstack devstack@n-api.service[60839]: DEBUG nova.quota [None req-c8ba540f-cd87-48aa-b69a-a6a9613f48b2 tempest-DeleteServersTestJSON-1890352589 tempest-DeleteServersTestJSON-1890352589-project-member] Getting quotas for user 44ceb7c3880d4a488b16f45548b97f48 and project 763eb5ae8d3040efbe15b3bc08e97a59. Resources: {'cores', 'instances', 'ram'} {{(pid=60839) _get_quotas /opt/stack/nova/nova/quota.py:382}}
Apr 28 22:03:44 devstack devstack@n-api.service[60840]: DEBUG nova.compute.api [None req-fd187a0d-97b5-4f35-aba7-7bf09116eff7 tempest-VolumesAdminNegativeTest-1452946245 tempest-VolumesAdminNegativeTest-1452946245-project-member] [instance: 8626a9ea-cacb-4d74-99c9-3394d4fb5ded] Going to try to terminate instance {{(pid=60840) delete /opt/stack/nova/nova/compute/api.py:2791}}
Apr 28 22:03:44 devstack devstack@n-api.service[60839]: DEBUG nova.compute.api [None req-c8ba540f-cd87-48aa-b69a-a6a9613f48b2 tempest-DeleteServersTestJSON-1890352589 tempest-DeleteServersTestJSON-1890352589-project-member] Going to run 1 instances... {{(pid=60839) _provision_instances /opt/stack/nova/nova/compute/api.py:1466}}
Apr 28 22:03:44 devstack devstack@n-api.service[60839]: DEBUG nova.compute.api [None req-c8ba540f-cd87-48aa-b69a-a6a9613f48b2 tempest-DeleteServersTestJSON-1890352589 tempest-DeleteServersTestJSON-1890352589-project-member] [instance: 9f3cdfd6-3b9b-4117-bc2d-c554572ff372] block_device_mapping [BlockDeviceMapping(attachment_id=,boot_index=0,connection_info=None,created_at=,delete_on_termination=True,deleted=,deleted_at=,destination_type='local',device_name=None,device_type='disk',disk_bus=None,encrypted=False,encryption_format=None,encryption_options=None,encryption_secret_uuid=None,guest_format=None,id=,image_id='eea3f98a-f64b-4ae5-950b-6d03ae89a234',instance=,instance_uuid=,no_device=False,snapshot_id=None,source_type='image',tag=None,updated_at=,uuid=,volume_id=None,volume_size=None,volume_type=None)] {{(pid=60839) _bdm_validate_set_size_and_instance /opt/stack/nova/nova/compute/api.py:1934}}
Apr 28 22:03:44 devstack devstack@n-api.service[60839]: INFO nova.api.openstack.requestlog [None req-c8ba540f-cd87-48aa-b69a-a6a9613f48b2 tempest-DeleteServersTestJSON-1890352589 tempest-DeleteServersTestJSON-1890352589-project-member] 192.168.122.185 "POST /compute/v2.1/servers" status: 202 len: 388 microversion: 2.1 time: 1.084855
Apr 28 22:03:44 devstack devstack@n-api.service[60839]: [pid: 60839|app: 0|req: 75/152] 192.168.122.185 () {60 vars in 1149 bytes} [Tue Apr 28 22:03:43 2026] POST /compute/v2.1/servers => generated 388 bytes in 1088 msecs (HTTP/1.1 202) 10 headers in 455 bytes (1 switches on core 0)
Apr 28 22:03:44 devstack devstack@n-api.service[60839]: DEBUG nova.api.openstack.wsgi [None req-e3e88891-4b44-4eeb-9151-b740483ae3de tempest-VolumesSnapshotsTestJSON-48231436 tempest-VolumesSnapshotsTestJSON-48231436-project-member] Calling method '>' {{(pid=60839) _process_stack /opt/stack/nova/nova/api/openstack/wsgi.py:551}}
Apr 28 22:03:44 devstack devstack@n-api.service[60839]: INFO nova.api.openstack.wsgi [None req-e3e88891-4b44-4eeb-9151-b740483ae3de tempest-VolumesSnapshotsTestJSON-48231436 tempest-VolumesSnapshotsTestJSON-48231436-project-member] HTTP exception thrown: Volume eefd8a5f-4db4-4b41-af6c-2eb475cd6cd4 could not be found.
Apr 28 22:03:44 devstack devstack@n-api.service[60839]: DEBUG nova.api.openstack.wsgi [None req-e3e88891-4b44-4eeb-9151-b740483ae3de tempest-VolumesSnapshotsTestJSON-48231436 tempest-VolumesSnapshotsTestJSON-48231436-project-member] Returning 404 to user: Volume eefd8a5f-4db4-4b41-af6c-2eb475cd6cd4 could not be found. {{(pid=60839) __call__ /opt/stack/nova/nova/api/openstack/wsgi.py:908}}
Apr 28 22:03:44 devstack devstack@n-api.service[60839]: INFO nova.api.openstack.requestlog [None req-e3e88891-4b44-4eeb-9151-b740483ae3de tempest-VolumesSnapshotsTestJSON-48231436 tempest-VolumesSnapshotsTestJSON-48231436-project-member] 192.168.122.185 "GET /compute/v2.1/os-volumes/eefd8a5f-4db4-4b41-af6c-2eb475cd6cd4" status: 404 len: 109 microversion: 2.1 time: 0.105390
Apr 28 22:03:44 devstack devstack@n-api.service[60839]: [pid: 60839|app: 0|req: 76/153] 192.168.122.185 () {58 vars in 1247 bytes} [Tue Apr 28 22:03:44 2026] GET /compute/v2.1/os-volumes/eefd8a5f-4db4-4b41-af6c-2eb475cd6cd4 => generated 109 bytes in 109 msecs (HTTP/1.1 404) 9 headers in 379 bytes (1 switches on core 0)
Apr 28 22:03:44 devstack devstack@n-api.service[60839]: DEBUG nova.api.openstack.wsgi [None req-4a984b7e-c6b5-442d-8910-08bd95e08f79 tempest-DeleteServersTestJSON-1890352589 tempest-DeleteServersTestJSON-1890352589-project-member] Calling method '>' {{(pid=60839) _process_stack /opt/stack/nova/nova/api/openstack/wsgi.py:551}}
Apr 28 22:03:44 devstack devstack@n-api.service[60839]: DEBUG nova.compute.api [None req-4a984b7e-c6b5-442d-8910-08bd95e08f79 tempest-DeleteServersTestJSON-1890352589 tempest-DeleteServersTestJSON-1890352589-project-member] [instance: 9f3cdfd6-3b9b-4117-bc2d-c554572ff372] Fetching instance by UUID {{(pid=60839) get /opt/stack/nova/nova/compute/api.py:3047}}
Apr 28 22:03:44 devstack devstack@n-api.service[60840]: INFO nova.api.openstack.requestlog [None req-fd187a0d-97b5-4f35-aba7-7bf09116eff7 tempest-VolumesAdminNegativeTest-1452946245 tempest-VolumesAdminNegativeTest-1452946245-project-member] 192.168.122.185 "DELETE /compute/v2.1/servers/8626a9ea-cacb-4d74-99c9-3394d4fb5ded" status: 204 len: 0 microversion: 2.1 time: 0.425394
Apr 28 22:03:44 devstack devstack@n-api.service[60840]: [pid: 60840|app: 0|req: 78/154] 192.168.122.185 () {58 vars in 1241 bytes} [Tue Apr 28 22:03:44 2026] DELETE /compute/v2.1/servers/8626a9ea-cacb-4d74-99c9-3394d4fb5ded => generated 0 bytes in 427 msecs (HTTP/1.1 204) 9 headers in 363 bytes (1 switches on core 0)
Apr 28 22:03:44 devstack devstack@n-api.service[60840]: DEBUG nova.api.openstack.wsgi [None req-e9d365f0-acc4-40d5-a838-fb5a076bf03c tempest-VolumesSnapshotsTestJSON-48231436 tempest-VolumesSnapshotsTestJSON-48231436-project-member] Calling method '>' {{(pid=60840) _process_stack /opt/stack/nova/nova/api/openstack/wsgi.py:551}}
Apr 28 22:03:44 devstack devstack@n-api.service[60839]: WARNING neutronclient.v2_0.client [None req-4a984b7e-c6b5-442d-8910-08bd95e08f79 tempest-DeleteServersTestJSON-1890352589 tempest-DeleteServersTestJSON-1890352589-project-member] The python binding code in neutronclient is deprecated in favor of OpenstackSDK, please use that as this will be removed in a future release.
Apr 28 22:03:44 devstack devstack@n-api.service[60840]: INFO nova.api.openstack.wsgi [None req-e9d365f0-acc4-40d5-a838-fb5a076bf03c tempest-VolumesSnapshotsTestJSON-48231436 tempest-VolumesSnapshotsTestJSON-48231436-project-member] HTTP exception thrown: Volume eefd8a5f-4db4-4b41-af6c-2eb475cd6cd4 could not be found.
Apr 28 22:03:44 devstack devstack@n-api.service[60840]: DEBUG nova.api.openstack.wsgi [None req-e9d365f0-acc4-40d5-a838-fb5a076bf03c tempest-VolumesSnapshotsTestJSON-48231436 tempest-VolumesSnapshotsTestJSON-48231436-project-member] Returning 404 to user: Volume eefd8a5f-4db4-4b41-af6c-2eb475cd6cd4 could not be found. {{(pid=60840) __call__ /opt/stack/nova/nova/api/openstack/wsgi.py:908}}
Apr 28 22:03:44 devstack devstack@n-api.service[60840]: INFO nova.api.openstack.requestlog [None req-e9d365f0-acc4-40d5-a838-fb5a076bf03c tempest-VolumesSnapshotsTestJSON-48231436 tempest-VolumesSnapshotsTestJSON-48231436-project-member] 192.168.122.185 "DELETE /compute/v2.1/os-volumes/eefd8a5f-4db4-4b41-af6c-2eb475cd6cd4" status: 404 len: 109 microversion: 2.1 time: 0.093478
Apr 28 22:03:44 devstack devstack@n-api.service[60840]: [pid: 60840|app: 0|req: 79/155] 192.168.122.185 () {58 vars in 1250 bytes} [Tue Apr 28 22:03:44 2026] DELETE /compute/v2.1/os-volumes/eefd8a5f-4db4-4b41-af6c-2eb475cd6cd4 => generated 109 bytes in 96 msecs (HTTP/1.1 404) 9 headers in 379 bytes (1 switches on core 0)
Apr 28 22:03:44 devstack devstack@n-api.service[60840]: DEBUG nova.api.openstack.wsgi [None req-ebb47733-ba87-4da8-a6a4-9505deaef2d6 tempest-VolumesAdminNegativeTest-1452946245 tempest-VolumesAdminNegativeTest-1452946245-project-member] Calling method '>' {{(pid=60840) _process_stack /opt/stack/nova/nova/api/openstack/wsgi.py:551}}
Apr 28 22:03:44 devstack devstack@n-api.service[60840]: DEBUG nova.compute.api [None req-ebb47733-ba87-4da8-a6a4-9505deaef2d6 tempest-VolumesAdminNegativeTest-1452946245 tempest-VolumesAdminNegativeTest-1452946245-project-member] [instance: 8626a9ea-cacb-4d74-99c9-3394d4fb5ded] Fetching instance by UUID {{(pid=60840) get /opt/stack/nova/nova/compute/api.py:3047}}
Apr 28 22:03:44 devstack devstack@n-api.service[60839]: DEBUG nova.policy [None req-4a984b7e-c6b5-442d-8910-08bd95e08f79 tempest-DeleteServersTestJSON-1890352589 tempest-DeleteServersTestJSON-1890352589-project-member] Policy check for os_compute_api:os-extended-server-attributes failed with credentials {'is_admin': False, 'user_id': '44ceb7c3880d4a488b16f45548b97f48', 'user_domain_id': 'default', 'system_scope': None, 'domain_id': None, 'project_id': '763eb5ae8d3040efbe15b3bc08e97a59', 'project_domain_id': 'default', 'roles': ['member', 'reader'], 'is_admin_project': True, 'service_user_id': None, 'service_user_domain_id': None, 'service_project_id': None, 'service_project_domain_id': None, 'service_roles': []} {{(pid=60839) authorize /opt/stack/nova/nova/policy.py:192}}
Apr 28 22:03:44 devstack devstack@n-api.service[60840]: DEBUG oslo_concurrency.lockutils [None req-ebb47733-ba87-4da8-a6a4-9505deaef2d6 tempest-VolumesAdminNegativeTest-1452946245 tempest-VolumesAdminNegativeTest-1452946245-project-member] Acquiring lock "2418d178-74b7-4ad9-bfef-4588af2e4b4b" by "nova.context.set_target_cell..get_or_set_cached_cell_and_set_connections" {{(pid=60840) inner /opt/stack/data/venv/lib/python3.12/site-packages/oslo_concurrency/lockutils.py:506}}
Apr 28 22:03:44 devstack devstack@n-api.service[60840]: DEBUG oslo_concurrency.lockutils [None req-ebb47733-ba87-4da8-a6a4-9505deaef2d6 tempest-VolumesAdminNegativeTest-1452946245 tempest-VolumesAdminNegativeTest-1452946245-project-member] Lock "2418d178-74b7-4ad9-bfef-4588af2e4b4b" acquired by "nova.context.set_target_cell..get_or_set_cached_cell_and_set_connections" :: waited 0.001s {{(pid=60840) inner /opt/stack/data/venv/lib/python3.12/site-packages/oslo_concurrency/lockutils.py:519}}
Apr 28 22:03:44 devstack devstack@n-api.service[60840]: DEBUG oslo_concurrency.lockutils [None req-ebb47733-ba87-4da8-a6a4-9505deaef2d6 tempest-VolumesAdminNegativeTest-1452946245 tempest-VolumesAdminNegativeTest-1452946245-project-member] Lock "2418d178-74b7-4ad9-bfef-4588af2e4b4b" "released" by "nova.context.set_target_cell..get_or_set_cached_cell_and_set_connections" :: held 0.001s {{(pid=60840) inner /opt/stack/data/venv/lib/python3.12/site-packages/oslo_concurrency/lockutils.py:538}}
Apr 28 22:03:44 devstack devstack@n-api.service[60840]: DEBUG oslo_concurrency.lockutils [None req-ebb47733-ba87-4da8-a6a4-9505deaef2d6 tempest-VolumesAdminNegativeTest-1452946245 tempest-VolumesAdminNegativeTest-1452946245-project-member] Acquiring lock "2418d178-74b7-4ad9-bfef-4588af2e4b4b" by "nova.context.set_target_cell..get_or_set_cached_cell_and_set_connections" {{(pid=60840) inner /opt/stack/data/venv/lib/python3.12/site-packages/oslo_concurrency/lockutils.py:506}}
Apr 28 22:03:44 devstack devstack@n-api.service[60840]: DEBUG oslo_concurrency.lockutils [None req-ebb47733-ba87-4da8-a6a4-9505deaef2d6 tempest-VolumesAdminNegativeTest-1452946245 tempest-VolumesAdminNegativeTest-1452946245-project-member] Lock "2418d178-74b7-4ad9-bfef-4588af2e4b4b" acquired by "nova.context.set_target_cell..get_or_set_cached_cell_and_set_connections" :: waited 0.001s {{(pid=60840) inner /opt/stack/data/venv/lib/python3.12/site-packages/oslo_concurrency/lockutils.py:519}}
Apr 28 22:03:44 devstack devstack@n-api.service[60840]: DEBUG oslo_concurrency.lockutils [None req-ebb47733-ba87-4da8-a6a4-9505deaef2d6 tempest-VolumesAdminNegativeTest-1452946245 tempest-VolumesAdminNegativeTest-1452946245-project-member] Lock "2418d178-74b7-4ad9-bfef-4588af2e4b4b" "released" by "nova.context.set_target_cell..get_or_set_cached_cell_and_set_connections" :: held 0.001s {{(pid=60840) inner /opt/stack/data/venv/lib/python3.12/site-packages/oslo_concurrency/lockutils.py:538}}
Apr 28 22:03:44 devstack devstack@n-api.service[60839]: INFO nova.api.openstack.requestlog [None req-4a984b7e-c6b5-442d-8910-08bd95e08f79 tempest-DeleteServersTestJSON-1890352589 tempest-DeleteServersTestJSON-1890352589-project-member] 192.168.122.185 "GET /compute/v2.1/servers/9f3cdfd6-3b9b-4117-bc2d-c554572ff372" status: 200 len: 1229 microversion: 2.1 time: 0.206306
Apr 28 22:03:44 devstack devstack@n-api.service[60839]: [pid: 60839|app: 0|req: 77/156] 192.168.122.185 () {58 vars in 1238 bytes} [Tue Apr 28 22:03:44 2026] GET /compute/v2.1/servers/9f3cdfd6-3b9b-4117-bc2d-c554572ff372 => generated 1229 bytes in 209 msecs (HTTP/1.1 200) 9 headers in 358 bytes (1 switches on core 0)
Apr 28 22:03:44 devstack devstack@n-api.service[60840]: WARNING neutronclient.v2_0.client [None req-ebb47733-ba87-4da8-a6a4-9505deaef2d6 tempest-VolumesAdminNegativeTest-1452946245 tempest-VolumesAdminNegativeTest-1452946245-project-member] The python binding code in neutronclient is deprecated in favor of OpenstackSDK, please use that as this will be removed in a future release.
Apr 28 22:03:44 devstack devstack@n-api.service[60839]: DEBUG nova.api.openstack.wsgi [None req-1d2d071b-b841-454f-9741-5ea3e074c608 tempest-VolumesSnapshotsTestJSON-48231436 tempest-VolumesSnapshotsTestJSON-48231436-project-member] Calling method '>' {{(pid=60839) _process_stack /opt/stack/nova/nova/api/openstack/wsgi.py:551}}
Apr 28 22:03:44 devstack devstack@n-api.service[60839]: INFO nova.api.openstack.wsgi [None req-1d2d071b-b841-454f-9741-5ea3e074c608 tempest-VolumesSnapshotsTestJSON-48231436 tempest-VolumesSnapshotsTestJSON-48231436-project-member] HTTP exception thrown: Volume eefd8a5f-4db4-4b41-af6c-2eb475cd6cd4 could not be found.
Apr 28 22:03:44 devstack devstack@n-api.service[60839]: DEBUG nova.api.openstack.wsgi [None req-1d2d071b-b841-454f-9741-5ea3e074c608 tempest-VolumesSnapshotsTestJSON-48231436 tempest-VolumesSnapshotsTestJSON-48231436-project-member] Returning 404 to user: Volume eefd8a5f-4db4-4b41-af6c-2eb475cd6cd4 could not be found. {{(pid=60839) __call__ /opt/stack/nova/nova/api/openstack/wsgi.py:908}}
Apr 28 22:03:44 devstack devstack@n-api.service[60839]: INFO nova.api.openstack.requestlog [None req-1d2d071b-b841-454f-9741-5ea3e074c608 tempest-VolumesSnapshotsTestJSON-48231436 tempest-VolumesSnapshotsTestJSON-48231436-project-member] 192.168.122.185 "GET /compute/v2.1/os-volumes/eefd8a5f-4db4-4b41-af6c-2eb475cd6cd4" status: 404 len: 109 microversion: 2.1 time: 0.084822
Apr 28 22:03:44 devstack devstack@n-api.service[60839]: [pid: 60839|app: 0|req: 78/157] 192.168.122.185 () {58 vars in 1247 bytes} [Tue Apr 28 22:03:44 2026] GET /compute/v2.1/os-volumes/eefd8a5f-4db4-4b41-af6c-2eb475cd6cd4 => generated 109 bytes in 98 msecs (HTTP/1.1 404) 9 headers in 379 bytes (1 switches on core 0)
Apr 28 22:03:45 devstack devstack@n-api.service[60840]: DEBUG nova.policy [None req-ebb47733-ba87-4da8-a6a4-9505deaef2d6 tempest-VolumesAdminNegativeTest-1452946245 tempest-VolumesAdminNegativeTest-1452946245-project-member] Policy check for os_compute_api:os-extended-server-attributes failed with credentials {'is_admin': False, 'user_id': '379e8657c5334a089197f986a9139cc2', 'user_domain_id': 'default', 'system_scope': None, 'domain_id': None, 'project_id': '61da3c4aff844e928ebfb6564f0e432c', 'project_domain_id': 'default', 'roles': ['member', 'reader'], 'is_admin_project': True, 'service_user_id': None, 'service_user_domain_id': None, 'service_project_id': None, 'service_project_domain_id': None, 'service_roles': []} {{(pid=60840) authorize /opt/stack/nova/nova/policy.py:192}}
