Jul 08 10:42:53 devstack cinder-volume[86913]: DEBUG oslo_concurrency.lockutils [None req-f39eacfc-c425-4763-a4ed-798223742273 tempest-GroupSnapshotsTest-1715497858 None] Acquiring lock "quobyte_ensure" by "cinder.volume.drivers.quobyte.QuobyteDriver._ensure_shares_mounted" {{(pid=86913) inner /opt/stack/data/venv/lib/python3.12/site-packages/oslo_concurrency/lockutils.py:511}}
Jul 08 10:42:53 devstack cinder-volume[86913]: DEBUG oslo_concurrency.lockutils [None req-f39eacfc-c425-4763-a4ed-798223742273 tempest-GroupSnapshotsTest-1715497858 None] Lock "quobyte_ensure" acquired by "cinder.volume.drivers.quobyte.QuobyteDriver._ensure_shares_mounted" :: waited 0.000s {{(pid=86913) inner /opt/stack/data/venv/lib/python3.12/site-packages/oslo_concurrency/lockutils.py:524}}
Jul 08 10:42:53 devstack cinder-volume[86913]: DEBUG cinder.volume.drivers.quobyte [None req-f39eacfc-c425-4763-a4ed-798223742273 tempest-GroupSnapshotsTest-1715497858 None] Quobyte Volume URL set to: {'osci02.corp.quobyte.com/cinder-vol-7247d7d9-2cf7-46a1-9960-69b1d9d7bc98': None} {{(pid=86913) _load_shares_config /opt/stack/cinder/cinder/volume/drivers/quobyte.py:617}}
Jul 08 10:42:53 devstack cinder-volume[86913]: DEBUG cinder.volume.drivers.quobyte [None req-f39eacfc-c425-4763-a4ed-798223742273 tempest-GroupSnapshotsTest-1715497858 None] Available shares ['osci02.corp.quobyte.com/cinder-vol-7247d7d9-2cf7-46a1-9960-69b1d9d7bc98'] {{(pid=86913) _ensure_shares_mounted /opt/stack/cinder/cinder/volume/drivers/quobyte.py:647}}
Jul 08 10:42:53 devstack cinder-volume[86913]: DEBUG oslo_concurrency.lockutils [None req-f39eacfc-c425-4763-a4ed-798223742273 tempest-GroupSnapshotsTest-1715497858 None] Lock "quobyte_ensure" "released" by "cinder.volume.drivers.quobyte.QuobyteDriver._ensure_shares_mounted" :: held 0.012s {{(pid=86913) inner /opt/stack/data/venv/lib/python3.12/site-packages/oslo_concurrency/lockutils.py:543}}
Jul 08 10:42:53 devstack cinder-volume[86913]: DEBUG cinder.volume.drivers.quobyte [None req-f39eacfc-c425-4763-a4ed-798223742273 tempest-GroupSnapshotsTest-1715497858 None] Selected osci02.corp.quobyte.com/cinder-vol-7247d7d9-2cf7-46a1-9960-69b1d9d7bc98 as target Quobyte volume. {{(pid=86913) _find_share /opt/stack/cinder/cinder/volume/drivers/quobyte.py:668}}
Jul 08 10:42:53 devstack cinder-volume[86913]: INFO cinder.volume.drivers.remotefs [None req-f39eacfc-c425-4763-a4ed-798223742273 tempest-GroupSnapshotsTest-1715497858 None] casted to osci02.corp.quobyte.com/cinder-vol-7247d7d9-2cf7-46a1-9960-69b1d9d7bc98
Jul 08 10:42:53 devstack cinder-volume[86913]: DEBUG oslo_concurrency.processutils [None req-f39eacfc-c425-4763-a4ed-798223742273 tempest-GroupSnapshotsTest-1715497858 None] Running cmd (subprocess): sudo cinder-rootwrap /etc/cinder/rootwrap.conf qemu-img create -f qcow2 -o preallocation=metadata /opt/stack/data/cinder/mnt/c52e72566363217873ec97f9233bed5d/volume-4dcd3ef2-0c1f-4608-93de-e877ee9687b6 1073741824 {{(pid=86913) execute /opt/stack/data/venv/lib/python3.12/site-packages/oslo_concurrency/processutils.py:440}}
Jul 08 10:42:53 devstack sudo[90792]: quobyte : PWD=/ ; USER=root ; COMMAND=/opt/stack/data/venv/bin/cinder-rootwrap /etc/cinder/rootwrap.conf qemu-img create -f qcow2 -o preallocation=metadata /opt/stack/data/cinder/mnt/c52e72566363217873ec97f9233bed5d/volume-4dcd3ef2-0c1f-4608-93de-e877ee9687b6 1073741824
Jul 08 10:42:53 devstack sudo[90792]: pam_unix(sudo:session): session opened for user root(uid=0) by (uid=1000)
Jul 08 10:42:53 devstack sudo[90783]: pam_unix(sudo:session): session closed for user root
Jul 08 10:42:53 devstack cinder-volume[86913]: DEBUG oslo_concurrency.processutils [None req-7ab48152-f72d-4b62-af3f-b5780753ffe3 tempest-SnapshotsActionsTest-298402846 None] CMD "/opt/stack/data/venv/bin/python3.12 -m oslo_concurrency.prlimit --as=1073741824 --cpu=60 -- sudo cinder-rootwrap /etc/cinder/rootwrap.conf env LC_ALL=C qemu-img info -f qcow2 --output=json --force-share /opt/stack/data/cinder/mnt/c52e72566363217873ec97f9233bed5d/volume-6bacabe1-f42e-4296-8e3e-87794aec591a" returned: 0 in 1.575s {{(pid=86913) execute /opt/stack/data/venv/lib/python3.12/site-packages/oslo_concurrency/processutils.py:468}}
Jul 08 10:42:53 devstack cinder-volume[86913]: DEBUG oslo_concurrency.processutils [None req-7ab48152-f72d-4b62-af3f-b5780753ffe3 tempest-SnapshotsActionsTest-298402846 None] Running cmd (subprocess): sudo cinder-rootwrap /etc/cinder/rootwrap.conf rm -f /opt/stack/data/cinder/mnt/c52e72566363217873ec97f9233bed5d/volume-6bacabe1-f42e-4296-8e3e-87794aec591a {{(pid=86913) execute /opt/stack/data/venv/lib/python3.12/site-packages/oslo_concurrency/processutils.py:440}}
Jul 08 10:42:53 devstack sudo[90795]: quobyte : PWD=/ ; USER=root ; COMMAND=/opt/stack/data/venv/bin/cinder-rootwrap /etc/cinder/rootwrap.conf rm -f /opt/stack/data/cinder/mnt/c52e72566363217873ec97f9233bed5d/volume-6bacabe1-f42e-4296-8e3e-87794aec591a
Jul 08 10:42:53 devstack sudo[90795]: pam_unix(sudo:session): session opened for user root(uid=0) by (uid=1000)
Jul 08 10:42:53 devstack cinder-volume[86913]: DEBUG oslo_service.periodic_task [None req-ab1e848a-1c8a-43c0-a204-bca9904261af None None] Running periodic task VolumeManager.publish_service_capabilities {{(pid=86913) run_periodic_tasks /opt/stack/data/venv/lib/python3.12/site-packages/oslo_service/periodic_task.py:225}}
Jul 08 10:42:53 devstack cinder-volume[86913]: DEBUG oslo_concurrency.lockutils [None req-ab1e848a-1c8a-43c0-a204-bca9904261af None None] Acquiring lock "quobyte_ensure" by "cinder.volume.drivers.quobyte.QuobyteDriver._ensure_shares_mounted" {{(pid=86913) inner /opt/stack/data/venv/lib/python3.12/site-packages/oslo_concurrency/lockutils.py:511}}
Jul 08 10:42:53 devstack cinder-volume[86913]: DEBUG oslo_concurrency.lockutils [None req-ab1e848a-1c8a-43c0-a204-bca9904261af None None] Lock "quobyte_ensure" acquired by "cinder.volume.drivers.quobyte.QuobyteDriver._ensure_shares_mounted" :: waited 0.003s {{(pid=86913) inner /opt/stack/data/venv/lib/python3.12/site-packages/oslo_concurrency/lockutils.py:524}}
Jul 08 10:42:53 devstack cinder-volume[86913]: DEBUG cinder.volume.drivers.quobyte [None req-ab1e848a-1c8a-43c0-a204-bca9904261af None None] Quobyte Volume URL set to: {'osci02.corp.quobyte.com/cinder-vol-7247d7d9-2cf7-46a1-9960-69b1d9d7bc98': None} {{(pid=86913) _load_shares_config /opt/stack/cinder/cinder/volume/drivers/quobyte.py:617}}
Jul 08 10:42:53 devstack cinder-volume[86913]: DEBUG cinder.volume.drivers.quobyte [None req-ab1e848a-1c8a-43c0-a204-bca9904261af None None] Available shares ['osci02.corp.quobyte.com/cinder-vol-7247d7d9-2cf7-46a1-9960-69b1d9d7bc98'] {{(pid=86913) _ensure_shares_mounted /opt/stack/cinder/cinder/volume/drivers/quobyte.py:647}}
Jul 08 10:42:53 devstack cinder-volume[86913]: DEBUG oslo_concurrency.lockutils [None req-ab1e848a-1c8a-43c0-a204-bca9904261af None None] Lock "quobyte_ensure" "released" by "cinder.volume.drivers.quobyte.QuobyteDriver._ensure_shares_mounted" :: held 0.012s {{(pid=86913) inner /opt/stack/data/venv/lib/python3.12/site-packages/oslo_concurrency/lockutils.py:543}}
Jul 08 10:42:53 devstack cinder-volume[86913]: DEBUG oslo_concurrency.processutils [None req-ab1e848a-1c8a-43c0-a204-bca9904261af None None] Running cmd (subprocess): sudo cinder-rootwrap /etc/cinder/rootwrap.conf df --portability --block-size 1 /opt/stack/data/cinder/mnt/c52e72566363217873ec97f9233bed5d {{(pid=86913) execute /opt/stack/data/venv/lib/python3.12/site-packages/oslo_concurrency/processutils.py:440}}
Jul 08 10:42:54 devstack sudo[90797]: quobyte : PWD=/ ; USER=root ; COMMAND=/opt/stack/data/venv/bin/cinder-rootwrap /etc/cinder/rootwrap.conf df --portability --block-size 1 /opt/stack/data/cinder/mnt/c52e72566363217873ec97f9233bed5d
Jul 08 10:42:54 devstack sudo[90797]: pam_unix(sudo:session): session opened for user root(uid=0) by (uid=1000)
Jul 08 10:42:55 devstack sudo[90795]: pam_unix(sudo:session): session closed for user root
Jul 08 10:42:55 devstack cinder-volume[86913]: DEBUG oslo_concurrency.processutils [None req-7ab48152-f72d-4b62-af3f-b5780753ffe3 tempest-SnapshotsActionsTest-298402846 None] CMD "sudo cinder-rootwrap /etc/cinder/rootwrap.conf rm -f /opt/stack/data/cinder/mnt/c52e72566363217873ec97f9233bed5d/volume-6bacabe1-f42e-4296-8e3e-87794aec591a" returned: 0 in 1.502s {{(pid=86913) execute /opt/stack/data/venv/lib/python3.12/site-packages/oslo_concurrency/processutils.py:468}}
Jul 08 10:42:55 devstack cinder-volume[86913]: DEBUG cinder.coordination [None req-7ab48152-f72d-4b62-af3f-b5780753ffe3 tempest-SnapshotsActionsTest-298402846 None] Lock "cinder-quobyte-6bacabe1-f42e-4296-8e3e-87794aec591a" released by "delete_volume" :: held 3.184s {{(pid=86913) __release /opt/stack/cinder/cinder/coordination.py:152}}
Jul 08 10:42:55 devstack cinder-volume[86913]: DEBUG cinder.quota [None req-7ab48152-f72d-4b62-af3f-b5780753ffe3 tempest-SnapshotsActionsTest-298402846 None] Created reservations ['a1da5897-415e-4faa-8933-028cbee10105', '91694ed8-424e-4f8f-b32a-855b1e3d4bed', '89b4ace6-8064-4f46-8409-3b00844976a8', '135d0ef7-22a6-4da3-9166-f5591059926d'] {{(pid=86913) reserve /opt/stack/cinder/cinder/quota.py:752}}
Jul 08 10:42:55 devstack sudo[90797]: pam_unix(sudo:session): session closed for user root
Jul 08 10:42:55 devstack cinder-volume[86913]: DEBUG oslo_concurrency.processutils [None req-ab1e848a-1c8a-43c0-a204-bca9904261af None None] CMD "sudo cinder-rootwrap /etc/cinder/rootwrap.conf df --portability --block-size 1 /opt/stack/data/cinder/mnt/c52e72566363217873ec97f9233bed5d" returned: 0 in 1.638s {{(pid=86913) execute /opt/stack/data/venv/lib/python3.12/site-packages/oslo_concurrency/processutils.py:468}}
Jul 08 10:42:55 devstack cinder-volume[86913]: DEBUG cinder.manager [None req-ab1e848a-1c8a-43c0-a204-bca9904261af None None] Notifying Schedulers of capabilities ... {{(pid=86913) _publish_service_capabilities /opt/stack/cinder/cinder/manager.py:219}}
Jul 08 10:42:55 devstack cinder-volume[86913]: DEBUG oslo_service.periodic_task [None req-ab1e848a-1c8a-43c0-a204-bca9904261af None None] Running periodic task VolumeManager._thread_info {{(pid=86913) run_periodic_tasks /opt/stack/data/venv/lib/python3.12/site-packages/oslo_service/periodic_task.py:225}}
Jul 08 10:42:55 devstack cinder-volume[86913]: DEBUG cinder.volume.manager [None req-ab1e848a-1c8a-43c0-a204-bca9904261af None None] thread count: 8 {{(pid=86913) _thread_info /opt/stack/cinder/cinder/volume/manager.py:5472}}
Jul 08 10:42:55 devstack cinder-volume[86913]: DEBUG cinder.volume.manager [None req-ab1e848a-1c8a-43c0-a204-bca9904261af None None] thread info: [<_MainThread(MainThread, started 125785611886720)>, , , , , , , ] {{(pid=86913) _thread_info /opt/stack/cinder/cinder/volume/manager.py:5473}}
Jul 08 10:42:55 devstack cinder-volume[86913]: DEBUG oslo_concurrency.lockutils [None req-7ab48152-f72d-4b62-af3f-b5780753ffe3 tempest-SnapshotsActionsTest-298402846 None] Acquiring lock "quobyte_ensure" by "cinder.volume.drivers.quobyte.QuobyteDriver._ensure_shares_mounted" {{(pid=86913) inner /opt/stack/data/venv/lib/python3.12/site-packages/oslo_concurrency/lockutils.py:511}}
Jul 08 10:42:55 devstack cinder-volume[86913]: DEBUG oslo_concurrency.lockutils [None req-7ab48152-f72d-4b62-af3f-b5780753ffe3 tempest-SnapshotsActionsTest-298402846 None] Lock "quobyte_ensure" acquired by "cinder.volume.drivers.quobyte.QuobyteDriver._ensure_shares_mounted" :: waited 0.001s {{(pid=86913) inner /opt/stack/data/venv/lib/python3.12/site-packages/oslo_concurrency/lockutils.py:524}}
Jul 08 10:42:55 devstack cinder-volume[86913]: DEBUG cinder.volume.drivers.quobyte [None req-7ab48152-f72d-4b62-af3f-b5780753ffe3 tempest-SnapshotsActionsTest-298402846 None] Quobyte Volume URL set to: {'osci02.corp.quobyte.com/cinder-vol-7247d7d9-2cf7-46a1-9960-69b1d9d7bc98': None} {{(pid=86913) _load_shares_config /opt/stack/cinder/cinder/volume/drivers/quobyte.py:617}}
Jul 08 10:42:55 devstack cinder-volume[86913]: DEBUG cinder.volume.drivers.quobyte [None req-7ab48152-f72d-4b62-af3f-b5780753ffe3 tempest-SnapshotsActionsTest-298402846 None] Available shares ['osci02.corp.quobyte.com/cinder-vol-7247d7d9-2cf7-46a1-9960-69b1d9d7bc98'] {{(pid=86913) _ensure_shares_mounted /opt/stack/cinder/cinder/volume/drivers/quobyte.py:647}}
Jul 08 10:42:55 devstack cinder-volume[86913]: DEBUG oslo_concurrency.lockutils [None req-7ab48152-f72d-4b62-af3f-b5780753ffe3 tempest-SnapshotsActionsTest-298402846 None] Lock "quobyte_ensure" "released" by "cinder.volume.drivers.quobyte.QuobyteDriver._ensure_shares_mounted" :: held 0.011s {{(pid=86913) inner /opt/stack/data/venv/lib/python3.12/site-packages/oslo_concurrency/lockutils.py:543}}
Jul 08 10:42:55 devstack cinder-volume[86913]: DEBUG oslo_concurrency.processutils [None req-7ab48152-f72d-4b62-af3f-b5780753ffe3 tempest-SnapshotsActionsTest-298402846 None] Running cmd (subprocess): sudo cinder-rootwrap /etc/cinder/rootwrap.conf df --portability --block-size 1 /opt/stack/data/cinder/mnt/c52e72566363217873ec97f9233bed5d {{(pid=86913) execute /opt/stack/data/venv/lib/python3.12/site-packages/oslo_concurrency/processutils.py:440}}
Jul 08 10:42:55 devstack sudo[90792]: pam_unix(sudo:session): session closed for user root
Jul 08 10:42:55 devstack cinder-volume[86913]: DEBUG oslo_concurrency.processutils [None req-f39eacfc-c425-4763-a4ed-798223742273 tempest-GroupSnapshotsTest-1715497858 None] CMD "sudo cinder-rootwrap /etc/cinder/rootwrap.conf qemu-img create -f qcow2 -o preallocation=metadata /opt/stack/data/cinder/mnt/c52e72566363217873ec97f9233bed5d/volume-4dcd3ef2-0c1f-4608-93de-e877ee9687b6 1073741824" returned: 0 in 2.048s {{(pid=86913) execute /opt/stack/data/venv/lib/python3.12/site-packages/oslo_concurrency/processutils.py:468}}
Jul 08 10:42:55 devstack sudo[90806]: quobyte : PWD=/ ; USER=root ; COMMAND=/opt/stack/data/venv/bin/cinder-rootwrap /etc/cinder/rootwrap.conf df --portability --block-size 1 /opt/stack/data/cinder/mnt/c52e72566363217873ec97f9233bed5d
Jul 08 10:42:55 devstack sudo[90806]: pam_unix(sudo:session): session opened for user root(uid=0) by (uid=1000)
Jul 08 10:42:55 devstack cinder-volume[86913]: DEBUG oslo_concurrency.processutils [None req-f39eacfc-c425-4763-a4ed-798223742273 tempest-GroupSnapshotsTest-1715497858 None] Running cmd (subprocess): sudo cinder-rootwrap /etc/cinder/rootwrap.conf chmod ugo+rw /opt/stack/data/cinder/mnt/c52e72566363217873ec97f9233bed5d/volume-4dcd3ef2-0c1f-4608-93de-e877ee9687b6 {{(pid=86913) execute /opt/stack/data/venv/lib/python3.12/site-packages/oslo_concurrency/processutils.py:440}}
Jul 08 10:42:55 devstack sudo[90808]: quobyte : PWD=/ ; USER=root ; COMMAND=/opt/stack/data/venv/bin/cinder-rootwrap /etc/cinder/rootwrap.conf chmod ugo+rw /opt/stack/data/cinder/mnt/c52e72566363217873ec97f9233bed5d/volume-4dcd3ef2-0c1f-4608-93de-e877ee9687b6
Jul 08 10:42:55 devstack sudo[90808]: pam_unix(sudo:session): session opened for user root(uid=0) by (uid=1000)
Jul 08 10:42:56 devstack sudo[90806]: pam_unix(sudo:session): session closed for user root
Jul 08 10:42:56 devstack cinder-volume[86913]: DEBUG oslo_concurrency.processutils [None req-7ab48152-f72d-4b62-af3f-b5780753ffe3 tempest-SnapshotsActionsTest-298402846 None] CMD "sudo cinder-rootwrap /etc/cinder/rootwrap.conf df --portability --block-size 1 /opt/stack/data/cinder/mnt/c52e72566363217873ec97f9233bed5d" returned: 0 in 1.074s {{(pid=86913) execute /opt/stack/data/venv/lib/python3.12/site-packages/oslo_concurrency/processutils.py:468}}
Jul 08 10:42:56 devstack cinder-volume[86913]: DEBUG cinder.manager [None req-7ab48152-f72d-4b62-af3f-b5780753ffe3 tempest-SnapshotsActionsTest-298402846 None] Notifying Schedulers of capabilities ... {{(pid=86913) _publish_service_capabilities /opt/stack/cinder/cinder/manager.py:219}}
Jul 08 10:42:56 devstack cinder-volume[86913]: INFO cinder.volume.manager [None req-7ab48152-f72d-4b62-af3f-b5780753ffe3 tempest-SnapshotsActionsTest-298402846 None] Deleted volume successfully.
Jul 08 10:42:56 devstack cinder-volume[86913]: DEBUG cinder.coordination [None req-7ab48152-f72d-4b62-af3f-b5780753ffe3 tempest-SnapshotsActionsTest-298402846 None] Lock "cinder-6bacabe1-f42e-4296-8e3e-87794aec591a-delete_volume" released by "delete_volume" :: held 4.697s {{(pid=86913) __release /opt/stack/cinder/cinder/coordination.py:152}}
Jul 08 10:42:56 devstack sudo[90808]: pam_unix(sudo:session): session closed for user root
Jul 08 10:42:56 devstack cinder-volume[86913]: DEBUG oslo_concurrency.processutils [None req-f39eacfc-c425-4763-a4ed-798223742273 tempest-GroupSnapshotsTest-1715497858 None] CMD "sudo cinder-rootwrap /etc/cinder/rootwrap.conf chmod ugo+rw /opt/stack/data/cinder/mnt/c52e72566363217873ec97f9233bed5d/volume-4dcd3ef2-0c1f-4608-93de-e877ee9687b6" returned: 0 in 1.163s {{(pid=86913) execute /opt/stack/data/venv/lib/python3.12/site-packages/oslo_concurrency/processutils.py:468}}
Jul 08 10:42:56 devstack cinder-volume[86913]: DEBUG cinder.volume.drivers.quobyte [None req-f39eacfc-c425-4763-a4ed-798223742273 tempest-GroupSnapshotsTest-1715497858 None] <== create_volume: return (3274ms) {'provider_location': 'osci02.corp.quobyte.com/cinder-vol-7247d7d9-2cf7-46a1-9960-69b1d9d7bc98'} {{(pid=86913) trace_logging_wrapper /opt/stack/cinder/cinder/volume/volume_utils.py:1522}}
Jul 08 10:42:56 devstack cinder-volume[86913]: DEBUG oslo_concurrency.lockutils [None req-f39eacfc-c425-4763-a4ed-798223742273 tempest-GroupSnapshotsTest-1715497858 None] Lock "quobyte" "released" by "cinder.volume.drivers.quobyte.QuobyteDriver.create_volume" :: held 3.278s {{(pid=86913) inner /opt/stack/data/venv/lib/python3.12/site-packages/oslo_concurrency/lockutils.py:543}}
Jul 08 10:42:56 devstack cinder-volume[86913]: DEBUG cinder.volume.manager [None req-f39eacfc-c425-4763-a4ed-798223742273 tempest-GroupSnapshotsTest-1715497858 None] Task 'cinder.volume.flows.manager.create_volume.CreateVolumeFromSpecTask;volume:create' (d7a7f068-4cc1-48e8-96ef-c8aab4a15801) transitioned into state 'SUCCESS' from state 'RUNNING' with result '{'status': 'creating', 'volume_name': 'volume-4dcd3ef2-0c1f-4608-93de-e877ee9687b6', 'volume_size': 1}' {{(pid=86913) _task_receiver /opt/stack/data/venv/lib/python3.12/site-packages/taskflow/listeners/logging.py:218}}
Jul 08 10:42:56 devstack cinder-volume[86913]: DEBUG cinder.volume.manager [None req-f39eacfc-c425-4763-a4ed-798223742273 tempest-GroupSnapshotsTest-1715497858 None] Task 'cinder.volume.flows.manager.create_volume.CreateVolumeOnFinishTask;volume:create, create.end' (1a22f8de-c007-4e7d-ae98-8bf8059d7f55) transitioned into state 'RUNNING' from state 'PENDING' {{(pid=86913) _task_receiver /opt/stack/data/venv/lib/python3.12/site-packages/taskflow/listeners/logging.py:242}}
Jul 08 10:42:56 devstack cinder-volume[86913]: INFO cinder.volume.flows.manager.create_volume [None req-f39eacfc-c425-4763-a4ed-798223742273 tempest-GroupSnapshotsTest-1715497858 None] Volume volume-4dcd3ef2-0c1f-4608-93de-e877ee9687b6 (4dcd3ef2-0c1f-4608-93de-e877ee9687b6): created successfully
Jul 08 10:42:56 devstack cinder-volume[86913]: DEBUG cinder.volume.manager [None req-f39eacfc-c425-4763-a4ed-798223742273 tempest-GroupSnapshotsTest-1715497858 None] Task 'cinder.volume.flows.manager.create_volume.CreateVolumeOnFinishTask;volume:create, create.end' (1a22f8de-c007-4e7d-ae98-8bf8059d7f55) transitioned into state 'SUCCESS' from state 'RUNNING' with result 'None' {{(pid=86913) _task_receiver /opt/stack/data/venv/lib/python3.12/site-packages/taskflow/listeners/logging.py:218}}
Jul 08 10:42:56 devstack cinder-volume[86913]: DEBUG cinder.volume.manager [None req-f39eacfc-c425-4763-a4ed-798223742273 tempest-GroupSnapshotsTest-1715497858 None] Flow 'volume_create_manager' (3719a29a-e4af-4f15-b913-f2719efa1f38) transitioned into state 'SUCCESS' from state 'RUNNING' {{(pid=86913) _flow_receiver /opt/stack/data/venv/lib/python3.12/site-packages/taskflow/listeners/logging.py:160}}
Jul 08 10:42:56 devstack cinder-volume[86913]: INFO cinder.volume.manager [None req-f39eacfc-c425-4763-a4ed-798223742273 tempest-GroupSnapshotsTest-1715497858 None] Created volume successfully.
Jul 08 10:42:57 devstack cinder-volume[86913]: INFO cinder.volume.manager [None req-94fc2744-ea7f-4b08-b220-e3e435339c4a tempest-GroupSnapshotsTest-1715497858 None] Update group completed successfully.
Jul 08 10:42:59 devstack cinder-volume[86913]: INFO cinder.volume.manager [None req-779d7699-7625-4b27-b9c7-96f634fab9cb tempest-GroupSnapshotsTest-1715497858 None] Update group completed successfully.
Jul 08 10:43:00 devstack cinder-volume[86913]: INFO cinder.volume.manager [None req-e63d6974-403d-4d41-acdf-c2b2ba8787ff tempest-GroupSnapshotsTest-1715497858 None] Update group completed successfully.
Jul 08 10:43:01 devstack cinder-volume[86913]: INFO cinder.volume.manager [None req-4f35c550-822f-40d3-9e96-52a99ee6fc62 tempest-GroupSnapshotsTest-1715497858 None] Update group completed successfully.
Jul 08 10:43:03 devstack cinder-volume[86913]: INFO cinder.volume.manager [None req-97750d46-37a3-4bc0-843e-037793115353 tempest-GroupSnapshotsTest-1715497858 None] GroupSnapshot 29b4a89a-3b2a-47e4-b5bf-82b8dae0b560: creating.
Jul 08 10:43:03 devstack cinder-volume[86913]: DEBUG cinder.volume.manager [None req-97750d46-37a3-4bc0-843e-037793115353 tempest-GroupSnapshotsTest-1715497858 None] Group snapshot 29b4a89a-3b2a-47e4-b5bf-82b8dae0b560: creating. {{(pid=86913) create_group_snapshot /opt/stack/cinder/cinder/volume/manager.py:4175}}
Jul 08 10:43:03 devstack cinder-volume[86913]: DEBUG oslo_concurrency.lockutils [None req-97750d46-37a3-4bc0-843e-037793115353 tempest-GroupSnapshotsTest-1715497858 None] Acquiring lock "quobyte" by "cinder.volume.drivers.quobyte.QuobyteDriver.create_snapshot" {{(pid=86913) inner /opt/stack/data/venv/lib/python3.12/site-packages/oslo_concurrency/lockutils.py:511}}
Jul 08 10:43:03 devstack cinder-volume[86913]: DEBUG oslo_concurrency.lockutils [None req-97750d46-37a3-4bc0-843e-037793115353 tempest-GroupSnapshotsTest-1715497858 None] Lock "quobyte" acquired by "cinder.volume.drivers.quobyte.QuobyteDriver.create_snapshot" :: waited 0.001s {{(pid=86913) inner /opt/stack/data/venv/lib/python3.12/site-packages/oslo_concurrency/lockutils.py:524}}
Jul 08 10:43:03 devstack cinder-volume[86913]: DEBUG cinder.volume.drivers.remotefs [None req-97750d46-37a3-4bc0-843e-037793115353 tempest-GroupSnapshotsTest-1715497858 None] Creating offline snapshot 336bc035-dab0-4484-b931-04ea1c7c3f3b of volume 2c312bae-b324-4ab4-8708-68ff9b1c6df6 {{(pid=86913) _create_snapshot /opt/stack/cinder/cinder/volume/drivers/remotefs.py:1816}}
Jul 08 10:43:03 devstack cinder-volume[86913]: DEBUG oslo.privsep.daemon [-] privsep: reply[6f73eee3-8470-4ec1-859d-c06cb03a4ea8]: (4, 'qcow2') {{(pid=88000) _call_back /opt/stack/data/venv/lib/python3.12/site-packages/oslo_privsep/daemon.py:580}}
Jul 08 10:43:03 devstack cinder-volume[86913]: DEBUG oslo_concurrency.processutils [None req-97750d46-37a3-4bc0-843e-037793115353 tempest-GroupSnapshotsTest-1715497858 None] Running cmd (subprocess): /opt/stack/data/venv/bin/python3.12 -m oslo_concurrency.prlimit --as=1073741824 --cpu=60 -- sudo cinder-rootwrap /etc/cinder/rootwrap.conf env LC_ALL=C qemu-img info -f qcow2 --output=json --force-share /opt/stack/data/cinder/mnt/c52e72566363217873ec97f9233bed5d/volume-2c312bae-b324-4ab4-8708-68ff9b1c6df6 {{(pid=86913) execute /opt/stack/data/venv/lib/python3.12/site-packages/oslo_concurrency/processutils.py:440}}
Jul 08 10:43:03 devstack sudo[90818]: quobyte : PWD=/ ; USER=root ; COMMAND=/opt/stack/data/venv/bin/cinder-rootwrap /etc/cinder/rootwrap.conf env LC_ALL=C qemu-img info -f qcow2 --output=json --force-share /opt/stack/data/cinder/mnt/c52e72566363217873ec97f9233bed5d/volume-2c312bae-b324-4ab4-8708-68ff9b1c6df6
Jul 08 10:43:03 devstack sudo[90818]: pam_unix(sudo:session): session opened for user root(uid=0) by (uid=1000)
Jul 08 10:43:04 devstack sudo[90818]: pam_unix(sudo:session): session closed for user root
Jul 08 10:43:04 devstack cinder-volume[86913]: DEBUG oslo_concurrency.processutils [None req-97750d46-37a3-4bc0-843e-037793115353 tempest-GroupSnapshotsTest-1715497858 None] CMD "/opt/stack/data/venv/bin/python3.12 -m oslo_concurrency.prlimit --as=1073741824 --cpu=60 -- sudo cinder-rootwrap /etc/cinder/rootwrap.conf env LC_ALL=C qemu-img info -f qcow2 --output=json --force-share /opt/stack/data/cinder/mnt/c52e72566363217873ec97f9233bed5d/volume-2c312bae-b324-4ab4-8708-68ff9b1c6df6" returned: 0 in 1.030s {{(pid=86913) execute /opt/stack/data/venv/lib/python3.12/site-packages/oslo_concurrency/processutils.py:468}}
Jul 08 10:43:04 devstack cinder-volume[86913]: DEBUG oslo_concurrency.processutils [None req-97750d46-37a3-4bc0-843e-037793115353 tempest-GroupSnapshotsTest-1715497858 None] Running cmd (subprocess): sudo cinder-rootwrap /etc/cinder/rootwrap.conf qemu-img create -f qcow2 -o backing_file=/opt/stack/data/cinder/mnt/c52e72566363217873ec97f9233bed5d/volume-2c312bae-b324-4ab4-8708-68ff9b1c6df6,backing_fmt=qcow2 /opt/stack/data/cinder/mnt/c52e72566363217873ec97f9233bed5d/volume-2c312bae-b324-4ab4-8708-68ff9b1c6df6.336bc035-dab0-4484-b931-04ea1c7c3f3b 1G {{(pid=86913) execute /opt/stack/data/venv/lib/python3.12/site-packages/oslo_concurrency/processutils.py:440}}
Jul 08 10:43:04 devstack sudo[90824]: quobyte : PWD=/ ; USER=root ; COMMAND=/opt/stack/data/venv/bin/cinder-rootwrap /etc/cinder/rootwrap.conf qemu-img create -f qcow2 -o backing_file=/opt/stack/data/cinder/mnt/c52e72566363217873ec97f9233bed5d/volume-2c312bae-b324-4ab4-8708-68ff9b1c6df6,backing_fmt=qcow2 /opt/stack/data/cinder/mnt/c52e72566363217873ec97f9233bed5d/volume-2c312bae-b324-4ab4-8708-68ff9b1c6df6.336bc035-dab0-4484-b931-04ea1c7c3f3b 1G
Jul 08 10:43:04 devstack sudo[90824]: pam_unix(sudo:session): session opened for user root(uid=0) by (uid=1000)
Jul 08 10:43:05 devstack sudo[90824]: pam_unix(sudo:session): session closed for user root
Jul 08 10:43:05 devstack cinder-volume[86913]: DEBUG oslo_concurrency.processutils [None req-97750d46-37a3-4bc0-843e-037793115353 tempest-GroupSnapshotsTest-1715497858 None] CMD "sudo cinder-rootwrap /etc/cinder/rootwrap.conf qemu-img create -f qcow2 -o backing_file=/opt/stack/data/cinder/mnt/c52e72566363217873ec97f9233bed5d/volume-2c312bae-b324-4ab4-8708-68ff9b1c6df6,backing_fmt=qcow2 /opt/stack/data/cinder/mnt/c52e72566363217873ec97f9233bed5d/volume-2c312bae-b324-4ab4-8708-68ff9b1c6df6.336bc035-dab0-4484-b931-04ea1c7c3f3b 1G" returned: 0 in 0.978s {{(pid=86913) execute /opt/stack/data/venv/lib/python3.12/site-packages/oslo_concurrency/processutils.py:468}}
Jul 08 10:43:05 devstack cinder-volume[86913]: DEBUG oslo_concurrency.processutils [None req-97750d46-37a3-4bc0-843e-037793115353 tempest-GroupSnapshotsTest-1715497858 None] Running cmd (subprocess): sudo cinder-rootwrap /etc/cinder/rootwrap.conf qemu-img rebase -u -b volume-2c312bae-b324-4ab4-8708-68ff9b1c6df6 -F qcow2 /opt/stack/data/cinder/mnt/c52e72566363217873ec97f9233bed5d/volume-2c312bae-b324-4ab4-8708-68ff9b1c6df6.336bc035-dab0-4484-b931-04ea1c7c3f3b {{(pid=86913) execute /opt/stack/data/venv/lib/python3.12/site-packages/oslo_concurrency/processutils.py:440}}
Jul 08 10:43:05 devstack sudo[90852]: quobyte : PWD=/ ; USER=root ; COMMAND=/opt/stack/data/venv/bin/cinder-rootwrap /etc/cinder/rootwrap.conf qemu-img rebase -u -b volume-2c312bae-b324-4ab4-8708-68ff9b1c6df6 -F qcow2 /opt/stack/data/cinder/mnt/c52e72566363217873ec97f9233bed5d/volume-2c312bae-b324-4ab4-8708-68ff9b1c6df6.336bc035-dab0-4484-b931-04ea1c7c3f3b
Jul 08 10:43:05 devstack sudo[90852]: pam_unix(sudo:session): session opened for user root(uid=0) by (uid=1000)
Jul 08 10:43:06 devstack sudo[90852]: pam_unix(sudo:session): session closed for user root
Jul 08 10:43:06 devstack cinder-volume[86913]: DEBUG oslo_concurrency.processutils [None req-97750d46-37a3-4bc0-843e-037793115353 tempest-GroupSnapshotsTest-1715497858 None] CMD "sudo cinder-rootwrap /etc/cinder/rootwrap.conf qemu-img rebase -u -b volume-2c312bae-b324-4ab4-8708-68ff9b1c6df6 -F qcow2 /opt/stack/data/cinder/mnt/c52e72566363217873ec97f9233bed5d/volume-2c312bae-b324-4ab4-8708-68ff9b1c6df6.336bc035-dab0-4484-b931-04ea1c7c3f3b" returned: 0 in 0.853s {{(pid=86913) execute /opt/stack/data/venv/lib/python3.12/site-packages/oslo_concurrency/processutils.py:468}}
Jul 08 10:43:06 devstack cinder-volume[86913]: WARNING cinder.volume.drivers.remotefs [None req-97750d46-37a3-4bc0-843e-037793115353 tempest-GroupSnapshotsTest-1715497858 None] /opt/stack/data/cinder/mnt/c52e72566363217873ec97f9233bed5d/volume-2c312bae-b324-4ab4-8708-68ff9b1c6df6.336bc035-dab0-4484-b931-04ea1c7c3f3b is being set with open permissions: ugo+rw: NotImplementedError
Jul 08 10:43:06 devstack cinder-volume[86913]: DEBUG oslo_concurrency.processutils [None req-97750d46-37a3-4bc0-843e-037793115353 tempest-GroupSnapshotsTest-1715497858 None] Running cmd (subprocess): sudo cinder-rootwrap /etc/cinder/rootwrap.conf chmod ugo+rw /opt/stack/data/cinder/mnt/c52e72566363217873ec97f9233bed5d/volume-2c312bae-b324-4ab4-8708-68ff9b1c6df6.336bc035-dab0-4484-b931-04ea1c7c3f3b {{(pid=86913) execute /opt/stack/data/venv/lib/python3.12/site-packages/oslo_concurrency/processutils.py:440}}
Jul 08 10:43:06 devstack sudo[90858]: quobyte : PWD=/ ; USER=root ; COMMAND=/opt/stack/data/venv/bin/cinder-rootwrap /etc/cinder/rootwrap.conf chmod ugo+rw /opt/stack/data/cinder/mnt/c52e72566363217873ec97f9233bed5d/volume-2c312bae-b324-4ab4-8708-68ff9b1c6df6.336bc035-dab0-4484-b931-04ea1c7c3f3b
Jul 08 10:43:06 devstack sudo[90858]: pam_unix(sudo:session): session opened for user root(uid=0) by (uid=1000)
Jul 08 10:43:07 devstack sudo[90858]: pam_unix(sudo:session): session closed for user root
Jul 08 10:43:07 devstack cinder-volume[86913]: DEBUG oslo_concurrency.processutils [None req-97750d46-37a3-4bc0-843e-037793115353 tempest-GroupSnapshotsTest-1715497858 None] CMD "sudo cinder-rootwrap /etc/cinder/rootwrap.conf chmod ugo+rw /opt/stack/data/cinder/mnt/c52e72566363217873ec97f9233bed5d/volume-2c312bae-b324-4ab4-8708-68ff9b1c6df6.336bc035-dab0-4484-b931-04ea1c7c3f3b" returned: 0 in 0.692s {{(pid=86913) execute /opt/stack/data/venv/lib/python3.12/site-packages/oslo_concurrency/processutils.py:468}}
Jul 08 10:43:07 devstack cinder-volume[86913]: DEBUG oslo_concurrency.processutils [None req-97750d46-37a3-4bc0-843e-037793115353 tempest-GroupSnapshotsTest-1715497858 None] Running cmd (subprocess): sudo cinder-rootwrap /etc/cinder/rootwrap.conf truncate -s0 /opt/stack/data/cinder/mnt/c52e72566363217873ec97f9233bed5d/volume-2c312bae-b324-4ab4-8708-68ff9b1c6df6.info {{(pid=86913) execute /opt/stack/data/venv/lib/python3.12/site-packages/oslo_concurrency/processutils.py:440}}
Jul 08 10:43:07 devstack sudo[90861]: quobyte : PWD=/ ; USER=root ; COMMAND=/opt/stack/data/venv/bin/cinder-rootwrap /etc/cinder/rootwrap.conf truncate -s0 /opt/stack/data/cinder/mnt/c52e72566363217873ec97f9233bed5d/volume-2c312bae-b324-4ab4-8708-68ff9b1c6df6.info
Jul 08 10:43:07 devstack sudo[90861]: pam_unix(sudo:session): session opened for user root(uid=0) by (uid=1000)
Jul 08 10:43:08 devstack sudo[90861]: pam_unix(sudo:session): session closed for user root
Jul 08 10:43:08 devstack cinder-volume[86913]: DEBUG oslo_concurrency.processutils [None req-97750d46-37a3-4bc0-843e-037793115353 tempest-GroupSnapshotsTest-1715497858 None] CMD "sudo cinder-rootwrap /etc/cinder/rootwrap.conf truncate -s0 /opt/stack/data/cinder/mnt/c52e72566363217873ec97f9233bed5d/volume-2c312bae-b324-4ab4-8708-68ff9b1c6df6.info" returned: 0 in 0.775s {{(pid=86913) execute /opt/stack/data/venv/lib/python3.12/site-packages/oslo_concurrency/processutils.py:468}}
Jul 08 10:43:08 devstack cinder-volume[86913]: WARNING cinder.volume.drivers.remotefs [None req-97750d46-37a3-4bc0-843e-037793115353 tempest-GroupSnapshotsTest-1715497858 None] /opt/stack/data/cinder/mnt/c52e72566363217873ec97f9233bed5d/volume-2c312bae-b324-4ab4-8708-68ff9b1c6df6.info is being set with open permissions: ugo+rw: NotImplementedError
Jul 08 10:43:08 devstack cinder-volume[86913]: DEBUG oslo_concurrency.processutils [None req-97750d46-37a3-4bc0-843e-037793115353 tempest-GroupSnapshotsTest-1715497858 None] Running cmd (subprocess): sudo cinder-rootwrap /etc/cinder/rootwrap.conf chmod ugo+rw /opt/stack/data/cinder/mnt/c52e72566363217873ec97f9233bed5d/volume-2c312bae-b324-4ab4-8708-68ff9b1c6df6.info {{(pid=86913) execute /opt/stack/data/venv/lib/python3.12/site-packages/oslo_concurrency/processutils.py:440}}
Jul 08 10:43:08 devstack sudo[90871]: quobyte : PWD=/ ; USER=root ; COMMAND=/opt/stack/data/venv/bin/cinder-rootwrap /etc/cinder/rootwrap.conf chmod ugo+rw /opt/stack/data/cinder/mnt/c52e72566363217873ec97f9233bed5d/volume-2c312bae-b324-4ab4-8708-68ff9b1c6df6.info
Jul 08 10:43:08 devstack sudo[90871]: pam_unix(sudo:session): session opened for user root(uid=0) by (uid=1000)
Jul 08 10:43:08 devstack sudo[90871]: pam_unix(sudo:session): session closed for user root
Jul 08 10:43:08 devstack cinder-volume[86913]: DEBUG oslo_concurrency.processutils [None req-97750d46-37a3-4bc0-843e-037793115353 tempest-GroupSnapshotsTest-1715497858 None] CMD "sudo cinder-rootwrap /etc/cinder/rootwrap.conf chmod ugo+rw /opt/stack/data/cinder/mnt/c52e72566363217873ec97f9233bed5d/volume-2c312bae-b324-4ab4-8708-68ff9b1c6df6.info" returned: 0 in 0.799s {{(pid=86913) execute /opt/stack/data/venv/lib/python3.12/site-packages/oslo_concurrency/processutils.py:468}}
Jul 08 10:43:08 devstack cinder-volume[86913]: DEBUG oslo_concurrency.lockutils [None req-97750d46-37a3-4bc0-843e-037793115353 tempest-GroupSnapshotsTest-1715497858 None] Lock "quobyte" "released" by "cinder.volume.drivers.quobyte.QuobyteDriver.create_snapshot" :: held 5.239s {{(pid=86913) inner /opt/stack/data/venv/lib/python3.12/site-packages/oslo_concurrency/lockutils.py:543}}
Jul 08 10:43:08 devstack cinder-volume[86913]: DEBUG oslo_concurrency.lockutils [None req-97750d46-37a3-4bc0-843e-037793115353 tempest-GroupSnapshotsTest-1715497858 None] Acquiring lock "quobyte" by "cinder.volume.drivers.quobyte.QuobyteDriver.create_snapshot" {{(pid=86913) inner /opt/stack/data/venv/lib/python3.12/site-packages/oslo_concurrency/lockutils.py:511}}
Jul 08 10:43:08 devstack cinder-volume[86913]: DEBUG oslo_concurrency.lockutils [None req-97750d46-37a3-4bc0-843e-037793115353 tempest-GroupSnapshotsTest-1715497858 None] Lock "quobyte" acquired by "cinder.volume.drivers.quobyte.QuobyteDriver.create_snapshot" :: waited 0.001s {{(pid=86913) inner /opt/stack/data/venv/lib/python3.12/site-packages/oslo_concurrency/lockutils.py:524}}
Jul 08 10:43:09 devstack cinder-volume[86913]: DEBUG cinder.volume.drivers.remotefs [None req-97750d46-37a3-4bc0-843e-037793115353 tempest-GroupSnapshotsTest-1715497858 None] Creating offline snapshot 7a179a8d-f239-4dd8-ba44-81f8acb5c8ae of volume 4dcd3ef2-0c1f-4608-93de-e877ee9687b6 {{(pid=86913) _create_snapshot /opt/stack/cinder/cinder/volume/drivers/remotefs.py:1816}}
Jul 08 10:43:09 devstack cinder-volume[86913]: DEBUG oslo.privsep.daemon [-] privsep: reply[b52f1eac-2f8c-4c30-930c-a2e73af821d0]: (4, 'qcow2') {{(pid=88000) _call_back /opt/stack/data/venv/lib/python3.12/site-packages/oslo_privsep/daemon.py:580}}
Jul 08 10:43:09 devstack cinder-volume[86913]: DEBUG oslo_concurrency.processutils [None req-97750d46-37a3-4bc0-843e-037793115353 tempest-GroupSnapshotsTest-1715497858 None] Running cmd (subprocess): /opt/stack/data/venv/bin/python3.12 -m oslo_concurrency.prlimit --as=1073741824 --cpu=60 -- sudo cinder-rootwrap /etc/cinder/rootwrap.conf env LC_ALL=C qemu-img info -f qcow2 --output=json --force-share /opt/stack/data/cinder/mnt/c52e72566363217873ec97f9233bed5d/volume-4dcd3ef2-0c1f-4608-93de-e877ee9687b6 {{(pid=86913) execute /opt/stack/data/venv/lib/python3.12/site-packages/oslo_concurrency/processutils.py:440}}
Jul 08 10:43:09 devstack sudo[90874]: quobyte : PWD=/ ; USER=root ; COMMAND=/opt/stack/data/venv/bin/cinder-rootwrap /etc/cinder/rootwrap.conf env LC_ALL=C qemu-img info -f qcow2 --output=json --force-share /opt/stack/data/cinder/mnt/c52e72566363217873ec97f9233bed5d/volume-4dcd3ef2-0c1f-4608-93de-e877ee9687b6
Jul 08 10:43:09 devstack sudo[90874]: pam_unix(sudo:session): session opened for user root(uid=0) by (uid=1000)
Jul 08 10:43:10 devstack sudo[90874]: pam_unix(sudo:session): session closed for user root
Jul 08 10:43:10 devstack cinder-volume[86913]: DEBUG oslo_concurrency.processutils [None req-97750d46-37a3-4bc0-843e-037793115353 tempest-GroupSnapshotsTest-1715497858 None] CMD "/opt/stack/data/venv/bin/python3.12 -m oslo_concurrency.prlimit --as=1073741824 --cpu=60 -- sudo cinder-rootwrap /etc/cinder/rootwrap.conf env LC_ALL=C qemu-img info -f qcow2 --output=json --force-share /opt/stack/data/cinder/mnt/c52e72566363217873ec97f9233bed5d/volume-4dcd3ef2-0c1f-4608-93de-e877ee9687b6" returned: 0 in 0.956s {{(pid=86913) execute /opt/stack/data/venv/lib/python3.12/site-packages/oslo_concurrency/processutils.py:468}}
Jul 08 10:43:10 devstack cinder-volume[86913]: DEBUG oslo_concurrency.processutils [None req-97750d46-37a3-4bc0-843e-037793115353 tempest-GroupSnapshotsTest-1715497858 None] Running cmd (subprocess): sudo cinder-rootwrap /etc/cinder/rootwrap.conf qemu-img create -f qcow2 -o backing_file=/opt/stack/data/cinder/mnt/c52e72566363217873ec97f9233bed5d/volume-4dcd3ef2-0c1f-4608-93de-e877ee9687b6,backing_fmt=qcow2 /opt/stack/data/cinder/mnt/c52e72566363217873ec97f9233bed5d/volume-4dcd3ef2-0c1f-4608-93de-e877ee9687b6.7a179a8d-f239-4dd8-ba44-81f8acb5c8ae 1G {{(pid=86913) execute /opt/stack/data/venv/lib/python3.12/site-packages/oslo_concurrency/processutils.py:440}}
Jul 08 10:43:10 devstack sudo[90880]: quobyte : PWD=/ ; USER=root ; COMMAND=/opt/stack/data/venv/bin/cinder-rootwrap /etc/cinder/rootwrap.conf qemu-img create -f qcow2 -o backing_file=/opt/stack/data/cinder/mnt/c52e72566363217873ec97f9233bed5d/volume-4dcd3ef2-0c1f-4608-93de-e877ee9687b6,backing_fmt=qcow2 /opt/stack/data/cinder/mnt/c52e72566363217873ec97f9233bed5d/volume-4dcd3ef2-0c1f-4608-93de-e877ee9687b6.7a179a8d-f239-4dd8-ba44-81f8acb5c8ae 1G
Jul 08 10:43:10 devstack sudo[90880]: pam_unix(sudo:session): session opened for user root(uid=0) by (uid=1000)
Jul 08 10:43:11 devstack sudo[90880]: pam_unix(sudo:session): session closed for user root
Jul 08 10:43:11 devstack cinder-volume[86913]: DEBUG oslo_concurrency.processutils [None req-97750d46-37a3-4bc0-843e-037793115353 tempest-GroupSnapshotsTest-1715497858 None] CMD "sudo cinder-rootwrap /etc/cinder/rootwrap.conf qemu-img create -f qcow2 -o backing_file=/opt/stack/data/cinder/mnt/c52e72566363217873ec97f9233bed5d/volume-4dcd3ef2-0c1f-4608-93de-e877ee9687b6,backing_fmt=qcow2 /opt/stack/data/cinder/mnt/c52e72566363217873ec97f9233bed5d/volume-4dcd3ef2-0c1f-4608-93de-e877ee9687b6.7a179a8d-f239-4dd8-ba44-81f8acb5c8ae 1G" returned: 0 in 1.119s {{(pid=86913) execute /opt/stack/data/venv/lib/python3.12/site-packages/oslo_concurrency/processutils.py:468}}
Jul 08 10:43:11 devstack cinder-volume[86913]: DEBUG oslo_concurrency.processutils [None req-97750d46-37a3-4bc0-843e-037793115353 tempest-GroupSnapshotsTest-1715497858 None] Running cmd (subprocess): sudo cinder-rootwrap /etc/cinder/rootwrap.conf qemu-img rebase -u -b volume-4dcd3ef2-0c1f-4608-93de-e877ee9687b6 -F qcow2 /opt/stack/data/cinder/mnt/c52e72566363217873ec97f9233bed5d/volume-4dcd3ef2-0c1f-4608-93de-e877ee9687b6.7a179a8d-f239-4dd8-ba44-81f8acb5c8ae {{(pid=86913) execute /opt/stack/data/venv/lib/python3.12/site-packages/oslo_concurrency/processutils.py:440}}
Jul 08 10:43:11 devstack sudo[90885]: quobyte : PWD=/ ; USER=root ; COMMAND=/opt/stack/data/venv/bin/cinder-rootwrap /etc/cinder/rootwrap.conf qemu-img rebase -u -b volume-4dcd3ef2-0c1f-4608-93de-e877ee9687b6 -F qcow2 /opt/stack/data/cinder/mnt/c52e72566363217873ec97f9233bed5d/volume-4dcd3ef2-0c1f-4608-93de-e877ee9687b6.7a179a8d-f239-4dd8-ba44-81f8acb5c8ae
Jul 08 10:43:11 devstack sudo[90885]: pam_unix(sudo:session): session opened for user root(uid=0) by (uid=1000)
Jul 08 10:43:12 devstack sudo[90885]: pam_unix(sudo:session): session closed for user root
Jul 08 10:43:12 devstack cinder-volume[86913]: DEBUG oslo_concurrency.processutils [None req-97750d46-37a3-4bc0-843e-037793115353 tempest-GroupSnapshotsTest-1715497858 None] CMD "sudo cinder-rootwrap /etc/cinder/rootwrap.conf qemu-img rebase -u -b volume-4dcd3ef2-0c1f-4608-93de-e877ee9687b6 -F qcow2 /opt/stack/data/cinder/mnt/c52e72566363217873ec97f9233bed5d/volume-4dcd3ef2-0c1f-4608-93de-e877ee9687b6.7a179a8d-f239-4dd8-ba44-81f8acb5c8ae" returned: 0 in 0.939s {{(pid=86913) execute /opt/stack/data/venv/lib/python3.12/site-packages/oslo_concurrency/processutils.py:468}}
Jul 08 10:43:12 devstack cinder-volume[86913]: WARNING cinder.volume.drivers.remotefs [None req-97750d46-37a3-4bc0-843e-037793115353 tempest-GroupSnapshotsTest-1715497858 None] /opt/stack/data/cinder/mnt/c52e72566363217873ec97f9233bed5d/volume-4dcd3ef2-0c1f-4608-93de-e877ee9687b6.7a179a8d-f239-4dd8-ba44-81f8acb5c8ae is being set with open permissions: ugo+rw: NotImplementedError
Jul 08 10:43:12 devstack cinder-volume[86913]: DEBUG oslo_concurrency.processutils [None req-97750d46-37a3-4bc0-843e-037793115353 tempest-GroupSnapshotsTest-1715497858 None] Running cmd (subprocess): sudo cinder-rootwrap /etc/cinder/rootwrap.conf chmod ugo+rw /opt/stack/data/cinder/mnt/c52e72566363217873ec97f9233bed5d/volume-4dcd3ef2-0c1f-4608-93de-e877ee9687b6.7a179a8d-f239-4dd8-ba44-81f8acb5c8ae {{(pid=86913) execute /opt/stack/data/venv/lib/python3.12/site-packages/oslo_concurrency/processutils.py:440}}
Jul 08 10:43:12 devstack sudo[90890]: quobyte : PWD=/ ; USER=root ; COMMAND=/opt/stack/data/venv/bin/cinder-rootwrap /etc/cinder/rootwrap.conf chmod ugo+rw /opt/stack/data/cinder/mnt/c52e72566363217873ec97f9233bed5d/volume-4dcd3ef2-0c1f-4608-93de-e877ee9687b6.7a179a8d-f239-4dd8-ba44-81f8acb5c8ae
Jul 08 10:43:12 devstack sudo[90890]: pam_unix(sudo:session): session opened for user root(uid=0) by (uid=1000)
Jul 08 10:43:12 devstack sudo[90890]: pam_unix(sudo:session): session closed for user root
Jul 08 10:43:12 devstack cinder-volume[86913]: DEBUG oslo_concurrency.processutils [None req-97750d46-37a3-4bc0-843e-037793115353 tempest-GroupSnapshotsTest-1715497858 None] CMD "sudo cinder-rootwrap /etc/cinder/rootwrap.conf chmod ugo+rw /opt/stack/data/cinder/mnt/c52e72566363217873ec97f9233bed5d/volume-4dcd3ef2-0c1f-4608-93de-e877ee9687b6.7a179a8d-f239-4dd8-ba44-81f8acb5c8ae" returned: 0 in 0.871s {{(pid=86913) execute /opt/stack/data/venv/lib/python3.12/site-packages/oslo_concurrency/processutils.py:468}}
Jul 08 10:43:12 devstack cinder-volume[86913]: DEBUG oslo_concurrency.processutils [None req-97750d46-37a3-4bc0-843e-037793115353 tempest-GroupSnapshotsTest-1715497858 None] Running cmd (subprocess): sudo cinder-rootwrap /etc/cinder/rootwrap.conf truncate -s0 /opt/stack/data/cinder/mnt/c52e72566363217873ec97f9233bed5d/volume-4dcd3ef2-0c1f-4608-93de-e877ee9687b6.info {{(pid=86913) execute /opt/stack/data/venv/lib/python3.12/site-packages/oslo_concurrency/processutils.py:440}}
Jul 08 10:43:13 devstack sudo[90893]: quobyte : PWD=/ ; USER=root ; COMMAND=/opt/stack/data/venv/bin/cinder-rootwrap /etc/cinder/rootwrap.conf truncate -s0 /opt/stack/data/cinder/mnt/c52e72566363217873ec97f9233bed5d/volume-4dcd3ef2-0c1f-4608-93de-e877ee9687b6.info
Jul 08 10:43:13 devstack sudo[90893]: pam_unix(sudo:session): session opened for user root(uid=0) by (uid=1000)
Jul 08 10:43:13 devstack sudo[90893]: pam_unix(sudo:session): session closed for user root
Jul 08 10:43:13 devstack cinder-volume[86913]: DEBUG oslo_concurrency.processutils [None req-97750d46-37a3-4bc0-843e-037793115353 tempest-GroupSnapshotsTest-1715497858 None] CMD "sudo cinder-rootwrap /etc/cinder/rootwrap.conf truncate -s0 /opt/stack/data/cinder/mnt/c52e72566363217873ec97f9233bed5d/volume-4dcd3ef2-0c1f-4608-93de-e877ee9687b6.info" returned: 0 in 0.980s {{(pid=86913) execute /opt/stack/data/venv/lib/python3.12/site-packages/oslo_concurrency/processutils.py:468}}
Jul 08 10:43:13 devstack cinder-volume[86913]: WARNING cinder.volume.drivers.remotefs [None req-97750d46-37a3-4bc0-843e-037793115353 tempest-GroupSnapshotsTest-1715497858 None] /opt/stack/data/cinder/mnt/c52e72566363217873ec97f9233bed5d/volume-4dcd3ef2-0c1f-4608-93de-e877ee9687b6.info is being set with open permissions: ugo+rw: NotImplementedError
Jul 08 10:43:13 devstack cinder-volume[86913]: DEBUG oslo_concurrency.processutils [None req-97750d46-37a3-4bc0-843e-037793115353 tempest-GroupSnapshotsTest-1715497858 None] Running cmd (subprocess): sudo cinder-rootwrap /etc/cinder/rootwrap.conf chmod ugo+rw /opt/stack/data/cinder/mnt/c52e72566363217873ec97f9233bed5d/volume-4dcd3ef2-0c1f-4608-93de-e877ee9687b6.info {{(pid=86913) execute /opt/stack/data/venv/lib/python3.12/site-packages/oslo_concurrency/processutils.py:440}}
Jul 08 10:43:14 devstack sudo[90896]: quobyte : PWD=/ ; USER=root ; COMMAND=/opt/stack/data/venv/bin/cinder-rootwrap /etc/cinder/rootwrap.conf chmod ugo+rw /opt/stack/data/cinder/mnt/c52e72566363217873ec97f9233bed5d/volume-4dcd3ef2-0c1f-4608-93de-e877ee9687b6.info
Jul 08 10:43:14 devstack sudo[90896]: pam_unix(sudo:session): session opened for user root(uid=0) by (uid=1000)
Jul 08 10:43:14 devstack sudo[90896]: pam_unix(sudo:session): session closed for user root
Jul 08 10:43:14 devstack cinder-volume[86913]: DEBUG oslo_concurrency.processutils [None req-97750d46-37a3-4bc0-843e-037793115353 tempest-GroupSnapshotsTest-1715497858 None] CMD "sudo cinder-rootwrap /etc/cinder/rootwrap.conf chmod ugo+rw /opt/stack/data/cinder/mnt/c52e72566363217873ec97f9233bed5d/volume-4dcd3ef2-0c1f-4608-93de-e877ee9687b6.info" returned: 0 in 0.856s {{(pid=86913) execute /opt/stack/data/venv/lib/python3.12/site-packages/oslo_concurrency/processutils.py:468}}
Jul 08 10:43:14 devstack cinder-volume[86913]: DEBUG oslo_concurrency.lockutils [None req-97750d46-37a3-4bc0-843e-037793115353 tempest-GroupSnapshotsTest-1715497858 None] Lock "quobyte" "released" by "cinder.volume.drivers.quobyte.QuobyteDriver.create_snapshot" :: held 5.862s {{(pid=86913) inner /opt/stack/data/venv/lib/python3.12/site-packages/oslo_concurrency/lockutils.py:543}}
Jul 08 10:43:14 devstack cinder-volume[86913]: INFO cinder.volume.manager [None req-97750d46-37a3-4bc0-843e-037793115353 tempest-GroupSnapshotsTest-1715497858 None] group_snapshot 29b4a89a-3b2a-47e4-b5bf-82b8dae0b560: created successfully
Jul 08 10:43:15 devstack cinder-volume[86913]: INFO cinder.volume.manager [None req-235e61a4-06f1-4afe-913f-2cf9afa4932d tempest-GroupSnapshotsTest-1715497858 None] group_snapshot 29b4a89a-3b2a-47e4-b5bf-82b8dae0b560: deleting
Jul 08 10:43:15 devstack cinder-volume[86913]: DEBUG cinder.volume.manager [None req-235e61a4-06f1-4afe-913f-2cf9afa4932d tempest-GroupSnapshotsTest-1715497858 None] group_snapshot 29b4a89a-3b2a-47e4-b5bf-82b8dae0b560: deleting {{(pid=86913) delete_group_snapshot /opt/stack/cinder/cinder/volume/manager.py:4350}}
Jul 08 10:43:15 devstack cinder-volume[86913]: DEBUG cinder.coordination [None req-235e61a4-06f1-4afe-913f-2cf9afa4932d tempest-GroupSnapshotsTest-1715497858 None] Acquiring lock "cinder-quobyte-2c312bae-b324-4ab4-8708-68ff9b1c6df6" by "delete_snapshot" {{(pid=86913) __acquire /opt/stack/cinder/cinder/coordination.py:138}}
Jul 08 10:43:15 devstack cinder-volume[86913]: DEBUG cinder.coordination [None req-235e61a4-06f1-4afe-913f-2cf9afa4932d tempest-GroupSnapshotsTest-1715497858 None] Lock "cinder-quobyte-2c312bae-b324-4ab4-8708-68ff9b1c6df6" acquired by "delete_snapshot" :: waited 0.025s {{(pid=86913) __acquire /opt/stack/cinder/cinder/coordination.py:141}}
Jul 08 10:43:15 devstack cinder-volume[86913]: DEBUG cinder.coordination [None req-235e61a4-06f1-4afe-913f-2cf9afa4932d tempest-GroupSnapshotsTest-1715497858 None] Acquiring lock "cinder-quobyte-336bc035-dab0-4484-b931-04ea1c7c3f3b" by "_delete_snapshot" {{(pid=86913) __acquire /opt/stack/cinder/cinder/coordination.py:138}}
Jul 08 10:43:15 devstack cinder-volume[86913]: DEBUG cinder.coordination [None req-235e61a4-06f1-4afe-913f-2cf9afa4932d tempest-GroupSnapshotsTest-1715497858 None] Lock "cinder-quobyte-336bc035-dab0-4484-b931-04ea1c7c3f3b" acquired by "_delete_snapshot" :: waited 0.021s {{(pid=86913) __acquire /opt/stack/cinder/cinder/coordination.py:141}}
Jul 08 10:43:15 devstack cinder-volume[86913]: DEBUG cinder.volume.drivers.remotefs [None req-235e61a4-06f1-4afe-913f-2cf9afa4932d tempest-GroupSnapshotsTest-1715497858 None] Deleting offline snapshot 336bc035-dab0-4484-b931-04ea1c7c3f3b of volume 2c312bae-b324-4ab4-8708-68ff9b1c6df6 {{(pid=86913) _delete_snapshot /opt/stack/cinder/cinder/volume/drivers/remotefs.py:1288}}
Jul 08 10:43:15 devstack cinder-volume[86913]: DEBUG cinder.volume.drivers.remotefs [None req-235e61a4-06f1-4afe-913f-2cf9afa4932d tempest-GroupSnapshotsTest-1715497858 None] snapshot_file for this snap is: volume-2c312bae-b324-4ab4-8708-68ff9b1c6df6.336bc035-dab0-4484-b931-04ea1c7c3f3b {{(pid=86913) _delete_snapshot /opt/stack/cinder/cinder/volume/drivers/remotefs.py:1317}}
Jul 08 10:43:15 devstack cinder-volume[86913]: DEBUG oslo.privsep.daemon [-] privsep: reply[fb6ff117-9f36-416c-8dc8-8fc966ca43bb]: (4, 'qcow2') {{(pid=88000) _call_back /opt/stack/data/venv/lib/python3.12/site-packages/oslo_privsep/daemon.py:580}}
Jul 08 10:43:15 devstack cinder-volume[86913]: DEBUG oslo_concurrency.processutils [None req-235e61a4-06f1-4afe-913f-2cf9afa4932d tempest-GroupSnapshotsTest-1715497858 None] Running cmd (subprocess): /opt/stack/data/venv/bin/python3.12 -m oslo_concurrency.prlimit --as=1073741824 --cpu=60 -- sudo cinder-rootwrap /etc/cinder/rootwrap.conf env LC_ALL=C qemu-img info -f qcow2 --output=json --force-share /opt/stack/data/cinder/mnt/c52e72566363217873ec97f9233bed5d/volume-2c312bae-b324-4ab4-8708-68ff9b1c6df6.336bc035-dab0-4484-b931-04ea1c7c3f3b {{(pid=86913) execute /opt/stack/data/venv/lib/python3.12/site-packages/oslo_concurrency/processutils.py:440}}
