Apr 13 18:43:26 devstack cinder-volume[82517]: DEBUG oslo_concurrency.processutils [None req-c1f1e21b-f7a1-4443-930a-cae2c1f576d8 tempest-VolumeRetypeWithoutMigrationTest-887904612 None] Running cmd (subprocess): /opt/stack/data/venv/bin/python3.10 -m oslo_concurrency.prlimit --as=1073741824 --cpu=60 -- sudo cinder-rootwrap /etc/cinder/rootwrap.conf env LC_ALL=C qemu-img info -f qcow2 --output=json --force-share /opt/stack/data/cinder/mnt/132f51d8f12e4531a41621d876ce6ded/volume-4e65226c-1d8f-48a7-9f21-ed28cf856e3d {{(pid=82517) execute /opt/stack/data/venv/lib/python3.10/site-packages/oslo_concurrency/processutils.py:440}}
Apr 13 18:43:26 devstack sudo[84873]: quobyte : PWD=/ ; USER=root ; COMMAND=/opt/stack/data/venv/bin/cinder-rootwrap /etc/cinder/rootwrap.conf env LC_ALL=C qemu-img info -f qcow2 --output=json --force-share /opt/stack/data/cinder/mnt/132f51d8f12e4531a41621d876ce6ded/volume-4e65226c-1d8f-48a7-9f21-ed28cf856e3d
Apr 13 18:43:26 devstack sudo[84873]: pam_unix(sudo:session): session opened for user root(uid=0) by (uid=1000)
Apr 13 18:43:26 devstack sudo[84871]: pam_unix(sudo:session): session closed for user root
Apr 13 18:43:26 devstack cinder-volume[82517]: DEBUG oslo_concurrency.processutils [None req-bb2db44a-a5fa-479a-9917-66d894c30b17 tempest-GroupSnapshotsTest-1214879321 None] CMD "sudo cinder-rootwrap /etc/cinder/rootwrap.conf qemu-img rebase -u -b volume-9c0219f5-2d4b-4b6c-9e84-769e17d85f50 -F qcow2 /opt/stack/data/cinder/mnt/132f51d8f12e4531a41621d876ce6ded/volume-9c0219f5-2d4b-4b6c-9e84-769e17d85f50.25bc07d9-1af6-4ac9-b4ac-835c3991a2a5" returned: 0 in 0.519s {{(pid=82517) execute /opt/stack/data/venv/lib/python3.10/site-packages/oslo_concurrency/processutils.py:468}}
Apr 13 18:43:26 devstack cinder-volume[82517]: WARNING cinder.volume.drivers.remotefs [None req-bb2db44a-a5fa-479a-9917-66d894c30b17 tempest-GroupSnapshotsTest-1214879321 None] /opt/stack/data/cinder/mnt/132f51d8f12e4531a41621d876ce6ded/volume-9c0219f5-2d4b-4b6c-9e84-769e17d85f50.25bc07d9-1af6-4ac9-b4ac-835c3991a2a5 is being set with open permissions: ugo+rw: NotImplementedError
Apr 13 18:43:26 devstack cinder-volume[82517]: DEBUG oslo_concurrency.processutils [None req-bb2db44a-a5fa-479a-9917-66d894c30b17 tempest-GroupSnapshotsTest-1214879321 None] Running cmd (subprocess): sudo cinder-rootwrap /etc/cinder/rootwrap.conf chmod ugo+rw /opt/stack/data/cinder/mnt/132f51d8f12e4531a41621d876ce6ded/volume-9c0219f5-2d4b-4b6c-9e84-769e17d85f50.25bc07d9-1af6-4ac9-b4ac-835c3991a2a5 {{(pid=82517) execute /opt/stack/data/venv/lib/python3.10/site-packages/oslo_concurrency/processutils.py:440}}
Apr 13 18:43:26 devstack sudo[84883]: quobyte : PWD=/ ; USER=root ; COMMAND=/opt/stack/data/venv/bin/cinder-rootwrap /etc/cinder/rootwrap.conf chmod ugo+rw /opt/stack/data/cinder/mnt/132f51d8f12e4531a41621d876ce6ded/volume-9c0219f5-2d4b-4b6c-9e84-769e17d85f50.25bc07d9-1af6-4ac9-b4ac-835c3991a2a5
Apr 13 18:43:26 devstack sudo[84883]: pam_unix(sudo:session): session opened for user root(uid=0) by (uid=1000)
Apr 13 18:43:26 devstack sudo[84873]: pam_unix(sudo:session): session closed for user root
Apr 13 18:43:26 devstack cinder-volume[82517]: DEBUG oslo_concurrency.processutils [None req-c1f1e21b-f7a1-4443-930a-cae2c1f576d8 tempest-VolumeRetypeWithoutMigrationTest-887904612 None] CMD "/opt/stack/data/venv/bin/python3.10 -m oslo_concurrency.prlimit --as=1073741824 --cpu=60 -- sudo cinder-rootwrap /etc/cinder/rootwrap.conf env LC_ALL=C qemu-img info -f qcow2 --output=json --force-share /opt/stack/data/cinder/mnt/132f51d8f12e4531a41621d876ce6ded/volume-4e65226c-1d8f-48a7-9f21-ed28cf856e3d" returned: 0 in 0.513s {{(pid=82517) execute /opt/stack/data/venv/lib/python3.10/site-packages/oslo_concurrency/processutils.py:468}}
Apr 13 18:43:26 devstack cinder-volume[82517]: DEBUG oslo_concurrency.processutils [None req-c1f1e21b-f7a1-4443-930a-cae2c1f576d8 tempest-VolumeRetypeWithoutMigrationTest-887904612 None] Running cmd (subprocess): sudo cinder-rootwrap /etc/cinder/rootwrap.conf rm -f /opt/stack/data/cinder/mnt/132f51d8f12e4531a41621d876ce6ded/volume-4e65226c-1d8f-48a7-9f21-ed28cf856e3d {{(pid=82517) execute /opt/stack/data/venv/lib/python3.10/site-packages/oslo_concurrency/processutils.py:440}}
Apr 13 18:43:26 devstack sudo[84885]: quobyte : PWD=/ ; USER=root ; COMMAND=/opt/stack/data/venv/bin/cinder-rootwrap /etc/cinder/rootwrap.conf rm -f /opt/stack/data/cinder/mnt/132f51d8f12e4531a41621d876ce6ded/volume-4e65226c-1d8f-48a7-9f21-ed28cf856e3d
Apr 13 18:43:26 devstack sudo[84885]: pam_unix(sudo:session): session opened for user root(uid=0) by (uid=1000)
Apr 13 18:43:27 devstack sudo[84883]: pam_unix(sudo:session): session closed for user root
Apr 13 18:43:27 devstack cinder-volume[82517]: DEBUG oslo_concurrency.processutils [None req-bb2db44a-a5fa-479a-9917-66d894c30b17 tempest-GroupSnapshotsTest-1214879321 None] CMD "sudo cinder-rootwrap /etc/cinder/rootwrap.conf chmod ugo+rw /opt/stack/data/cinder/mnt/132f51d8f12e4531a41621d876ce6ded/volume-9c0219f5-2d4b-4b6c-9e84-769e17d85f50.25bc07d9-1af6-4ac9-b4ac-835c3991a2a5" returned: 0 in 0.535s {{(pid=82517) execute /opt/stack/data/venv/lib/python3.10/site-packages/oslo_concurrency/processutils.py:468}}
Apr 13 18:43:27 devstack cinder-volume[82517]: DEBUG oslo_concurrency.processutils [None req-bb2db44a-a5fa-479a-9917-66d894c30b17 tempest-GroupSnapshotsTest-1214879321 None] Running cmd (subprocess): sudo cinder-rootwrap /etc/cinder/rootwrap.conf truncate -s0 /opt/stack/data/cinder/mnt/132f51d8f12e4531a41621d876ce6ded/volume-9c0219f5-2d4b-4b6c-9e84-769e17d85f50.info {{(pid=82517) execute /opt/stack/data/venv/lib/python3.10/site-packages/oslo_concurrency/processutils.py:440}}
Apr 13 18:43:27 devstack sudo[84888]: quobyte : PWD=/ ; USER=root ; COMMAND=/opt/stack/data/venv/bin/cinder-rootwrap /etc/cinder/rootwrap.conf truncate -s0 /opt/stack/data/cinder/mnt/132f51d8f12e4531a41621d876ce6ded/volume-9c0219f5-2d4b-4b6c-9e84-769e17d85f50.info
Apr 13 18:43:27 devstack sudo[84888]: pam_unix(sudo:session): session opened for user root(uid=0) by (uid=1000)
Apr 13 18:43:27 devstack sudo[84885]: pam_unix(sudo:session): session closed for user root
Apr 13 18:43:27 devstack cinder-volume[82517]: DEBUG oslo_concurrency.processutils [None req-c1f1e21b-f7a1-4443-930a-cae2c1f576d8 tempest-VolumeRetypeWithoutMigrationTest-887904612 None] CMD "sudo cinder-rootwrap /etc/cinder/rootwrap.conf rm -f /opt/stack/data/cinder/mnt/132f51d8f12e4531a41621d876ce6ded/volume-4e65226c-1d8f-48a7-9f21-ed28cf856e3d" returned: 0 in 0.706s {{(pid=82517) execute /opt/stack/data/venv/lib/python3.10/site-packages/oslo_concurrency/processutils.py:468}}
Apr 13 18:43:27 devstack cinder-volume[82517]: DEBUG cinder.coordination [None req-c1f1e21b-f7a1-4443-930a-cae2c1f576d8 tempest-VolumeRetypeWithoutMigrationTest-887904612 None] Lock "cinder-quobyte-4e65226c-1d8f-48a7-9f21-ed28cf856e3d" released by "delete_volume" :: held 1.241s {{(pid=82517) __release /opt/stack/cinder/cinder/coordination.py:152}}
Apr 13 18:43:27 devstack cinder-volume[82517]: WARNING cinder.quota [None req-c1f1e21b-f7a1-4443-930a-cae2c1f576d8 tempest-VolumeRetypeWithoutMigrationTest-887904612 None] Deprecated: Default quota for resource: volumes_volume-type-2 is set by the default quota flag: quota_volumes_volume-type-2, it is now deprecated. Please use the default quota class for default quota.
Apr 13 18:43:27 devstack cinder-volume[82517]: WARNING cinder.quota [None req-c1f1e21b-f7a1-4443-930a-cae2c1f576d8 tempest-VolumeRetypeWithoutMigrationTest-887904612 None] Deprecated: Default quota for resource: gigabytes_volume-type-2 is set by the default quota flag: quota_gigabytes_volume-type-2, it is now deprecated. Please use the default quota class for default quota.
Apr 13 18:43:27 devstack cinder-volume[82517]: DEBUG cinder.quota [None req-c1f1e21b-f7a1-4443-930a-cae2c1f576d8 tempest-VolumeRetypeWithoutMigrationTest-887904612 None] Created reservations ['86e312ed-eee4-4714-bb47-9e6cfafefae3', 'bc9e1e1c-ecd2-453b-8e3c-8b22c59e3689', '007942c0-cf3c-487f-bbe9-b6a89137118f', 'e0007c98-d0bc-4467-b1ce-678d89f24414'] {{(pid=82517) reserve /opt/stack/cinder/cinder/quota.py:752}}
Apr 13 18:43:27 devstack cinder-volume[82517]: DEBUG oslo_concurrency.lockutils [None req-c1f1e21b-f7a1-4443-930a-cae2c1f576d8 tempest-VolumeRetypeWithoutMigrationTest-887904612 None] Acquiring lock "quobyte_ensure" by "cinder.volume.drivers.quobyte.QuobyteDriver._ensure_shares_mounted" {{(pid=82517) inner /opt/stack/data/venv/lib/python3.10/site-packages/oslo_concurrency/lockutils.py:506}}
Apr 13 18:43:27 devstack cinder-volume[82517]: DEBUG oslo_concurrency.lockutils [None req-c1f1e21b-f7a1-4443-930a-cae2c1f576d8 tempest-VolumeRetypeWithoutMigrationTest-887904612 None] Lock "quobyte_ensure" acquired by "cinder.volume.drivers.quobyte.QuobyteDriver._ensure_shares_mounted" :: waited 0.001s {{(pid=82517) inner /opt/stack/data/venv/lib/python3.10/site-packages/oslo_concurrency/lockutils.py:519}}
Apr 13 18:43:27 devstack cinder-volume[82517]: DEBUG cinder.volume.drivers.quobyte [None req-c1f1e21b-f7a1-4443-930a-cae2c1f576d8 tempest-VolumeRetypeWithoutMigrationTest-887904612 None] Quobyte Volume URL set to: {'osci02.corp.quobyte.com/cinder-vol-50d3909f-75ee-4de7-8ce9-f2d51c98223f': None} {{(pid=82517) _load_shares_config /opt/stack/cinder/cinder/volume/drivers/quobyte.py:617}}
Apr 13 18:43:27 devstack cinder-volume[82517]: DEBUG cinder.volume.drivers.quobyte [None req-c1f1e21b-f7a1-4443-930a-cae2c1f576d8 tempest-VolumeRetypeWithoutMigrationTest-887904612 None] Available shares ['osci02.corp.quobyte.com/cinder-vol-50d3909f-75ee-4de7-8ce9-f2d51c98223f'] {{(pid=82517) _ensure_shares_mounted /opt/stack/cinder/cinder/volume/drivers/quobyte.py:647}}
Apr 13 18:43:27 devstack cinder-volume[82517]: DEBUG oslo_concurrency.lockutils [None req-c1f1e21b-f7a1-4443-930a-cae2c1f576d8 tempest-VolumeRetypeWithoutMigrationTest-887904612 None] Lock "quobyte_ensure" "released" by "cinder.volume.drivers.quobyte.QuobyteDriver._ensure_shares_mounted" :: held 0.009s {{(pid=82517) inner /opt/stack/data/venv/lib/python3.10/site-packages/oslo_concurrency/lockutils.py:538}}
Apr 13 18:43:27 devstack cinder-volume[82517]: DEBUG oslo_concurrency.processutils [None req-c1f1e21b-f7a1-4443-930a-cae2c1f576d8 tempest-VolumeRetypeWithoutMigrationTest-887904612 None] Running cmd (subprocess): sudo cinder-rootwrap /etc/cinder/rootwrap.conf df --portability --block-size 1 /opt/stack/data/cinder/mnt/132f51d8f12e4531a41621d876ce6ded {{(pid=82517) execute /opt/stack/data/venv/lib/python3.10/site-packages/oslo_concurrency/processutils.py:440}}
Apr 13 18:43:27 devstack sudo[84891]: quobyte : PWD=/ ; USER=root ; COMMAND=/opt/stack/data/venv/bin/cinder-rootwrap /etc/cinder/rootwrap.conf df --portability --block-size 1 /opt/stack/data/cinder/mnt/132f51d8f12e4531a41621d876ce6ded
Apr 13 18:43:27 devstack sudo[84891]: pam_unix(sudo:session): session opened for user root(uid=0) by (uid=1000)
Apr 13 18:43:27 devstack sudo[84888]: pam_unix(sudo:session): session closed for user root
Apr 13 18:43:27 devstack cinder-volume[82517]: DEBUG oslo_concurrency.processutils [None req-bb2db44a-a5fa-479a-9917-66d894c30b17 tempest-GroupSnapshotsTest-1214879321 None] CMD "sudo cinder-rootwrap /etc/cinder/rootwrap.conf truncate -s0 /opt/stack/data/cinder/mnt/132f51d8f12e4531a41621d876ce6ded/volume-9c0219f5-2d4b-4b6c-9e84-769e17d85f50.info" returned: 0 in 0.516s {{(pid=82517) execute /opt/stack/data/venv/lib/python3.10/site-packages/oslo_concurrency/processutils.py:468}}
Apr 13 18:43:27 devstack cinder-volume[82517]: WARNING cinder.volume.drivers.remotefs [None req-bb2db44a-a5fa-479a-9917-66d894c30b17 tempest-GroupSnapshotsTest-1214879321 None] /opt/stack/data/cinder/mnt/132f51d8f12e4531a41621d876ce6ded/volume-9c0219f5-2d4b-4b6c-9e84-769e17d85f50.info is being set with open permissions: ugo+rw: NotImplementedError
Apr 13 18:43:27 devstack cinder-volume[82517]: DEBUG oslo_concurrency.processutils [None req-bb2db44a-a5fa-479a-9917-66d894c30b17 tempest-GroupSnapshotsTest-1214879321 None] Running cmd (subprocess): sudo cinder-rootwrap /etc/cinder/rootwrap.conf chmod ugo+rw /opt/stack/data/cinder/mnt/132f51d8f12e4531a41621d876ce6ded/volume-9c0219f5-2d4b-4b6c-9e84-769e17d85f50.info {{(pid=82517) execute /opt/stack/data/venv/lib/python3.10/site-packages/oslo_concurrency/processutils.py:440}}
Apr 13 18:43:27 devstack sudo[84897]: quobyte : PWD=/ ; USER=root ; COMMAND=/opt/stack/data/venv/bin/cinder-rootwrap /etc/cinder/rootwrap.conf chmod ugo+rw /opt/stack/data/cinder/mnt/132f51d8f12e4531a41621d876ce6ded/volume-9c0219f5-2d4b-4b6c-9e84-769e17d85f50.info
Apr 13 18:43:27 devstack sudo[84897]: pam_unix(sudo:session): session opened for user root(uid=0) by (uid=1000)
Apr 13 18:43:27 devstack sudo[84891]: pam_unix(sudo:session): session closed for user root
Apr 13 18:43:27 devstack cinder-volume[82517]: DEBUG oslo_concurrency.processutils [None req-c1f1e21b-f7a1-4443-930a-cae2c1f576d8 tempest-VolumeRetypeWithoutMigrationTest-887904612 None] CMD "sudo cinder-rootwrap /etc/cinder/rootwrap.conf df --portability --block-size 1 /opt/stack/data/cinder/mnt/132f51d8f12e4531a41621d876ce6ded" returned: 0 in 0.475s {{(pid=82517) execute /opt/stack/data/venv/lib/python3.10/site-packages/oslo_concurrency/processutils.py:468}}
Apr 13 18:43:27 devstack cinder-volume[82517]: DEBUG cinder.manager [None req-c1f1e21b-f7a1-4443-930a-cae2c1f576d8 tempest-VolumeRetypeWithoutMigrationTest-887904612 None] Notifying Schedulers of capabilities ... {{(pid=82517) _publish_service_capabilities /opt/stack/cinder/cinder/manager.py:202}}
Apr 13 18:43:27 devstack cinder-volume[82517]: INFO cinder.volume.manager [None req-c1f1e21b-f7a1-4443-930a-cae2c1f576d8 tempest-VolumeRetypeWithoutMigrationTest-887904612 None] Deleted volume successfully.
Apr 13 18:43:27 devstack cinder-volume[82517]: DEBUG cinder.coordination [None req-c1f1e21b-f7a1-4443-930a-cae2c1f576d8 tempest-VolumeRetypeWithoutMigrationTest-887904612 None] Lock "cinder-4e65226c-1d8f-48a7-9f21-ed28cf856e3d-delete_volume" released by "delete_volume" :: held 1.839s {{(pid=82517) __release /opt/stack/cinder/cinder/coordination.py:152}}
Apr 13 18:43:28 devstack sudo[84897]: pam_unix(sudo:session): session closed for user root
Apr 13 18:43:28 devstack cinder-volume[82517]: DEBUG oslo_concurrency.processutils [None req-bb2db44a-a5fa-479a-9917-66d894c30b17 tempest-GroupSnapshotsTest-1214879321 None] CMD "sudo cinder-rootwrap /etc/cinder/rootwrap.conf chmod ugo+rw /opt/stack/data/cinder/mnt/132f51d8f12e4531a41621d876ce6ded/volume-9c0219f5-2d4b-4b6c-9e84-769e17d85f50.info" returned: 0 in 0.444s {{(pid=82517) execute /opt/stack/data/venv/lib/python3.10/site-packages/oslo_concurrency/processutils.py:468}}
Apr 13 18:43:28 devstack cinder-volume[82517]: DEBUG oslo_concurrency.lockutils [None req-bb2db44a-a5fa-479a-9917-66d894c30b17 tempest-GroupSnapshotsTest-1214879321 None] Lock "quobyte" "released" by "cinder.volume.drivers.quobyte.QuobyteDriver.create_snapshot" :: held 3.176s {{(pid=82517) inner /opt/stack/data/venv/lib/python3.10/site-packages/oslo_concurrency/lockutils.py:538}}
Apr 13 18:43:28 devstack cinder-volume[82517]: DEBUG oslo_concurrency.lockutils [None req-bb2db44a-a5fa-479a-9917-66d894c30b17 tempest-GroupSnapshotsTest-1214879321 None] Acquiring lock "quobyte" by "cinder.volume.drivers.quobyte.QuobyteDriver.create_snapshot" {{(pid=82517) inner /opt/stack/data/venv/lib/python3.10/site-packages/oslo_concurrency/lockutils.py:506}}
Apr 13 18:43:28 devstack cinder-volume[82517]: DEBUG oslo_concurrency.lockutils [None req-bb2db44a-a5fa-479a-9917-66d894c30b17 tempest-GroupSnapshotsTest-1214879321 None] Lock "quobyte" acquired by "cinder.volume.drivers.quobyte.QuobyteDriver.create_snapshot" :: waited 0.000s {{(pid=82517) inner /opt/stack/data/venv/lib/python3.10/site-packages/oslo_concurrency/lockutils.py:519}}
Apr 13 18:43:28 devstack cinder-volume[82517]: DEBUG cinder.volume.drivers.remotefs [None req-bb2db44a-a5fa-479a-9917-66d894c30b17 tempest-GroupSnapshotsTest-1214879321 None] Creating offline snapshot 79591919-1613-4811-86b5-b3ec566780ec of volume 6a42bf82-df1e-4e28-b115-2ad112b7c0bc {{(pid=82517) _create_snapshot /opt/stack/cinder/cinder/volume/drivers/remotefs.py:1815}}
Apr 13 18:43:28 devstack cinder-volume[82517]: DEBUG oslo.privsep.daemon [-] privsep: reply[af5489a0-e988-4a8c-97b0-6b559c0ed485]: (4, 'qcow2') {{(pid=83495) _call_back /opt/stack/data/venv/lib/python3.10/site-packages/oslo_privsep/daemon.py:573}}
Apr 13 18:43:28 devstack cinder-volume[82517]: DEBUG oslo_concurrency.processutils [None req-bb2db44a-a5fa-479a-9917-66d894c30b17 tempest-GroupSnapshotsTest-1214879321 None] Running cmd (subprocess): /opt/stack/data/venv/bin/python3.10 -m oslo_concurrency.prlimit --as=1073741824 --cpu=60 -- sudo cinder-rootwrap /etc/cinder/rootwrap.conf env LC_ALL=C qemu-img info -f qcow2 --output=json --force-share /opt/stack/data/cinder/mnt/132f51d8f12e4531a41621d876ce6ded/volume-6a42bf82-df1e-4e28-b115-2ad112b7c0bc {{(pid=82517) execute /opt/stack/data/venv/lib/python3.10/site-packages/oslo_concurrency/processutils.py:440}}
Apr 13 18:43:28 devstack sudo[84901]: quobyte : PWD=/ ; USER=root ; COMMAND=/opt/stack/data/venv/bin/cinder-rootwrap /etc/cinder/rootwrap.conf env LC_ALL=C qemu-img info -f qcow2 --output=json --force-share /opt/stack/data/cinder/mnt/132f51d8f12e4531a41621d876ce6ded/volume-6a42bf82-df1e-4e28-b115-2ad112b7c0bc
Apr 13 18:43:28 devstack sudo[84901]: pam_unix(sudo:session): session opened for user root(uid=0) by (uid=1000)
Apr 13 18:43:28 devstack sudo[84901]: pam_unix(sudo:session): session closed for user root
Apr 13 18:43:28 devstack cinder-volume[82517]: DEBUG oslo_concurrency.processutils [None req-bb2db44a-a5fa-479a-9917-66d894c30b17 tempest-GroupSnapshotsTest-1214879321 None] CMD "/opt/stack/data/venv/bin/python3.10 -m oslo_concurrency.prlimit --as=1073741824 --cpu=60 -- sudo cinder-rootwrap /etc/cinder/rootwrap.conf env LC_ALL=C qemu-img info -f qcow2 --output=json --force-share /opt/stack/data/cinder/mnt/132f51d8f12e4531a41621d876ce6ded/volume-6a42bf82-df1e-4e28-b115-2ad112b7c0bc" returned: 0 in 0.555s {{(pid=82517) execute /opt/stack/data/venv/lib/python3.10/site-packages/oslo_concurrency/processutils.py:468}}
Apr 13 18:43:28 devstack cinder-volume[82517]: DEBUG oslo_concurrency.processutils [None req-bb2db44a-a5fa-479a-9917-66d894c30b17 tempest-GroupSnapshotsTest-1214879321 None] Running cmd (subprocess): sudo cinder-rootwrap /etc/cinder/rootwrap.conf qemu-img create -f qcow2 -o backing_file=/opt/stack/data/cinder/mnt/132f51d8f12e4531a41621d876ce6ded/volume-6a42bf82-df1e-4e28-b115-2ad112b7c0bc,backing_fmt=qcow2 /opt/stack/data/cinder/mnt/132f51d8f12e4531a41621d876ce6ded/volume-6a42bf82-df1e-4e28-b115-2ad112b7c0bc.79591919-1613-4811-86b5-b3ec566780ec 1G {{(pid=82517) execute /opt/stack/data/venv/lib/python3.10/site-packages/oslo_concurrency/processutils.py:440}}
Apr 13 18:43:28 devstack sudo[84906]: quobyte : PWD=/ ; USER=root ; COMMAND=/opt/stack/data/venv/bin/cinder-rootwrap /etc/cinder/rootwrap.conf qemu-img create -f qcow2 -o backing_file=/opt/stack/data/cinder/mnt/132f51d8f12e4531a41621d876ce6ded/volume-6a42bf82-df1e-4e28-b115-2ad112b7c0bc,backing_fmt=qcow2 /opt/stack/data/cinder/mnt/132f51d8f12e4531a41621d876ce6ded/volume-6a42bf82-df1e-4e28-b115-2ad112b7c0bc.79591919-1613-4811-86b5-b3ec566780ec 1G
Apr 13 18:43:28 devstack sudo[84906]: pam_unix(sudo:session): session opened for user root(uid=0) by (uid=1000)
Apr 13 18:43:29 devstack sudo[84906]: pam_unix(sudo:session): session closed for user root
Apr 13 18:43:29 devstack cinder-volume[82517]: DEBUG oslo_concurrency.processutils [None req-bb2db44a-a5fa-479a-9917-66d894c30b17 tempest-GroupSnapshotsTest-1214879321 None] CMD "sudo cinder-rootwrap /etc/cinder/rootwrap.conf qemu-img create -f qcow2 -o backing_file=/opt/stack/data/cinder/mnt/132f51d8f12e4531a41621d876ce6ded/volume-6a42bf82-df1e-4e28-b115-2ad112b7c0bc,backing_fmt=qcow2 /opt/stack/data/cinder/mnt/132f51d8f12e4531a41621d876ce6ded/volume-6a42bf82-df1e-4e28-b115-2ad112b7c0bc.79591919-1613-4811-86b5-b3ec566780ec 1G" returned: 0 in 1.177s {{(pid=82517) execute /opt/stack/data/venv/lib/python3.10/site-packages/oslo_concurrency/processutils.py:468}}
Apr 13 18:43:29 devstack cinder-volume[82517]: DEBUG oslo_concurrency.processutils [None req-bb2db44a-a5fa-479a-9917-66d894c30b17 tempest-GroupSnapshotsTest-1214879321 None] Running cmd (subprocess): sudo cinder-rootwrap /etc/cinder/rootwrap.conf qemu-img rebase -u -b volume-6a42bf82-df1e-4e28-b115-2ad112b7c0bc -F qcow2 /opt/stack/data/cinder/mnt/132f51d8f12e4531a41621d876ce6ded/volume-6a42bf82-df1e-4e28-b115-2ad112b7c0bc.79591919-1613-4811-86b5-b3ec566780ec {{(pid=82517) execute /opt/stack/data/venv/lib/python3.10/site-packages/oslo_concurrency/processutils.py:440}}
Apr 13 18:43:29 devstack sudo[84942]: quobyte : PWD=/ ; USER=root ; COMMAND=/opt/stack/data/venv/bin/cinder-rootwrap /etc/cinder/rootwrap.conf qemu-img rebase -u -b volume-6a42bf82-df1e-4e28-b115-2ad112b7c0bc -F qcow2 /opt/stack/data/cinder/mnt/132f51d8f12e4531a41621d876ce6ded/volume-6a42bf82-df1e-4e28-b115-2ad112b7c0bc.79591919-1613-4811-86b5-b3ec566780ec
Apr 13 18:43:29 devstack sudo[84942]: pam_unix(sudo:session): session opened for user root(uid=0) by (uid=1000)
Apr 13 18:43:30 devstack sudo[84942]: pam_unix(sudo:session): session closed for user root
Apr 13 18:43:30 devstack cinder-volume[82517]: DEBUG oslo_concurrency.processutils [None req-bb2db44a-a5fa-479a-9917-66d894c30b17 tempest-GroupSnapshotsTest-1214879321 None] CMD "sudo cinder-rootwrap /etc/cinder/rootwrap.conf qemu-img rebase -u -b volume-6a42bf82-df1e-4e28-b115-2ad112b7c0bc -F qcow2 /opt/stack/data/cinder/mnt/132f51d8f12e4531a41621d876ce6ded/volume-6a42bf82-df1e-4e28-b115-2ad112b7c0bc.79591919-1613-4811-86b5-b3ec566780ec" returned: 0 in 0.765s {{(pid=82517) execute /opt/stack/data/venv/lib/python3.10/site-packages/oslo_concurrency/processutils.py:468}}
Apr 13 18:43:30 devstack cinder-volume[82517]: WARNING cinder.volume.drivers.remotefs [None req-bb2db44a-a5fa-479a-9917-66d894c30b17 tempest-GroupSnapshotsTest-1214879321 None] /opt/stack/data/cinder/mnt/132f51d8f12e4531a41621d876ce6ded/volume-6a42bf82-df1e-4e28-b115-2ad112b7c0bc.79591919-1613-4811-86b5-b3ec566780ec is being set with open permissions: ugo+rw: NotImplementedError
Apr 13 18:43:30 devstack cinder-volume[82517]: DEBUG oslo_concurrency.processutils [None req-bb2db44a-a5fa-479a-9917-66d894c30b17 tempest-GroupSnapshotsTest-1214879321 None] Running cmd (subprocess): sudo cinder-rootwrap /etc/cinder/rootwrap.conf chmod ugo+rw /opt/stack/data/cinder/mnt/132f51d8f12e4531a41621d876ce6ded/volume-6a42bf82-df1e-4e28-b115-2ad112b7c0bc.79591919-1613-4811-86b5-b3ec566780ec {{(pid=82517) execute /opt/stack/data/venv/lib/python3.10/site-packages/oslo_concurrency/processutils.py:440}}
Apr 13 18:43:30 devstack sudo[84951]: quobyte : PWD=/ ; USER=root ; COMMAND=/opt/stack/data/venv/bin/cinder-rootwrap /etc/cinder/rootwrap.conf chmod ugo+rw /opt/stack/data/cinder/mnt/132f51d8f12e4531a41621d876ce6ded/volume-6a42bf82-df1e-4e28-b115-2ad112b7c0bc.79591919-1613-4811-86b5-b3ec566780ec
Apr 13 18:43:30 devstack sudo[84951]: pam_unix(sudo:session): session opened for user root(uid=0) by (uid=1000)
Apr 13 18:43:31 devstack sudo[84951]: pam_unix(sudo:session): session closed for user root
Apr 13 18:43:31 devstack cinder-volume[82517]: DEBUG oslo_concurrency.processutils [None req-bb2db44a-a5fa-479a-9917-66d894c30b17 tempest-GroupSnapshotsTest-1214879321 None] CMD "sudo cinder-rootwrap /etc/cinder/rootwrap.conf chmod ugo+rw /opt/stack/data/cinder/mnt/132f51d8f12e4531a41621d876ce6ded/volume-6a42bf82-df1e-4e28-b115-2ad112b7c0bc.79591919-1613-4811-86b5-b3ec566780ec" returned: 0 in 0.651s {{(pid=82517) execute /opt/stack/data/venv/lib/python3.10/site-packages/oslo_concurrency/processutils.py:468}}
Apr 13 18:43:31 devstack cinder-volume[82517]: DEBUG oslo_concurrency.processutils [None req-bb2db44a-a5fa-479a-9917-66d894c30b17 tempest-GroupSnapshotsTest-1214879321 None] Running cmd (subprocess): sudo cinder-rootwrap /etc/cinder/rootwrap.conf truncate -s0 /opt/stack/data/cinder/mnt/132f51d8f12e4531a41621d876ce6ded/volume-6a42bf82-df1e-4e28-b115-2ad112b7c0bc.info {{(pid=82517) execute /opt/stack/data/venv/lib/python3.10/site-packages/oslo_concurrency/processutils.py:440}}
Apr 13 18:43:31 devstack sudo[84954]: quobyte : PWD=/ ; USER=root ; COMMAND=/opt/stack/data/venv/bin/cinder-rootwrap /etc/cinder/rootwrap.conf truncate -s0 /opt/stack/data/cinder/mnt/132f51d8f12e4531a41621d876ce6ded/volume-6a42bf82-df1e-4e28-b115-2ad112b7c0bc.info
Apr 13 18:43:31 devstack sudo[84954]: pam_unix(sudo:session): session opened for user root(uid=0) by (uid=1000)
Apr 13 18:43:31 devstack sudo[84954]: pam_unix(sudo:session): session closed for user root
Apr 13 18:43:31 devstack cinder-volume[82517]: DEBUG oslo_concurrency.processutils [None req-bb2db44a-a5fa-479a-9917-66d894c30b17 tempest-GroupSnapshotsTest-1214879321 None] CMD "sudo cinder-rootwrap /etc/cinder/rootwrap.conf truncate -s0 /opt/stack/data/cinder/mnt/132f51d8f12e4531a41621d876ce6ded/volume-6a42bf82-df1e-4e28-b115-2ad112b7c0bc.info" returned: 0 in 0.672s {{(pid=82517) execute /opt/stack/data/venv/lib/python3.10/site-packages/oslo_concurrency/processutils.py:468}}
Apr 13 18:43:31 devstack cinder-volume[82517]: WARNING cinder.volume.drivers.remotefs [None req-bb2db44a-a5fa-479a-9917-66d894c30b17 tempest-GroupSnapshotsTest-1214879321 None] /opt/stack/data/cinder/mnt/132f51d8f12e4531a41621d876ce6ded/volume-6a42bf82-df1e-4e28-b115-2ad112b7c0bc.info is being set with open permissions: ugo+rw: NotImplementedError
Apr 13 18:43:31 devstack cinder-volume[82517]: DEBUG oslo_concurrency.processutils [None req-bb2db44a-a5fa-479a-9917-66d894c30b17 tempest-GroupSnapshotsTest-1214879321 None] Running cmd (subprocess): sudo cinder-rootwrap /etc/cinder/rootwrap.conf chmod ugo+rw /opt/stack/data/cinder/mnt/132f51d8f12e4531a41621d876ce6ded/volume-6a42bf82-df1e-4e28-b115-2ad112b7c0bc.info {{(pid=82517) execute /opt/stack/data/venv/lib/python3.10/site-packages/oslo_concurrency/processutils.py:440}}
Apr 13 18:43:31 devstack sudo[84958]: quobyte : PWD=/ ; USER=root ; COMMAND=/opt/stack/data/venv/bin/cinder-rootwrap /etc/cinder/rootwrap.conf chmod ugo+rw /opt/stack/data/cinder/mnt/132f51d8f12e4531a41621d876ce6ded/volume-6a42bf82-df1e-4e28-b115-2ad112b7c0bc.info
Apr 13 18:43:31 devstack sudo[84958]: pam_unix(sudo:session): session opened for user root(uid=0) by (uid=1000)
Apr 13 18:43:32 devstack sudo[84958]: pam_unix(sudo:session): session closed for user root
Apr 13 18:43:32 devstack cinder-volume[82517]: DEBUG oslo_concurrency.processutils [None req-bb2db44a-a5fa-479a-9917-66d894c30b17 tempest-GroupSnapshotsTest-1214879321 None] CMD "sudo cinder-rootwrap /etc/cinder/rootwrap.conf chmod ugo+rw /opt/stack/data/cinder/mnt/132f51d8f12e4531a41621d876ce6ded/volume-6a42bf82-df1e-4e28-b115-2ad112b7c0bc.info" returned: 0 in 0.589s {{(pid=82517) execute /opt/stack/data/venv/lib/python3.10/site-packages/oslo_concurrency/processutils.py:468}}
Apr 13 18:43:32 devstack cinder-volume[82517]: DEBUG oslo_concurrency.lockutils [None req-bb2db44a-a5fa-479a-9917-66d894c30b17 tempest-GroupSnapshotsTest-1214879321 None] Lock "quobyte" "released" by "cinder.volume.drivers.quobyte.QuobyteDriver.create_snapshot" :: held 4.493s {{(pid=82517) inner /opt/stack/data/venv/lib/python3.10/site-packages/oslo_concurrency/lockutils.py:538}}
Apr 13 18:43:32 devstack cinder-volume[82517]: INFO cinder.volume.manager [None req-bb2db44a-a5fa-479a-9917-66d894c30b17 tempest-GroupSnapshotsTest-1214879321 None] group_snapshot e8c50768-f5cd-4044-b59a-f07851b635f1: created successfully
Apr 13 18:43:33 devstack cinder-volume[82517]: INFO cinder.volume.manager [None req-18624441-e95b-46f0-80a5-be44fa98d027 tempest-GroupSnapshotsTest-1214879321 None] group_snapshot e8c50768-f5cd-4044-b59a-f07851b635f1: deleting
Apr 13 18:43:33 devstack cinder-volume[82517]: DEBUG cinder.volume.manager [None req-18624441-e95b-46f0-80a5-be44fa98d027 tempest-GroupSnapshotsTest-1214879321 None] group_snapshot e8c50768-f5cd-4044-b59a-f07851b635f1: deleting {{(pid=82517) delete_group_snapshot /opt/stack/cinder/cinder/volume/manager.py:4350}}
Apr 13 18:43:33 devstack cinder-volume[82517]: DEBUG cinder.coordination [None req-18624441-e95b-46f0-80a5-be44fa98d027 tempest-GroupSnapshotsTest-1214879321 None] Acquiring lock "cinder-quobyte-9c0219f5-2d4b-4b6c-9e84-769e17d85f50" by "delete_snapshot" {{(pid=82517) __acquire /opt/stack/cinder/cinder/coordination.py:138}}
Apr 13 18:43:33 devstack cinder-volume[82517]: DEBUG cinder.coordination [None req-18624441-e95b-46f0-80a5-be44fa98d027 tempest-GroupSnapshotsTest-1214879321 None] Lock "cinder-quobyte-9c0219f5-2d4b-4b6c-9e84-769e17d85f50" acquired by "delete_snapshot" :: waited 0.023s {{(pid=82517) __acquire /opt/stack/cinder/cinder/coordination.py:141}}
Apr 13 18:43:33 devstack cinder-volume[82517]: DEBUG cinder.coordination [None req-18624441-e95b-46f0-80a5-be44fa98d027 tempest-GroupSnapshotsTest-1214879321 None] Acquiring lock "cinder-quobyte-25bc07d9-1af6-4ac9-b4ac-835c3991a2a5" by "_delete_snapshot" {{(pid=82517) __acquire /opt/stack/cinder/cinder/coordination.py:138}}
Apr 13 18:43:33 devstack cinder-volume[82517]: DEBUG cinder.coordination [None req-18624441-e95b-46f0-80a5-be44fa98d027 tempest-GroupSnapshotsTest-1214879321 None] Lock "cinder-quobyte-25bc07d9-1af6-4ac9-b4ac-835c3991a2a5" acquired by "_delete_snapshot" :: waited 0.017s {{(pid=82517) __acquire /opt/stack/cinder/cinder/coordination.py:141}}
Apr 13 18:43:33 devstack cinder-volume[82517]: DEBUG cinder.volume.drivers.remotefs [None req-18624441-e95b-46f0-80a5-be44fa98d027 tempest-GroupSnapshotsTest-1214879321 None] Deleting offline snapshot 25bc07d9-1af6-4ac9-b4ac-835c3991a2a5 of volume 9c0219f5-2d4b-4b6c-9e84-769e17d85f50 {{(pid=82517) _delete_snapshot /opt/stack/cinder/cinder/volume/drivers/remotefs.py:1288}}
Apr 13 18:43:33 devstack cinder-volume[82517]: DEBUG cinder.volume.drivers.remotefs [None req-18624441-e95b-46f0-80a5-be44fa98d027 tempest-GroupSnapshotsTest-1214879321 None] snapshot_file for this snap is: volume-9c0219f5-2d4b-4b6c-9e84-769e17d85f50.25bc07d9-1af6-4ac9-b4ac-835c3991a2a5 {{(pid=82517) _delete_snapshot /opt/stack/cinder/cinder/volume/drivers/remotefs.py:1317}}
Apr 13 18:43:33 devstack cinder-volume[82517]: DEBUG oslo.privsep.daemon [-] privsep: reply[f2efd17a-1fa1-4ab1-b022-bc7c39b20309]: (4, 'qcow2') {{(pid=83495) _call_back /opt/stack/data/venv/lib/python3.10/site-packages/oslo_privsep/daemon.py:573}}
Apr 13 18:43:33 devstack cinder-volume[82517]: DEBUG oslo_concurrency.processutils [None req-18624441-e95b-46f0-80a5-be44fa98d027 tempest-GroupSnapshotsTest-1214879321 None] Running cmd (subprocess): /opt/stack/data/venv/bin/python3.10 -m oslo_concurrency.prlimit --as=1073741824 --cpu=60 -- sudo cinder-rootwrap /etc/cinder/rootwrap.conf env LC_ALL=C qemu-img info -f qcow2 --output=json --force-share /opt/stack/data/cinder/mnt/132f51d8f12e4531a41621d876ce6ded/volume-9c0219f5-2d4b-4b6c-9e84-769e17d85f50.25bc07d9-1af6-4ac9-b4ac-835c3991a2a5 {{(pid=82517) execute /opt/stack/data/venv/lib/python3.10/site-packages/oslo_concurrency/processutils.py:440}}
Apr 13 18:43:33 devstack sudo[84963]: quobyte : PWD=/ ; USER=root ; COMMAND=/opt/stack/data/venv/bin/cinder-rootwrap /etc/cinder/rootwrap.conf env LC_ALL=C qemu-img info -f qcow2 --output=json --force-share /opt/stack/data/cinder/mnt/132f51d8f12e4531a41621d876ce6ded/volume-9c0219f5-2d4b-4b6c-9e84-769e17d85f50.25bc07d9-1af6-4ac9-b4ac-835c3991a2a5
Apr 13 18:43:33 devstack sudo[84963]: pam_unix(sudo:session): session opened for user root(uid=0) by (uid=1000)
Apr 13 18:43:35 devstack sudo[84963]: pam_unix(sudo:session): session closed for user root
Apr 13 18:43:35 devstack cinder-volume[82517]: DEBUG oslo_concurrency.processutils [None req-18624441-e95b-46f0-80a5-be44fa98d027 tempest-GroupSnapshotsTest-1214879321 None] CMD "/opt/stack/data/venv/bin/python3.10 -m oslo_concurrency.prlimit --as=1073741824 --cpu=60 -- sudo cinder-rootwrap /etc/cinder/rootwrap.conf env LC_ALL=C qemu-img info -f qcow2 --output=json --force-share /opt/stack/data/cinder/mnt/132f51d8f12e4531a41621d876ce6ded/volume-9c0219f5-2d4b-4b6c-9e84-769e17d85f50.25bc07d9-1af6-4ac9-b4ac-835c3991a2a5" returned: 0 in 1.362s {{(pid=82517) execute /opt/stack/data/venv/lib/python3.10/site-packages/oslo_concurrency/processutils.py:468}}
Apr 13 18:43:35 devstack cinder-volume[82517]: DEBUG cinder.volume.drivers.remotefs [None req-18624441-e95b-46f0-80a5-be44fa98d027 tempest-GroupSnapshotsTest-1214879321 None] Fetching qemu-img info with special backing_file_template: (/opt/stack/data/cinder/mnt/[0-9a-f]+/)?(volume-9c0219f5-2d4b-4b6c-9e84-769e17d85f50(.(tmp-snap-)?[0-9a-f-]+)?|volume_from_snapshot_cache/(tmp-snap-)?[0-9a-f-]+(.(child-|parent-)[0-9a-f-]+)?)$ {{(pid=82517) _qemu_img_info_base /opt/stack/cinder/cinder/volume/drivers/remotefs.py:896}}
Apr 13 18:43:35 devstack cinder-volume[82517]: DEBUG oslo.privsep.daemon [-] privsep: reply[122eda01-e98c-4ca3-81b9-dc4ccd9e6e90]: (4, 'qcow2') {{(pid=83495) _call_back /opt/stack/data/venv/lib/python3.10/site-packages/oslo_privsep/daemon.py:573}}
Apr 13 18:43:35 devstack cinder-volume[82517]: DEBUG oslo_concurrency.processutils [None req-18624441-e95b-46f0-80a5-be44fa98d027 tempest-GroupSnapshotsTest-1214879321 None] Running cmd (subprocess): /opt/stack/data/venv/bin/python3.10 -m oslo_concurrency.prlimit --as=1073741824 --cpu=60 -- sudo cinder-rootwrap /etc/cinder/rootwrap.conf env LC_ALL=C qemu-img info -f qcow2 --output=json --force-share /opt/stack/data/cinder/mnt/132f51d8f12e4531a41621d876ce6ded/volume-9c0219f5-2d4b-4b6c-9e84-769e17d85f50 {{(pid=82517) execute /opt/stack/data/venv/lib/python3.10/site-packages/oslo_concurrency/processutils.py:440}}
Apr 13 18:43:35 devstack sudo[84970]: quobyte : PWD=/ ; USER=root ; COMMAND=/opt/stack/data/venv/bin/cinder-rootwrap /etc/cinder/rootwrap.conf env LC_ALL=C qemu-img info -f qcow2 --output=json --force-share /opt/stack/data/cinder/mnt/132f51d8f12e4531a41621d876ce6ded/volume-9c0219f5-2d4b-4b6c-9e84-769e17d85f50
Apr 13 18:43:35 devstack sudo[84970]: pam_unix(sudo:session): session opened for user root(uid=0) by (uid=1000)
Apr 13 18:43:36 devstack sudo[84970]: pam_unix(sudo:session): session closed for user root
Apr 13 18:43:36 devstack cinder-volume[82517]: DEBUG oslo_concurrency.processutils [None req-18624441-e95b-46f0-80a5-be44fa98d027 tempest-GroupSnapshotsTest-1214879321 None] CMD "/opt/stack/data/venv/bin/python3.10 -m oslo_concurrency.prlimit --as=1073741824 --cpu=60 -- sudo cinder-rootwrap /etc/cinder/rootwrap.conf env LC_ALL=C qemu-img info -f qcow2 --output=json --force-share /opt/stack/data/cinder/mnt/132f51d8f12e4531a41621d876ce6ded/volume-9c0219f5-2d4b-4b6c-9e84-769e17d85f50" returned: 0 in 1.016s {{(pid=82517) execute /opt/stack/data/venv/lib/python3.10/site-packages/oslo_concurrency/processutils.py:468}}
Apr 13 18:43:36 devstack cinder-volume[82517]: DEBUG oslo_concurrency.processutils [None req-18624441-e95b-46f0-80a5-be44fa98d027 tempest-GroupSnapshotsTest-1214879321 None] Running cmd (subprocess): sudo cinder-rootwrap /etc/cinder/rootwrap.conf qemu-img commit -d /opt/stack/data/cinder/mnt/132f51d8f12e4531a41621d876ce6ded/volume-9c0219f5-2d4b-4b6c-9e84-769e17d85f50.25bc07d9-1af6-4ac9-b4ac-835c3991a2a5 {{(pid=82517) execute /opt/stack/data/venv/lib/python3.10/site-packages/oslo_concurrency/processutils.py:440}}
Apr 13 18:43:36 devstack sudo[84976]: quobyte : PWD=/ ; USER=root ; COMMAND=/opt/stack/data/venv/bin/cinder-rootwrap /etc/cinder/rootwrap.conf qemu-img commit -d /opt/stack/data/cinder/mnt/132f51d8f12e4531a41621d876ce6ded/volume-9c0219f5-2d4b-4b6c-9e84-769e17d85f50.25bc07d9-1af6-4ac9-b4ac-835c3991a2a5
Apr 13 18:43:36 devstack sudo[84976]: pam_unix(sudo:session): session opened for user root(uid=0) by (uid=1000)
Apr 13 18:43:37 devstack sudo[84976]: pam_unix(sudo:session): session closed for user root
Apr 13 18:43:37 devstack cinder-volume[82517]: DEBUG oslo_concurrency.processutils [None req-18624441-e95b-46f0-80a5-be44fa98d027 tempest-GroupSnapshotsTest-1214879321 None] CMD "sudo cinder-rootwrap /etc/cinder/rootwrap.conf qemu-img commit -d /opt/stack/data/cinder/mnt/132f51d8f12e4531a41621d876ce6ded/volume-9c0219f5-2d4b-4b6c-9e84-769e17d85f50.25bc07d9-1af6-4ac9-b4ac-835c3991a2a5" returned: 0 in 1.177s {{(pid=82517) execute /opt/stack/data/venv/lib/python3.10/site-packages/oslo_concurrency/processutils.py:468}}
Apr 13 18:43:37 devstack cinder-volume[82517]: DEBUG oslo_concurrency.processutils [None req-18624441-e95b-46f0-80a5-be44fa98d027 tempest-GroupSnapshotsTest-1214879321 None] Running cmd (subprocess): sudo cinder-rootwrap /etc/cinder/rootwrap.conf rm -f /opt/stack/data/cinder/mnt/132f51d8f12e4531a41621d876ce6ded/volume-9c0219f5-2d4b-4b6c-9e84-769e17d85f50.25bc07d9-1af6-4ac9-b4ac-835c3991a2a5 {{(pid=82517) execute /opt/stack/data/venv/lib/python3.10/site-packages/oslo_concurrency/processutils.py:440}}
Apr 13 18:43:37 devstack sudo[85007]: quobyte : PWD=/ ; USER=root ; COMMAND=/opt/stack/data/venv/bin/cinder-rootwrap /etc/cinder/rootwrap.conf rm -f /opt/stack/data/cinder/mnt/132f51d8f12e4531a41621d876ce6ded/volume-9c0219f5-2d4b-4b6c-9e84-769e17d85f50.25bc07d9-1af6-4ac9-b4ac-835c3991a2a5
Apr 13 18:43:37 devstack sudo[85007]: pam_unix(sudo:session): session opened for user root(uid=0) by (uid=1000)
Apr 13 18:43:37 devstack sudo[85007]: pam_unix(sudo:session): session closed for user root
Apr 13 18:43:37 devstack cinder-volume[82517]: DEBUG oslo_concurrency.processutils [None req-18624441-e95b-46f0-80a5-be44fa98d027 tempest-GroupSnapshotsTest-1214879321 None] CMD "sudo cinder-rootwrap /etc/cinder/rootwrap.conf rm -f /opt/stack/data/cinder/mnt/132f51d8f12e4531a41621d876ce6ded/volume-9c0219f5-2d4b-4b6c-9e84-769e17d85f50.25bc07d9-1af6-4ac9-b4ac-835c3991a2a5" returned: 0 in 0.667s {{(pid=82517) execute /opt/stack/data/venv/lib/python3.10/site-packages/oslo_concurrency/processutils.py:468}}
Apr 13 18:43:37 devstack cinder-volume[82517]: DEBUG cinder.coordination [None req-18624441-e95b-46f0-80a5-be44fa98d027 tempest-GroupSnapshotsTest-1214879321 None] Lock "cinder-quobyte-25bc07d9-1af6-4ac9-b4ac-835c3991a2a5" released by "_delete_snapshot" :: held 4.336s {{(pid=82517) __release /opt/stack/cinder/cinder/coordination.py:152}}
Apr 13 18:43:37 devstack cinder-volume[82517]: DEBUG cinder.coordination [None req-18624441-e95b-46f0-80a5-be44fa98d027 tempest-GroupSnapshotsTest-1214879321 None] Lock "cinder-quobyte-9c0219f5-2d4b-4b6c-9e84-769e17d85f50" released by "delete_snapshot" :: held 4.358s {{(pid=82517) __release /opt/stack/cinder/cinder/coordination.py:152}}
Apr 13 18:43:37 devstack cinder-volume[82517]: DEBUG cinder.coordination [None req-18624441-e95b-46f0-80a5-be44fa98d027 tempest-GroupSnapshotsTest-1214879321 None] Acquiring lock "cinder-quobyte-6a42bf82-df1e-4e28-b115-2ad112b7c0bc" by "delete_snapshot" {{(pid=82517) __acquire /opt/stack/cinder/cinder/coordination.py:138}}
Apr 13 18:43:37 devstack cinder-volume[82517]: DEBUG cinder.coordination [None req-18624441-e95b-46f0-80a5-be44fa98d027 tempest-GroupSnapshotsTest-1214879321 None] Lock "cinder-quobyte-6a42bf82-df1e-4e28-b115-2ad112b7c0bc" acquired by "delete_snapshot" :: waited 0.018s {{(pid=82517) __acquire /opt/stack/cinder/cinder/coordination.py:141}}
Apr 13 18:43:37 devstack cinder-volume[82517]: DEBUG cinder.coordination [None req-18624441-e95b-46f0-80a5-be44fa98d027 tempest-GroupSnapshotsTest-1214879321 None] Acquiring lock "cinder-quobyte-79591919-1613-4811-86b5-b3ec566780ec" by "_delete_snapshot" {{(pid=82517) __acquire /opt/stack/cinder/cinder/coordination.py:138}}
Apr 13 18:43:37 devstack cinder-volume[82517]: DEBUG cinder.coordination [None req-18624441-e95b-46f0-80a5-be44fa98d027 tempest-GroupSnapshotsTest-1214879321 None] Lock "cinder-quobyte-79591919-1613-4811-86b5-b3ec566780ec" acquired by "_delete_snapshot" :: waited 0.016s {{(pid=82517) __acquire /opt/stack/cinder/cinder/coordination.py:141}}
Apr 13 18:43:37 devstack cinder-volume[82517]: DEBUG cinder.volume.drivers.remotefs [None req-18624441-e95b-46f0-80a5-be44fa98d027 tempest-GroupSnapshotsTest-1214879321 None] Deleting offline snapshot 79591919-1613-4811-86b5-b3ec566780ec of volume 6a42bf82-df1e-4e28-b115-2ad112b7c0bc {{(pid=82517) _delete_snapshot /opt/stack/cinder/cinder/volume/drivers/remotefs.py:1288}}
Apr 13 18:43:38 devstack cinder-volume[82517]: DEBUG cinder.volume.drivers.remotefs [None req-18624441-e95b-46f0-80a5-be44fa98d027 tempest-GroupSnapshotsTest-1214879321 None] snapshot_file for this snap is: volume-6a42bf82-df1e-4e28-b115-2ad112b7c0bc.79591919-1613-4811-86b5-b3ec566780ec {{(pid=82517) _delete_snapshot /opt/stack/cinder/cinder/volume/drivers/remotefs.py:1317}}
Apr 13 18:43:38 devstack cinder-volume[82517]: DEBUG oslo.privsep.daemon [-] privsep: reply[1b7fd008-85e7-471d-82f4-76b07665d866]: (4, 'qcow2') {{(pid=83495) _call_back /opt/stack/data/venv/lib/python3.10/site-packages/oslo_privsep/daemon.py:573}}
Apr 13 18:43:38 devstack cinder-volume[82517]: DEBUG oslo_concurrency.processutils [None req-18624441-e95b-46f0-80a5-be44fa98d027 tempest-GroupSnapshotsTest-1214879321 None] Running cmd (subprocess): /opt/stack/data/venv/bin/python3.10 -m oslo_concurrency.prlimit --as=1073741824 --cpu=60 -- sudo cinder-rootwrap /etc/cinder/rootwrap.conf env LC_ALL=C qemu-img info -f qcow2 --output=json --force-share /opt/stack/data/cinder/mnt/132f51d8f12e4531a41621d876ce6ded/volume-6a42bf82-df1e-4e28-b115-2ad112b7c0bc.79591919-1613-4811-86b5-b3ec566780ec {{(pid=82517) execute /opt/stack/data/venv/lib/python3.10/site-packages/oslo_concurrency/processutils.py:440}}
Apr 13 18:43:38 devstack sudo[85024]: quobyte : PWD=/ ; USER=root ; COMMAND=/opt/stack/data/venv/bin/cinder-rootwrap /etc/cinder/rootwrap.conf env LC_ALL=C qemu-img info -f qcow2 --output=json --force-share /opt/stack/data/cinder/mnt/132f51d8f12e4531a41621d876ce6ded/volume-6a42bf82-df1e-4e28-b115-2ad112b7c0bc.79591919-1613-4811-86b5-b3ec566780ec
Apr 13 18:43:38 devstack sudo[85024]: pam_unix(sudo:session): session opened for user root(uid=0) by (uid=1000)
Apr 13 18:43:39 devstack sudo[85024]: pam_unix(sudo:session): session closed for user root
Apr 13 18:43:39 devstack cinder-volume[82517]: DEBUG oslo_concurrency.processutils [None req-18624441-e95b-46f0-80a5-be44fa98d027 tempest-GroupSnapshotsTest-1214879321 None] CMD "/opt/stack/data/venv/bin/python3.10 -m oslo_concurrency.prlimit --as=1073741824 --cpu=60 -- sudo cinder-rootwrap /etc/cinder/rootwrap.conf env LC_ALL=C qemu-img info -f qcow2 --output=json --force-share /opt/stack/data/cinder/mnt/132f51d8f12e4531a41621d876ce6ded/volume-6a42bf82-df1e-4e28-b115-2ad112b7c0bc.79591919-1613-4811-86b5-b3ec566780ec" returned: 0 in 0.972s {{(pid=82517) execute /opt/stack/data/venv/lib/python3.10/site-packages/oslo_concurrency/processutils.py:468}}
Apr 13 18:43:39 devstack cinder-volume[82517]: DEBUG cinder.volume.drivers.remotefs [None req-18624441-e95b-46f0-80a5-be44fa98d027 tempest-GroupSnapshotsTest-1214879321 None] Fetching qemu-img info with special backing_file_template: (/opt/stack/data/cinder/mnt/[0-9a-f]+/)?(volume-6a42bf82-df1e-4e28-b115-2ad112b7c0bc(.(tmp-snap-)?[0-9a-f-]+)?|volume_from_snapshot_cache/(tmp-snap-)?[0-9a-f-]+(.(child-|parent-)[0-9a-f-]+)?)$ {{(pid=82517) _qemu_img_info_base /opt/stack/cinder/cinder/volume/drivers/remotefs.py:896}}
Apr 13 18:43:39 devstack cinder-volume[82517]: DEBUG oslo.privsep.daemon [-] privsep: reply[f0514e0c-fbad-4462-a6af-0ddc4fe74f08]: (4, 'qcow2') {{(pid=83495) _call_back /opt/stack/data/venv/lib/python3.10/site-packages/oslo_privsep/daemon.py:573}}
Apr 13 18:43:39 devstack cinder-volume[82517]: DEBUG oslo_concurrency.processutils [None req-18624441-e95b-46f0-80a5-be44fa98d027 tempest-GroupSnapshotsTest-1214879321 None] Running cmd (subprocess): /opt/stack/data/venv/bin/python3.10 -m oslo_concurrency.prlimit --as=1073741824 --cpu=60 -- sudo cinder-rootwrap /etc/cinder/rootwrap.conf env LC_ALL=C qemu-img info -f qcow2 --output=json --force-share /opt/stack/data/cinder/mnt/132f51d8f12e4531a41621d876ce6ded/volume-6a42bf82-df1e-4e28-b115-2ad112b7c0bc {{(pid=82517) execute /opt/stack/data/venv/lib/python3.10/site-packages/oslo_concurrency/processutils.py:440}}
Apr 13 18:43:39 devstack sudo[85029]: quobyte : PWD=/ ; USER=root ; COMMAND=/opt/stack/data/venv/bin/cinder-rootwrap /etc/cinder/rootwrap.conf env LC_ALL=C qemu-img info -f qcow2 --output=json --force-share /opt/stack/data/cinder/mnt/132f51d8f12e4531a41621d876ce6ded/volume-6a42bf82-df1e-4e28-b115-2ad112b7c0bc
Apr 13 18:43:39 devstack sudo[85029]: pam_unix(sudo:session): session opened for user root(uid=0) by (uid=1000)
Apr 13 18:43:39 devstack sudo[85029]: pam_unix(sudo:session): session closed for user root
Apr 13 18:43:39 devstack cinder-volume[82517]: DEBUG oslo_concurrency.processutils [None req-18624441-e95b-46f0-80a5-be44fa98d027 tempest-GroupSnapshotsTest-1214879321 None] CMD "/opt/stack/data/venv/bin/python3.10 -m oslo_concurrency.prlimit --as=1073741824 --cpu=60 -- sudo cinder-rootwrap /etc/cinder/rootwrap.conf env LC_ALL=C qemu-img info -f qcow2 --output=json --force-share /opt/stack/data/cinder/mnt/132f51d8f12e4531a41621d876ce6ded/volume-6a42bf82-df1e-4e28-b115-2ad112b7c0bc" returned: 0 in 0.861s {{(pid=82517) execute /opt/stack/data/venv/lib/python3.10/site-packages/oslo_concurrency/processutils.py:468}}
Apr 13 18:43:39 devstack cinder-volume[82517]: DEBUG oslo_concurrency.processutils [None req-18624441-e95b-46f0-80a5-be44fa98d027 tempest-GroupSnapshotsTest-1214879321 None] Running cmd (subprocess): sudo cinder-rootwrap /etc/cinder/rootwrap.conf qemu-img commit -d /opt/stack/data/cinder/mnt/132f51d8f12e4531a41621d876ce6ded/volume-6a42bf82-df1e-4e28-b115-2ad112b7c0bc.79591919-1613-4811-86b5-b3ec566780ec {{(pid=82517) execute /opt/stack/data/venv/lib/python3.10/site-packages/oslo_concurrency/processutils.py:440}}
Apr 13 18:43:39 devstack sudo[85034]: quobyte : PWD=/ ; USER=root ; COMMAND=/opt/stack/data/venv/bin/cinder-rootwrap /etc/cinder/rootwrap.conf qemu-img commit -d /opt/stack/data/cinder/mnt/132f51d8f12e4531a41621d876ce6ded/volume-6a42bf82-df1e-4e28-b115-2ad112b7c0bc.79591919-1613-4811-86b5-b3ec566780ec
Apr 13 18:43:39 devstack sudo[85034]: pam_unix(sudo:session): session opened for user root(uid=0) by (uid=1000)
Apr 13 18:43:40 devstack sudo[85034]: pam_unix(sudo:session): session closed for user root
Apr 13 18:43:40 devstack cinder-volume[82517]: DEBUG oslo_concurrency.processutils [None req-18624441-e95b-46f0-80a5-be44fa98d027 tempest-GroupSnapshotsTest-1214879321 None] CMD "sudo cinder-rootwrap /etc/cinder/rootwrap.conf qemu-img commit -d /opt/stack/data/cinder/mnt/132f51d8f12e4531a41621d876ce6ded/volume-6a42bf82-df1e-4e28-b115-2ad112b7c0bc.79591919-1613-4811-86b5-b3ec566780ec" returned: 0 in 0.777s {{(pid=82517) execute /opt/stack/data/venv/lib/python3.10/site-packages/oslo_concurrency/processutils.py:468}}
Apr 13 18:43:40 devstack cinder-volume[82517]: DEBUG oslo_concurrency.processutils [None req-18624441-e95b-46f0-80a5-be44fa98d027 tempest-GroupSnapshotsTest-1214879321 None] Running cmd (subprocess): sudo cinder-rootwrap /etc/cinder/rootwrap.conf rm -f /opt/stack/data/cinder/mnt/132f51d8f12e4531a41621d876ce6ded/volume-6a42bf82-df1e-4e28-b115-2ad112b7c0bc.79591919-1613-4811-86b5-b3ec566780ec {{(pid=82517) execute /opt/stack/data/venv/lib/python3.10/site-packages/oslo_concurrency/processutils.py:440}}
Apr 13 18:43:40 devstack sudo[85039]: quobyte : PWD=/ ; USER=root ; COMMAND=/opt/stack/data/venv/bin/cinder-rootwrap /etc/cinder/rootwrap.conf rm -f /opt/stack/data/cinder/mnt/132f51d8f12e4531a41621d876ce6ded/volume-6a42bf82-df1e-4e28-b115-2ad112b7c0bc.79591919-1613-4811-86b5-b3ec566780ec
Apr 13 18:43:40 devstack sudo[85039]: pam_unix(sudo:session): session opened for user root(uid=0) by (uid=1000)
Apr 13 18:43:41 devstack sudo[85039]: pam_unix(sudo:session): session closed for user root
Apr 13 18:43:41 devstack cinder-volume[82517]: DEBUG oslo_concurrency.processutils [None req-18624441-e95b-46f0-80a5-be44fa98d027 tempest-GroupSnapshotsTest-1214879321 None] CMD "sudo cinder-rootwrap /etc/cinder/rootwrap.conf rm -f /opt/stack/data/cinder/mnt/132f51d8f12e4531a41621d876ce6ded/volume-6a42bf82-df1e-4e28-b115-2ad112b7c0bc.79591919-1613-4811-86b5-b3ec566780ec" returned: 0 in 1.036s {{(pid=82517) execute /opt/stack/data/venv/lib/python3.10/site-packages/oslo_concurrency/processutils.py:468}}
Apr 13 18:43:41 devstack cinder-volume[82517]: DEBUG cinder.coordination [None req-18624441-e95b-46f0-80a5-be44fa98d027 tempest-GroupSnapshotsTest-1214879321 None] Lock "cinder-quobyte-79591919-1613-4811-86b5-b3ec566780ec" released by "_delete_snapshot" :: held 3.800s {{(pid=82517) __release /opt/stack/cinder/cinder/coordination.py:152}}
Apr 13 18:43:41 devstack cinder-volume[82517]: DEBUG cinder.coordination [None req-18624441-e95b-46f0-80a5-be44fa98d027 tempest-GroupSnapshotsTest-1214879321 None] Lock "cinder-quobyte-6a42bf82-df1e-4e28-b115-2ad112b7c0bc" released by "delete_snapshot" :: held 3.820s {{(pid=82517) __release /opt/stack/cinder/cinder/coordination.py:152}}
Apr 13 18:43:41 devstack cinder-volume[82517]: WARNING cinder.quota [None req-18624441-e95b-46f0-80a5-be44fa98d027 tempest-GroupSnapshotsTest-1214879321 None] Deprecated: Default quota for resource: gigabytes_tempest-GroupSnapshotsTest-volume-type-2044573000 is set by the default quota flag: quota_gigabytes_tempest-GroupSnapshotsTest-volume-type-2044573000, it is now deprecated. Please use the default quota class for default quota.
Apr 13 18:43:41 devstack cinder-volume[82517]: WARNING cinder.quota [None req-18624441-e95b-46f0-80a5-be44fa98d027 tempest-GroupSnapshotsTest-1214879321 None] Deprecated: Default quota for resource: snapshots_tempest-GroupSnapshotsTest-volume-type-2044573000 is set by the default quota flag: quota_snapshots_tempest-GroupSnapshotsTest-volume-type-2044573000, it is now deprecated. Please use the default quota class for default quota.
