Feb 27 22:22:49 devstack cinder-volume[83946]: DEBUG cinder.volume.manager [None req-4ab930e7-b656-4e20-9323-503189c34369 tempest-VolumesNegativeTest-151232457 None] Task 'cinder.volume.flows.manager.create_volume.ExtractVolumeRefTask;volume:create' (5b10b203-0a27-408d-a9e3-3c68bf5e111b) transitioned into state 'RUNNING' from state 'PENDING' {{(pid=83946) _task_receiver /opt/stack/data/venv/lib/python3.10/site-packages/taskflow/listeners/logging.py:194}}
Feb 27 22:22:49 devstack cinder-volume[83946]: DEBUG cinder.volume.manager [None req-4ab930e7-b656-4e20-9323-503189c34369 tempest-VolumesNegativeTest-151232457 None] Task 'cinder.volume.flows.manager.create_volume.ExtractVolumeRefTask;volume:create' (5b10b203-0a27-408d-a9e3-3c68bf5e111b) transitioned into state 'SUCCESS' from state 'RUNNING' with result 'Volume(_name_id=None,admin_metadata=,attach_status='detached',availability_zone='nova',bootable=False,cluster=,cluster_name=None,consistencygroup=,consistencygroup_id=None,created_at=2026-02-27T21:22:50Z,deleted=False,deleted_at=None,display_description=None,display_name='tempest-VolumesNegativeTest-Volume-1891345523',ec2_id=None,encryption_key_id=None,glance_metadata=,group=,group_id=None,host='devstack@QuobyteHD#QuobyteHD',id=6e2f170e-25e8-4dd5-8b75-93baa7533fb2,launched_at=None,metadata={},migration_status=None,multiattach=False,previous_status=None,project_id='1a1d27cdf74c43f2b73c05e4e090e49a',provider_auth=None,provider_geometry=None,provider_id=None,provider_location=None,replication_driver_data=None,replication_extended_status=None,replication_status=None,scheduled_at=2026-02-27T21:22:50Z,service_uuid=None,shared_targets=True,size=1,snapshot_id=None,snapshots=,source_volid=None,status='creating',terminated_at=None,updated_at=2026-02-27T21:22:50Z,use_quota=True,user_id='7072b0667cd84f898bc0ab3b0f546902',volume_attachment=VolumeAttachmentList,volume_type=VolumeType(df68868d-58d0-437e-a2a9-205132650d7b),volume_type_id=df68868d-58d0-437e-a2a9-205132650d7b)' {{(pid=83946) _task_receiver /opt/stack/data/venv/lib/python3.10/site-packages/taskflow/listeners/logging.py:182}}
Feb 27 22:22:49 devstack cinder-volume[83946]: DEBUG cinder.volume.manager [None req-4ab930e7-b656-4e20-9323-503189c34369 tempest-VolumesNegativeTest-151232457 None] Task 'cinder.volume.flows.manager.create_volume.OnFailureRescheduleTask;volume:create' (2ed37e67-9f51-4645-a82a-9ed148c400d9) transitioned into state 'RUNNING' from state 'PENDING' {{(pid=83946) _task_receiver /opt/stack/data/venv/lib/python3.10/site-packages/taskflow/listeners/logging.py:194}}
Feb 27 22:22:49 devstack cinder-volume[83946]: DEBUG cinder.volume.manager [None req-4ab930e7-b656-4e20-9323-503189c34369 tempest-VolumesNegativeTest-151232457 None] Task 'cinder.volume.flows.manager.create_volume.OnFailureRescheduleTask;volume:create' (2ed37e67-9f51-4645-a82a-9ed148c400d9) transitioned into state 'SUCCESS' from state 'RUNNING' with result 'None' {{(pid=83946) _task_receiver /opt/stack/data/venv/lib/python3.10/site-packages/taskflow/listeners/logging.py:182}}
Feb 27 22:22:49 devstack cinder-volume[83946]: DEBUG cinder.volume.manager [None req-4ab930e7-b656-4e20-9323-503189c34369 tempest-VolumesNegativeTest-151232457 None] Task 'cinder.volume.flows.manager.create_volume.ExtractVolumeSpecTask;volume:create' (b894a50d-9cab-444a-89ad-41df892096c0) transitioned into state 'RUNNING' from state 'PENDING' {{(pid=83946) _task_receiver /opt/stack/data/venv/lib/python3.10/site-packages/taskflow/listeners/logging.py:194}}
Feb 27 22:22:49 devstack cinder-volume[83946]: DEBUG cinder.volume.manager [None req-4ab930e7-b656-4e20-9323-503189c34369 tempest-VolumesNegativeTest-151232457 None] Task 'cinder.volume.flows.manager.create_volume.ExtractVolumeSpecTask;volume:create' (b894a50d-9cab-444a-89ad-41df892096c0) transitioned into state 'SUCCESS' from state 'RUNNING' with result '{'status': 'creating', 'type': 'raw', 'volume_id': '6e2f170e-25e8-4dd5-8b75-93baa7533fb2', 'volume_name': 'volume-6e2f170e-25e8-4dd5-8b75-93baa7533fb2', 'volume_size': 1}' {{(pid=83946) _task_receiver /opt/stack/data/venv/lib/python3.10/site-packages/taskflow/listeners/logging.py:182}}
Feb 27 22:22:49 devstack cinder-volume[83946]: DEBUG cinder.volume.manager [None req-4ab930e7-b656-4e20-9323-503189c34369 tempest-VolumesNegativeTest-151232457 None] Task 'cinder.volume.flows.manager.create_volume.NotifyVolumeActionTask;volume:create, create.start' (ac56d93f-e2b3-4191-b2a7-150b5e6b2f1c) transitioned into state 'RUNNING' from state 'PENDING' {{(pid=83946) _task_receiver /opt/stack/data/venv/lib/python3.10/site-packages/taskflow/listeners/logging.py:194}}
Feb 27 22:22:49 devstack cinder-volume[83946]: DEBUG cinder.volume.manager [None req-4ab930e7-b656-4e20-9323-503189c34369 tempest-VolumesNegativeTest-151232457 None] Task 'cinder.volume.flows.manager.create_volume.NotifyVolumeActionTask;volume:create, create.start' (ac56d93f-e2b3-4191-b2a7-150b5e6b2f1c) transitioned into state 'SUCCESS' from state 'RUNNING' with result 'None' {{(pid=83946) _task_receiver /opt/stack/data/venv/lib/python3.10/site-packages/taskflow/listeners/logging.py:182}}
Feb 27 22:22:49 devstack cinder-volume[83946]: DEBUG cinder.volume.manager [None req-4ab930e7-b656-4e20-9323-503189c34369 tempest-VolumesNegativeTest-151232457 None] Task 'cinder.volume.flows.manager.create_volume.CreateVolumeFromSpecTask;volume:create' (99dc5eaf-2fb4-490c-a20d-bfb5d4ec8d44) transitioned into state 'RUNNING' from state 'PENDING' {{(pid=83946) _task_receiver /opt/stack/data/venv/lib/python3.10/site-packages/taskflow/listeners/logging.py:194}}
Feb 27 22:22:49 devstack cinder-volume[83946]: INFO cinder.volume.flows.manager.create_volume [None req-4ab930e7-b656-4e20-9323-503189c34369 tempest-VolumesNegativeTest-151232457 None] Volume 6e2f170e-25e8-4dd5-8b75-93baa7533fb2: being created as raw with specification: {'status': 'creating', 'volume_name': 'volume-6e2f170e-25e8-4dd5-8b75-93baa7533fb2', 'volume_size': 1}
Feb 27 22:22:49 devstack cinder-volume[83946]: DEBUG oslo_concurrency.lockutils [None req-4ab930e7-b656-4e20-9323-503189c34369 tempest-VolumesNegativeTest-151232457 None] Acquiring lock "quobyte" by "cinder.volume.drivers.quobyte.QuobyteDriver.create_volume" {{(pid=83946) inner /opt/stack/data/venv/lib/python3.10/site-packages/oslo_concurrency/lockutils.py:506}}
Feb 27 22:22:49 devstack cinder-volume[83946]: DEBUG oslo_concurrency.lockutils [None req-4ab930e7-b656-4e20-9323-503189c34369 tempest-VolumesNegativeTest-151232457 None] Lock "quobyte" acquired by "cinder.volume.drivers.quobyte.QuobyteDriver.create_volume" :: waited 0.001s {{(pid=83946) inner /opt/stack/data/venv/lib/python3.10/site-packages/oslo_concurrency/lockutils.py:519}}
Feb 27 22:22:49 devstack cinder-volume[83946]: DEBUG cinder.volume.drivers.quobyte [None req-4ab930e7-b656-4e20-9323-503189c34369 tempest-VolumesNegativeTest-151232457 None] ==> create_volume: call "{'self': , 'volume': Volume(_name_id=None,admin_metadata=,attach_status='detached',availability_zone='nova',bootable=False,cluster=,cluster_name=None,consistencygroup=,consistencygroup_id=None,created_at=2026-02-27T21:22:50Z,deleted=False,deleted_at=None,display_description=None,display_name='tempest-VolumesNegativeTest-Volume-1891345523',ec2_id=None,encryption_key_id=None,glance_metadata=,group=,group_id=None,host='devstack@QuobyteHD#QuobyteHD',id=6e2f170e-25e8-4dd5-8b75-93baa7533fb2,launched_at=None,metadata={},migration_status=None,multiattach=False,previous_status=None,project_id='1a1d27cdf74c43f2b73c05e4e090e49a',provider_auth=None,provider_geometry=None,provider_id=None,provider_location=None,replication_driver_data=None,replication_extended_status=None,replication_status=None,scheduled_at=2026-02-27T21:22:50Z,service_uuid=None,shared_targets=True,size=1,snapshot_id=None,snapshots=,source_volid=None,status='creating',terminated_at=None,updated_at=2026-02-27T21:22:50Z,use_quota=True,user_id='7072b0667cd84f898bc0ab3b0f546902',volume_attachment=VolumeAttachmentList,volume_type=VolumeType(df68868d-58d0-437e-a2a9-205132650d7b),volume_type_id=df68868d-58d0-437e-a2a9-205132650d7b)}" {{(pid=83946) trace_logging_wrapper /opt/stack/cinder/cinder/volume/volume_utils.py:1498}}
Feb 27 22:22:49 devstack cinder-volume[83946]: DEBUG cinder.volume.drivers.remotefs [None req-4ab930e7-b656-4e20-9323-503189c34369 tempest-VolumesNegativeTest-151232457 None] Creating volume 6e2f170e-25e8-4dd5-8b75-93baa7533fb2 {{(pid=83946) create_volume /opt/stack/cinder/cinder/volume/drivers/remotefs.py:290}}
Feb 27 22:22:49 devstack cinder-volume[83946]: DEBUG oslo_concurrency.lockutils [None req-4ab930e7-b656-4e20-9323-503189c34369 tempest-VolumesNegativeTest-151232457 None] Acquiring lock "quobyte_ensure" by "cinder.volume.drivers.quobyte.QuobyteDriver._ensure_shares_mounted" {{(pid=83946) inner /opt/stack/data/venv/lib/python3.10/site-packages/oslo_concurrency/lockutils.py:506}}
Feb 27 22:22:49 devstack cinder-volume[83946]: DEBUG oslo_concurrency.lockutils [None req-4ab930e7-b656-4e20-9323-503189c34369 tempest-VolumesNegativeTest-151232457 None] Lock "quobyte_ensure" acquired by "cinder.volume.drivers.quobyte.QuobyteDriver._ensure_shares_mounted" :: waited 0.000s {{(pid=83946) inner /opt/stack/data/venv/lib/python3.10/site-packages/oslo_concurrency/lockutils.py:519}}
Feb 27 22:22:49 devstack cinder-volume[83946]: DEBUG cinder.volume.drivers.quobyte [None req-4ab930e7-b656-4e20-9323-503189c34369 tempest-VolumesNegativeTest-151232457 None] Quobyte Volume URL set to: {'osci02.corp.quobyte.com/cinder-vol-f387499f-4122-4440-8436-077fe4dc39d4': None} {{(pid=83946) _load_shares_config /opt/stack/cinder/cinder/volume/drivers/quobyte.py:604}}
Feb 27 22:22:49 devstack cinder-volume[83946]: DEBUG cinder.volume.drivers.quobyte [None req-4ab930e7-b656-4e20-9323-503189c34369 tempest-VolumesNegativeTest-151232457 None] Available shares ['osci02.corp.quobyte.com/cinder-vol-f387499f-4122-4440-8436-077fe4dc39d4'] {{(pid=83946) _ensure_shares_mounted /opt/stack/cinder/cinder/volume/drivers/quobyte.py:634}}
Feb 27 22:22:49 devstack cinder-volume[83946]: DEBUG oslo_concurrency.lockutils [None req-4ab930e7-b656-4e20-9323-503189c34369 tempest-VolumesNegativeTest-151232457 None] Lock "quobyte_ensure" "released" by "cinder.volume.drivers.quobyte.QuobyteDriver._ensure_shares_mounted" :: held 0.004s {{(pid=83946) inner /opt/stack/data/venv/lib/python3.10/site-packages/oslo_concurrency/lockutils.py:538}}
Feb 27 22:22:49 devstack cinder-volume[83946]: DEBUG cinder.volume.drivers.quobyte [None req-4ab930e7-b656-4e20-9323-503189c34369 tempest-VolumesNegativeTest-151232457 None] Selected osci02.corp.quobyte.com/cinder-vol-f387499f-4122-4440-8436-077fe4dc39d4 as target Quobyte volume. {{(pid=83946) _find_share /opt/stack/cinder/cinder/volume/drivers/quobyte.py:655}}
Feb 27 22:22:49 devstack cinder-volume[83946]: INFO cinder.volume.drivers.remotefs [None req-4ab930e7-b656-4e20-9323-503189c34369 tempest-VolumesNegativeTest-151232457 None] casted to osci02.corp.quobyte.com/cinder-vol-f387499f-4122-4440-8436-077fe4dc39d4
Feb 27 22:22:49 devstack cinder-volume[83946]: DEBUG oslo_concurrency.processutils [None req-4ab930e7-b656-4e20-9323-503189c34369 tempest-VolumesNegativeTest-151232457 None] Running cmd (subprocess): sudo cinder-rootwrap /etc/cinder/rootwrap.conf qemu-img create -f qcow2 -o preallocation=metadata /opt/stack/data/cinder/mnt/78d8cc22db8bc5841f82c8b669856b5d/volume-6e2f170e-25e8-4dd5-8b75-93baa7533fb2 1073741824 {{(pid=83946) execute /opt/stack/data/venv/lib/python3.10/site-packages/oslo_concurrency/processutils.py:440}}
Feb 27 22:22:49 devstack sudo[87661]: quobyte : PWD=/ ; USER=root ; COMMAND=/opt/stack/data/venv/bin/cinder-rootwrap /etc/cinder/rootwrap.conf qemu-img create -f qcow2 -o preallocation=metadata /opt/stack/data/cinder/mnt/78d8cc22db8bc5841f82c8b669856b5d/volume-6e2f170e-25e8-4dd5-8b75-93baa7533fb2 1073741824
Feb 27 22:22:49 devstack sudo[87661]: pam_unix(sudo:session): session opened for user root(uid=0) by (uid=1000)
Feb 27 22:22:50 devstack cinder-volume[83946]: WARNING cinder.volume.volume_utils [None req-43110832-7847-4824-aae2-8369a035868d tempest-SnapshotsActionsTest-1454017876 None] Volume driver (QuobyteDriver 1.1.13) is currently unsupported and may be removed in the next release of OpenStack. Use at your own risk.
Feb 27 22:22:50 devstack cinder-volume[83946]: DEBUG oslo_concurrency.lockutils [None req-43110832-7847-4824-aae2-8369a035868d tempest-SnapshotsActionsTest-1454017876 None] Acquiring lock "quobyte" by "cinder.volume.drivers.quobyte.QuobyteDriver.create_snapshot" {{(pid=83946) inner /opt/stack/data/venv/lib/python3.10/site-packages/oslo_concurrency/lockutils.py:506}}
Feb 27 22:22:50 devstack sudo[87661]: pam_unix(sudo:session): session closed for user root
Feb 27 22:22:50 devstack cinder-volume[83946]: DEBUG oslo_concurrency.processutils [None req-4ab930e7-b656-4e20-9323-503189c34369 tempest-VolumesNegativeTest-151232457 None] CMD "sudo cinder-rootwrap /etc/cinder/rootwrap.conf qemu-img create -f qcow2 -o preallocation=metadata /opt/stack/data/cinder/mnt/78d8cc22db8bc5841f82c8b669856b5d/volume-6e2f170e-25e8-4dd5-8b75-93baa7533fb2 1073741824" returned: 0 in 0.548s {{(pid=83946) execute /opt/stack/data/venv/lib/python3.10/site-packages/oslo_concurrency/processutils.py:468}}
Feb 27 22:22:50 devstack cinder-volume[83946]: DEBUG oslo_concurrency.processutils [None req-4ab930e7-b656-4e20-9323-503189c34369 tempest-VolumesNegativeTest-151232457 None] Running cmd (subprocess): sudo cinder-rootwrap /etc/cinder/rootwrap.conf chmod ugo+rw /opt/stack/data/cinder/mnt/78d8cc22db8bc5841f82c8b669856b5d/volume-6e2f170e-25e8-4dd5-8b75-93baa7533fb2 {{(pid=83946) execute /opt/stack/data/venv/lib/python3.10/site-packages/oslo_concurrency/processutils.py:440}}
Feb 27 22:22:50 devstack sudo[87666]: quobyte : PWD=/ ; USER=root ; COMMAND=/opt/stack/data/venv/bin/cinder-rootwrap /etc/cinder/rootwrap.conf chmod ugo+rw /opt/stack/data/cinder/mnt/78d8cc22db8bc5841f82c8b669856b5d/volume-6e2f170e-25e8-4dd5-8b75-93baa7533fb2
Feb 27 22:22:50 devstack sudo[87666]: pam_unix(sudo:session): session opened for user root(uid=0) by (uid=1000)
Feb 27 22:22:50 devstack cinder-volume[83946]: INFO cinder.volume.manager [None req-f462493c-2cf1-4776-8e93-2b89565435ae tempest-GroupSnapshotsTest-1870189831 None] GroupSnapshot f620d0e5-f718-4dff-96d4-5796ab90e5d4: creating.
Feb 27 22:22:50 devstack cinder-volume[83946]: WARNING cinder.volume.volume_utils [None req-f462493c-2cf1-4776-8e93-2b89565435ae tempest-GroupSnapshotsTest-1870189831 None] Volume driver (QuobyteDriver 1.1.13) is currently unsupported and may be removed in the next release of OpenStack. Use at your own risk.
Feb 27 22:22:50 devstack cinder-volume[83946]: DEBUG cinder.volume.manager [None req-f462493c-2cf1-4776-8e93-2b89565435ae tempest-GroupSnapshotsTest-1870189831 None] Group snapshot f620d0e5-f718-4dff-96d4-5796ab90e5d4: creating. {{(pid=83946) create_group_snapshot /opt/stack/cinder/cinder/volume/manager.py:4142}}
Feb 27 22:22:50 devstack cinder-volume[83946]: DEBUG oslo_concurrency.lockutils [None req-f462493c-2cf1-4776-8e93-2b89565435ae tempest-GroupSnapshotsTest-1870189831 None] Acquiring lock "quobyte" by "cinder.volume.drivers.quobyte.QuobyteDriver.create_snapshot" {{(pid=83946) inner /opt/stack/data/venv/lib/python3.10/site-packages/oslo_concurrency/lockutils.py:506}}
Feb 27 22:22:50 devstack sudo[87666]: pam_unix(sudo:session): session closed for user root
Feb 27 22:22:50 devstack cinder-volume[83946]: DEBUG oslo_concurrency.processutils [None req-4ab930e7-b656-4e20-9323-503189c34369 tempest-VolumesNegativeTest-151232457 None] CMD "sudo cinder-rootwrap /etc/cinder/rootwrap.conf chmod ugo+rw /opt/stack/data/cinder/mnt/78d8cc22db8bc5841f82c8b669856b5d/volume-6e2f170e-25e8-4dd5-8b75-93baa7533fb2" returned: 0 in 0.428s {{(pid=83946) execute /opt/stack/data/venv/lib/python3.10/site-packages/oslo_concurrency/processutils.py:468}}
Feb 27 22:22:50 devstack cinder-volume[83946]: DEBUG cinder.volume.drivers.quobyte [None req-4ab930e7-b656-4e20-9323-503189c34369 tempest-VolumesNegativeTest-151232457 None] <== create_volume: return (984ms) {'provider_location': 'osci02.corp.quobyte.com/cinder-vol-f387499f-4122-4440-8436-077fe4dc39d4'} {{(pid=83946) trace_logging_wrapper /opt/stack/cinder/cinder/volume/volume_utils.py:1523}}
Feb 27 22:22:50 devstack cinder-volume[83946]: DEBUG oslo_concurrency.lockutils [None req-4ab930e7-b656-4e20-9323-503189c34369 tempest-VolumesNegativeTest-151232457 None] Lock "quobyte" "released" by "cinder.volume.drivers.quobyte.QuobyteDriver.create_volume" :: held 0.986s {{(pid=83946) inner /opt/stack/data/venv/lib/python3.10/site-packages/oslo_concurrency/lockutils.py:538}}
Feb 27 22:22:50 devstack cinder-volume[83946]: DEBUG oslo_concurrency.lockutils [None req-43110832-7847-4824-aae2-8369a035868d tempest-SnapshotsActionsTest-1454017876 None] Lock "quobyte" acquired by "cinder.volume.drivers.quobyte.QuobyteDriver.create_snapshot" :: waited 0.768s {{(pid=83946) inner /opt/stack/data/venv/lib/python3.10/site-packages/oslo_concurrency/lockutils.py:519}}
Feb 27 22:22:50 devstack cinder-volume[83946]: DEBUG cinder.volume.manager [None req-4ab930e7-b656-4e20-9323-503189c34369 tempest-VolumesNegativeTest-151232457 None] Task 'cinder.volume.flows.manager.create_volume.CreateVolumeFromSpecTask;volume:create' (99dc5eaf-2fb4-490c-a20d-bfb5d4ec8d44) transitioned into state 'SUCCESS' from state 'RUNNING' with result '{'status': 'creating', 'volume_name': 'volume-6e2f170e-25e8-4dd5-8b75-93baa7533fb2', 'volume_size': 1}' {{(pid=83946) _task_receiver /opt/stack/data/venv/lib/python3.10/site-packages/taskflow/listeners/logging.py:182}}
Feb 27 22:22:50 devstack cinder-volume[83946]: DEBUG cinder.volume.manager [None req-4ab930e7-b656-4e20-9323-503189c34369 tempest-VolumesNegativeTest-151232457 None] Task 'cinder.volume.flows.manager.create_volume.CreateVolumeOnFinishTask;volume:create, create.end' (2c65ee6b-17a9-4444-82cf-e861c64bb6aa) transitioned into state 'RUNNING' from state 'PENDING' {{(pid=83946) _task_receiver /opt/stack/data/venv/lib/python3.10/site-packages/taskflow/listeners/logging.py:194}}
Feb 27 22:22:50 devstack cinder-volume[83946]: DEBUG cinder.volume.drivers.remotefs [None req-43110832-7847-4824-aae2-8369a035868d tempest-SnapshotsActionsTest-1454017876 None] Creating offline snapshot aaf52ba1-a8ae-4b66-8a67-cb613bed0366 of volume cd0943c7-cd18-445f-b3c3-7b982e00e102 {{(pid=83946) _create_snapshot /opt/stack/cinder/cinder/volume/drivers/remotefs.py:1694}}
Feb 27 22:22:50 devstack cinder-volume[83946]: INFO cinder.volume.flows.manager.create_volume [None req-4ab930e7-b656-4e20-9323-503189c34369 tempest-VolumesNegativeTest-151232457 None] Volume volume-6e2f170e-25e8-4dd5-8b75-93baa7533fb2 (6e2f170e-25e8-4dd5-8b75-93baa7533fb2): created successfully
Feb 27 22:22:50 devstack cinder-volume[83946]: DEBUG cinder.volume.manager [None req-4ab930e7-b656-4e20-9323-503189c34369 tempest-VolumesNegativeTest-151232457 None] Task 'cinder.volume.flows.manager.create_volume.CreateVolumeOnFinishTask;volume:create, create.end' (2c65ee6b-17a9-4444-82cf-e861c64bb6aa) transitioned into state 'SUCCESS' from state 'RUNNING' with result 'None' {{(pid=83946) _task_receiver /opt/stack/data/venv/lib/python3.10/site-packages/taskflow/listeners/logging.py:182}}
Feb 27 22:22:50 devstack cinder-volume[83946]: DEBUG cinder.volume.manager [None req-4ab930e7-b656-4e20-9323-503189c34369 tempest-VolumesNegativeTest-151232457 None] Flow 'volume_create_manager' (88392fc3-8bdf-4ce3-98e7-2beff9fba44f) transitioned into state 'SUCCESS' from state 'RUNNING' {{(pid=83946) _flow_receiver /opt/stack/data/venv/lib/python3.10/site-packages/taskflow/listeners/logging.py:145}}
Feb 27 22:22:50 devstack cinder-volume[83946]: DEBUG oslo.privsep.daemon [-] privsep: reply[db17c7a6-e0fc-40b0-839c-f0347bbbdbc4]: (4, 'qcow2') {{(pid=84842) _call_back /opt/stack/data/venv/lib/python3.10/site-packages/oslo_privsep/daemon.py:573}}
Feb 27 22:22:50 devstack cinder-volume[83946]: DEBUG oslo_concurrency.processutils [None req-43110832-7847-4824-aae2-8369a035868d tempest-SnapshotsActionsTest-1454017876 None] Running cmd (subprocess): /opt/stack/data/venv/bin/python3.10 -m oslo_concurrency.prlimit --as=1073741824 --cpu=60 -- sudo cinder-rootwrap /etc/cinder/rootwrap.conf env LC_ALL=C qemu-img info -f qcow2 --output=json --force-share /opt/stack/data/cinder/mnt/78d8cc22db8bc5841f82c8b669856b5d/volume-cd0943c7-cd18-445f-b3c3-7b982e00e102 {{(pid=83946) execute /opt/stack/data/venv/lib/python3.10/site-packages/oslo_concurrency/processutils.py:440}}
Feb 27 22:22:50 devstack cinder-volume[83946]: INFO cinder.volume.manager [None req-4ab930e7-b656-4e20-9323-503189c34369 tempest-VolumesNegativeTest-151232457 None] Created volume successfully.
Feb 27 22:22:50 devstack sudo[87669]: quobyte : PWD=/ ; USER=root ; COMMAND=/opt/stack/data/venv/bin/cinder-rootwrap /etc/cinder/rootwrap.conf env LC_ALL=C qemu-img info -f qcow2 --output=json --force-share /opt/stack/data/cinder/mnt/78d8cc22db8bc5841f82c8b669856b5d/volume-cd0943c7-cd18-445f-b3c3-7b982e00e102
Feb 27 22:22:50 devstack sudo[87669]: pam_unix(sudo:session): session opened for user root(uid=0) by (uid=1000)
Feb 27 22:22:51 devstack sudo[87669]: pam_unix(sudo:session): session closed for user root
Feb 27 22:22:51 devstack cinder-volume[83946]: DEBUG oslo_concurrency.processutils [None req-43110832-7847-4824-aae2-8369a035868d tempest-SnapshotsActionsTest-1454017876 None] CMD "/opt/stack/data/venv/bin/python3.10 -m oslo_concurrency.prlimit --as=1073741824 --cpu=60 -- sudo cinder-rootwrap /etc/cinder/rootwrap.conf env LC_ALL=C qemu-img info -f qcow2 --output=json --force-share /opt/stack/data/cinder/mnt/78d8cc22db8bc5841f82c8b669856b5d/volume-cd0943c7-cd18-445f-b3c3-7b982e00e102" returned: 0 in 0.466s {{(pid=83946) execute /opt/stack/data/venv/lib/python3.10/site-packages/oslo_concurrency/processutils.py:468}}
Feb 27 22:22:51 devstack cinder-volume[83946]: DEBUG oslo_concurrency.processutils [None req-43110832-7847-4824-aae2-8369a035868d tempest-SnapshotsActionsTest-1454017876 None] Running cmd (subprocess): sudo cinder-rootwrap /etc/cinder/rootwrap.conf qemu-img create -f qcow2 -o backing_file=/opt/stack/data/cinder/mnt/78d8cc22db8bc5841f82c8b669856b5d/volume-cd0943c7-cd18-445f-b3c3-7b982e00e102,backing_fmt=qcow2 /opt/stack/data/cinder/mnt/78d8cc22db8bc5841f82c8b669856b5d/volume-cd0943c7-cd18-445f-b3c3-7b982e00e102.aaf52ba1-a8ae-4b66-8a67-cb613bed0366 1G {{(pid=83946) execute /opt/stack/data/venv/lib/python3.10/site-packages/oslo_concurrency/processutils.py:440}}
Feb 27 22:22:51 devstack sudo[87675]: quobyte : PWD=/ ; USER=root ; COMMAND=/opt/stack/data/venv/bin/cinder-rootwrap /etc/cinder/rootwrap.conf qemu-img create -f qcow2 -o backing_file=/opt/stack/data/cinder/mnt/78d8cc22db8bc5841f82c8b669856b5d/volume-cd0943c7-cd18-445f-b3c3-7b982e00e102,backing_fmt=qcow2 /opt/stack/data/cinder/mnt/78d8cc22db8bc5841f82c8b669856b5d/volume-cd0943c7-cd18-445f-b3c3-7b982e00e102.aaf52ba1-a8ae-4b66-8a67-cb613bed0366 1G
Feb 27 22:22:51 devstack sudo[87675]: pam_unix(sudo:session): session opened for user root(uid=0) by (uid=1000)
Feb 27 22:22:51 devstack sudo[87675]: pam_unix(sudo:session): session closed for user root
Feb 27 22:22:51 devstack cinder-volume[83946]: DEBUG oslo_concurrency.processutils [None req-43110832-7847-4824-aae2-8369a035868d tempest-SnapshotsActionsTest-1454017876 None] CMD "sudo cinder-rootwrap /etc/cinder/rootwrap.conf qemu-img create -f qcow2 -o backing_file=/opt/stack/data/cinder/mnt/78d8cc22db8bc5841f82c8b669856b5d/volume-cd0943c7-cd18-445f-b3c3-7b982e00e102,backing_fmt=qcow2 /opt/stack/data/cinder/mnt/78d8cc22db8bc5841f82c8b669856b5d/volume-cd0943c7-cd18-445f-b3c3-7b982e00e102.aaf52ba1-a8ae-4b66-8a67-cb613bed0366 1G" returned: 0 in 0.464s {{(pid=83946) execute /opt/stack/data/venv/lib/python3.10/site-packages/oslo_concurrency/processutils.py:468}}
Feb 27 22:22:51 devstack cinder-volume[83946]: DEBUG oslo_concurrency.processutils [None req-43110832-7847-4824-aae2-8369a035868d tempest-SnapshotsActionsTest-1454017876 None] Running cmd (subprocess): sudo cinder-rootwrap /etc/cinder/rootwrap.conf qemu-img rebase -u -b volume-cd0943c7-cd18-445f-b3c3-7b982e00e102 -F qcow2 /opt/stack/data/cinder/mnt/78d8cc22db8bc5841f82c8b669856b5d/volume-cd0943c7-cd18-445f-b3c3-7b982e00e102.aaf52ba1-a8ae-4b66-8a67-cb613bed0366 {{(pid=83946) execute /opt/stack/data/venv/lib/python3.10/site-packages/oslo_concurrency/processutils.py:440}}
Feb 27 22:22:51 devstack sudo[87680]: quobyte : PWD=/ ; USER=root ; COMMAND=/opt/stack/data/venv/bin/cinder-rootwrap /etc/cinder/rootwrap.conf qemu-img rebase -u -b volume-cd0943c7-cd18-445f-b3c3-7b982e00e102 -F qcow2 /opt/stack/data/cinder/mnt/78d8cc22db8bc5841f82c8b669856b5d/volume-cd0943c7-cd18-445f-b3c3-7b982e00e102.aaf52ba1-a8ae-4b66-8a67-cb613bed0366
Feb 27 22:22:51 devstack sudo[87680]: pam_unix(sudo:session): session opened for user root(uid=0) by (uid=1000)
Feb 27 22:22:52 devstack sudo[87680]: pam_unix(sudo:session): session closed for user root
Feb 27 22:22:52 devstack cinder-volume[83946]: DEBUG oslo_concurrency.processutils [None req-43110832-7847-4824-aae2-8369a035868d tempest-SnapshotsActionsTest-1454017876 None] CMD "sudo cinder-rootwrap /etc/cinder/rootwrap.conf qemu-img rebase -u -b volume-cd0943c7-cd18-445f-b3c3-7b982e00e102 -F qcow2 /opt/stack/data/cinder/mnt/78d8cc22db8bc5841f82c8b669856b5d/volume-cd0943c7-cd18-445f-b3c3-7b982e00e102.aaf52ba1-a8ae-4b66-8a67-cb613bed0366" returned: 0 in 0.514s {{(pid=83946) execute /opt/stack/data/venv/lib/python3.10/site-packages/oslo_concurrency/processutils.py:468}}
Feb 27 22:22:52 devstack cinder-volume[83946]: WARNING cinder.volume.drivers.remotefs [None req-43110832-7847-4824-aae2-8369a035868d tempest-SnapshotsActionsTest-1454017876 None] /opt/stack/data/cinder/mnt/78d8cc22db8bc5841f82c8b669856b5d/volume-cd0943c7-cd18-445f-b3c3-7b982e00e102.aaf52ba1-a8ae-4b66-8a67-cb613bed0366 is being set with open permissions: ugo+rw
Feb 27 22:22:52 devstack cinder-volume[83946]: DEBUG oslo_concurrency.processutils [None req-43110832-7847-4824-aae2-8369a035868d tempest-SnapshotsActionsTest-1454017876 None] Running cmd (subprocess): sudo cinder-rootwrap /etc/cinder/rootwrap.conf chmod ugo+rw /opt/stack/data/cinder/mnt/78d8cc22db8bc5841f82c8b669856b5d/volume-cd0943c7-cd18-445f-b3c3-7b982e00e102.aaf52ba1-a8ae-4b66-8a67-cb613bed0366 {{(pid=83946) execute /opt/stack/data/venv/lib/python3.10/site-packages/oslo_concurrency/processutils.py:440}}
Feb 27 22:22:52 devstack sudo[87687]: quobyte : PWD=/ ; USER=root ; COMMAND=/opt/stack/data/venv/bin/cinder-rootwrap /etc/cinder/rootwrap.conf chmod ugo+rw /opt/stack/data/cinder/mnt/78d8cc22db8bc5841f82c8b669856b5d/volume-cd0943c7-cd18-445f-b3c3-7b982e00e102.aaf52ba1-a8ae-4b66-8a67-cb613bed0366
Feb 27 22:22:52 devstack sudo[87687]: pam_unix(sudo:session): session opened for user root(uid=0) by (uid=1000)
Feb 27 22:22:52 devstack sudo[87687]: pam_unix(sudo:session): session closed for user root
Feb 27 22:22:52 devstack cinder-volume[83946]: DEBUG oslo_concurrency.processutils [None req-43110832-7847-4824-aae2-8369a035868d tempest-SnapshotsActionsTest-1454017876 None] CMD "sudo cinder-rootwrap /etc/cinder/rootwrap.conf chmod ugo+rw /opt/stack/data/cinder/mnt/78d8cc22db8bc5841f82c8b669856b5d/volume-cd0943c7-cd18-445f-b3c3-7b982e00e102.aaf52ba1-a8ae-4b66-8a67-cb613bed0366" returned: 0 in 0.415s {{(pid=83946) execute /opt/stack/data/venv/lib/python3.10/site-packages/oslo_concurrency/processutils.py:468}}
Feb 27 22:22:52 devstack cinder-volume[83946]: DEBUG oslo_concurrency.processutils [None req-43110832-7847-4824-aae2-8369a035868d tempest-SnapshotsActionsTest-1454017876 None] Running cmd (subprocess): sudo cinder-rootwrap /etc/cinder/rootwrap.conf truncate -s0 /opt/stack/data/cinder/mnt/78d8cc22db8bc5841f82c8b669856b5d/volume-cd0943c7-cd18-445f-b3c3-7b982e00e102.info {{(pid=83946) execute /opt/stack/data/venv/lib/python3.10/site-packages/oslo_concurrency/processutils.py:440}}
Feb 27 22:22:52 devstack sudo[87690]: quobyte : PWD=/ ; USER=root ; COMMAND=/opt/stack/data/venv/bin/cinder-rootwrap /etc/cinder/rootwrap.conf truncate -s0 /opt/stack/data/cinder/mnt/78d8cc22db8bc5841f82c8b669856b5d/volume-cd0943c7-cd18-445f-b3c3-7b982e00e102.info
Feb 27 22:22:52 devstack sudo[87690]: pam_unix(sudo:session): session opened for user root(uid=0) by (uid=1000)
Feb 27 22:22:53 devstack sudo[87690]: pam_unix(sudo:session): session closed for user root
Feb 27 22:22:53 devstack cinder-volume[83946]: DEBUG oslo_concurrency.processutils [None req-43110832-7847-4824-aae2-8369a035868d tempest-SnapshotsActionsTest-1454017876 None] CMD "sudo cinder-rootwrap /etc/cinder/rootwrap.conf truncate -s0 /opt/stack/data/cinder/mnt/78d8cc22db8bc5841f82c8b669856b5d/volume-cd0943c7-cd18-445f-b3c3-7b982e00e102.info" returned: 0 in 0.412s {{(pid=83946) execute /opt/stack/data/venv/lib/python3.10/site-packages/oslo_concurrency/processutils.py:468}}
Feb 27 22:22:53 devstack cinder-volume[83946]: WARNING cinder.volume.drivers.remotefs [None req-43110832-7847-4824-aae2-8369a035868d tempest-SnapshotsActionsTest-1454017876 None] /opt/stack/data/cinder/mnt/78d8cc22db8bc5841f82c8b669856b5d/volume-cd0943c7-cd18-445f-b3c3-7b982e00e102.info is being set with open permissions: ugo+rw
Feb 27 22:22:53 devstack cinder-volume[83946]: DEBUG oslo_concurrency.processutils [None req-43110832-7847-4824-aae2-8369a035868d tempest-SnapshotsActionsTest-1454017876 None] Running cmd (subprocess): sudo cinder-rootwrap /etc/cinder/rootwrap.conf chmod ugo+rw /opt/stack/data/cinder/mnt/78d8cc22db8bc5841f82c8b669856b5d/volume-cd0943c7-cd18-445f-b3c3-7b982e00e102.info {{(pid=83946) execute /opt/stack/data/venv/lib/python3.10/site-packages/oslo_concurrency/processutils.py:440}}
Feb 27 22:22:53 devstack sudo[87693]: quobyte : PWD=/ ; USER=root ; COMMAND=/opt/stack/data/venv/bin/cinder-rootwrap /etc/cinder/rootwrap.conf chmod ugo+rw /opt/stack/data/cinder/mnt/78d8cc22db8bc5841f82c8b669856b5d/volume-cd0943c7-cd18-445f-b3c3-7b982e00e102.info
Feb 27 22:22:53 devstack sudo[87693]: pam_unix(sudo:session): session opened for user root(uid=0) by (uid=1000)
Feb 27 22:22:53 devstack sudo[87693]: pam_unix(sudo:session): session closed for user root
Feb 27 22:22:53 devstack cinder-volume[83946]: DEBUG oslo_concurrency.processutils [None req-43110832-7847-4824-aae2-8369a035868d tempest-SnapshotsActionsTest-1454017876 None] CMD "sudo cinder-rootwrap /etc/cinder/rootwrap.conf chmod ugo+rw /opt/stack/data/cinder/mnt/78d8cc22db8bc5841f82c8b669856b5d/volume-cd0943c7-cd18-445f-b3c3-7b982e00e102.info" returned: 0 in 0.470s {{(pid=83946) execute /opt/stack/data/venv/lib/python3.10/site-packages/oslo_concurrency/processutils.py:468}}
Feb 27 22:22:53 devstack cinder-volume[83946]: DEBUG oslo_concurrency.lockutils [None req-43110832-7847-4824-aae2-8369a035868d tempest-SnapshotsActionsTest-1454017876 None] Lock "quobyte" "released" by "cinder.volume.drivers.quobyte.QuobyteDriver.create_snapshot" :: held 2.801s {{(pid=83946) inner /opt/stack/data/venv/lib/python3.10/site-packages/oslo_concurrency/lockutils.py:538}}
Feb 27 22:22:53 devstack cinder-volume[83946]: DEBUG oslo_concurrency.lockutils [None req-f462493c-2cf1-4776-8e93-2b89565435ae tempest-GroupSnapshotsTest-1870189831 None] Lock "quobyte" acquired by "cinder.volume.drivers.quobyte.QuobyteDriver.create_snapshot" :: waited 3.114s {{(pid=83946) inner /opt/stack/data/venv/lib/python3.10/site-packages/oslo_concurrency/lockutils.py:519}}
Feb 27 22:22:53 devstack cinder-volume[83946]: INFO cinder.volume.manager [None req-43110832-7847-4824-aae2-8369a035868d tempest-SnapshotsActionsTest-1454017876 None] Create snapshot completed successfully
Feb 27 22:22:53 devstack cinder-volume[83946]: DEBUG cinder.volume.drivers.remotefs [None req-f462493c-2cf1-4776-8e93-2b89565435ae tempest-GroupSnapshotsTest-1870189831 None] Creating offline snapshot 1e101da5-c229-4509-b3d6-7f668c0cc8c7 of volume 16b9e520-87a6-4816-a959-1b25392f4d87 {{(pid=83946) _create_snapshot /opt/stack/cinder/cinder/volume/drivers/remotefs.py:1694}}
Feb 27 22:22:53 devstack cinder-volume[83946]: DEBUG oslo.privsep.daemon [-] privsep: reply[e59fc7d8-96e5-4a72-93c2-5bb20f3b1353]: (4, 'qcow2') {{(pid=84842) _call_back /opt/stack/data/venv/lib/python3.10/site-packages/oslo_privsep/daemon.py:573}}
Feb 27 22:22:53 devstack cinder-volume[83946]: DEBUG oslo_concurrency.processutils [None req-f462493c-2cf1-4776-8e93-2b89565435ae tempest-GroupSnapshotsTest-1870189831 None] Running cmd (subprocess): /opt/stack/data/venv/bin/python3.10 -m oslo_concurrency.prlimit --as=1073741824 --cpu=60 -- sudo cinder-rootwrap /etc/cinder/rootwrap.conf env LC_ALL=C qemu-img info -f qcow2 --output=json --force-share /opt/stack/data/cinder/mnt/78d8cc22db8bc5841f82c8b669856b5d/volume-16b9e520-87a6-4816-a959-1b25392f4d87 {{(pid=83946) execute /opt/stack/data/venv/lib/python3.10/site-packages/oslo_concurrency/processutils.py:440}}
Feb 27 22:22:53 devstack sudo[87717]: quobyte : PWD=/ ; USER=root ; COMMAND=/opt/stack/data/venv/bin/cinder-rootwrap /etc/cinder/rootwrap.conf env LC_ALL=C qemu-img info -f qcow2 --output=json --force-share /opt/stack/data/cinder/mnt/78d8cc22db8bc5841f82c8b669856b5d/volume-16b9e520-87a6-4816-a959-1b25392f4d87
Feb 27 22:22:53 devstack sudo[87717]: pam_unix(sudo:session): session opened for user root(uid=0) by (uid=1000)
Feb 27 22:22:54 devstack sudo[87717]: pam_unix(sudo:session): session closed for user root
Feb 27 22:22:54 devstack cinder-volume[83946]: DEBUG oslo_concurrency.processutils [None req-f462493c-2cf1-4776-8e93-2b89565435ae tempest-GroupSnapshotsTest-1870189831 None] CMD "/opt/stack/data/venv/bin/python3.10 -m oslo_concurrency.prlimit --as=1073741824 --cpu=60 -- sudo cinder-rootwrap /etc/cinder/rootwrap.conf env LC_ALL=C qemu-img info -f qcow2 --output=json --force-share /opt/stack/data/cinder/mnt/78d8cc22db8bc5841f82c8b669856b5d/volume-16b9e520-87a6-4816-a959-1b25392f4d87" returned: 0 in 0.799s {{(pid=83946) execute /opt/stack/data/venv/lib/python3.10/site-packages/oslo_concurrency/processutils.py:468}}
Feb 27 22:22:54 devstack cinder-volume[83946]: DEBUG oslo_concurrency.processutils [None req-f462493c-2cf1-4776-8e93-2b89565435ae tempest-GroupSnapshotsTest-1870189831 None] Running cmd (subprocess): sudo cinder-rootwrap /etc/cinder/rootwrap.conf qemu-img create -f qcow2 -o backing_file=/opt/stack/data/cinder/mnt/78d8cc22db8bc5841f82c8b669856b5d/volume-16b9e520-87a6-4816-a959-1b25392f4d87,backing_fmt=qcow2 /opt/stack/data/cinder/mnt/78d8cc22db8bc5841f82c8b669856b5d/volume-16b9e520-87a6-4816-a959-1b25392f4d87.1e101da5-c229-4509-b3d6-7f668c0cc8c7 1G {{(pid=83946) execute /opt/stack/data/venv/lib/python3.10/site-packages/oslo_concurrency/processutils.py:440}}
Feb 27 22:22:54 devstack sudo[87728]: quobyte : PWD=/ ; USER=root ; COMMAND=/opt/stack/data/venv/bin/cinder-rootwrap /etc/cinder/rootwrap.conf qemu-img create -f qcow2 -o backing_file=/opt/stack/data/cinder/mnt/78d8cc22db8bc5841f82c8b669856b5d/volume-16b9e520-87a6-4816-a959-1b25392f4d87,backing_fmt=qcow2 /opt/stack/data/cinder/mnt/78d8cc22db8bc5841f82c8b669856b5d/volume-16b9e520-87a6-4816-a959-1b25392f4d87.1e101da5-c229-4509-b3d6-7f668c0cc8c7 1G
Feb 27 22:22:54 devstack sudo[87728]: pam_unix(sudo:session): session opened for user root(uid=0) by (uid=1000)
Feb 27 22:22:54 devstack cinder-volume[83946]: WARNING cinder.volume.volume_utils [None req-9a760a63-2c2d-4302-9ca4-1526cb6b577a tempest-SnapshotsActionsTest-1454017876 None] Volume driver (QuobyteDriver 1.1.13) is currently unsupported and may be removed in the next release of OpenStack. Use at your own risk.
Feb 27 22:22:54 devstack cinder-volume[83946]: DEBUG oslo_concurrency.lockutils [None req-9a760a63-2c2d-4302-9ca4-1526cb6b577a tempest-SnapshotsActionsTest-1454017876 None] Acquiring lock "quobyte" by "cinder.volume.drivers.quobyte.QuobyteDriver.create_snapshot" {{(pid=83946) inner /opt/stack/data/venv/lib/python3.10/site-packages/oslo_concurrency/lockutils.py:506}}
Feb 27 22:22:55 devstack sudo[87728]: pam_unix(sudo:session): session closed for user root
Feb 27 22:22:55 devstack cinder-volume[83946]: DEBUG oslo_concurrency.processutils [None req-f462493c-2cf1-4776-8e93-2b89565435ae tempest-GroupSnapshotsTest-1870189831 None] CMD "sudo cinder-rootwrap /etc/cinder/rootwrap.conf qemu-img create -f qcow2 -o backing_file=/opt/stack/data/cinder/mnt/78d8cc22db8bc5841f82c8b669856b5d/volume-16b9e520-87a6-4816-a959-1b25392f4d87,backing_fmt=qcow2 /opt/stack/data/cinder/mnt/78d8cc22db8bc5841f82c8b669856b5d/volume-16b9e520-87a6-4816-a959-1b25392f4d87.1e101da5-c229-4509-b3d6-7f668c0cc8c7 1G" returned: 0 in 0.636s {{(pid=83946) execute /opt/stack/data/venv/lib/python3.10/site-packages/oslo_concurrency/processutils.py:468}}
Feb 27 22:22:55 devstack cinder-volume[83946]: DEBUG oslo_concurrency.processutils [None req-f462493c-2cf1-4776-8e93-2b89565435ae tempest-GroupSnapshotsTest-1870189831 None] Running cmd (subprocess): sudo cinder-rootwrap /etc/cinder/rootwrap.conf qemu-img rebase -u -b volume-16b9e520-87a6-4816-a959-1b25392f4d87 -F qcow2 /opt/stack/data/cinder/mnt/78d8cc22db8bc5841f82c8b669856b5d/volume-16b9e520-87a6-4816-a959-1b25392f4d87.1e101da5-c229-4509-b3d6-7f668c0cc8c7 {{(pid=83946) execute /opt/stack/data/venv/lib/python3.10/site-packages/oslo_concurrency/processutils.py:440}}
Feb 27 22:22:55 devstack sudo[87733]: quobyte : PWD=/ ; USER=root ; COMMAND=/opt/stack/data/venv/bin/cinder-rootwrap /etc/cinder/rootwrap.conf qemu-img rebase -u -b volume-16b9e520-87a6-4816-a959-1b25392f4d87 -F qcow2 /opt/stack/data/cinder/mnt/78d8cc22db8bc5841f82c8b669856b5d/volume-16b9e520-87a6-4816-a959-1b25392f4d87.1e101da5-c229-4509-b3d6-7f668c0cc8c7
Feb 27 22:22:55 devstack sudo[87733]: pam_unix(sudo:session): session opened for user root(uid=0) by (uid=1000)
Feb 27 22:22:55 devstack sudo[87733]: pam_unix(sudo:session): session closed for user root
Feb 27 22:22:55 devstack cinder-volume[83946]: DEBUG oslo_concurrency.processutils [None req-f462493c-2cf1-4776-8e93-2b89565435ae tempest-GroupSnapshotsTest-1870189831 None] CMD "sudo cinder-rootwrap /etc/cinder/rootwrap.conf qemu-img rebase -u -b volume-16b9e520-87a6-4816-a959-1b25392f4d87 -F qcow2 /opt/stack/data/cinder/mnt/78d8cc22db8bc5841f82c8b669856b5d/volume-16b9e520-87a6-4816-a959-1b25392f4d87.1e101da5-c229-4509-b3d6-7f668c0cc8c7" returned: 0 in 0.570s {{(pid=83946) execute /opt/stack/data/venv/lib/python3.10/site-packages/oslo_concurrency/processutils.py:468}}
Feb 27 22:22:55 devstack cinder-volume[83946]: WARNING cinder.volume.drivers.remotefs [None req-f462493c-2cf1-4776-8e93-2b89565435ae tempest-GroupSnapshotsTest-1870189831 None] /opt/stack/data/cinder/mnt/78d8cc22db8bc5841f82c8b669856b5d/volume-16b9e520-87a6-4816-a959-1b25392f4d87.1e101da5-c229-4509-b3d6-7f668c0cc8c7 is being set with open permissions: ugo+rw: NotImplementedError
Feb 27 22:22:55 devstack cinder-volume[83946]: DEBUG oslo_concurrency.processutils [None req-f462493c-2cf1-4776-8e93-2b89565435ae tempest-GroupSnapshotsTest-1870189831 None] Running cmd (subprocess): sudo cinder-rootwrap /etc/cinder/rootwrap.conf chmod ugo+rw /opt/stack/data/cinder/mnt/78d8cc22db8bc5841f82c8b669856b5d/volume-16b9e520-87a6-4816-a959-1b25392f4d87.1e101da5-c229-4509-b3d6-7f668c0cc8c7 {{(pid=83946) execute /opt/stack/data/venv/lib/python3.10/site-packages/oslo_concurrency/processutils.py:440}}
Feb 27 22:22:55 devstack sudo[87738]: quobyte : PWD=/ ; USER=root ; COMMAND=/opt/stack/data/venv/bin/cinder-rootwrap /etc/cinder/rootwrap.conf chmod ugo+rw /opt/stack/data/cinder/mnt/78d8cc22db8bc5841f82c8b669856b5d/volume-16b9e520-87a6-4816-a959-1b25392f4d87.1e101da5-c229-4509-b3d6-7f668c0cc8c7
Feb 27 22:22:55 devstack sudo[87738]: pam_unix(sudo:session): session opened for user root(uid=0) by (uid=1000)
Feb 27 22:22:56 devstack sudo[87738]: pam_unix(sudo:session): session closed for user root
Feb 27 22:22:56 devstack cinder-volume[83946]: DEBUG oslo_concurrency.processutils [None req-f462493c-2cf1-4776-8e93-2b89565435ae tempest-GroupSnapshotsTest-1870189831 None] CMD "sudo cinder-rootwrap /etc/cinder/rootwrap.conf chmod ugo+rw /opt/stack/data/cinder/mnt/78d8cc22db8bc5841f82c8b669856b5d/volume-16b9e520-87a6-4816-a959-1b25392f4d87.1e101da5-c229-4509-b3d6-7f668c0cc8c7" returned: 0 in 0.457s {{(pid=83946) execute /opt/stack/data/venv/lib/python3.10/site-packages/oslo_concurrency/processutils.py:468}}
Feb 27 22:22:56 devstack cinder-volume[83946]: DEBUG oslo_concurrency.processutils [None req-f462493c-2cf1-4776-8e93-2b89565435ae tempest-GroupSnapshotsTest-1870189831 None] Running cmd (subprocess): sudo cinder-rootwrap /etc/cinder/rootwrap.conf truncate -s0 /opt/stack/data/cinder/mnt/78d8cc22db8bc5841f82c8b669856b5d/volume-16b9e520-87a6-4816-a959-1b25392f4d87.info {{(pid=83946) execute /opt/stack/data/venv/lib/python3.10/site-packages/oslo_concurrency/processutils.py:440}}
Feb 27 22:22:56 devstack sudo[87741]: quobyte : PWD=/ ; USER=root ; COMMAND=/opt/stack/data/venv/bin/cinder-rootwrap /etc/cinder/rootwrap.conf truncate -s0 /opt/stack/data/cinder/mnt/78d8cc22db8bc5841f82c8b669856b5d/volume-16b9e520-87a6-4816-a959-1b25392f4d87.info
Feb 27 22:22:56 devstack sudo[87741]: pam_unix(sudo:session): session opened for user root(uid=0) by (uid=1000)
Feb 27 22:22:56 devstack sudo[87741]: pam_unix(sudo:session): session closed for user root
Feb 27 22:22:56 devstack cinder-volume[83946]: DEBUG oslo_concurrency.processutils [None req-f462493c-2cf1-4776-8e93-2b89565435ae tempest-GroupSnapshotsTest-1870189831 None] CMD "sudo cinder-rootwrap /etc/cinder/rootwrap.conf truncate -s0 /opt/stack/data/cinder/mnt/78d8cc22db8bc5841f82c8b669856b5d/volume-16b9e520-87a6-4816-a959-1b25392f4d87.info" returned: 0 in 0.425s {{(pid=83946) execute /opt/stack/data/venv/lib/python3.10/site-packages/oslo_concurrency/processutils.py:468}}
Feb 27 22:22:56 devstack cinder-volume[83946]: WARNING cinder.volume.drivers.remotefs [None req-f462493c-2cf1-4776-8e93-2b89565435ae tempest-GroupSnapshotsTest-1870189831 None] /opt/stack/data/cinder/mnt/78d8cc22db8bc5841f82c8b669856b5d/volume-16b9e520-87a6-4816-a959-1b25392f4d87.info is being set with open permissions: ugo+rw: NotImplementedError
Feb 27 22:22:56 devstack cinder-volume[83946]: DEBUG oslo_concurrency.processutils [None req-f462493c-2cf1-4776-8e93-2b89565435ae tempest-GroupSnapshotsTest-1870189831 None] Running cmd (subprocess): sudo cinder-rootwrap /etc/cinder/rootwrap.conf chmod ugo+rw /opt/stack/data/cinder/mnt/78d8cc22db8bc5841f82c8b669856b5d/volume-16b9e520-87a6-4816-a959-1b25392f4d87.info {{(pid=83946) execute /opt/stack/data/venv/lib/python3.10/site-packages/oslo_concurrency/processutils.py:440}}
Feb 27 22:22:56 devstack sudo[87744]: quobyte : PWD=/ ; USER=root ; COMMAND=/opt/stack/data/venv/bin/cinder-rootwrap /etc/cinder/rootwrap.conf chmod ugo+rw /opt/stack/data/cinder/mnt/78d8cc22db8bc5841f82c8b669856b5d/volume-16b9e520-87a6-4816-a959-1b25392f4d87.info
Feb 27 22:22:56 devstack sudo[87744]: pam_unix(sudo:session): session opened for user root(uid=0) by (uid=1000)
Feb 27 22:22:57 devstack sudo[87744]: pam_unix(sudo:session): session closed for user root
Feb 27 22:22:57 devstack cinder-volume[83946]: DEBUG oslo_concurrency.processutils [None req-f462493c-2cf1-4776-8e93-2b89565435ae tempest-GroupSnapshotsTest-1870189831 None] CMD "sudo cinder-rootwrap /etc/cinder/rootwrap.conf chmod ugo+rw /opt/stack/data/cinder/mnt/78d8cc22db8bc5841f82c8b669856b5d/volume-16b9e520-87a6-4816-a959-1b25392f4d87.info" returned: 0 in 0.586s {{(pid=83946) execute /opt/stack/data/venv/lib/python3.10/site-packages/oslo_concurrency/processutils.py:468}}
Feb 27 22:22:57 devstack cinder-volume[83946]: DEBUG oslo_concurrency.lockutils [None req-f462493c-2cf1-4776-8e93-2b89565435ae tempest-GroupSnapshotsTest-1870189831 None] Lock "quobyte" "released" by "cinder.volume.drivers.quobyte.QuobyteDriver.create_snapshot" :: held 3.591s {{(pid=83946) inner /opt/stack/data/venv/lib/python3.10/site-packages/oslo_concurrency/lockutils.py:538}}
Feb 27 22:22:57 devstack cinder-volume[83946]: DEBUG oslo_concurrency.lockutils [None req-f462493c-2cf1-4776-8e93-2b89565435ae tempest-GroupSnapshotsTest-1870189831 None] Acquiring lock "quobyte" by "cinder.volume.drivers.quobyte.QuobyteDriver.create_snapshot" {{(pid=83946) inner /opt/stack/data/venv/lib/python3.10/site-packages/oslo_concurrency/lockutils.py:506}}
Feb 27 22:22:57 devstack cinder-volume[83946]: DEBUG oslo_concurrency.lockutils [None req-f462493c-2cf1-4776-8e93-2b89565435ae tempest-GroupSnapshotsTest-1870189831 None] Lock "quobyte" acquired by "cinder.volume.drivers.quobyte.QuobyteDriver.create_snapshot" :: waited 0.001s {{(pid=83946) inner /opt/stack/data/venv/lib/python3.10/site-packages/oslo_concurrency/lockutils.py:519}}
Feb 27 22:22:57 devstack cinder-volume[83946]: DEBUG cinder.volume.drivers.remotefs [None req-f462493c-2cf1-4776-8e93-2b89565435ae tempest-GroupSnapshotsTest-1870189831 None] Creating offline snapshot a30f02f5-4f8f-4721-8dfb-5c47fa1cb544 of volume f86b90da-c00c-4695-b9c0-33d0d13ba9ca {{(pid=83946) _create_snapshot /opt/stack/cinder/cinder/volume/drivers/remotefs.py:1694}}
Feb 27 22:22:57 devstack cinder-volume[83946]: DEBUG oslo.privsep.daemon [-] privsep: reply[ebeb66b8-477b-484f-ac4f-fcd5b99438e3]: (4, 'qcow2') {{(pid=84842) _call_back /opt/stack/data/venv/lib/python3.10/site-packages/oslo_privsep/daemon.py:573}}
Feb 27 22:22:57 devstack cinder-volume[83946]: DEBUG oslo_concurrency.processutils [None req-f462493c-2cf1-4776-8e93-2b89565435ae tempest-GroupSnapshotsTest-1870189831 None] Running cmd (subprocess): /opt/stack/data/venv/bin/python3.10 -m oslo_concurrency.prlimit --as=1073741824 --cpu=60 -- sudo cinder-rootwrap /etc/cinder/rootwrap.conf env LC_ALL=C qemu-img info -f qcow2 --output=json --force-share /opt/stack/data/cinder/mnt/78d8cc22db8bc5841f82c8b669856b5d/volume-f86b90da-c00c-4695-b9c0-33d0d13ba9ca {{(pid=83946) execute /opt/stack/data/venv/lib/python3.10/site-packages/oslo_concurrency/processutils.py:440}}
Feb 27 22:22:57 devstack sudo[87747]: quobyte : PWD=/ ; USER=root ; COMMAND=/opt/stack/data/venv/bin/cinder-rootwrap /etc/cinder/rootwrap.conf env LC_ALL=C qemu-img info -f qcow2 --output=json --force-share /opt/stack/data/cinder/mnt/78d8cc22db8bc5841f82c8b669856b5d/volume-f86b90da-c00c-4695-b9c0-33d0d13ba9ca
Feb 27 22:22:57 devstack sudo[87747]: pam_unix(sudo:session): session opened for user root(uid=0) by (uid=1000)
Feb 27 22:22:58 devstack sudo[87747]: pam_unix(sudo:session): session closed for user root
Feb 27 22:22:58 devstack cinder-volume[83946]: DEBUG oslo_concurrency.processutils [None req-f462493c-2cf1-4776-8e93-2b89565435ae tempest-GroupSnapshotsTest-1870189831 None] CMD "/opt/stack/data/venv/bin/python3.10 -m oslo_concurrency.prlimit --as=1073741824 --cpu=60 -- sudo cinder-rootwrap /etc/cinder/rootwrap.conf env LC_ALL=C qemu-img info -f qcow2 --output=json --force-share /opt/stack/data/cinder/mnt/78d8cc22db8bc5841f82c8b669856b5d/volume-f86b90da-c00c-4695-b9c0-33d0d13ba9ca" returned: 0 in 0.749s {{(pid=83946) execute /opt/stack/data/venv/lib/python3.10/site-packages/oslo_concurrency/processutils.py:468}}
Feb 27 22:22:58 devstack cinder-volume[83946]: DEBUG oslo_concurrency.processutils [None req-f462493c-2cf1-4776-8e93-2b89565435ae tempest-GroupSnapshotsTest-1870189831 None] Running cmd (subprocess): sudo cinder-rootwrap /etc/cinder/rootwrap.conf qemu-img create -f qcow2 -o backing_file=/opt/stack/data/cinder/mnt/78d8cc22db8bc5841f82c8b669856b5d/volume-f86b90da-c00c-4695-b9c0-33d0d13ba9ca,backing_fmt=qcow2 /opt/stack/data/cinder/mnt/78d8cc22db8bc5841f82c8b669856b5d/volume-f86b90da-c00c-4695-b9c0-33d0d13ba9ca.a30f02f5-4f8f-4721-8dfb-5c47fa1cb544 1G {{(pid=83946) execute /opt/stack/data/venv/lib/python3.10/site-packages/oslo_concurrency/processutils.py:440}}
Feb 27 22:22:58 devstack sudo[87754]: quobyte : PWD=/ ; USER=root ; COMMAND=/opt/stack/data/venv/bin/cinder-rootwrap /etc/cinder/rootwrap.conf qemu-img create -f qcow2 -o backing_file=/opt/stack/data/cinder/mnt/78d8cc22db8bc5841f82c8b669856b5d/volume-f86b90da-c00c-4695-b9c0-33d0d13ba9ca,backing_fmt=qcow2 /opt/stack/data/cinder/mnt/78d8cc22db8bc5841f82c8b669856b5d/volume-f86b90da-c00c-4695-b9c0-33d0d13ba9ca.a30f02f5-4f8f-4721-8dfb-5c47fa1cb544 1G
Feb 27 22:22:58 devstack sudo[87754]: pam_unix(sudo:session): session opened for user root(uid=0) by (uid=1000)
Feb 27 22:22:58 devstack sudo[87754]: pam_unix(sudo:session): session closed for user root
Feb 27 22:22:58 devstack cinder-volume[83946]: DEBUG oslo_concurrency.processutils [None req-f462493c-2cf1-4776-8e93-2b89565435ae tempest-GroupSnapshotsTest-1870189831 None] CMD "sudo cinder-rootwrap /etc/cinder/rootwrap.conf qemu-img create -f qcow2 -o backing_file=/opt/stack/data/cinder/mnt/78d8cc22db8bc5841f82c8b669856b5d/volume-f86b90da-c00c-4695-b9c0-33d0d13ba9ca,backing_fmt=qcow2 /opt/stack/data/cinder/mnt/78d8cc22db8bc5841f82c8b669856b5d/volume-f86b90da-c00c-4695-b9c0-33d0d13ba9ca.a30f02f5-4f8f-4721-8dfb-5c47fa1cb544 1G" returned: 0 in 0.723s {{(pid=83946) execute /opt/stack/data/venv/lib/python3.10/site-packages/oslo_concurrency/processutils.py:468}}
Feb 27 22:22:58 devstack cinder-volume[83946]: DEBUG oslo_concurrency.processutils [None req-f462493c-2cf1-4776-8e93-2b89565435ae tempest-GroupSnapshotsTest-1870189831 None] Running cmd (subprocess): sudo cinder-rootwrap /etc/cinder/rootwrap.conf qemu-img rebase -u -b volume-f86b90da-c00c-4695-b9c0-33d0d13ba9ca -F qcow2 /opt/stack/data/cinder/mnt/78d8cc22db8bc5841f82c8b669856b5d/volume-f86b90da-c00c-4695-b9c0-33d0d13ba9ca.a30f02f5-4f8f-4721-8dfb-5c47fa1cb544 {{(pid=83946) execute /opt/stack/data/venv/lib/python3.10/site-packages/oslo_concurrency/processutils.py:440}}
Feb 27 22:22:58 devstack sudo[87785]: quobyte : PWD=/ ; USER=root ; COMMAND=/opt/stack/data/venv/bin/cinder-rootwrap /etc/cinder/rootwrap.conf qemu-img rebase -u -b volume-f86b90da-c00c-4695-b9c0-33d0d13ba9ca -F qcow2 /opt/stack/data/cinder/mnt/78d8cc22db8bc5841f82c8b669856b5d/volume-f86b90da-c00c-4695-b9c0-33d0d13ba9ca.a30f02f5-4f8f-4721-8dfb-5c47fa1cb544
