Sep 08 06:46:11 devstack cinder-volume[87507]: DEBUG oslo_concurrency.processutils [None req-768a6b80-725f-4274-a017-bbbdba1d7a8e tempest-VolumesSnapshotTestJSON-581938750 None] Running cmd (subprocess): sudo cinder-rootwrap /etc/cinder/rootwrap.conf qemu-img create -f qcow2 -o preallocation=metadata /opt/stack/data/cinder/mnt/85a7ef603d028f39ec610166b89070fd/volume-99678f42-a9d2-4de7-b82c-fff35032ac56 1073741824 {{(pid=87507) execute /opt/stack/data/venv/lib/python3.12/site-packages/oslo_concurrency/processutils.py:440}}
Sep 08 06:46:11 devstack sudo[93139]: quobyte : PWD=/ ; USER=root ; COMMAND=/opt/stack/data/venv/bin/cinder-rootwrap /etc/cinder/rootwrap.conf qemu-img create -f qcow2 -o preallocation=metadata /opt/stack/data/cinder/mnt/85a7ef603d028f39ec610166b89070fd/volume-99678f42-a9d2-4de7-b82c-fff35032ac56 1073741824
Sep 08 06:46:11 devstack sudo[93139]: pam_unix(sudo:session): session opened for user root(uid=0) by (uid=1000)
Sep 08 06:46:12 devstack sudo[93139]: pam_unix(sudo:session): session closed for user root
Sep 08 06:46:12 devstack cinder-volume[87507]: DEBUG oslo_concurrency.processutils [None req-768a6b80-725f-4274-a017-bbbdba1d7a8e tempest-VolumesSnapshotTestJSON-581938750 None] CMD "sudo cinder-rootwrap /etc/cinder/rootwrap.conf qemu-img create -f qcow2 -o preallocation=metadata /opt/stack/data/cinder/mnt/85a7ef603d028f39ec610166b89070fd/volume-99678f42-a9d2-4de7-b82c-fff35032ac56 1073741824" returned: 0 in 0.730s {{(pid=87507) execute /opt/stack/data/venv/lib/python3.12/site-packages/oslo_concurrency/processutils.py:468}}
Sep 08 06:46:12 devstack cinder-volume[87507]: DEBUG oslo_concurrency.processutils [None req-768a6b80-725f-4274-a017-bbbdba1d7a8e tempest-VolumesSnapshotTestJSON-581938750 None] Running cmd (subprocess): sudo cinder-rootwrap /etc/cinder/rootwrap.conf chmod ugo+rw /opt/stack/data/cinder/mnt/85a7ef603d028f39ec610166b89070fd/volume-99678f42-a9d2-4de7-b82c-fff35032ac56 {{(pid=87507) execute /opt/stack/data/venv/lib/python3.12/site-packages/oslo_concurrency/processutils.py:440}}
Sep 08 06:46:12 devstack sudo[93156]: quobyte : PWD=/ ; USER=root ; COMMAND=/opt/stack/data/venv/bin/cinder-rootwrap /etc/cinder/rootwrap.conf chmod ugo+rw /opt/stack/data/cinder/mnt/85a7ef603d028f39ec610166b89070fd/volume-99678f42-a9d2-4de7-b82c-fff35032ac56
Sep 08 06:46:12 devstack sudo[93156]: pam_unix(sudo:session): session opened for user root(uid=0) by (uid=1000)
Sep 08 06:46:12 devstack sudo[93156]: pam_unix(sudo:session): session closed for user root
Sep 08 06:46:12 devstack cinder-volume[87507]: DEBUG oslo_concurrency.processutils [None req-768a6b80-725f-4274-a017-bbbdba1d7a8e tempest-VolumesSnapshotTestJSON-581938750 None] CMD "sudo cinder-rootwrap /etc/cinder/rootwrap.conf chmod ugo+rw /opt/stack/data/cinder/mnt/85a7ef603d028f39ec610166b89070fd/volume-99678f42-a9d2-4de7-b82c-fff35032ac56" returned: 0 in 0.291s {{(pid=87507) execute /opt/stack/data/venv/lib/python3.12/site-packages/oslo_concurrency/processutils.py:468}}
Sep 08 06:46:12 devstack cinder-volume[87507]: DEBUG cinder.volume.drivers.quobyte [None req-768a6b80-725f-4274-a017-bbbdba1d7a8e tempest-VolumesSnapshotTestJSON-581938750 None] <== create_volume: return (1091ms) {'provider_location': 'osci02.corp.quobyte.com/cinder-vol-bb67cde0-ca08-46aa-b58e-e239a7885f6d'} {{(pid=87507) trace_logging_wrapper /opt/stack/cinder/cinder/volume/volume_utils.py:1522}}
Sep 08 06:46:12 devstack cinder-volume[87507]: DEBUG oslo_concurrency.lockutils [None req-768a6b80-725f-4274-a017-bbbdba1d7a8e tempest-VolumesSnapshotTestJSON-581938750 None] Lock "quobyte" "released" by "cinder.volume.drivers.quobyte.QuobyteDriver.create_volume" :: held 1.095s {{(pid=87507) inner /opt/stack/data/venv/lib/python3.12/site-packages/oslo_concurrency/lockutils.py:544}}
Sep 08 06:46:12 devstack cinder-volume[87507]: DEBUG cinder.volume.manager [None req-768a6b80-725f-4274-a017-bbbdba1d7a8e tempest-VolumesSnapshotTestJSON-581938750 None] Task 'cinder.volume.flows.manager.create_volume.CreateVolumeFromSpecTask;volume:create' (0c2d769c-e63d-49e9-9d4d-39ec78da1fef) transitioned into state 'SUCCESS' from state 'RUNNING' with result '{'status': 'creating', 'volume_name': 'volume-99678f42-a9d2-4de7-b82c-fff35032ac56', 'volume_size': 1}' {{(pid=87507) _task_receiver /opt/stack/data/venv/lib/python3.12/site-packages/taskflow/listeners/logging.py:218}}
Sep 08 06:46:12 devstack cinder-volume[87507]: DEBUG cinder.volume.manager [None req-768a6b80-725f-4274-a017-bbbdba1d7a8e tempest-VolumesSnapshotTestJSON-581938750 None] Task 'cinder.volume.flows.manager.create_volume.CreateVolumeOnFinishTask;volume:create, create.end' (a9926499-eed3-4e52-9965-ffddfd7501bd) transitioned into state 'RUNNING' from state 'PENDING' {{(pid=87507) _task_receiver /opt/stack/data/venv/lib/python3.12/site-packages/taskflow/listeners/logging.py:242}}
Sep 08 06:46:12 devstack cinder-volume[87507]: INFO cinder.volume.flows.manager.create_volume [None req-768a6b80-725f-4274-a017-bbbdba1d7a8e tempest-VolumesSnapshotTestJSON-581938750 None] Volume volume-99678f42-a9d2-4de7-b82c-fff35032ac56 (99678f42-a9d2-4de7-b82c-fff35032ac56): created successfully
Sep 08 06:46:12 devstack cinder-volume[87507]: DEBUG cinder.volume.manager [None req-768a6b80-725f-4274-a017-bbbdba1d7a8e tempest-VolumesSnapshotTestJSON-581938750 None] Task 'cinder.volume.flows.manager.create_volume.CreateVolumeOnFinishTask;volume:create, create.end' (a9926499-eed3-4e52-9965-ffddfd7501bd) transitioned into state 'SUCCESS' from state 'RUNNING' with result 'None' {{(pid=87507) _task_receiver /opt/stack/data/venv/lib/python3.12/site-packages/taskflow/listeners/logging.py:218}}
Sep 08 06:46:12 devstack cinder-volume[87507]: DEBUG cinder.volume.manager [None req-768a6b80-725f-4274-a017-bbbdba1d7a8e tempest-VolumesSnapshotTestJSON-581938750 None] Flow 'volume_create_manager' (6b32fc15-2a61-4a5b-9214-7836c4b6685f) transitioned into state 'SUCCESS' from state 'RUNNING' {{(pid=87507) _flow_receiver /opt/stack/data/venv/lib/python3.12/site-packages/taskflow/listeners/logging.py:160}}
Sep 08 06:46:12 devstack cinder-volume[87507]: INFO cinder.volume.manager [None req-768a6b80-725f-4274-a017-bbbdba1d7a8e tempest-VolumesSnapshotTestJSON-581938750 None] Created volume successfully.
Sep 08 06:46:14 devstack cinder-volume[87507]: DEBUG oslo_concurrency.lockutils [None req-b52ed3cb-b7c2-470c-b699-15050a407e71 tempest-VolumesSnapshotTestJSON-581938750 None] Acquiring lock "quobyte" by "cinder.volume.drivers.quobyte.QuobyteDriver.create_snapshot" {{(pid=87507) inner /opt/stack/data/venv/lib/python3.12/site-packages/oslo_concurrency/lockutils.py:512}}
Sep 08 06:46:14 devstack cinder-volume[87507]: DEBUG oslo_concurrency.lockutils [None req-b52ed3cb-b7c2-470c-b699-15050a407e71 tempest-VolumesSnapshotTestJSON-581938750 None] Lock "quobyte" acquired by "cinder.volume.drivers.quobyte.QuobyteDriver.create_snapshot" :: waited 0.001s {{(pid=87507) inner /opt/stack/data/venv/lib/python3.12/site-packages/oslo_concurrency/lockutils.py:525}}
Sep 08 06:46:14 devstack cinder-volume[87507]: DEBUG cinder.volume.drivers.remotefs [None req-b52ed3cb-b7c2-470c-b699-15050a407e71 tempest-VolumesSnapshotTestJSON-581938750 None] Creating offline snapshot b1c03708-1fc4-4006-8698-44f33bcd822d of volume 99678f42-a9d2-4de7-b82c-fff35032ac56 {{(pid=87507) _create_snapshot /opt/stack/cinder/cinder/volume/drivers/remotefs.py:1816}}
Sep 08 06:46:14 devstack cinder-volume[87507]: DEBUG oslo.privsep.daemon [-] privsep: reply[fe0b13f9-1fd4-47ed-9d35-fcf0063493cc]: (4, 'qcow2') {{(pid=88698) _call_back /opt/stack/data/venv/lib/python3.12/site-packages/oslo_privsep/daemon.py:580}}
Sep 08 06:46:14 devstack cinder-volume[87507]: DEBUG oslo_concurrency.processutils [None req-b52ed3cb-b7c2-470c-b699-15050a407e71 tempest-VolumesSnapshotTestJSON-581938750 None] Running cmd (subprocess): /opt/stack/data/venv/bin/python3.12 -m oslo_concurrency.prlimit --as=1073741824 --cpu=60 -- sudo cinder-rootwrap /etc/cinder/rootwrap.conf env LC_ALL=C qemu-img info -f qcow2 --output=json --force-share /opt/stack/data/cinder/mnt/85a7ef603d028f39ec610166b89070fd/volume-99678f42-a9d2-4de7-b82c-fff35032ac56 {{(pid=87507) execute /opt/stack/data/venv/lib/python3.12/site-packages/oslo_concurrency/processutils.py:440}}
Sep 08 06:46:14 devstack sudo[93201]: quobyte : PWD=/ ; USER=root ; COMMAND=/opt/stack/data/venv/bin/cinder-rootwrap /etc/cinder/rootwrap.conf env LC_ALL=C qemu-img info -f qcow2 --output=json --force-share /opt/stack/data/cinder/mnt/85a7ef603d028f39ec610166b89070fd/volume-99678f42-a9d2-4de7-b82c-fff35032ac56
Sep 08 06:46:14 devstack sudo[93201]: pam_unix(sudo:session): session opened for user root(uid=0) by (uid=1000)
Sep 08 06:46:15 devstack sudo[93201]: pam_unix(sudo:session): session closed for user root
Sep 08 06:46:15 devstack cinder-volume[87507]: DEBUG oslo_concurrency.processutils [None req-b52ed3cb-b7c2-470c-b699-15050a407e71 tempest-VolumesSnapshotTestJSON-581938750 None] CMD "/opt/stack/data/venv/bin/python3.12 -m oslo_concurrency.prlimit --as=1073741824 --cpu=60 -- sudo cinder-rootwrap /etc/cinder/rootwrap.conf env LC_ALL=C qemu-img info -f qcow2 --output=json --force-share /opt/stack/data/cinder/mnt/85a7ef603d028f39ec610166b89070fd/volume-99678f42-a9d2-4de7-b82c-fff35032ac56" returned: 0 in 0.701s {{(pid=87507) execute /opt/stack/data/venv/lib/python3.12/site-packages/oslo_concurrency/processutils.py:468}}
Sep 08 06:46:15 devstack cinder-volume[87507]: DEBUG oslo_concurrency.processutils [None req-b52ed3cb-b7c2-470c-b699-15050a407e71 tempest-VolumesSnapshotTestJSON-581938750 None] Running cmd (subprocess): sudo cinder-rootwrap /etc/cinder/rootwrap.conf qemu-img create -f qcow2 -o backing_file=/opt/stack/data/cinder/mnt/85a7ef603d028f39ec610166b89070fd/volume-99678f42-a9d2-4de7-b82c-fff35032ac56,backing_fmt=qcow2 /opt/stack/data/cinder/mnt/85a7ef603d028f39ec610166b89070fd/volume-99678f42-a9d2-4de7-b82c-fff35032ac56.b1c03708-1fc4-4006-8698-44f33bcd822d 1G {{(pid=87507) execute /opt/stack/data/venv/lib/python3.12/site-packages/oslo_concurrency/processutils.py:440}}
Sep 08 06:46:15 devstack sudo[93207]: quobyte : PWD=/ ; USER=root ; COMMAND=/opt/stack/data/venv/bin/cinder-rootwrap /etc/cinder/rootwrap.conf qemu-img create -f qcow2 -o backing_file=/opt/stack/data/cinder/mnt/85a7ef603d028f39ec610166b89070fd/volume-99678f42-a9d2-4de7-b82c-fff35032ac56,backing_fmt=qcow2 /opt/stack/data/cinder/mnt/85a7ef603d028f39ec610166b89070fd/volume-99678f42-a9d2-4de7-b82c-fff35032ac56.b1c03708-1fc4-4006-8698-44f33bcd822d 1G
Sep 08 06:46:15 devstack sudo[93207]: pam_unix(sudo:session): session opened for user root(uid=0) by (uid=1000)
Sep 08 06:46:15 devstack sudo[93207]: pam_unix(sudo:session): session closed for user root
Sep 08 06:46:15 devstack cinder-volume[87507]: DEBUG oslo_concurrency.processutils [None req-b52ed3cb-b7c2-470c-b699-15050a407e71 tempest-VolumesSnapshotTestJSON-581938750 None] CMD "sudo cinder-rootwrap /etc/cinder/rootwrap.conf qemu-img create -f qcow2 -o backing_file=/opt/stack/data/cinder/mnt/85a7ef603d028f39ec610166b89070fd/volume-99678f42-a9d2-4de7-b82c-fff35032ac56,backing_fmt=qcow2 /opt/stack/data/cinder/mnt/85a7ef603d028f39ec610166b89070fd/volume-99678f42-a9d2-4de7-b82c-fff35032ac56.b1c03708-1fc4-4006-8698-44f33bcd822d 1G" returned: 0 in 0.717s {{(pid=87507) execute /opt/stack/data/venv/lib/python3.12/site-packages/oslo_concurrency/processutils.py:468}}
Sep 08 06:46:15 devstack cinder-volume[87507]: DEBUG oslo_concurrency.processutils [None req-b52ed3cb-b7c2-470c-b699-15050a407e71 tempest-VolumesSnapshotTestJSON-581938750 None] Running cmd (subprocess): sudo cinder-rootwrap /etc/cinder/rootwrap.conf qemu-img rebase -u -b volume-99678f42-a9d2-4de7-b82c-fff35032ac56 -F qcow2 /opt/stack/data/cinder/mnt/85a7ef603d028f39ec610166b89070fd/volume-99678f42-a9d2-4de7-b82c-fff35032ac56.b1c03708-1fc4-4006-8698-44f33bcd822d {{(pid=87507) execute /opt/stack/data/venv/lib/python3.12/site-packages/oslo_concurrency/processutils.py:440}}
Sep 08 06:46:16 devstack sudo[93214]: quobyte : PWD=/ ; USER=root ; COMMAND=/opt/stack/data/venv/bin/cinder-rootwrap /etc/cinder/rootwrap.conf qemu-img rebase -u -b volume-99678f42-a9d2-4de7-b82c-fff35032ac56 -F qcow2 /opt/stack/data/cinder/mnt/85a7ef603d028f39ec610166b89070fd/volume-99678f42-a9d2-4de7-b82c-fff35032ac56.b1c03708-1fc4-4006-8698-44f33bcd822d
Sep 08 06:46:16 devstack sudo[93214]: pam_unix(sudo:session): session opened for user root(uid=0) by (uid=1000)
Sep 08 06:46:16 devstack sudo[93214]: pam_unix(sudo:session): session closed for user root
Sep 08 06:46:16 devstack cinder-volume[87507]: DEBUG oslo_concurrency.processutils [None req-b52ed3cb-b7c2-470c-b699-15050a407e71 tempest-VolumesSnapshotTestJSON-581938750 None] CMD "sudo cinder-rootwrap /etc/cinder/rootwrap.conf qemu-img rebase -u -b volume-99678f42-a9d2-4de7-b82c-fff35032ac56 -F qcow2 /opt/stack/data/cinder/mnt/85a7ef603d028f39ec610166b89070fd/volume-99678f42-a9d2-4de7-b82c-fff35032ac56.b1c03708-1fc4-4006-8698-44f33bcd822d" returned: 0 in 0.725s {{(pid=87507) execute /opt/stack/data/venv/lib/python3.12/site-packages/oslo_concurrency/processutils.py:468}}
Sep 08 06:46:16 devstack cinder-volume[87507]: WARNING cinder.volume.drivers.remotefs [None req-b52ed3cb-b7c2-470c-b699-15050a407e71 tempest-VolumesSnapshotTestJSON-581938750 None] /opt/stack/data/cinder/mnt/85a7ef603d028f39ec610166b89070fd/volume-99678f42-a9d2-4de7-b82c-fff35032ac56.b1c03708-1fc4-4006-8698-44f33bcd822d is being set with open permissions: ugo+rw
Sep 08 06:46:16 devstack cinder-volume[87507]: DEBUG oslo_concurrency.processutils [None req-b52ed3cb-b7c2-470c-b699-15050a407e71 tempest-VolumesSnapshotTestJSON-581938750 None] Running cmd (subprocess): sudo cinder-rootwrap /etc/cinder/rootwrap.conf chmod ugo+rw /opt/stack/data/cinder/mnt/85a7ef603d028f39ec610166b89070fd/volume-99678f42-a9d2-4de7-b82c-fff35032ac56.b1c03708-1fc4-4006-8698-44f33bcd822d {{(pid=87507) execute /opt/stack/data/venv/lib/python3.12/site-packages/oslo_concurrency/processutils.py:440}}
Sep 08 06:46:16 devstack sudo[93225]: quobyte : PWD=/ ; USER=root ; COMMAND=/opt/stack/data/venv/bin/cinder-rootwrap /etc/cinder/rootwrap.conf chmod ugo+rw /opt/stack/data/cinder/mnt/85a7ef603d028f39ec610166b89070fd/volume-99678f42-a9d2-4de7-b82c-fff35032ac56.b1c03708-1fc4-4006-8698-44f33bcd822d
Sep 08 06:46:16 devstack sudo[93225]: pam_unix(sudo:session): session opened for user root(uid=0) by (uid=1000)
Sep 08 06:46:17 devstack sudo[93225]: pam_unix(sudo:session): session closed for user root
Sep 08 06:46:17 devstack cinder-volume[87507]: DEBUG oslo_concurrency.processutils [None req-b52ed3cb-b7c2-470c-b699-15050a407e71 tempest-VolumesSnapshotTestJSON-581938750 None] CMD "sudo cinder-rootwrap /etc/cinder/rootwrap.conf chmod ugo+rw /opt/stack/data/cinder/mnt/85a7ef603d028f39ec610166b89070fd/volume-99678f42-a9d2-4de7-b82c-fff35032ac56.b1c03708-1fc4-4006-8698-44f33bcd822d" returned: 0 in 0.477s {{(pid=87507) execute /opt/stack/data/venv/lib/python3.12/site-packages/oslo_concurrency/processutils.py:468}}
Sep 08 06:46:17 devstack cinder-volume[87507]: DEBUG oslo_concurrency.processutils [None req-b52ed3cb-b7c2-470c-b699-15050a407e71 tempest-VolumesSnapshotTestJSON-581938750 None] Running cmd (subprocess): sudo cinder-rootwrap /etc/cinder/rootwrap.conf truncate -s0 /opt/stack/data/cinder/mnt/85a7ef603d028f39ec610166b89070fd/volume-99678f42-a9d2-4de7-b82c-fff35032ac56.info {{(pid=87507) execute /opt/stack/data/venv/lib/python3.12/site-packages/oslo_concurrency/processutils.py:440}}
Sep 08 06:46:17 devstack sudo[93232]: quobyte : PWD=/ ; USER=root ; COMMAND=/opt/stack/data/venv/bin/cinder-rootwrap /etc/cinder/rootwrap.conf truncate -s0 /opt/stack/data/cinder/mnt/85a7ef603d028f39ec610166b89070fd/volume-99678f42-a9d2-4de7-b82c-fff35032ac56.info
Sep 08 06:46:17 devstack sudo[93232]: pam_unix(sudo:session): session opened for user root(uid=0) by (uid=1000)
Sep 08 06:46:18 devstack sudo[93232]: pam_unix(sudo:session): session closed for user root
Sep 08 06:46:18 devstack cinder-volume[87507]: DEBUG oslo_concurrency.processutils [None req-b52ed3cb-b7c2-470c-b699-15050a407e71 tempest-VolumesSnapshotTestJSON-581938750 None] CMD "sudo cinder-rootwrap /etc/cinder/rootwrap.conf truncate -s0 /opt/stack/data/cinder/mnt/85a7ef603d028f39ec610166b89070fd/volume-99678f42-a9d2-4de7-b82c-fff35032ac56.info" returned: 0 in 0.796s {{(pid=87507) execute /opt/stack/data/venv/lib/python3.12/site-packages/oslo_concurrency/processutils.py:468}}
Sep 08 06:46:18 devstack cinder-volume[87507]: WARNING cinder.volume.drivers.remotefs [None req-b52ed3cb-b7c2-470c-b699-15050a407e71 tempest-VolumesSnapshotTestJSON-581938750 None] /opt/stack/data/cinder/mnt/85a7ef603d028f39ec610166b89070fd/volume-99678f42-a9d2-4de7-b82c-fff35032ac56.info is being set with open permissions: ugo+rw
Sep 08 06:46:18 devstack cinder-volume[87507]: DEBUG oslo_concurrency.processutils [None req-b52ed3cb-b7c2-470c-b699-15050a407e71 tempest-VolumesSnapshotTestJSON-581938750 None] Running cmd (subprocess): sudo cinder-rootwrap /etc/cinder/rootwrap.conf chmod ugo+rw /opt/stack/data/cinder/mnt/85a7ef603d028f39ec610166b89070fd/volume-99678f42-a9d2-4de7-b82c-fff35032ac56.info {{(pid=87507) execute /opt/stack/data/venv/lib/python3.12/site-packages/oslo_concurrency/processutils.py:440}}
Sep 08 06:46:18 devstack sudo[93250]: quobyte : PWD=/ ; USER=root ; COMMAND=/opt/stack/data/venv/bin/cinder-rootwrap /etc/cinder/rootwrap.conf chmod ugo+rw /opt/stack/data/cinder/mnt/85a7ef603d028f39ec610166b89070fd/volume-99678f42-a9d2-4de7-b82c-fff35032ac56.info
Sep 08 06:46:18 devstack sudo[93250]: pam_unix(sudo:session): session opened for user root(uid=0) by (uid=1000)
Sep 08 06:46:18 devstack sudo[93250]: pam_unix(sudo:session): session closed for user root
Sep 08 06:46:18 devstack cinder-volume[87507]: DEBUG oslo_concurrency.processutils [None req-b52ed3cb-b7c2-470c-b699-15050a407e71 tempest-VolumesSnapshotTestJSON-581938750 None] CMD "sudo cinder-rootwrap /etc/cinder/rootwrap.conf chmod ugo+rw /opt/stack/data/cinder/mnt/85a7ef603d028f39ec610166b89070fd/volume-99678f42-a9d2-4de7-b82c-fff35032ac56.info" returned: 0 in 0.379s {{(pid=87507) execute /opt/stack/data/venv/lib/python3.12/site-packages/oslo_concurrency/processutils.py:468}}
Sep 08 06:46:18 devstack cinder-volume[87507]: DEBUG oslo_concurrency.lockutils [None req-b52ed3cb-b7c2-470c-b699-15050a407e71 tempest-VolumesSnapshotTestJSON-581938750 None] Lock "quobyte" "released" by "cinder.volume.drivers.quobyte.QuobyteDriver.create_snapshot" :: held 4.035s {{(pid=87507) inner /opt/stack/data/venv/lib/python3.12/site-packages/oslo_concurrency/lockutils.py:544}}
Sep 08 06:46:18 devstack cinder-volume[87507]: INFO cinder.volume.manager [None req-b52ed3cb-b7c2-470c-b699-15050a407e71 tempest-VolumesSnapshotTestJSON-581938750 None] Create snapshot completed successfully
Sep 08 06:46:19 devstack cinder-volume[87507]: DEBUG cinder.coordination [None req-052fd106-628f-49ce-9dc6-28adf8eaa160 tempest-VolumesSnapshotTestJSON-581938750 None] Acquiring lock "cinder-b1c03708-1fc4-4006-8698-44f33bcd822d-delete_snapshot" by "delete_snapshot" {{(pid=87507) __acquire /opt/stack/cinder/cinder/coordination.py:138}}
Sep 08 06:46:19 devstack cinder-volume[87507]: DEBUG cinder.coordination [None req-052fd106-628f-49ce-9dc6-28adf8eaa160 tempest-VolumesSnapshotTestJSON-581938750 None] Lock "cinder-b1c03708-1fc4-4006-8698-44f33bcd822d-delete_snapshot" acquired by "delete_snapshot" :: waited 0.057s {{(pid=87507) __acquire /opt/stack/cinder/cinder/coordination.py:141}}
Sep 08 06:46:19 devstack cinder-volume[87507]: DEBUG cinder.coordination [None req-052fd106-628f-49ce-9dc6-28adf8eaa160 tempest-VolumesSnapshotTestJSON-581938750 None] Acquiring lock "cinder-quobyte-99678f42-a9d2-4de7-b82c-fff35032ac56" by "delete_snapshot" {{(pid=87507) __acquire /opt/stack/cinder/cinder/coordination.py:138}}
Sep 08 06:46:19 devstack cinder-volume[87507]: DEBUG cinder.coordination [None req-052fd106-628f-49ce-9dc6-28adf8eaa160 tempest-VolumesSnapshotTestJSON-581938750 None] Lock "cinder-quobyte-99678f42-a9d2-4de7-b82c-fff35032ac56" acquired by "delete_snapshot" :: waited 0.027s {{(pid=87507) __acquire /opt/stack/cinder/cinder/coordination.py:141}}
Sep 08 06:46:19 devstack cinder-volume[87507]: DEBUG cinder.coordination [None req-052fd106-628f-49ce-9dc6-28adf8eaa160 tempest-VolumesSnapshotTestJSON-581938750 None] Acquiring lock "cinder-quobyte-b1c03708-1fc4-4006-8698-44f33bcd822d" by "_delete_snapshot" {{(pid=87507) __acquire /opt/stack/cinder/cinder/coordination.py:138}}
Sep 08 06:46:19 devstack cinder-volume[87507]: DEBUG cinder.coordination [None req-052fd106-628f-49ce-9dc6-28adf8eaa160 tempest-VolumesSnapshotTestJSON-581938750 None] Lock "cinder-quobyte-b1c03708-1fc4-4006-8698-44f33bcd822d" acquired by "_delete_snapshot" :: waited 0.029s {{(pid=87507) __acquire /opt/stack/cinder/cinder/coordination.py:141}}
Sep 08 06:46:19 devstack cinder-volume[87507]: DEBUG cinder.volume.drivers.remotefs [None req-052fd106-628f-49ce-9dc6-28adf8eaa160 tempest-VolumesSnapshotTestJSON-581938750 None] Deleting offline snapshot b1c03708-1fc4-4006-8698-44f33bcd822d of volume 99678f42-a9d2-4de7-b82c-fff35032ac56 {{(pid=87507) _delete_snapshot /opt/stack/cinder/cinder/volume/drivers/remotefs.py:1288}}
Sep 08 06:46:19 devstack cinder-volume[87507]: DEBUG cinder.volume.drivers.remotefs [None req-052fd106-628f-49ce-9dc6-28adf8eaa160 tempest-VolumesSnapshotTestJSON-581938750 None] snapshot_file for this snap is: volume-99678f42-a9d2-4de7-b82c-fff35032ac56.b1c03708-1fc4-4006-8698-44f33bcd822d {{(pid=87507) _delete_snapshot /opt/stack/cinder/cinder/volume/drivers/remotefs.py:1317}}
Sep 08 06:46:19 devstack cinder-volume[87507]: DEBUG oslo.privsep.daemon [-] privsep: reply[ba904566-9ff4-4ae9-ab51-91ac10c6ae97]: (4, 'qcow2') {{(pid=88698) _call_back /opt/stack/data/venv/lib/python3.12/site-packages/oslo_privsep/daemon.py:580}}
Sep 08 06:46:19 devstack cinder-volume[87507]: DEBUG oslo_concurrency.processutils [None req-052fd106-628f-49ce-9dc6-28adf8eaa160 tempest-VolumesSnapshotTestJSON-581938750 None] Running cmd (subprocess): /opt/stack/data/venv/bin/python3.12 -m oslo_concurrency.prlimit --as=1073741824 --cpu=60 -- sudo cinder-rootwrap /etc/cinder/rootwrap.conf env LC_ALL=C qemu-img info -f qcow2 --output=json --force-share /opt/stack/data/cinder/mnt/85a7ef603d028f39ec610166b89070fd/volume-99678f42-a9d2-4de7-b82c-fff35032ac56.b1c03708-1fc4-4006-8698-44f33bcd822d {{(pid=87507) execute /opt/stack/data/venv/lib/python3.12/site-packages/oslo_concurrency/processutils.py:440}}
Sep 08 06:46:19 devstack sudo[93279]: quobyte : PWD=/ ; USER=root ; COMMAND=/opt/stack/data/venv/bin/cinder-rootwrap /etc/cinder/rootwrap.conf env LC_ALL=C qemu-img info -f qcow2 --output=json --force-share /opt/stack/data/cinder/mnt/85a7ef603d028f39ec610166b89070fd/volume-99678f42-a9d2-4de7-b82c-fff35032ac56.b1c03708-1fc4-4006-8698-44f33bcd822d
Sep 08 06:46:19 devstack sudo[93279]: pam_unix(sudo:session): session opened for user root(uid=0) by (uid=1000)
Sep 08 06:46:20 devstack cinder-volume[87507]: DEBUG oslo_service.periodic_task [None req-8684ba76-dd00-4351-8e9b-bee3c119874a None None] Running periodic task VolumeManager.publish_service_capabilities {{(pid=87507) run_periodic_tasks /opt/stack/data/venv/lib/python3.12/site-packages/oslo_service/periodic_task.py:254}}
Sep 08 06:46:20 devstack cinder-volume[87507]: DEBUG oslo_concurrency.lockutils [None req-8684ba76-dd00-4351-8e9b-bee3c119874a None None] Acquiring lock "quobyte_ensure" by "cinder.volume.drivers.quobyte.QuobyteDriver._ensure_shares_mounted" {{(pid=87507) inner /opt/stack/data/venv/lib/python3.12/site-packages/oslo_concurrency/lockutils.py:512}}
Sep 08 06:46:20 devstack cinder-volume[87507]: DEBUG oslo_concurrency.lockutils [None req-8684ba76-dd00-4351-8e9b-bee3c119874a None None] Lock "quobyte_ensure" acquired by "cinder.volume.drivers.quobyte.QuobyteDriver._ensure_shares_mounted" :: waited 0.001s {{(pid=87507) inner /opt/stack/data/venv/lib/python3.12/site-packages/oslo_concurrency/lockutils.py:525}}
Sep 08 06:46:20 devstack cinder-volume[87507]: DEBUG cinder.volume.drivers.quobyte [None req-8684ba76-dd00-4351-8e9b-bee3c119874a None None] Quobyte Volume URL set to: {'osci02.corp.quobyte.com/cinder-vol-bb67cde0-ca08-46aa-b58e-e239a7885f6d': None} {{(pid=87507) _load_shares_config /opt/stack/cinder/cinder/volume/drivers/quobyte.py:662}}
Sep 08 06:46:20 devstack cinder-volume[87507]: DEBUG cinder.volume.drivers.quobyte [None req-8684ba76-dd00-4351-8e9b-bee3c119874a None None] Available shares ['osci02.corp.quobyte.com/cinder-vol-bb67cde0-ca08-46aa-b58e-e239a7885f6d'] {{(pid=87507) _ensure_shares_mounted /opt/stack/cinder/cinder/volume/drivers/quobyte.py:692}}
Sep 08 06:46:20 devstack cinder-volume[87507]: DEBUG oslo_concurrency.lockutils [None req-8684ba76-dd00-4351-8e9b-bee3c119874a None None] Lock "quobyte_ensure" "released" by "cinder.volume.drivers.quobyte.QuobyteDriver._ensure_shares_mounted" :: held 0.041s {{(pid=87507) inner /opt/stack/data/venv/lib/python3.12/site-packages/oslo_concurrency/lockutils.py:544}}
Sep 08 06:46:20 devstack cinder-volume[87507]: DEBUG oslo_concurrency.processutils [None req-8684ba76-dd00-4351-8e9b-bee3c119874a None None] Running cmd (subprocess): sudo cinder-rootwrap /etc/cinder/rootwrap.conf df --portability --block-size 1 /opt/stack/data/cinder/mnt/85a7ef603d028f39ec610166b89070fd {{(pid=87507) execute /opt/stack/data/venv/lib/python3.12/site-packages/oslo_concurrency/processutils.py:440}}
Sep 08 06:46:20 devstack sudo[93283]: quobyte : PWD=/ ; USER=root ; COMMAND=/opt/stack/data/venv/bin/cinder-rootwrap /etc/cinder/rootwrap.conf df --portability --block-size 1 /opt/stack/data/cinder/mnt/85a7ef603d028f39ec610166b89070fd
Sep 08 06:46:20 devstack sudo[93283]: pam_unix(sudo:session): session opened for user root(uid=0) by (uid=1000)
Sep 08 06:46:20 devstack sudo[93279]: pam_unix(sudo:session): session closed for user root
Sep 08 06:46:20 devstack cinder-volume[87507]: DEBUG oslo_concurrency.processutils [None req-052fd106-628f-49ce-9dc6-28adf8eaa160 tempest-VolumesSnapshotTestJSON-581938750 None] CMD "/opt/stack/data/venv/bin/python3.12 -m oslo_concurrency.prlimit --as=1073741824 --cpu=60 -- sudo cinder-rootwrap /etc/cinder/rootwrap.conf env LC_ALL=C qemu-img info -f qcow2 --output=json --force-share /opt/stack/data/cinder/mnt/85a7ef603d028f39ec610166b89070fd/volume-99678f42-a9d2-4de7-b82c-fff35032ac56.b1c03708-1fc4-4006-8698-44f33bcd822d" returned: 0 in 0.662s {{(pid=87507) execute /opt/stack/data/venv/lib/python3.12/site-packages/oslo_concurrency/processutils.py:468}}
Sep 08 06:46:20 devstack cinder-volume[87507]: DEBUG cinder.volume.drivers.remotefs [None req-052fd106-628f-49ce-9dc6-28adf8eaa160 tempest-VolumesSnapshotTestJSON-581938750 None] Fetching qemu-img info with special backing_file_template: (/opt/stack/data/cinder/mnt/[0-9a-f]+/)?(volume-99678f42-a9d2-4de7-b82c-fff35032ac56(.(tmp-snap-)?[0-9a-f-]+)?|volume_from_snapshot_cache/(tmp-snap-)?[0-9a-f-]+(.(child-|parent-)[0-9a-f-]+)?)$ {{(pid=87507) _qemu_img_info_base /opt/stack/cinder/cinder/volume/drivers/remotefs.py:896}}
Sep 08 06:46:20 devstack cinder-volume[87507]: DEBUG oslo.privsep.daemon [-] privsep: reply[d801b117-128e-46d0-8d29-d7eca7786158]: (4, 'qcow2') {{(pid=88698) _call_back /opt/stack/data/venv/lib/python3.12/site-packages/oslo_privsep/daemon.py:580}}
Sep 08 06:46:20 devstack cinder-volume[87507]: DEBUG oslo_concurrency.processutils [None req-052fd106-628f-49ce-9dc6-28adf8eaa160 tempest-VolumesSnapshotTestJSON-581938750 None] Running cmd (subprocess): /opt/stack/data/venv/bin/python3.12 -m oslo_concurrency.prlimit --as=1073741824 --cpu=60 -- sudo cinder-rootwrap /etc/cinder/rootwrap.conf env LC_ALL=C qemu-img info -f qcow2 --output=json --force-share /opt/stack/data/cinder/mnt/85a7ef603d028f39ec610166b89070fd/volume-99678f42-a9d2-4de7-b82c-fff35032ac56 {{(pid=87507) execute /opt/stack/data/venv/lib/python3.12/site-packages/oslo_concurrency/processutils.py:440}}
Sep 08 06:46:20 devstack sudo[93287]: quobyte : PWD=/ ; USER=root ; COMMAND=/opt/stack/data/venv/bin/cinder-rootwrap /etc/cinder/rootwrap.conf env LC_ALL=C qemu-img info -f qcow2 --output=json --force-share /opt/stack/data/cinder/mnt/85a7ef603d028f39ec610166b89070fd/volume-99678f42-a9d2-4de7-b82c-fff35032ac56
Sep 08 06:46:20 devstack sudo[93287]: pam_unix(sudo:session): session opened for user root(uid=0) by (uid=1000)
Sep 08 06:46:20 devstack sudo[93283]: pam_unix(sudo:session): session closed for user root
Sep 08 06:46:20 devstack cinder-volume[87507]: DEBUG oslo_concurrency.processutils [None req-8684ba76-dd00-4351-8e9b-bee3c119874a None None] CMD "sudo cinder-rootwrap /etc/cinder/rootwrap.conf df --portability --block-size 1 /opt/stack/data/cinder/mnt/85a7ef603d028f39ec610166b89070fd" returned: 0 in 0.618s {{(pid=87507) execute /opt/stack/data/venv/lib/python3.12/site-packages/oslo_concurrency/processutils.py:468}}
Sep 08 06:46:20 devstack cinder-volume[87507]: DEBUG cinder.manager [None req-8684ba76-dd00-4351-8e9b-bee3c119874a None None] Notifying Schedulers of capabilities ... {{(pid=87507) _publish_service_capabilities /opt/stack/cinder/cinder/manager.py:219}}
Sep 08 06:46:20 devstack cinder-volume[87507]: DEBUG oslo_service.periodic_task [None req-8684ba76-dd00-4351-8e9b-bee3c119874a None None] Running periodic task VolumeManager._thread_info {{(pid=87507) run_periodic_tasks /opt/stack/data/venv/lib/python3.12/site-packages/oslo_service/periodic_task.py:254}}
Sep 08 06:46:20 devstack cinder-volume[87507]: DEBUG cinder.volume.manager [None req-8684ba76-dd00-4351-8e9b-bee3c119874a None None] thread count: 28 {{(pid=87507) _thread_info /opt/stack/cinder/cinder/volume/manager.py:5472}}
Sep 08 06:46:20 devstack cinder-volume[87507]: DEBUG cinder.volume.manager [None req-8684ba76-dd00-4351-8e9b-bee3c119874a None None] thread info: [<_MainThread(MainThread, started 127913129345152)>, , , , , , , , , , , , , , , , , , , , , , , , , , , ] {{(pid=87507) _thread_info /opt/stack/cinder/cinder/volume/manager.py:5473}}
Sep 08 06:46:21 devstack sudo[93287]: pam_unix(sudo:session): session closed for user root
Sep 08 06:46:21 devstack cinder-volume[87507]: DEBUG oslo_concurrency.processutils [None req-052fd106-628f-49ce-9dc6-28adf8eaa160 tempest-VolumesSnapshotTestJSON-581938750 None] CMD "/opt/stack/data/venv/bin/python3.12 -m oslo_concurrency.prlimit --as=1073741824 --cpu=60 -- sudo cinder-rootwrap /etc/cinder/rootwrap.conf env LC_ALL=C qemu-img info -f qcow2 --output=json --force-share /opt/stack/data/cinder/mnt/85a7ef603d028f39ec610166b89070fd/volume-99678f42-a9d2-4de7-b82c-fff35032ac56" returned: 0 in 0.651s {{(pid=87507) execute /opt/stack/data/venv/lib/python3.12/site-packages/oslo_concurrency/processutils.py:468}}
Sep 08 06:46:21 devstack cinder-volume[87507]: DEBUG oslo_concurrency.processutils [None req-052fd106-628f-49ce-9dc6-28adf8eaa160 tempest-VolumesSnapshotTestJSON-581938750 None] Running cmd (subprocess): sudo cinder-rootwrap /etc/cinder/rootwrap.conf qemu-img commit -d /opt/stack/data/cinder/mnt/85a7ef603d028f39ec610166b89070fd/volume-99678f42-a9d2-4de7-b82c-fff35032ac56.b1c03708-1fc4-4006-8698-44f33bcd822d {{(pid=87507) execute /opt/stack/data/venv/lib/python3.12/site-packages/oslo_concurrency/processutils.py:440}}
Sep 08 06:46:21 devstack sudo[93296]: quobyte : PWD=/ ; USER=root ; COMMAND=/opt/stack/data/venv/bin/cinder-rootwrap /etc/cinder/rootwrap.conf qemu-img commit -d /opt/stack/data/cinder/mnt/85a7ef603d028f39ec610166b89070fd/volume-99678f42-a9d2-4de7-b82c-fff35032ac56.b1c03708-1fc4-4006-8698-44f33bcd822d
Sep 08 06:46:21 devstack sudo[93296]: pam_unix(sudo:session): session opened for user root(uid=0) by (uid=1000)
Sep 08 06:46:21 devstack sudo[93296]: pam_unix(sudo:session): session closed for user root
Sep 08 06:46:21 devstack cinder-volume[87507]: DEBUG oslo_concurrency.processutils [None req-052fd106-628f-49ce-9dc6-28adf8eaa160 tempest-VolumesSnapshotTestJSON-581938750 None] CMD "sudo cinder-rootwrap /etc/cinder/rootwrap.conf qemu-img commit -d /opt/stack/data/cinder/mnt/85a7ef603d028f39ec610166b89070fd/volume-99678f42-a9d2-4de7-b82c-fff35032ac56.b1c03708-1fc4-4006-8698-44f33bcd822d" returned: 0 in 0.805s {{(pid=87507) execute /opt/stack/data/venv/lib/python3.12/site-packages/oslo_concurrency/processutils.py:468}}
Sep 08 06:46:21 devstack cinder-volume[87507]: DEBUG oslo_concurrency.processutils [None req-052fd106-628f-49ce-9dc6-28adf8eaa160 tempest-VolumesSnapshotTestJSON-581938750 None] Running cmd (subprocess): sudo cinder-rootwrap /etc/cinder/rootwrap.conf rm -f /opt/stack/data/cinder/mnt/85a7ef603d028f39ec610166b89070fd/volume-99678f42-a9d2-4de7-b82c-fff35032ac56.b1c03708-1fc4-4006-8698-44f33bcd822d {{(pid=87507) execute /opt/stack/data/venv/lib/python3.12/site-packages/oslo_concurrency/processutils.py:440}}
Sep 08 06:46:21 devstack sudo[93316]: quobyte : PWD=/ ; USER=root ; COMMAND=/opt/stack/data/venv/bin/cinder-rootwrap /etc/cinder/rootwrap.conf rm -f /opt/stack/data/cinder/mnt/85a7ef603d028f39ec610166b89070fd/volume-99678f42-a9d2-4de7-b82c-fff35032ac56.b1c03708-1fc4-4006-8698-44f33bcd822d
Sep 08 06:46:21 devstack sudo[93316]: pam_unix(sudo:session): session opened for user root(uid=0) by (uid=1000)
Sep 08 06:46:22 devstack cinder-volume[87507]: INFO cinder.volume.manager [req-631de64f-90ae-41fc-a7f6-4bb10d022306 req-b8909904-9c2b-4e1a-ad5b-8455ebfc48f9 tempest-ServerActionsTestOtherA-1140651778 None] Terminate volume connection completed successfully.
Sep 08 06:46:22 devstack cinder-volume[87507]: DEBUG cinder.volume.manager [req-631de64f-90ae-41fc-a7f6-4bb10d022306 req-b8909904-9c2b-4e1a-ad5b-8455ebfc48f9 tempest-ServerActionsTestOtherA-1140651778 None] Deleting attachment 0022743a-6d90-48df-8a42-fd034d73ba99. {{(pid=87507) attachment_delete /opt/stack/cinder/cinder/volume/manager.py:5055}}
Sep 08 06:46:22 devstack sudo[93316]: pam_unix(sudo:session): session closed for user root
Sep 08 06:46:22 devstack cinder-volume[87507]: DEBUG oslo_concurrency.processutils [None req-052fd106-628f-49ce-9dc6-28adf8eaa160 tempest-VolumesSnapshotTestJSON-581938750 None] CMD "sudo cinder-rootwrap /etc/cinder/rootwrap.conf rm -f /opt/stack/data/cinder/mnt/85a7ef603d028f39ec610166b89070fd/volume-99678f42-a9d2-4de7-b82c-fff35032ac56.b1c03708-1fc4-4006-8698-44f33bcd822d" returned: 0 in 0.742s {{(pid=87507) execute /opt/stack/data/venv/lib/python3.12/site-packages/oslo_concurrency/processutils.py:468}}
Sep 08 06:46:22 devstack cinder-volume[87507]: DEBUG cinder.coordination [None req-052fd106-628f-49ce-9dc6-28adf8eaa160 tempest-VolumesSnapshotTestJSON-581938750 None] Lock "cinder-quobyte-b1c03708-1fc4-4006-8698-44f33bcd822d" released by "_delete_snapshot" :: held 3.130s {{(pid=87507) __release /opt/stack/cinder/cinder/coordination.py:152}}
Sep 08 06:46:22 devstack cinder-volume[87507]: DEBUG cinder.coordination [req-631de64f-90ae-41fc-a7f6-4bb10d022306 req-1c673c9d-722a-48d8-b2e9-d158857a9e9e tempest-ServerActionsTestOtherA-1140651778 None] Acquiring lock "cinder-c679adbf-d2cb-46b1-8505-1418b345f941-delete_volume" by "delete_volume" {{(pid=87507) __acquire /opt/stack/cinder/cinder/coordination.py:138}}
Sep 08 06:46:22 devstack cinder-volume[87507]: DEBUG cinder.coordination [None req-052fd106-628f-49ce-9dc6-28adf8eaa160 tempest-VolumesSnapshotTestJSON-581938750 None] Lock "cinder-quobyte-99678f42-a9d2-4de7-b82c-fff35032ac56" released by "delete_snapshot" :: held 3.192s {{(pid=87507) __release /opt/stack/cinder/cinder/coordination.py:152}}
Sep 08 06:46:22 devstack cinder-volume[87507]: DEBUG cinder.coordination [req-631de64f-90ae-41fc-a7f6-4bb10d022306 req-1c673c9d-722a-48d8-b2e9-d158857a9e9e tempest-ServerActionsTestOtherA-1140651778 None] Lock "cinder-c679adbf-d2cb-46b1-8505-1418b345f941-delete_volume" acquired by "delete_volume" :: waited 0.095s {{(pid=87507) __acquire /opt/stack/cinder/cinder/coordination.py:141}}
Sep 08 06:46:22 devstack cinder-volume[87507]: DEBUG cinder.coordination [req-631de64f-90ae-41fc-a7f6-4bb10d022306 req-1c673c9d-722a-48d8-b2e9-d158857a9e9e tempest-ServerActionsTestOtherA-1140651778 None] Acquiring lock "cinder-quobyte-c679adbf-d2cb-46b1-8505-1418b345f941" by "delete_volume" {{(pid=87507) __acquire /opt/stack/cinder/cinder/coordination.py:138}}
Sep 08 06:46:22 devstack cinder-volume[87507]: DEBUG cinder.coordination [req-631de64f-90ae-41fc-a7f6-4bb10d022306 req-1c673c9d-722a-48d8-b2e9-d158857a9e9e tempest-ServerActionsTestOtherA-1140651778 None] Lock "cinder-quobyte-c679adbf-d2cb-46b1-8505-1418b345f941" acquired by "delete_volume" :: waited 0.023s {{(pid=87507) __acquire /opt/stack/cinder/cinder/coordination.py:141}}
Sep 08 06:46:22 devstack cinder-volume[87507]: DEBUG cinder.quota [None req-052fd106-628f-49ce-9dc6-28adf8eaa160 tempest-VolumesSnapshotTestJSON-581938750 None] Created reservations ['7b860c0d-b6f6-45f7-a720-ed6afdfab0af', '94693081-aceb-4aed-82ef-966b915b3c46', 'a36b950e-40c3-4470-a2e2-f4beae33a378', '94ef4d22-e6e0-460e-ac54-ea180df0e0fd'] {{(pid=87507) reserve /opt/stack/cinder/cinder/quota.py:752}}
Sep 08 06:46:22 devstack cinder-volume[87507]: DEBUG oslo.privsep.daemon [-] privsep: reply[d72f4d64-7cd2-452c-bbe6-8b96e342428a]: (4, 'qcow2') {{(pid=88698) _call_back /opt/stack/data/venv/lib/python3.12/site-packages/oslo_privsep/daemon.py:580}}
Sep 08 06:46:22 devstack cinder-volume[87507]: DEBUG oslo_concurrency.processutils [req-631de64f-90ae-41fc-a7f6-4bb10d022306 req-1c673c9d-722a-48d8-b2e9-d158857a9e9e tempest-ServerActionsTestOtherA-1140651778 None] Running cmd (subprocess): /opt/stack/data/venv/bin/python3.12 -m oslo_concurrency.prlimit --as=1073741824 --cpu=60 -- sudo cinder-rootwrap /etc/cinder/rootwrap.conf env LC_ALL=C qemu-img info -f qcow2 --output=json --force-share /opt/stack/data/cinder/mnt/85a7ef603d028f39ec610166b89070fd/volume-c679adbf-d2cb-46b1-8505-1418b345f941 {{(pid=87507) execute /opt/stack/data/venv/lib/python3.12/site-packages/oslo_concurrency/processutils.py:440}}
Sep 08 06:46:23 devstack cinder-volume[87507]: INFO cinder.volume.manager [None req-052fd106-628f-49ce-9dc6-28adf8eaa160 tempest-VolumesSnapshotTestJSON-581938750 None] Delete snapshot completed successfully.
Sep 08 06:46:23 devstack cinder-volume[87507]: DEBUG cinder.coordination [None req-052fd106-628f-49ce-9dc6-28adf8eaa160 tempest-VolumesSnapshotTestJSON-581938750 None] Lock "cinder-b1c03708-1fc4-4006-8698-44f33bcd822d-delete_snapshot" released by "delete_snapshot" :: held 3.908s {{(pid=87507) __release /opt/stack/cinder/cinder/coordination.py:152}}
Sep 08 06:46:23 devstack sudo[93366]: quobyte : PWD=/ ; USER=root ; COMMAND=/opt/stack/data/venv/bin/cinder-rootwrap /etc/cinder/rootwrap.conf env LC_ALL=C qemu-img info -f qcow2 --output=json --force-share /opt/stack/data/cinder/mnt/85a7ef603d028f39ec610166b89070fd/volume-c679adbf-d2cb-46b1-8505-1418b345f941
Sep 08 06:46:23 devstack sudo[93366]: pam_unix(sudo:session): session opened for user root(uid=0) by (uid=1000)
Sep 08 06:46:23 devstack sudo[93366]: pam_unix(sudo:session): session closed for user root
Sep 08 06:46:23 devstack cinder-volume[87507]: DEBUG oslo_concurrency.processutils [req-631de64f-90ae-41fc-a7f6-4bb10d022306 req-1c673c9d-722a-48d8-b2e9-d158857a9e9e tempest-ServerActionsTestOtherA-1140651778 None] CMD "/opt/stack/data/venv/bin/python3.12 -m oslo_concurrency.prlimit --as=1073741824 --cpu=60 -- sudo cinder-rootwrap /etc/cinder/rootwrap.conf env LC_ALL=C qemu-img info -f qcow2 --output=json --force-share /opt/stack/data/cinder/mnt/85a7ef603d028f39ec610166b89070fd/volume-c679adbf-d2cb-46b1-8505-1418b345f941" returned: 0 in 0.909s {{(pid=87507) execute /opt/stack/data/venv/lib/python3.12/site-packages/oslo_concurrency/processutils.py:468}}
Sep 08 06:46:23 devstack cinder-volume[87507]: DEBUG oslo_concurrency.processutils [req-631de64f-90ae-41fc-a7f6-4bb10d022306 req-1c673c9d-722a-48d8-b2e9-d158857a9e9e tempest-ServerActionsTestOtherA-1140651778 None] Running cmd (subprocess): sudo cinder-rootwrap /etc/cinder/rootwrap.conf rm -f /opt/stack/data/cinder/mnt/85a7ef603d028f39ec610166b89070fd/volume-c679adbf-d2cb-46b1-8505-1418b345f941 {{(pid=87507) execute /opt/stack/data/venv/lib/python3.12/site-packages/oslo_concurrency/processutils.py:440}}
Sep 08 06:46:23 devstack sudo[93376]: quobyte : PWD=/ ; USER=root ; COMMAND=/opt/stack/data/venv/bin/cinder-rootwrap /etc/cinder/rootwrap.conf rm -f /opt/stack/data/cinder/mnt/85a7ef603d028f39ec610166b89070fd/volume-c679adbf-d2cb-46b1-8505-1418b345f941
Sep 08 06:46:23 devstack sudo[93376]: pam_unix(sudo:session): session opened for user root(uid=0) by (uid=1000)
Sep 08 06:46:24 devstack sudo[93376]: pam_unix(sudo:session): session closed for user root
Sep 08 06:46:24 devstack cinder-volume[87507]: DEBUG oslo_concurrency.processutils [req-631de64f-90ae-41fc-a7f6-4bb10d022306 req-1c673c9d-722a-48d8-b2e9-d158857a9e9e tempest-ServerActionsTestOtherA-1140651778 None] CMD "sudo cinder-rootwrap /etc/cinder/rootwrap.conf rm -f /opt/stack/data/cinder/mnt/85a7ef603d028f39ec610166b89070fd/volume-c679adbf-d2cb-46b1-8505-1418b345f941" returned: 0 in 0.424s {{(pid=87507) execute /opt/stack/data/venv/lib/python3.12/site-packages/oslo_concurrency/processutils.py:468}}
Sep 08 06:46:24 devstack cinder-volume[87507]: DEBUG cinder.coordination [req-631de64f-90ae-41fc-a7f6-4bb10d022306 req-1c673c9d-722a-48d8-b2e9-d158857a9e9e tempest-ServerActionsTestOtherA-1140651778 None] Lock "cinder-quobyte-c679adbf-d2cb-46b1-8505-1418b345f941" released by "delete_volume" :: held 1.430s {{(pid=87507) __release /opt/stack/cinder/cinder/coordination.py:152}}
Sep 08 06:46:24 devstack cinder-volume[87507]: DEBUG cinder.quota [req-631de64f-90ae-41fc-a7f6-4bb10d022306 req-1c673c9d-722a-48d8-b2e9-d158857a9e9e tempest-ServerActionsTestOtherA-1140651778 None] Created reservations ['ac8a67cd-a85d-4be9-8594-4607f6b579ce', 'f632d8eb-33cd-49b2-aec7-0d9407581bd4', '44ca2982-2720-41a7-8574-5cde3c97b6a6', '096dc4c9-6bf9-45dd-bd2a-316774ea28bf'] {{(pid=87507) reserve /opt/stack/cinder/cinder/quota.py:752}}
Sep 08 06:46:24 devstack cinder-volume[87507]: DEBUG oslo_concurrency.lockutils [req-631de64f-90ae-41fc-a7f6-4bb10d022306 req-1c673c9d-722a-48d8-b2e9-d158857a9e9e tempest-ServerActionsTestOtherA-1140651778 None] Acquiring lock "quobyte_ensure" by "cinder.volume.drivers.quobyte.QuobyteDriver._ensure_shares_mounted" {{(pid=87507) inner /opt/stack/data/venv/lib/python3.12/site-packages/oslo_concurrency/lockutils.py:512}}
Sep 08 06:46:24 devstack cinder-volume[87507]: DEBUG oslo_concurrency.lockutils [req-631de64f-90ae-41fc-a7f6-4bb10d022306 req-1c673c9d-722a-48d8-b2e9-d158857a9e9e tempest-ServerActionsTestOtherA-1140651778 None] Lock "quobyte_ensure" acquired by "cinder.volume.drivers.quobyte.QuobyteDriver._ensure_shares_mounted" :: waited 0.004s {{(pid=87507) inner /opt/stack/data/venv/lib/python3.12/site-packages/oslo_concurrency/lockutils.py:525}}
Sep 08 06:46:24 devstack cinder-volume[87507]: DEBUG cinder.volume.drivers.quobyte [req-631de64f-90ae-41fc-a7f6-4bb10d022306 req-1c673c9d-722a-48d8-b2e9-d158857a9e9e tempest-ServerActionsTestOtherA-1140651778 None] Quobyte Volume URL set to: {'osci02.corp.quobyte.com/cinder-vol-bb67cde0-ca08-46aa-b58e-e239a7885f6d': None} {{(pid=87507) _load_shares_config /opt/stack/cinder/cinder/volume/drivers/quobyte.py:662}}
Sep 08 06:46:24 devstack cinder-volume[87507]: DEBUG cinder.volume.drivers.quobyte [req-631de64f-90ae-41fc-a7f6-4bb10d022306 req-1c673c9d-722a-48d8-b2e9-d158857a9e9e tempest-ServerActionsTestOtherA-1140651778 None] Available shares ['osci02.corp.quobyte.com/cinder-vol-bb67cde0-ca08-46aa-b58e-e239a7885f6d'] {{(pid=87507) _ensure_shares_mounted /opt/stack/cinder/cinder/volume/drivers/quobyte.py:692}}
Sep 08 06:46:24 devstack cinder-volume[87507]: DEBUG oslo_concurrency.lockutils [req-631de64f-90ae-41fc-a7f6-4bb10d022306 req-1c673c9d-722a-48d8-b2e9-d158857a9e9e tempest-ServerActionsTestOtherA-1140651778 None] Lock "quobyte_ensure" "released" by "cinder.volume.drivers.quobyte.QuobyteDriver._ensure_shares_mounted" :: held 0.028s {{(pid=87507) inner /opt/stack/data/venv/lib/python3.12/site-packages/oslo_concurrency/lockutils.py:544}}
Sep 08 06:46:24 devstack cinder-volume[87507]: DEBUG oslo_concurrency.processutils [req-631de64f-90ae-41fc-a7f6-4bb10d022306 req-1c673c9d-722a-48d8-b2e9-d158857a9e9e tempest-ServerActionsTestOtherA-1140651778 None] Running cmd (subprocess): sudo cinder-rootwrap /etc/cinder/rootwrap.conf df --portability --block-size 1 /opt/stack/data/cinder/mnt/85a7ef603d028f39ec610166b89070fd {{(pid=87507) execute /opt/stack/data/venv/lib/python3.12/site-packages/oslo_concurrency/processutils.py:440}}
Sep 08 06:46:24 devstack sudo[93381]: quobyte : PWD=/ ; USER=root ; COMMAND=/opt/stack/data/venv/bin/cinder-rootwrap /etc/cinder/rootwrap.conf df --portability --block-size 1 /opt/stack/data/cinder/mnt/85a7ef603d028f39ec610166b89070fd
Sep 08 06:46:24 devstack sudo[93381]: pam_unix(sudo:session): session opened for user root(uid=0) by (uid=1000)
Sep 08 06:46:25 devstack cinder-volume[87507]: DEBUG cinder.volume.flows.manager.create_volume [None req-cbae806e-076e-4187-9c35-ff0605943468 tempest-VolumesSnapshotTestJSON-581938750 None] Volume reschedule parameters: True retry: {'num_attempts': 1, 'backends': ['devstack@QuobyteHD#QuobyteHD'], 'hosts': ['devstack@QuobyteHD#QuobyteHD']} {{(pid=87507) get_flow /opt/stack/cinder/cinder/volume/flows/manager/create_volume.py:1397}}
Sep 08 06:46:25 devstack cinder-volume[87507]: DEBUG cinder.volume.manager [None req-cbae806e-076e-4187-9c35-ff0605943468 tempest-VolumesSnapshotTestJSON-581938750 None] Flow 'volume_create_manager' (b93e7451-54ff-46af-84b6-17d183726bc4) transitioned into state 'RUNNING' from state 'PENDING' {{(pid=87507) _flow_receiver /opt/stack/data/venv/lib/python3.12/site-packages/taskflow/listeners/logging.py:160}}
Sep 08 06:46:25 devstack cinder-volume[87507]: DEBUG cinder.volume.manager [None req-cbae806e-076e-4187-9c35-ff0605943468 tempest-VolumesSnapshotTestJSON-581938750 None] Task 'cinder.volume.flows.manager.create_volume.ExtractVolumeRefTask;volume:create' (e47867d3-7ce1-41c2-b8ed-25af63604413) transitioned into state 'RUNNING' from state 'PENDING' {{(pid=87507) _task_receiver /opt/stack/data/venv/lib/python3.12/site-packages/taskflow/listeners/logging.py:242}}
Sep 08 06:46:25 devstack cinder-volume[87507]: DEBUG cinder.volume.manager [None req-cbae806e-076e-4187-9c35-ff0605943468 tempest-VolumesSnapshotTestJSON-581938750 None] Task 'cinder.volume.flows.manager.create_volume.ExtractVolumeRefTask;volume:create' (e47867d3-7ce1-41c2-b8ed-25af63604413) transitioned into state 'SUCCESS' from state 'RUNNING' with result 'Volume(_name_id=None,admin_metadata=,attach_status='detached',availability_zone='nova',bootable=False,cluster=,cluster_name=None,consistencygroup=,consistencygroup_id=None,created_at=2026-09-08T04:46:24Z,deleted=False,deleted_at=None,display_description=None,display_name='tempest-VolumesSnapshotTestJSON-Volume-1903577199',ec2_id=None,encryption_key_id=None,glance_metadata=,group=,group_id=None,host='devstack@QuobyteHD#QuobyteHD',id=2ee28467-dfaf-4b2c-b4fc-2e4a92754fdb,launched_at=None,metadata={},migration_status=None,multiattach=False,previous_status=None,project_id='8b4941bb1fb44fbbbbda64a8438bf66a',provider_auth=None,provider_geometry=None,provider_id=None,provider_location=None,replication_driver_data=None,replication_extended_status=None,replication_status=None,scheduled_at=2026-09-08T04:46:25Z,service_uuid=None,shared_targets=True,size=1,snapshot_id=None,snapshots=,source_volid=None,status='creating',terminated_at=None,updated_at=2026-09-08T04:46:25Z,use_quota=True,user_id='a8ab0d637f5f4712b0d4425f6bf56b83',volume_attachment=VolumeAttachmentList,volume_type=VolumeType(463a8ae5-c94e-47bc-b9b2-5d3a421cc981),volume_type_id=463a8ae5-c94e-47bc-b9b2-5d3a421cc981)' {{(pid=87507) _task_receiver /opt/stack/data/venv/lib/python3.12/site-packages/taskflow/listeners/logging.py:218}}
Sep 08 06:46:25 devstack cinder-volume[87507]: DEBUG cinder.volume.manager [None req-cbae806e-076e-4187-9c35-ff0605943468 tempest-VolumesSnapshotTestJSON-581938750 None] Task 'cinder.volume.flows.manager.create_volume.OnFailureRescheduleTask;volume:create' (ce13a21d-1301-4288-b78b-cd19f1a2473c) transitioned into state 'RUNNING' from state 'PENDING' {{(pid=87507) _task_receiver /opt/stack/data/venv/lib/python3.12/site-packages/taskflow/listeners/logging.py:242}}
Sep 08 06:46:25 devstack cinder-volume[87507]: DEBUG cinder.volume.manager [None req-cbae806e-076e-4187-9c35-ff0605943468 tempest-VolumesSnapshotTestJSON-581938750 None] Task 'cinder.volume.flows.manager.create_volume.OnFailureRescheduleTask;volume:create' (ce13a21d-1301-4288-b78b-cd19f1a2473c) transitioned into state 'SUCCESS' from state 'RUNNING' with result 'None' {{(pid=87507) _task_receiver /opt/stack/data/venv/lib/python3.12/site-packages/taskflow/listeners/logging.py:218}}
Sep 08 06:46:25 devstack cinder-volume[87507]: DEBUG cinder.volume.manager [None req-cbae806e-076e-4187-9c35-ff0605943468 tempest-VolumesSnapshotTestJSON-581938750 None] Task 'cinder.volume.flows.manager.create_volume.ExtractVolumeSpecTask;volume:create' (dc346f19-c100-414f-9cb2-9e1a48139a88) transitioned into state 'RUNNING' from state 'PENDING' {{(pid=87507) _task_receiver /opt/stack/data/venv/lib/python3.12/site-packages/taskflow/listeners/logging.py:242}}
Sep 08 06:46:25 devstack cinder-volume[87507]: DEBUG cinder.volume.manager [None req-cbae806e-076e-4187-9c35-ff0605943468 tempest-VolumesSnapshotTestJSON-581938750 None] Task 'cinder.volume.flows.manager.create_volume.ExtractVolumeSpecTask;volume:create' (dc346f19-c100-414f-9cb2-9e1a48139a88) transitioned into state 'SUCCESS' from state 'RUNNING' with result '{'status': 'creating', 'type': 'raw', 'volume_id': '2ee28467-dfaf-4b2c-b4fc-2e4a92754fdb', 'volume_name': 'volume-2ee28467-dfaf-4b2c-b4fc-2e4a92754fdb', 'volume_size': 1}' {{(pid=87507) _task_receiver /opt/stack/data/venv/lib/python3.12/site-packages/taskflow/listeners/logging.py:218}}
