Jan 30 08:31:30 devstack cinder-volume[83056]: DEBUG oslo_concurrency.lockutils [None req-648e4ec0-909d-43cb-aca7-e919a4d358e3 tempest-ServersNegativeTestJSON-1347048423 None] Acquiring lock "quobyte_ensure" by "cinder.volume.drivers.quobyte.QuobyteDriver._ensure_shares_mounted" {{(pid=83056) inner /opt/stack/data/venv/lib/python3.10/site-packages/oslo_concurrency/lockutils.py:506}}
Jan 30 08:31:30 devstack cinder-volume[83056]: DEBUG oslo_concurrency.lockutils [None req-648e4ec0-909d-43cb-aca7-e919a4d358e3 tempest-ServersNegativeTestJSON-1347048423 None] Lock "quobyte_ensure" acquired by "cinder.volume.drivers.quobyte.QuobyteDriver._ensure_shares_mounted" :: waited 0.002s {{(pid=83056) inner /opt/stack/data/venv/lib/python3.10/site-packages/oslo_concurrency/lockutils.py:519}}
Jan 30 08:31:30 devstack cinder-volume[83056]: DEBUG cinder.volume.drivers.quobyte [None req-648e4ec0-909d-43cb-aca7-e919a4d358e3 tempest-ServersNegativeTestJSON-1347048423 None] Quobyte Volume URL set to: {'osci02.corp.quobyte.com/cinder-vol-10c1f9ac-e07f-4b7b-b9fe-f586da3480b8': None} {{(pid=83056) _load_shares_config /opt/stack/cinder/cinder/volume/drivers/quobyte.py:620}}
Jan 30 08:31:30 devstack cinder-volume[83056]: DEBUG cinder.volume.drivers.quobyte [None req-648e4ec0-909d-43cb-aca7-e919a4d358e3 tempest-ServersNegativeTestJSON-1347048423 None] Available shares ['osci02.corp.quobyte.com/cinder-vol-10c1f9ac-e07f-4b7b-b9fe-f586da3480b8'] {{(pid=83056) _ensure_shares_mounted /opt/stack/cinder/cinder/volume/drivers/quobyte.py:650}}
Jan 30 08:31:30 devstack cinder-volume[83056]: DEBUG oslo_concurrency.lockutils [None req-648e4ec0-909d-43cb-aca7-e919a4d358e3 tempest-ServersNegativeTestJSON-1347048423 None] Lock "quobyte_ensure" "released" by "cinder.volume.drivers.quobyte.QuobyteDriver._ensure_shares_mounted" :: held 0.029s {{(pid=83056) inner /opt/stack/data/venv/lib/python3.10/site-packages/oslo_concurrency/lockutils.py:538}}
Jan 30 08:31:30 devstack cinder-volume[83056]: DEBUG oslo_concurrency.processutils [None req-648e4ec0-909d-43cb-aca7-e919a4d358e3 tempest-ServersNegativeTestJSON-1347048423 None] Running cmd (subprocess): sudo cinder-rootwrap /etc/cinder/rootwrap.conf df --portability --block-size 1 /opt/stack/data/cinder/mnt/f4b3401e0ae6e8f2b430443b5e958056 {{(pid=83056) execute /opt/stack/data/venv/lib/python3.10/site-packages/oslo_concurrency/processutils.py:368}}
Jan 30 08:31:30 devstack sudo[91425]: quobyte : PWD=/ ; USER=root ; COMMAND=/opt/stack/data/venv/bin/cinder-rootwrap /etc/cinder/rootwrap.conf df --portability --block-size 1 /opt/stack/data/cinder/mnt/f4b3401e0ae6e8f2b430443b5e958056
Jan 30 08:31:30 devstack sudo[91425]: pam_unix(sudo:session): session opened for user root(uid=0) by (uid=1000)
Jan 30 08:31:30 devstack cinder-volume[83056]: DEBUG oslo_concurrency.lockutils [req-f568914c-bcce-4b17-a89f-fd1ac251ca26 req-c24eddee-8fc0-4bc8-bfcd-0fb5e4019bd2 tempest-ServerActionsV293TestJSON-2124875127 None] Acquiring lock "quobyte" by "cinder.volume.drivers.quobyte.QuobyteDriver.initialize_connection" {{(pid=83056) inner /opt/stack/data/venv/lib/python3.10/site-packages/oslo_concurrency/lockutils.py:506}}
Jan 30 08:31:30 devstack cinder-volume[83056]: DEBUG oslo_concurrency.lockutils [req-f568914c-bcce-4b17-a89f-fd1ac251ca26 req-c24eddee-8fc0-4bc8-bfcd-0fb5e4019bd2 tempest-ServerActionsV293TestJSON-2124875127 None] Lock "quobyte" acquired by "cinder.volume.drivers.quobyte.QuobyteDriver.initialize_connection" :: waited 0.002s {{(pid=83056) inner /opt/stack/data/venv/lib/python3.10/site-packages/oslo_concurrency/lockutils.py:519}}
Jan 30 08:31:30 devstack cinder-volume[83056]: DEBUG cinder.coordination [None req-e5b46b71-80e3-4602-939a-e42c9bd6f529 tempest-ServersNegativeTestJSON-1347048423 None] Acquiring lock "cinder-9c3b530a-83f7-4769-b0ac-f89c1b09b451-delete_volume" by "delete_volume" {{(pid=83056) __acquire /opt/stack/cinder/cinder/coordination.py:143}}
Jan 30 08:31:30 devstack cinder-volume[83056]: DEBUG cinder.coordination [None req-e5b46b71-80e3-4602-939a-e42c9bd6f529 tempest-ServersNegativeTestJSON-1347048423 None] Lock "cinder-9c3b530a-83f7-4769-b0ac-f89c1b09b451-delete_volume" acquired by "delete_volume" :: waited 0.016s {{(pid=83056) __acquire /opt/stack/cinder/cinder/coordination.py:146}}
Jan 30 08:31:30 devstack cinder-volume[83056]: DEBUG oslo.privsep.daemon [-] privsep: reply[1c9314cf-c6fd-46a0-83ee-0239a3780ab3]: (4, 'raw') {{(pid=84346) _call_back /opt/stack/data/venv/lib/python3.10/site-packages/oslo_privsep/daemon.py:515}}
Jan 30 08:31:30 devstack cinder-volume[83056]: DEBUG oslo_concurrency.processutils [req-f568914c-bcce-4b17-a89f-fd1ac251ca26 req-c24eddee-8fc0-4bc8-bfcd-0fb5e4019bd2 tempest-ServerActionsV293TestJSON-2124875127 None] Running cmd (subprocess): /opt/stack/data/venv/bin/python3.10 -m oslo_concurrency.prlimit --as=1073741824 --cpu=60 -- sudo cinder-rootwrap /etc/cinder/rootwrap.conf env LC_ALL=C qemu-img info -f raw --output=json --force-share /opt/stack/data/cinder/mnt/f4b3401e0ae6e8f2b430443b5e958056/volume-06b04a4e-4e62-457d-89a1-7e406a990bd7 {{(pid=83056) execute /opt/stack/data/venv/lib/python3.10/site-packages/oslo_concurrency/processutils.py:368}}
Jan 30 08:31:31 devstack cinder-volume[83056]: WARNING cinder.volume.volume_utils [None req-e5b46b71-80e3-4602-939a-e42c9bd6f529 tempest-ServersNegativeTestJSON-1347048423 None] Volume driver (QuobyteDriver 1.1.14) is currently unsupported and may be removed in the next release of OpenStack. Use at your own risk.
Jan 30 08:31:31 devstack cinder-volume[83056]: DEBUG cinder.coordination [None req-e5b46b71-80e3-4602-939a-e42c9bd6f529 tempest-ServersNegativeTestJSON-1347048423 None] Acquiring lock "cinder-quobyte-9c3b530a-83f7-4769-b0ac-f89c1b09b451" by "delete_volume" {{(pid=83056) __acquire /opt/stack/cinder/cinder/coordination.py:143}}
Jan 30 08:31:31 devstack cinder-volume[83056]: DEBUG cinder.coordination [None req-e5b46b71-80e3-4602-939a-e42c9bd6f529 tempest-ServersNegativeTestJSON-1347048423 None] Lock "cinder-quobyte-9c3b530a-83f7-4769-b0ac-f89c1b09b451" acquired by "delete_volume" :: waited 0.023s {{(pid=83056) __acquire /opt/stack/cinder/cinder/coordination.py:146}}
Jan 30 08:31:31 devstack cinder-volume[83056]: DEBUG oslo.privsep.daemon [-] privsep: reply[725e17a2-0f92-4c45-b8b5-ddd0147a6d3c]: (4, 'qcow2') {{(pid=84346) _call_back /opt/stack/data/venv/lib/python3.10/site-packages/oslo_privsep/daemon.py:515}}
Jan 30 08:31:31 devstack cinder-volume[83056]: DEBUG oslo_concurrency.processutils [None req-e5b46b71-80e3-4602-939a-e42c9bd6f529 tempest-ServersNegativeTestJSON-1347048423 None] Running cmd (subprocess): /opt/stack/data/venv/bin/python3.10 -m oslo_concurrency.prlimit --as=1073741824 --cpu=60 -- sudo cinder-rootwrap /etc/cinder/rootwrap.conf env LC_ALL=C qemu-img info -f qcow2 --output=json --force-share /opt/stack/data/cinder/mnt/f4b3401e0ae6e8f2b430443b5e958056/volume-9c3b530a-83f7-4769-b0ac-f89c1b09b451 {{(pid=83056) execute /opt/stack/data/venv/lib/python3.10/site-packages/oslo_concurrency/processutils.py:368}}
Jan 30 08:31:31 devstack sudo[91428]: quobyte : PWD=/ ; USER=root ; COMMAND=/opt/stack/data/venv/bin/cinder-rootwrap /etc/cinder/rootwrap.conf env LC_ALL=C qemu-img info -f raw --output=json --force-share /opt/stack/data/cinder/mnt/f4b3401e0ae6e8f2b430443b5e958056/volume-06b04a4e-4e62-457d-89a1-7e406a990bd7
Jan 30 08:31:31 devstack sudo[91428]: pam_unix(sudo:session): session opened for user root(uid=0) by (uid=1000)
Jan 30 08:31:31 devstack sudo[91429]: quobyte : PWD=/ ; USER=root ; COMMAND=/opt/stack/data/venv/bin/cinder-rootwrap /etc/cinder/rootwrap.conf env LC_ALL=C qemu-img info -f qcow2 --output=json --force-share /opt/stack/data/cinder/mnt/f4b3401e0ae6e8f2b430443b5e958056/volume-9c3b530a-83f7-4769-b0ac-f89c1b09b451
Jan 30 08:31:31 devstack sudo[91429]: pam_unix(sudo:session): session opened for user root(uid=0) by (uid=1000)
Jan 30 08:31:31 devstack cinder-volume[83056]: WARNING cinder.volume.volume_utils [None req-ad5ce7ac-2fcd-4cb2-a8b1-232c05ce6b6c tempest-SnapshotsActionsTest-874858194 None] Volume driver (QuobyteDriver 1.1.14) is currently unsupported and may be removed in the next release of OpenStack. Use at your own risk.
Jan 30 08:31:31 devstack cinder-volume[83056]: DEBUG oslo_concurrency.lockutils [None req-ad5ce7ac-2fcd-4cb2-a8b1-232c05ce6b6c tempest-SnapshotsActionsTest-874858194 None] Acquiring lock "quobyte" by "cinder.volume.drivers.quobyte.QuobyteDriver.create_snapshot" {{(pid=83056) inner /opt/stack/data/venv/lib/python3.10/site-packages/oslo_concurrency/lockutils.py:506}}
Jan 30 08:31:32 devstack sudo[91425]: pam_unix(sudo:session): session closed for user root
Jan 30 08:31:32 devstack cinder-volume[83056]: DEBUG oslo_concurrency.processutils [None req-648e4ec0-909d-43cb-aca7-e919a4d358e3 tempest-ServersNegativeTestJSON-1347048423 None] CMD "sudo cinder-rootwrap /etc/cinder/rootwrap.conf df --portability --block-size 1 /opt/stack/data/cinder/mnt/f4b3401e0ae6e8f2b430443b5e958056" returned: 0 in 1.446s {{(pid=83056) execute /opt/stack/data/venv/lib/python3.10/site-packages/oslo_concurrency/processutils.py:396}}
Jan 30 08:31:32 devstack cinder-volume[83056]: DEBUG cinder.manager [None req-648e4ec0-909d-43cb-aca7-e919a4d358e3 tempest-ServersNegativeTestJSON-1347048423 None] Notifying Schedulers of capabilities ... {{(pid=83056) _publish_service_capabilities /opt/stack/cinder/cinder/manager.py:202}}
Jan 30 08:31:32 devstack cinder-volume[83056]: INFO cinder.volume.manager [None req-648e4ec0-909d-43cb-aca7-e919a4d358e3 tempest-ServersNegativeTestJSON-1347048423 None] Deleted volume successfully.
Jan 30 08:31:32 devstack cinder-volume[83056]: DEBUG cinder.coordination [None req-648e4ec0-909d-43cb-aca7-e919a4d358e3 tempest-ServersNegativeTestJSON-1347048423 None] Lock "cinder-4ea6df59-e362-49eb-809c-ae5f7a06c2e4-delete_volume" released by "delete_volume" :: held 3.551s {{(pid=83056) __release /opt/stack/cinder/cinder/coordination.py:157}}
Jan 30 08:31:32 devstack sudo[91428]: pam_unix(sudo:session): session closed for user root
Jan 30 08:31:32 devstack cinder-volume[83056]: DEBUG oslo_concurrency.processutils [req-f568914c-bcce-4b17-a89f-fd1ac251ca26 req-c24eddee-8fc0-4bc8-bfcd-0fb5e4019bd2 tempest-ServerActionsV293TestJSON-2124875127 None] CMD "/opt/stack/data/venv/bin/python3.10 -m oslo_concurrency.prlimit --as=1073741824 --cpu=60 -- sudo cinder-rootwrap /etc/cinder/rootwrap.conf env LC_ALL=C qemu-img info -f raw --output=json --force-share /opt/stack/data/cinder/mnt/f4b3401e0ae6e8f2b430443b5e958056/volume-06b04a4e-4e62-457d-89a1-7e406a990bd7" returned: 0 in 1.577s {{(pid=83056) execute /opt/stack/data/venv/lib/python3.10/site-packages/oslo_concurrency/processutils.py:396}}
Jan 30 08:31:32 devstack cinder-volume[83056]: DEBUG oslo_concurrency.processutils [req-f568914c-bcce-4b17-a89f-fd1ac251ca26 req-c24eddee-8fc0-4bc8-bfcd-0fb5e4019bd2 tempest-ServerActionsV293TestJSON-2124875127 None] Running cmd (subprocess): /opt/stack/data/venv/bin/python3.10 -m oslo_concurrency.prlimit --as=1073741824 --cpu=60 -- sudo cinder-rootwrap /etc/cinder/rootwrap.conf env LC_ALL=C qemu-img info -f luks --output=json --force-share /opt/stack/data/cinder/mnt/f4b3401e0ae6e8f2b430443b5e958056/volume-06b04a4e-4e62-457d-89a1-7e406a990bd7 {{(pid=83056) execute /opt/stack/data/venv/lib/python3.10/site-packages/oslo_concurrency/processutils.py:368}}
Jan 30 08:31:32 devstack sudo[91429]: pam_unix(sudo:session): session closed for user root
Jan 30 08:31:32 devstack cinder-volume[83056]: DEBUG oslo_concurrency.processutils [None req-e5b46b71-80e3-4602-939a-e42c9bd6f529 tempest-ServersNegativeTestJSON-1347048423 None] CMD "/opt/stack/data/venv/bin/python3.10 -m oslo_concurrency.prlimit --as=1073741824 --cpu=60 -- sudo cinder-rootwrap /etc/cinder/rootwrap.conf env LC_ALL=C qemu-img info -f qcow2 --output=json --force-share /opt/stack/data/cinder/mnt/f4b3401e0ae6e8f2b430443b5e958056/volume-9c3b530a-83f7-4769-b0ac-f89c1b09b451" returned: 0 in 1.444s {{(pid=83056) execute /opt/stack/data/venv/lib/python3.10/site-packages/oslo_concurrency/processutils.py:396}}
Jan 30 08:31:32 devstack cinder-volume[83056]: DEBUG oslo_concurrency.processutils [None req-e5b46b71-80e3-4602-939a-e42c9bd6f529 tempest-ServersNegativeTestJSON-1347048423 None] Running cmd (subprocess): sudo cinder-rootwrap /etc/cinder/rootwrap.conf rm -f /opt/stack/data/cinder/mnt/f4b3401e0ae6e8f2b430443b5e958056/volume-9c3b530a-83f7-4769-b0ac-f89c1b09b451 {{(pid=83056) execute /opt/stack/data/venv/lib/python3.10/site-packages/oslo_concurrency/processutils.py:368}}
Jan 30 08:31:32 devstack sudo[91441]: quobyte : PWD=/ ; USER=root ; COMMAND=/opt/stack/data/venv/bin/cinder-rootwrap /etc/cinder/rootwrap.conf rm -f /opt/stack/data/cinder/mnt/f4b3401e0ae6e8f2b430443b5e958056/volume-9c3b530a-83f7-4769-b0ac-f89c1b09b451
Jan 30 08:31:32 devstack sudo[91441]: pam_unix(sudo:session): session opened for user root(uid=0) by (uid=1000)
Jan 30 08:31:32 devstack sudo[91440]: quobyte : PWD=/ ; USER=root ; COMMAND=/opt/stack/data/venv/bin/cinder-rootwrap /etc/cinder/rootwrap.conf env LC_ALL=C qemu-img info -f luks --output=json --force-share /opt/stack/data/cinder/mnt/f4b3401e0ae6e8f2b430443b5e958056/volume-06b04a4e-4e62-457d-89a1-7e406a990bd7
Jan 30 08:31:32 devstack sudo[91440]: pam_unix(sudo:session): session opened for user root(uid=0) by (uid=1000)
Jan 30 08:31:33 devstack sudo[91440]: pam_unix(sudo:session): session closed for user root
Jan 30 08:31:33 devstack cinder-volume[83056]: DEBUG oslo_concurrency.processutils [req-f568914c-bcce-4b17-a89f-fd1ac251ca26 req-c24eddee-8fc0-4bc8-bfcd-0fb5e4019bd2 tempest-ServerActionsV293TestJSON-2124875127 None] CMD "/opt/stack/data/venv/bin/python3.10 -m oslo_concurrency.prlimit --as=1073741824 --cpu=60 -- sudo cinder-rootwrap /etc/cinder/rootwrap.conf env LC_ALL=C qemu-img info -f luks --output=json --force-share /opt/stack/data/cinder/mnt/f4b3401e0ae6e8f2b430443b5e958056/volume-06b04a4e-4e62-457d-89a1-7e406a990bd7" returned: 1 in 0.746s {{(pid=83056) execute /opt/stack/data/venv/lib/python3.10/site-packages/oslo_concurrency/processutils.py:396}}
Jan 30 08:31:33 devstack cinder-volume[83056]: DEBUG oslo_concurrency.processutils [req-f568914c-bcce-4b17-a89f-fd1ac251ca26 req-c24eddee-8fc0-4bc8-bfcd-0fb5e4019bd2 tempest-ServerActionsV293TestJSON-2124875127 None] '/opt/stack/data/venv/bin/python3.10 -m oslo_concurrency.prlimit --as=1073741824 --cpu=60 -- sudo cinder-rootwrap /etc/cinder/rootwrap.conf env LC_ALL=C qemu-img info -f luks --output=json --force-share /opt/stack/data/cinder/mnt/f4b3401e0ae6e8f2b430443b5e958056/volume-06b04a4e-4e62-457d-89a1-7e406a990bd7' failed. Not Retrying. {{(pid=83056) execute /opt/stack/data/venv/lib/python3.10/site-packages/oslo_concurrency/processutils.py:471}}
Jan 30 08:31:33 devstack cinder-volume[83056]: DEBUG oslo_concurrency.lockutils [req-f568914c-bcce-4b17-a89f-fd1ac251ca26 req-c24eddee-8fc0-4bc8-bfcd-0fb5e4019bd2 tempest-ServerActionsV293TestJSON-2124875127 None] Lock "quobyte" "released" by "cinder.volume.drivers.quobyte.QuobyteDriver.initialize_connection" :: held 2.423s {{(pid=83056) inner /opt/stack/data/venv/lib/python3.10/site-packages/oslo_concurrency/lockutils.py:538}}
Jan 30 08:31:33 devstack cinder-volume[83056]: DEBUG oslo_concurrency.lockutils [None req-ad5ce7ac-2fcd-4cb2-a8b1-232c05ce6b6c tempest-SnapshotsActionsTest-874858194 None] Lock "quobyte" acquired by "cinder.volume.drivers.quobyte.QuobyteDriver.create_snapshot" :: waited 1.516s {{(pid=83056) inner /opt/stack/data/venv/lib/python3.10/site-packages/oslo_concurrency/lockutils.py:519}}
Jan 30 08:31:33 devstack sudo[91441]: pam_unix(sudo:session): session closed for user root
Jan 30 08:31:33 devstack cinder-volume[83056]: DEBUG cinder.volume.drivers.remotefs [None req-ad5ce7ac-2fcd-4cb2-a8b1-232c05ce6b6c tempest-SnapshotsActionsTest-874858194 None] Creating offline snapshot e52dc4ce-8717-4567-b7b9-0c79cb9e0c95 of volume e700645a-ab71-4b4e-83b0-acba3585da59 {{(pid=83056) _create_snapshot /opt/stack/cinder/cinder/volume/drivers/remotefs.py:1817}}
Jan 30 08:31:33 devstack cinder-volume[83056]: DEBUG oslo_concurrency.processutils [None req-e5b46b71-80e3-4602-939a-e42c9bd6f529 tempest-ServersNegativeTestJSON-1347048423 None] CMD "sudo cinder-rootwrap /etc/cinder/rootwrap.conf rm -f /opt/stack/data/cinder/mnt/f4b3401e0ae6e8f2b430443b5e958056/volume-9c3b530a-83f7-4769-b0ac-f89c1b09b451" returned: 0 in 0.826s {{(pid=83056) execute /opt/stack/data/venv/lib/python3.10/site-packages/oslo_concurrency/processutils.py:396}}
Jan 30 08:31:33 devstack cinder-volume[83056]: DEBUG cinder.coordination [None req-e5b46b71-80e3-4602-939a-e42c9bd6f529 tempest-ServersNegativeTestJSON-1347048423 None] Lock "cinder-quobyte-9c3b530a-83f7-4769-b0ac-f89c1b09b451" released by "delete_volume" :: held 2.331s {{(pid=83056) __release /opt/stack/cinder/cinder/coordination.py:157}}
Jan 30 08:31:33 devstack cinder-volume[83056]: DEBUG oslo.privsep.daemon [-] privsep: reply[93649cfe-c68d-4635-b685-8c2b5eb14c19]: (4, 'qcow2') {{(pid=84346) _call_back /opt/stack/data/venv/lib/python3.10/site-packages/oslo_privsep/daemon.py:515}}
Jan 30 08:31:33 devstack cinder-volume[83056]: DEBUG oslo_concurrency.processutils [None req-ad5ce7ac-2fcd-4cb2-a8b1-232c05ce6b6c tempest-SnapshotsActionsTest-874858194 None] Running cmd (subprocess): /opt/stack/data/venv/bin/python3.10 -m oslo_concurrency.prlimit --as=1073741824 --cpu=60 -- sudo cinder-rootwrap /etc/cinder/rootwrap.conf env LC_ALL=C qemu-img info -f qcow2 --output=json --force-share /opt/stack/data/cinder/mnt/f4b3401e0ae6e8f2b430443b5e958056/volume-e700645a-ab71-4b4e-83b0-acba3585da59.a5f4fbec-5b1c-4f7b-932a-499ac8f831fd {{(pid=83056) execute /opt/stack/data/venv/lib/python3.10/site-packages/oslo_concurrency/processutils.py:368}}
Jan 30 08:31:33 devstack cinder-volume[83056]: DEBUG cinder.volume.manager [req-f568914c-bcce-4b17-a89f-fd1ac251ca26 req-c24eddee-8fc0-4bc8-bfcd-0fb5e4019bd2 tempest-ServerActionsV293TestJSON-2124875127 None] Connection info returned from driver {'export': 'osci02.corp.quobyte.com/cinder-vol-10c1f9ac-e07f-4b7b-b9fe-f586da3480b8', 'name': 'volume-06b04a4e-4e62-457d-89a1-7e406a990bd7', 'options': None, 'format': 'raw', 'qos_specs': None, 'access_mode': 'rw', 'encrypted': False, 'cacheable': False, 'driver_volume_type': 'quobyte', 'mount_point_base': '/opt/stack/data/cinder/mnt', 'attachment_id': '70275732-1891-4499-abf2-96a22219b721', 'enforce_multipath': True} {{(pid=83056) _connection_create /opt/stack/cinder/cinder/volume/manager.py:4893}}
Jan 30 08:31:33 devstack cinder-volume[83056]: WARNING cinder.volume.volume_utils [req-f568914c-bcce-4b17-a89f-fd1ac251ca26 req-c24eddee-8fc0-4bc8-bfcd-0fb5e4019bd2 tempest-ServerActionsV293TestJSON-2124875127 None] Volume driver (QuobyteDriver 1.1.14) is currently unsupported and may be removed in the next release of OpenStack. Use at your own risk.
Jan 30 08:31:33 devstack cinder-volume[83056]: DEBUG cinder.quota [None req-e5b46b71-80e3-4602-939a-e42c9bd6f529 tempest-ServersNegativeTestJSON-1347048423 None] Created reservations ['0ae81f14-05ee-4f62-9446-5105354f9c8b', '40f7bd89-cf99-4959-a023-ca49e516861c', '7c3d6f1e-18b3-4c7c-b95f-c74448958850', 'fec34fba-6d18-427c-8fd4-cfdbd432954c'] {{(pid=83056) reserve /opt/stack/cinder/cinder/quota.py:752}}
Jan 30 08:31:33 devstack cinder-volume[83056]: INFO cinder.volume.manager [req-f568914c-bcce-4b17-a89f-fd1ac251ca26 req-c24eddee-8fc0-4bc8-bfcd-0fb5e4019bd2 tempest-ServerActionsV293TestJSON-2124875127 None] attachment_update completed successfully.
Jan 30 08:31:33 devstack cinder-volume[83056]: DEBUG oslo_concurrency.lockutils [None req-e5b46b71-80e3-4602-939a-e42c9bd6f529 tempest-ServersNegativeTestJSON-1347048423 None] Acquiring lock "quobyte_ensure" by "cinder.volume.drivers.quobyte.QuobyteDriver._ensure_shares_mounted" {{(pid=83056) inner /opt/stack/data/venv/lib/python3.10/site-packages/oslo_concurrency/lockutils.py:506}}
Jan 30 08:31:33 devstack cinder-volume[83056]: DEBUG oslo_concurrency.lockutils [None req-e5b46b71-80e3-4602-939a-e42c9bd6f529 tempest-ServersNegativeTestJSON-1347048423 None] Lock "quobyte_ensure" acquired by "cinder.volume.drivers.quobyte.QuobyteDriver._ensure_shares_mounted" :: waited 0.001s {{(pid=83056) inner /opt/stack/data/venv/lib/python3.10/site-packages/oslo_concurrency/lockutils.py:519}}
Jan 30 08:31:33 devstack cinder-volume[83056]: DEBUG cinder.volume.drivers.quobyte [None req-e5b46b71-80e3-4602-939a-e42c9bd6f529 tempest-ServersNegativeTestJSON-1347048423 None] Quobyte Volume URL set to: {'osci02.corp.quobyte.com/cinder-vol-10c1f9ac-e07f-4b7b-b9fe-f586da3480b8': None} {{(pid=83056) _load_shares_config /opt/stack/cinder/cinder/volume/drivers/quobyte.py:620}}
Jan 30 08:31:33 devstack sudo[91448]: quobyte : PWD=/ ; USER=root ; COMMAND=/opt/stack/data/venv/bin/cinder-rootwrap /etc/cinder/rootwrap.conf env LC_ALL=C qemu-img info -f qcow2 --output=json --force-share /opt/stack/data/cinder/mnt/f4b3401e0ae6e8f2b430443b5e958056/volume-e700645a-ab71-4b4e-83b0-acba3585da59.a5f4fbec-5b1c-4f7b-932a-499ac8f831fd
Jan 30 08:31:33 devstack cinder-volume[83056]: DEBUG cinder.volume.drivers.quobyte [None req-e5b46b71-80e3-4602-939a-e42c9bd6f529 tempest-ServersNegativeTestJSON-1347048423 None] Available shares ['osci02.corp.quobyte.com/cinder-vol-10c1f9ac-e07f-4b7b-b9fe-f586da3480b8'] {{(pid=83056) _ensure_shares_mounted /opt/stack/cinder/cinder/volume/drivers/quobyte.py:650}}
Jan 30 08:31:33 devstack cinder-volume[83056]: DEBUG oslo_concurrency.lockutils [None req-e5b46b71-80e3-4602-939a-e42c9bd6f529 tempest-ServersNegativeTestJSON-1347048423 None] Lock "quobyte_ensure" "released" by "cinder.volume.drivers.quobyte.QuobyteDriver._ensure_shares_mounted" :: held 0.009s {{(pid=83056) inner /opt/stack/data/venv/lib/python3.10/site-packages/oslo_concurrency/lockutils.py:538}}
Jan 30 08:31:33 devstack cinder-volume[83056]: DEBUG oslo_concurrency.processutils [None req-e5b46b71-80e3-4602-939a-e42c9bd6f529 tempest-ServersNegativeTestJSON-1347048423 None] Running cmd (subprocess): sudo cinder-rootwrap /etc/cinder/rootwrap.conf df --portability --block-size 1 /opt/stack/data/cinder/mnt/f4b3401e0ae6e8f2b430443b5e958056 {{(pid=83056) execute /opt/stack/data/venv/lib/python3.10/site-packages/oslo_concurrency/processutils.py:368}}
Jan 30 08:31:33 devstack sudo[91448]: pam_unix(sudo:session): session opened for user root(uid=0) by (uid=1000)
Jan 30 08:31:33 devstack sudo[91450]: quobyte : PWD=/ ; USER=root ; COMMAND=/opt/stack/data/venv/bin/cinder-rootwrap /etc/cinder/rootwrap.conf df --portability --block-size 1 /opt/stack/data/cinder/mnt/f4b3401e0ae6e8f2b430443b5e958056
Jan 30 08:31:33 devstack sudo[91450]: pam_unix(sudo:session): session opened for user root(uid=0) by (uid=1000)
Jan 30 08:31:34 devstack sudo[91450]: pam_unix(sudo:session): session closed for user root
Jan 30 08:31:34 devstack cinder-volume[83056]: DEBUG oslo_concurrency.processutils [None req-e5b46b71-80e3-4602-939a-e42c9bd6f529 tempest-ServersNegativeTestJSON-1347048423 None] CMD "sudo cinder-rootwrap /etc/cinder/rootwrap.conf df --portability --block-size 1 /opt/stack/data/cinder/mnt/f4b3401e0ae6e8f2b430443b5e958056" returned: 0 in 0.830s {{(pid=83056) execute /opt/stack/data/venv/lib/python3.10/site-packages/oslo_concurrency/processutils.py:396}}
Jan 30 08:31:34 devstack cinder-volume[83056]: DEBUG cinder.manager [None req-e5b46b71-80e3-4602-939a-e42c9bd6f529 tempest-ServersNegativeTestJSON-1347048423 None] Notifying Schedulers of capabilities ... {{(pid=83056) _publish_service_capabilities /opt/stack/cinder/cinder/manager.py:202}}
Jan 30 08:31:34 devstack cinder-volume[83056]: INFO cinder.volume.manager [None req-e5b46b71-80e3-4602-939a-e42c9bd6f529 tempest-ServersNegativeTestJSON-1347048423 None] Deleted volume successfully.
Jan 30 08:31:34 devstack cinder-volume[83056]: DEBUG cinder.coordination [None req-e5b46b71-80e3-4602-939a-e42c9bd6f529 tempest-ServersNegativeTestJSON-1347048423 None] Lock "cinder-9c3b530a-83f7-4769-b0ac-f89c1b09b451-delete_volume" released by "delete_volume" :: held 3.643s {{(pid=83056) __release /opt/stack/cinder/cinder/coordination.py:157}}
Jan 30 08:31:34 devstack sudo[91448]: pam_unix(sudo:session): session closed for user root
Jan 30 08:31:34 devstack cinder-volume[83056]: DEBUG oslo_concurrency.processutils [None req-ad5ce7ac-2fcd-4cb2-a8b1-232c05ce6b6c tempest-SnapshotsActionsTest-874858194 None] CMD "/opt/stack/data/venv/bin/python3.10 -m oslo_concurrency.prlimit --as=1073741824 --cpu=60 -- sudo cinder-rootwrap /etc/cinder/rootwrap.conf env LC_ALL=C qemu-img info -f qcow2 --output=json --force-share /opt/stack/data/cinder/mnt/f4b3401e0ae6e8f2b430443b5e958056/volume-e700645a-ab71-4b4e-83b0-acba3585da59.a5f4fbec-5b1c-4f7b-932a-499ac8f831fd" returned: 0 in 1.410s {{(pid=83056) execute /opt/stack/data/venv/lib/python3.10/site-packages/oslo_concurrency/processutils.py:396}}
Jan 30 08:31:34 devstack cinder-volume[83056]: DEBUG cinder.volume.drivers.remotefs [None req-ad5ce7ac-2fcd-4cb2-a8b1-232c05ce6b6c tempest-SnapshotsActionsTest-874858194 None] Fetching qemu-img info with special backing_file_template: (/opt/stack/data/cinder/mnt/[0-9a-f]+/)?(volume-e700645a-ab71-4b4e-83b0-acba3585da59(.(tmp-snap-)?[0-9a-f-]+)?|volume_from_snapshot_cache/(tmp-snap-)?[0-9a-f-]+(.(child-|parent-)[0-9a-f-]+)?)$ {{(pid=83056) _qemu_img_info_base /opt/stack/cinder/cinder/volume/drivers/remotefs.py:898}}
Jan 30 08:31:34 devstack cinder-volume[83056]: DEBUG oslo_concurrency.processutils [None req-ad5ce7ac-2fcd-4cb2-a8b1-232c05ce6b6c tempest-SnapshotsActionsTest-874858194 None] Running cmd (subprocess): sudo cinder-rootwrap /etc/cinder/rootwrap.conf qemu-img create -f qcow2 -o backing_file=/opt/stack/data/cinder/mnt/f4b3401e0ae6e8f2b430443b5e958056/volume-e700645a-ab71-4b4e-83b0-acba3585da59.a5f4fbec-5b1c-4f7b-932a-499ac8f831fd,backing_fmt=qcow2 /opt/stack/data/cinder/mnt/f4b3401e0ae6e8f2b430443b5e958056/volume-e700645a-ab71-4b4e-83b0-acba3585da59.e52dc4ce-8717-4567-b7b9-0c79cb9e0c95 1G {{(pid=83056) execute /opt/stack/data/venv/lib/python3.10/site-packages/oslo_concurrency/processutils.py:368}}
Jan 30 08:31:34 devstack sudo[91456]: quobyte : PWD=/ ; USER=root ; COMMAND=/opt/stack/data/venv/bin/cinder-rootwrap /etc/cinder/rootwrap.conf qemu-img create -f qcow2 -o backing_file=/opt/stack/data/cinder/mnt/f4b3401e0ae6e8f2b430443b5e958056/volume-e700645a-ab71-4b4e-83b0-acba3585da59.a5f4fbec-5b1c-4f7b-932a-499ac8f831fd,backing_fmt=qcow2 /opt/stack/data/cinder/mnt/f4b3401e0ae6e8f2b430443b5e958056/volume-e700645a-ab71-4b4e-83b0-acba3585da59.e52dc4ce-8717-4567-b7b9-0c79cb9e0c95 1G
Jan 30 08:31:34 devstack sudo[91456]: pam_unix(sudo:session): session opened for user root(uid=0) by (uid=1000)
Jan 30 08:31:35 devstack sudo[91456]: pam_unix(sudo:session): session closed for user root
Jan 30 08:31:35 devstack cinder-volume[83056]: DEBUG oslo_concurrency.processutils [None req-ad5ce7ac-2fcd-4cb2-a8b1-232c05ce6b6c tempest-SnapshotsActionsTest-874858194 None] CMD "sudo cinder-rootwrap /etc/cinder/rootwrap.conf qemu-img create -f qcow2 -o backing_file=/opt/stack/data/cinder/mnt/f4b3401e0ae6e8f2b430443b5e958056/volume-e700645a-ab71-4b4e-83b0-acba3585da59.a5f4fbec-5b1c-4f7b-932a-499ac8f831fd,backing_fmt=qcow2 /opt/stack/data/cinder/mnt/f4b3401e0ae6e8f2b430443b5e958056/volume-e700645a-ab71-4b4e-83b0-acba3585da59.e52dc4ce-8717-4567-b7b9-0c79cb9e0c95 1G" returned: 0 in 0.789s {{(pid=83056) execute /opt/stack/data/venv/lib/python3.10/site-packages/oslo_concurrency/processutils.py:396}}
Jan 30 08:31:35 devstack cinder-volume[83056]: DEBUG oslo_concurrency.processutils [None req-ad5ce7ac-2fcd-4cb2-a8b1-232c05ce6b6c tempest-SnapshotsActionsTest-874858194 None] Running cmd (subprocess): sudo cinder-rootwrap /etc/cinder/rootwrap.conf qemu-img rebase -u -b volume-e700645a-ab71-4b4e-83b0-acba3585da59.a5f4fbec-5b1c-4f7b-932a-499ac8f831fd -F qcow2 /opt/stack/data/cinder/mnt/f4b3401e0ae6e8f2b430443b5e958056/volume-e700645a-ab71-4b4e-83b0-acba3585da59.e52dc4ce-8717-4567-b7b9-0c79cb9e0c95 {{(pid=83056) execute /opt/stack/data/venv/lib/python3.10/site-packages/oslo_concurrency/processutils.py:368}}
Jan 30 08:31:35 devstack sudo[91461]: quobyte : PWD=/ ; USER=root ; COMMAND=/opt/stack/data/venv/bin/cinder-rootwrap /etc/cinder/rootwrap.conf qemu-img rebase -u -b volume-e700645a-ab71-4b4e-83b0-acba3585da59.a5f4fbec-5b1c-4f7b-932a-499ac8f831fd -F qcow2 /opt/stack/data/cinder/mnt/f4b3401e0ae6e8f2b430443b5e958056/volume-e700645a-ab71-4b4e-83b0-acba3585da59.e52dc4ce-8717-4567-b7b9-0c79cb9e0c95
Jan 30 08:31:35 devstack sudo[91461]: pam_unix(sudo:session): session opened for user root(uid=0) by (uid=1000)
Jan 30 08:31:36 devstack sudo[91461]: pam_unix(sudo:session): session closed for user root
Jan 30 08:31:36 devstack cinder-volume[83056]: DEBUG oslo_concurrency.processutils [None req-ad5ce7ac-2fcd-4cb2-a8b1-232c05ce6b6c tempest-SnapshotsActionsTest-874858194 None] CMD "sudo cinder-rootwrap /etc/cinder/rootwrap.conf qemu-img rebase -u -b volume-e700645a-ab71-4b4e-83b0-acba3585da59.a5f4fbec-5b1c-4f7b-932a-499ac8f831fd -F qcow2 /opt/stack/data/cinder/mnt/f4b3401e0ae6e8f2b430443b5e958056/volume-e700645a-ab71-4b4e-83b0-acba3585da59.e52dc4ce-8717-4567-b7b9-0c79cb9e0c95" returned: 0 in 1.140s {{(pid=83056) execute /opt/stack/data/venv/lib/python3.10/site-packages/oslo_concurrency/processutils.py:396}}
Jan 30 08:31:36 devstack cinder-volume[83056]: WARNING cinder.volume.drivers.remotefs [None req-ad5ce7ac-2fcd-4cb2-a8b1-232c05ce6b6c tempest-SnapshotsActionsTest-874858194 None] /opt/stack/data/cinder/mnt/f4b3401e0ae6e8f2b430443b5e958056/volume-e700645a-ab71-4b4e-83b0-acba3585da59.e52dc4ce-8717-4567-b7b9-0c79cb9e0c95 is being set with open permissions: ugo+rw
Jan 30 08:31:36 devstack cinder-volume[83056]: DEBUG oslo_concurrency.processutils [None req-ad5ce7ac-2fcd-4cb2-a8b1-232c05ce6b6c tempest-SnapshotsActionsTest-874858194 None] Running cmd (subprocess): sudo cinder-rootwrap /etc/cinder/rootwrap.conf chmod ugo+rw /opt/stack/data/cinder/mnt/f4b3401e0ae6e8f2b430443b5e958056/volume-e700645a-ab71-4b4e-83b0-acba3585da59.e52dc4ce-8717-4567-b7b9-0c79cb9e0c95 {{(pid=83056) execute /opt/stack/data/venv/lib/python3.10/site-packages/oslo_concurrency/processutils.py:368}}
Jan 30 08:31:36 devstack sudo[91569]: quobyte : PWD=/ ; USER=root ; COMMAND=/opt/stack/data/venv/bin/cinder-rootwrap /etc/cinder/rootwrap.conf chmod ugo+rw /opt/stack/data/cinder/mnt/f4b3401e0ae6e8f2b430443b5e958056/volume-e700645a-ab71-4b4e-83b0-acba3585da59.e52dc4ce-8717-4567-b7b9-0c79cb9e0c95
Jan 30 08:31:36 devstack sudo[91569]: pam_unix(sudo:session): session opened for user root(uid=0) by (uid=1000)
Jan 30 08:31:37 devstack sudo[91569]: pam_unix(sudo:session): session closed for user root
Jan 30 08:31:37 devstack cinder-volume[83056]: DEBUG oslo_concurrency.processutils [None req-ad5ce7ac-2fcd-4cb2-a8b1-232c05ce6b6c tempest-SnapshotsActionsTest-874858194 None] CMD "sudo cinder-rootwrap /etc/cinder/rootwrap.conf chmod ugo+rw /opt/stack/data/cinder/mnt/f4b3401e0ae6e8f2b430443b5e958056/volume-e700645a-ab71-4b4e-83b0-acba3585da59.e52dc4ce-8717-4567-b7b9-0c79cb9e0c95" returned: 0 in 0.558s {{(pid=83056) execute /opt/stack/data/venv/lib/python3.10/site-packages/oslo_concurrency/processutils.py:396}}
Jan 30 08:31:37 devstack cinder-volume[83056]: DEBUG oslo_concurrency.lockutils [None req-ad5ce7ac-2fcd-4cb2-a8b1-232c05ce6b6c tempest-SnapshotsActionsTest-874858194 None] Lock "quobyte" "released" by "cinder.volume.drivers.quobyte.QuobyteDriver.create_snapshot" :: held 4.027s {{(pid=83056) inner /opt/stack/data/venv/lib/python3.10/site-packages/oslo_concurrency/lockutils.py:538}}
Jan 30 08:31:37 devstack cinder-volume[83056]: INFO cinder.volume.manager [None req-ad5ce7ac-2fcd-4cb2-a8b1-232c05ce6b6c tempest-SnapshotsActionsTest-874858194 None] Create snapshot completed successfully
Jan 30 08:31:38 devstack cinder-volume[83056]: DEBUG cinder.coordination [None req-0406537d-717a-4e74-8716-264dd0ab5895 tempest-SnapshotsActionsTest-488439444 None] Acquiring lock "cinder-e52dc4ce-8717-4567-b7b9-0c79cb9e0c95-delete_snapshot" by "delete_snapshot" {{(pid=83056) __acquire /opt/stack/cinder/cinder/coordination.py:143}}
Jan 30 08:31:38 devstack cinder-volume[83056]: DEBUG cinder.coordination [None req-0406537d-717a-4e74-8716-264dd0ab5895 tempest-SnapshotsActionsTest-488439444 None] Lock "cinder-e52dc4ce-8717-4567-b7b9-0c79cb9e0c95-delete_snapshot" acquired by "delete_snapshot" :: waited 0.018s {{(pid=83056) __acquire /opt/stack/cinder/cinder/coordination.py:146}}
Jan 30 08:31:38 devstack cinder-volume[83056]: WARNING cinder.volume.volume_utils [None req-0406537d-717a-4e74-8716-264dd0ab5895 tempest-SnapshotsActionsTest-488439444 None] Volume driver (QuobyteDriver 1.1.14) is currently unsupported and may be removed in the next release of OpenStack. Use at your own risk.
Jan 30 08:31:38 devstack cinder-volume[83056]: DEBUG cinder.coordination [None req-0406537d-717a-4e74-8716-264dd0ab5895 tempest-SnapshotsActionsTest-488439444 None] Acquiring lock "cinder-quobyte-e700645a-ab71-4b4e-83b0-acba3585da59" by "delete_snapshot" {{(pid=83056) __acquire /opt/stack/cinder/cinder/coordination.py:143}}
Jan 30 08:31:38 devstack cinder-volume[83056]: DEBUG cinder.coordination [None req-0406537d-717a-4e74-8716-264dd0ab5895 tempest-SnapshotsActionsTest-488439444 None] Lock "cinder-quobyte-e700645a-ab71-4b4e-83b0-acba3585da59" acquired by "delete_snapshot" :: waited 0.016s {{(pid=83056) __acquire /opt/stack/cinder/cinder/coordination.py:146}}
Jan 30 08:31:38 devstack cinder-volume[83056]: DEBUG cinder.coordination [None req-0406537d-717a-4e74-8716-264dd0ab5895 tempest-SnapshotsActionsTest-488439444 None] Acquiring lock "cinder-quobyte-e52dc4ce-8717-4567-b7b9-0c79cb9e0c95" by "_delete_snapshot" {{(pid=83056) __acquire /opt/stack/cinder/cinder/coordination.py:143}}
Jan 30 08:31:38 devstack cinder-volume[83056]: DEBUG cinder.coordination [None req-0406537d-717a-4e74-8716-264dd0ab5895 tempest-SnapshotsActionsTest-488439444 None] Lock "cinder-quobyte-e52dc4ce-8717-4567-b7b9-0c79cb9e0c95" acquired by "_delete_snapshot" :: waited 0.008s {{(pid=83056) __acquire /opt/stack/cinder/cinder/coordination.py:146}}
Jan 30 08:31:38 devstack cinder-volume[83056]: DEBUG cinder.volume.drivers.remotefs [None req-0406537d-717a-4e74-8716-264dd0ab5895 tempest-SnapshotsActionsTest-488439444 None] Deleting offline snapshot e52dc4ce-8717-4567-b7b9-0c79cb9e0c95 of volume e700645a-ab71-4b4e-83b0-acba3585da59 {{(pid=83056) _delete_snapshot /opt/stack/cinder/cinder/volume/drivers/remotefs.py:1290}}
Jan 30 08:31:38 devstack cinder-volume[83056]: DEBUG cinder.volume.drivers.remotefs [None req-0406537d-717a-4e74-8716-264dd0ab5895 tempest-SnapshotsActionsTest-488439444 None] snapshot_file for this snap is: volume-e700645a-ab71-4b4e-83b0-acba3585da59.e52dc4ce-8717-4567-b7b9-0c79cb9e0c95 {{(pid=83056) _delete_snapshot /opt/stack/cinder/cinder/volume/drivers/remotefs.py:1319}}
Jan 30 08:31:38 devstack cinder-volume[83056]: DEBUG oslo.privsep.daemon [-] privsep: reply[b7172839-dfd5-435f-b711-e9c64af9ec73]: (4, 'qcow2') {{(pid=84346) _call_back /opt/stack/data/venv/lib/python3.10/site-packages/oslo_privsep/daemon.py:515}}
Jan 30 08:31:38 devstack cinder-volume[83056]: DEBUG oslo_concurrency.processutils [None req-0406537d-717a-4e74-8716-264dd0ab5895 tempest-SnapshotsActionsTest-488439444 None] Running cmd (subprocess): /opt/stack/data/venv/bin/python3.10 -m oslo_concurrency.prlimit --as=1073741824 --cpu=60 -- sudo cinder-rootwrap /etc/cinder/rootwrap.conf env LC_ALL=C qemu-img info -f qcow2 --output=json --force-share /opt/stack/data/cinder/mnt/f4b3401e0ae6e8f2b430443b5e958056/volume-e700645a-ab71-4b4e-83b0-acba3585da59.e52dc4ce-8717-4567-b7b9-0c79cb9e0c95 {{(pid=83056) execute /opt/stack/data/venv/lib/python3.10/site-packages/oslo_concurrency/processutils.py:368}}
Jan 30 08:31:38 devstack sudo[91576]: quobyte : PWD=/ ; USER=root ; COMMAND=/opt/stack/data/venv/bin/cinder-rootwrap /etc/cinder/rootwrap.conf env LC_ALL=C qemu-img info -f qcow2 --output=json --force-share /opt/stack/data/cinder/mnt/f4b3401e0ae6e8f2b430443b5e958056/volume-e700645a-ab71-4b4e-83b0-acba3585da59.e52dc4ce-8717-4567-b7b9-0c79cb9e0c95
Jan 30 08:31:38 devstack sudo[91576]: pam_unix(sudo:session): session opened for user root(uid=0) by (uid=1000)
Jan 30 08:31:39 devstack sudo[91576]: pam_unix(sudo:session): session closed for user root
Jan 30 08:31:39 devstack cinder-volume[83056]: DEBUG oslo_concurrency.processutils [None req-0406537d-717a-4e74-8716-264dd0ab5895 tempest-SnapshotsActionsTest-488439444 None] CMD "/opt/stack/data/venv/bin/python3.10 -m oslo_concurrency.prlimit --as=1073741824 --cpu=60 -- sudo cinder-rootwrap /etc/cinder/rootwrap.conf env LC_ALL=C qemu-img info -f qcow2 --output=json --force-share /opt/stack/data/cinder/mnt/f4b3401e0ae6e8f2b430443b5e958056/volume-e700645a-ab71-4b4e-83b0-acba3585da59.e52dc4ce-8717-4567-b7b9-0c79cb9e0c95" returned: 0 in 0.924s {{(pid=83056) execute /opt/stack/data/venv/lib/python3.10/site-packages/oslo_concurrency/processutils.py:396}}
Jan 30 08:31:39 devstack cinder-volume[83056]: DEBUG cinder.volume.drivers.remotefs [None req-0406537d-717a-4e74-8716-264dd0ab5895 tempest-SnapshotsActionsTest-488439444 None] Fetching qemu-img info with special backing_file_template: (/opt/stack/data/cinder/mnt/[0-9a-f]+/)?(volume-e700645a-ab71-4b4e-83b0-acba3585da59(.(tmp-snap-)?[0-9a-f-]+)?|volume_from_snapshot_cache/(tmp-snap-)?[0-9a-f-]+(.(child-|parent-)[0-9a-f-]+)?)$ {{(pid=83056) _qemu_img_info_base /opt/stack/cinder/cinder/volume/drivers/remotefs.py:898}}
Jan 30 08:31:39 devstack cinder-volume[83056]: DEBUG oslo.privsep.daemon [-] privsep: reply[af79ae8e-5cd5-4e4a-a9a1-db946f29731e]: (4, 'qcow2') {{(pid=84346) _call_back /opt/stack/data/venv/lib/python3.10/site-packages/oslo_privsep/daemon.py:515}}
Jan 30 08:31:39 devstack cinder-volume[83056]: DEBUG oslo_concurrency.processutils [None req-0406537d-717a-4e74-8716-264dd0ab5895 tempest-SnapshotsActionsTest-488439444 None] Running cmd (subprocess): /opt/stack/data/venv/bin/python3.10 -m oslo_concurrency.prlimit --as=1073741824 --cpu=60 -- sudo cinder-rootwrap /etc/cinder/rootwrap.conf env LC_ALL=C qemu-img info -f qcow2 --output=json --force-share /opt/stack/data/cinder/mnt/f4b3401e0ae6e8f2b430443b5e958056/volume-e700645a-ab71-4b4e-83b0-acba3585da59.a5f4fbec-5b1c-4f7b-932a-499ac8f831fd {{(pid=83056) execute /opt/stack/data/venv/lib/python3.10/site-packages/oslo_concurrency/processutils.py:368}}
Jan 30 08:31:39 devstack sudo[91933]: quobyte : PWD=/ ; USER=root ; COMMAND=/opt/stack/data/venv/bin/cinder-rootwrap /etc/cinder/rootwrap.conf env LC_ALL=C qemu-img info -f qcow2 --output=json --force-share /opt/stack/data/cinder/mnt/f4b3401e0ae6e8f2b430443b5e958056/volume-e700645a-ab71-4b4e-83b0-acba3585da59.a5f4fbec-5b1c-4f7b-932a-499ac8f831fd
Jan 30 08:31:39 devstack sudo[91933]: pam_unix(sudo:session): session opened for user root(uid=0) by (uid=1000)
Jan 30 08:31:40 devstack sudo[91933]: pam_unix(sudo:session): session closed for user root
Jan 30 08:31:40 devstack cinder-volume[83056]: DEBUG oslo_concurrency.processutils [None req-0406537d-717a-4e74-8716-264dd0ab5895 tempest-SnapshotsActionsTest-488439444 None] CMD "/opt/stack/data/venv/bin/python3.10 -m oslo_concurrency.prlimit --as=1073741824 --cpu=60 -- sudo cinder-rootwrap /etc/cinder/rootwrap.conf env LC_ALL=C qemu-img info -f qcow2 --output=json --force-share /opt/stack/data/cinder/mnt/f4b3401e0ae6e8f2b430443b5e958056/volume-e700645a-ab71-4b4e-83b0-acba3585da59.a5f4fbec-5b1c-4f7b-932a-499ac8f831fd" returned: 0 in 0.982s {{(pid=83056) execute /opt/stack/data/venv/lib/python3.10/site-packages/oslo_concurrency/processutils.py:396}}
Jan 30 08:31:40 devstack cinder-volume[83056]: DEBUG cinder.volume.drivers.remotefs [None req-0406537d-717a-4e74-8716-264dd0ab5895 tempest-SnapshotsActionsTest-488439444 None] Fetching qemu-img info with special backing_file_template: (/opt/stack/data/cinder/mnt/[0-9a-f]+/)?(volume-e700645a-ab71-4b4e-83b0-acba3585da59(.(tmp-snap-)?[0-9a-f-]+)?|volume_from_snapshot_cache/(tmp-snap-)?[0-9a-f-]+(.(child-|parent-)[0-9a-f-]+)?)$ {{(pid=83056) _qemu_img_info_base /opt/stack/cinder/cinder/volume/drivers/remotefs.py:898}}
Jan 30 08:31:40 devstack cinder-volume[83056]: DEBUG oslo_concurrency.processutils [None req-0406537d-717a-4e74-8716-264dd0ab5895 tempest-SnapshotsActionsTest-488439444 None] Running cmd (subprocess): sudo cinder-rootwrap /etc/cinder/rootwrap.conf qemu-img commit -d /opt/stack/data/cinder/mnt/f4b3401e0ae6e8f2b430443b5e958056/volume-e700645a-ab71-4b4e-83b0-acba3585da59.e52dc4ce-8717-4567-b7b9-0c79cb9e0c95 {{(pid=83056) execute /opt/stack/data/venv/lib/python3.10/site-packages/oslo_concurrency/processutils.py:368}}
Jan 30 08:31:40 devstack sudo[91966]: quobyte : PWD=/ ; USER=root ; COMMAND=/opt/stack/data/venv/bin/cinder-rootwrap /etc/cinder/rootwrap.conf qemu-img commit -d /opt/stack/data/cinder/mnt/f4b3401e0ae6e8f2b430443b5e958056/volume-e700645a-ab71-4b4e-83b0-acba3585da59.e52dc4ce-8717-4567-b7b9-0c79cb9e0c95
Jan 30 08:31:40 devstack sudo[91966]: pam_unix(sudo:session): session opened for user root(uid=0) by (uid=1000)
Jan 30 08:31:41 devstack sudo[91966]: pam_unix(sudo:session): session closed for user root
Jan 30 08:31:41 devstack cinder-volume[83056]: DEBUG oslo_concurrency.processutils [None req-0406537d-717a-4e74-8716-264dd0ab5895 tempest-SnapshotsActionsTest-488439444 None] CMD "sudo cinder-rootwrap /etc/cinder/rootwrap.conf qemu-img commit -d /opt/stack/data/cinder/mnt/f4b3401e0ae6e8f2b430443b5e958056/volume-e700645a-ab71-4b4e-83b0-acba3585da59.e52dc4ce-8717-4567-b7b9-0c79cb9e0c95" returned: 0 in 1.044s {{(pid=83056) execute /opt/stack/data/venv/lib/python3.10/site-packages/oslo_concurrency/processutils.py:396}}
Jan 30 08:31:41 devstack cinder-volume[83056]: DEBUG oslo_concurrency.processutils [None req-0406537d-717a-4e74-8716-264dd0ab5895 tempest-SnapshotsActionsTest-488439444 None] Running cmd (subprocess): sudo cinder-rootwrap /etc/cinder/rootwrap.conf rm -f /opt/stack/data/cinder/mnt/f4b3401e0ae6e8f2b430443b5e958056/volume-e700645a-ab71-4b4e-83b0-acba3585da59.e52dc4ce-8717-4567-b7b9-0c79cb9e0c95 {{(pid=83056) execute /opt/stack/data/venv/lib/python3.10/site-packages/oslo_concurrency/processutils.py:368}}
Jan 30 08:31:41 devstack sudo[92049]: quobyte : PWD=/ ; USER=root ; COMMAND=/opt/stack/data/venv/bin/cinder-rootwrap /etc/cinder/rootwrap.conf rm -f /opt/stack/data/cinder/mnt/f4b3401e0ae6e8f2b430443b5e958056/volume-e700645a-ab71-4b4e-83b0-acba3585da59.e52dc4ce-8717-4567-b7b9-0c79cb9e0c95
Jan 30 08:31:41 devstack sudo[92049]: pam_unix(sudo:session): session opened for user root(uid=0) by (uid=1000)
Jan 30 08:31:41 devstack sudo[92049]: pam_unix(sudo:session): session closed for user root
Jan 30 08:31:41 devstack cinder-volume[83056]: DEBUG oslo_concurrency.processutils [None req-0406537d-717a-4e74-8716-264dd0ab5895 tempest-SnapshotsActionsTest-488439444 None] CMD "sudo cinder-rootwrap /etc/cinder/rootwrap.conf rm -f /opt/stack/data/cinder/mnt/f4b3401e0ae6e8f2b430443b5e958056/volume-e700645a-ab71-4b4e-83b0-acba3585da59.e52dc4ce-8717-4567-b7b9-0c79cb9e0c95" returned: 0 in 0.549s {{(pid=83056) execute /opt/stack/data/venv/lib/python3.10/site-packages/oslo_concurrency/processutils.py:396}}
Jan 30 08:31:41 devstack cinder-volume[83056]: DEBUG cinder.coordination [None req-0406537d-717a-4e74-8716-264dd0ab5895 tempest-SnapshotsActionsTest-488439444 None] Lock "cinder-quobyte-e52dc4ce-8717-4567-b7b9-0c79cb9e0c95" released by "_delete_snapshot" :: held 3.656s {{(pid=83056) __release /opt/stack/cinder/cinder/coordination.py:157}}
Jan 30 08:31:41 devstack cinder-volume[83056]: DEBUG cinder.coordination [None req-0406537d-717a-4e74-8716-264dd0ab5895 tempest-SnapshotsActionsTest-488439444 None] Lock "cinder-quobyte-e700645a-ab71-4b4e-83b0-acba3585da59" released by "delete_snapshot" :: held 3.669s {{(pid=83056) __release /opt/stack/cinder/cinder/coordination.py:157}}
Jan 30 08:31:41 devstack cinder-volume[83056]: DEBUG cinder.quota [None req-0406537d-717a-4e74-8716-264dd0ab5895 tempest-SnapshotsActionsTest-488439444 None] Created reservations ['35834c38-61cc-4498-82db-97f872e6ae6f', 'e37b1249-61d9-4342-b0e1-038980bfb738', '19a2f4ab-facc-462c-b600-c0d037adf683', '8ffbf232-988f-4ef5-b20c-30e757efb17e'] {{(pid=83056) reserve /opt/stack/cinder/cinder/quota.py:752}}
Jan 30 08:31:41 devstack cinder-volume[83056]: INFO cinder.volume.manager [None req-0406537d-717a-4e74-8716-264dd0ab5895 tempest-SnapshotsActionsTest-488439444 None] Delete snapshot completed successfully.
Jan 30 08:31:41 devstack cinder-volume[83056]: DEBUG cinder.coordination [None req-0406537d-717a-4e74-8716-264dd0ab5895 tempest-SnapshotsActionsTest-488439444 None] Lock "cinder-e52dc4ce-8717-4567-b7b9-0c79cb9e0c95-delete_snapshot" released by "delete_snapshot" :: held 3.810s {{(pid=83056) __release /opt/stack/cinder/cinder/coordination.py:157}}
Jan 30 08:31:42 devstack cinder-volume[83056]: WARNING cinder.volume.volume_utils [None req-027dd3c3-86f5-44d5-a3e8-5d389ef74bd3 tempest-SnapshotsActionsTest-874858194 None] Volume driver (QuobyteDriver 1.1.14) is currently unsupported and may be removed in the next release of OpenStack. Use at your own risk.
Jan 30 08:31:42 devstack cinder-volume[83056]: DEBUG oslo_concurrency.lockutils [None req-027dd3c3-86f5-44d5-a3e8-5d389ef74bd3 tempest-SnapshotsActionsTest-874858194 None] Acquiring lock "quobyte" by "cinder.volume.drivers.quobyte.QuobyteDriver.create_snapshot" {{(pid=83056) inner /opt/stack/data/venv/lib/python3.10/site-packages/oslo_concurrency/lockutils.py:506}}
Jan 30 08:31:42 devstack cinder-volume[83056]: DEBUG oslo_concurrency.lockutils [None req-027dd3c3-86f5-44d5-a3e8-5d389ef74bd3 tempest-SnapshotsActionsTest-874858194 None] Lock "quobyte" acquired by "cinder.volume.drivers.quobyte.QuobyteDriver.create_snapshot" :: waited 0.000s {{(pid=83056) inner /opt/stack/data/venv/lib/python3.10/site-packages/oslo_concurrency/lockutils.py:519}}
Jan 30 08:31:42 devstack cinder-volume[83056]: DEBUG cinder.volume.drivers.remotefs [None req-027dd3c3-86f5-44d5-a3e8-5d389ef74bd3 tempest-SnapshotsActionsTest-874858194 None] Creating offline snapshot d38d0bfa-6d56-4ee6-8229-f9796fa481c2 of volume e700645a-ab71-4b4e-83b0-acba3585da59 {{(pid=83056) _create_snapshot /opt/stack/cinder/cinder/volume/drivers/remotefs.py:1817}}
Jan 30 08:31:42 devstack cinder-volume[83056]: DEBUG oslo.privsep.daemon [-] privsep: reply[57e76252-02c0-4dcf-bcf1-4d282190521d]: (4, 'qcow2') {{(pid=84346) _call_back /opt/stack/data/venv/lib/python3.10/site-packages/oslo_privsep/daemon.py:515}}
Jan 30 08:31:42 devstack cinder-volume[83056]: DEBUG oslo_concurrency.processutils [None req-027dd3c3-86f5-44d5-a3e8-5d389ef74bd3 tempest-SnapshotsActionsTest-874858194 None] Running cmd (subprocess): /opt/stack/data/venv/bin/python3.10 -m oslo_concurrency.prlimit --as=1073741824 --cpu=60 -- sudo cinder-rootwrap /etc/cinder/rootwrap.conf env LC_ALL=C qemu-img info -f qcow2 --output=json --force-share /opt/stack/data/cinder/mnt/f4b3401e0ae6e8f2b430443b5e958056/volume-e700645a-ab71-4b4e-83b0-acba3585da59.a5f4fbec-5b1c-4f7b-932a-499ac8f831fd {{(pid=83056) execute /opt/stack/data/venv/lib/python3.10/site-packages/oslo_concurrency/processutils.py:368}}
Jan 30 08:31:43 devstack sudo[92052]: quobyte : PWD=/ ; USER=root ; COMMAND=/opt/stack/data/venv/bin/cinder-rootwrap /etc/cinder/rootwrap.conf env LC_ALL=C qemu-img info -f qcow2 --output=json --force-share /opt/stack/data/cinder/mnt/f4b3401e0ae6e8f2b430443b5e958056/volume-e700645a-ab71-4b4e-83b0-acba3585da59.a5f4fbec-5b1c-4f7b-932a-499ac8f831fd
Jan 30 08:31:43 devstack sudo[92052]: pam_unix(sudo:session): session opened for user root(uid=0) by (uid=1000)
Jan 30 08:31:43 devstack sudo[92052]: pam_unix(sudo:session): session closed for user root
Jan 30 08:31:43 devstack cinder-volume[83056]: DEBUG oslo_concurrency.processutils [None req-027dd3c3-86f5-44d5-a3e8-5d389ef74bd3 tempest-SnapshotsActionsTest-874858194 None] CMD "/opt/stack/data/venv/bin/python3.10 -m oslo_concurrency.prlimit --as=1073741824 --cpu=60 -- sudo cinder-rootwrap /etc/cinder/rootwrap.conf env LC_ALL=C qemu-img info -f qcow2 --output=json --force-share /opt/stack/data/cinder/mnt/f4b3401e0ae6e8f2b430443b5e958056/volume-e700645a-ab71-4b4e-83b0-acba3585da59.a5f4fbec-5b1c-4f7b-932a-499ac8f831fd" returned: 0 in 1.048s {{(pid=83056) execute /opt/stack/data/venv/lib/python3.10/site-packages/oslo_concurrency/processutils.py:396}}
Jan 30 08:31:43 devstack cinder-volume[83056]: DEBUG cinder.volume.drivers.remotefs [None req-027dd3c3-86f5-44d5-a3e8-5d389ef74bd3 tempest-SnapshotsActionsTest-874858194 None] Fetching qemu-img info with special backing_file_template: (/opt/stack/data/cinder/mnt/[0-9a-f]+/)?(volume-e700645a-ab71-4b4e-83b0-acba3585da59(.(tmp-snap-)?[0-9a-f-]+)?|volume_from_snapshot_cache/(tmp-snap-)?[0-9a-f-]+(.(child-|parent-)[0-9a-f-]+)?)$ {{(pid=83056) _qemu_img_info_base /opt/stack/cinder/cinder/volume/drivers/remotefs.py:898}}
Jan 30 08:31:43 devstack cinder-volume[83056]: DEBUG oslo_concurrency.processutils [None req-027dd3c3-86f5-44d5-a3e8-5d389ef74bd3 tempest-SnapshotsActionsTest-874858194 None] Running cmd (subprocess): sudo cinder-rootwrap /etc/cinder/rootwrap.conf qemu-img create -f qcow2 -o backing_file=/opt/stack/data/cinder/mnt/f4b3401e0ae6e8f2b430443b5e958056/volume-e700645a-ab71-4b4e-83b0-acba3585da59.a5f4fbec-5b1c-4f7b-932a-499ac8f831fd,backing_fmt=qcow2 /opt/stack/data/cinder/mnt/f4b3401e0ae6e8f2b430443b5e958056/volume-e700645a-ab71-4b4e-83b0-acba3585da59.d38d0bfa-6d56-4ee6-8229-f9796fa481c2 1G {{(pid=83056) execute /opt/stack/data/venv/lib/python3.10/site-packages/oslo_concurrency/processutils.py:368}}
