Sep 01 01:31:41 devstack devstack@g-api.service[77097]: [uWSGI] getting INI configuration from /etc/glance/glance-uwsgi.ini
Sep 01 01:31:41 devstack devstack@g-api.service[77097]: *** Starting uWSGI 2.0.24-debian (64bit) on [Tue Sep 1 01:31:41 2026] ***
Sep 01 01:31:41 devstack devstack@g-api.service[77097]: compiled with version: 13.2.0 on 17 April 2024 16:23:48
Sep 01 01:31:41 devstack devstack@g-api.service[77097]: os: Linux-6.8.0-138-generic #138-Ubuntu SMP PREEMPT_DYNAMIC Fri Jul 31 22:41:49 UTC 2026
Sep 01 01:31:41 devstack devstack@g-api.service[77097]: nodename: devstack
Sep 01 01:31:41 devstack devstack@g-api.service[77097]: machine: x86_64
Sep 01 01:31:41 devstack devstack@g-api.service[77097]: clock source: unix
Sep 01 01:31:41 devstack devstack@g-api.service[77097]: pcre jit disabled
Sep 01 01:31:41 devstack devstack@g-api.service[77097]: detected number of CPU cores: 4
Sep 01 01:31:41 devstack devstack@g-api.service[77097]: current working directory: /
Sep 01 01:31:41 devstack devstack@g-api.service[77097]: detected binary path: /usr/bin/uwsgi-core
Sep 01 01:31:41 devstack devstack@g-api.service[77097]: your processes number limit is 47518
Sep 01 01:31:41 devstack devstack@g-api.service[77097]: your memory page size is 4096 bytes
Sep 01 01:31:41 devstack devstack@g-api.service[77097]: detected max file descriptor number: 2048
Sep 01 01:31:41 devstack devstack@g-api.service[77097]: lock engine: pthread robust mutexes
Sep 01 01:31:41 devstack devstack@g-api.service[77097]: thunder lock: enabled
Sep 01 01:31:41 devstack devstack@g-api.service[77097]: uwsgi socket 0 bound to TCP address 127.0.0.1:60999 fd 4
Sep 01 01:31:41 devstack devstack@g-api.service[77097]: Python version: 3.12.3 (main, Jul 15 2026, 23:46:41) [GCC 13.3.0]
Sep 01 01:31:41 devstack devstack@g-api.service[77097]: PEP 405 virtualenv detected: /opt/stack/data/venv
Sep 01 01:31:41 devstack devstack@g-api.service[77097]: Set PythonHome to /opt/stack/data/venv
Sep 01 01:31:41 devstack devstack@g-api.service[77097]: Python main interpreter initialized at 0x7ba1110a4668
Sep 01 01:31:41 devstack devstack@g-api.service[77097]: python threads support enabled
Sep 01 01:31:41 devstack devstack@g-api.service[77097]: your server socket listen backlog is limited to 100 connections
Sep 01 01:31:41 devstack devstack@g-api.service[77097]: your mercy for graceful operations on workers is 80 seconds
Sep 01 01:31:41 devstack devstack@g-api.service[77097]: mapped 403077 bytes (393 KB) for 2 cores
Sep 01 01:31:41 devstack devstack@g-api.service[77097]: *** Operational MODE: preforking ***
Sep 01 01:31:41 devstack devstack@g-api.service[77097]: *** uWSGI is running in multiple interpreter mode ***
Sep 01 01:31:41 devstack devstack@g-api.service[77097]: spawned uWSGI master process (pid: 77097)
Sep 01 01:31:41 devstack devstack@g-api.service[77097]: spawned uWSGI worker 1 (pid: 77099, cores: 1)
Sep 01 01:31:41 devstack devstack@g-api.service[77097]: spawned uWSGI worker 2 (pid: 77100, cores: 1)
Sep 01 01:31:41 devstack devstack@g-api.service[77097]: running "unix_signal:15 gracefully_kill_them_all" (master-start)...
Sep 01 01:31:43 devstack devstack@g-api.service[77100]: /opt/stack/data/venv/lib/python3.12/site-packages/futurist/_utils.py:34: EventletDeprecationWarning:
Sep 01 01:31:43 devstack devstack@g-api.service[77100]: Eventlet is deprecated. It is currently being maintained in bugfix mode, and
Sep 01 01:31:43 devstack devstack@g-api.service[77100]: we strongly recommend against using it for new projects.
Sep 01 01:31:43 devstack devstack@g-api.service[77100]: If you are already using Eventlet, we recommend migrating to a different
Sep 01 01:31:43 devstack devstack@g-api.service[77100]: framework. For more detail see
Sep 01 01:31:43 devstack devstack@g-api.service[77100]: https://eventlet.readthedocs.io/en/latest/asyncio/migration.html
Sep 01 01:31:43 devstack devstack@g-api.service[77100]: import eventlet as _eventlet # noqa
Sep 01 01:31:44 devstack devstack@g-api.service[77100]: INFO glance.async_ [-] Threadpool model set to 'NativeThreadPoolModel'
Sep 01 01:31:44 devstack devstack@g-api.service[77099]: /opt/stack/data/venv/lib/python3.12/site-packages/futurist/_utils.py:34: EventletDeprecationWarning:
Sep 01 01:31:44 devstack devstack@g-api.service[77099]: Eventlet is deprecated. It is currently being maintained in bugfix mode, and
Sep 01 01:31:44 devstack devstack@g-api.service[77099]: we strongly recommend against using it for new projects.
Sep 01 01:31:44 devstack devstack@g-api.service[77099]: If you are already using Eventlet, we recommend migrating to a different
Sep 01 01:31:44 devstack devstack@g-api.service[77099]: framework. For more detail see
Sep 01 01:31:44 devstack devstack@g-api.service[77099]: https://eventlet.readthedocs.io/en/latest/asyncio/migration.html
Sep 01 01:31:44 devstack devstack@g-api.service[77099]: import eventlet as _eventlet # noqa
Sep 01 01:31:44 devstack devstack@g-api.service[77099]: INFO glance.async_ [-] Threadpool model set to 'NativeThreadPoolModel'
Sep 01 01:31:44 devstack devstack@g-api.service[77100]: DEBUG oslo_concurrency.processutils [-] Running cmd (subprocess): grep -F node.session.scan /sbin/iscsiadm {{(pid=77100) execute /opt/stack/data/venv/lib/python3.12/site-packages/oslo_concurrency/processutils.py:440}}
Sep 01 01:31:44 devstack devstack@g-api.service[77100]: DEBUG oslo_concurrency.processutils [-] CMD "grep -F node.session.scan /sbin/iscsiadm" returned: 0 in 0.013s {{(pid=77100) execute /opt/stack/data/venv/lib/python3.12/site-packages/oslo_concurrency/processutils.py:468}}
Sep 01 01:31:44 devstack devstack@g-api.service[77099]: DEBUG oslo_concurrency.processutils [-] Running cmd (subprocess): grep -F node.session.scan /sbin/iscsiadm {{(pid=77099) execute /opt/stack/data/venv/lib/python3.12/site-packages/oslo_concurrency/processutils.py:440}}
Sep 01 01:31:44 devstack devstack@g-api.service[77099]: DEBUG oslo_concurrency.processutils [-] CMD "grep -F node.session.scan /sbin/iscsiadm" returned: 0 in 0.012s {{(pid=77099) execute /opt/stack/data/venv/lib/python3.12/site-packages/oslo_concurrency/processutils.py:468}}
Sep 01 01:31:45 devstack devstack@g-api.service[77100]: DEBUG glance_store.backend [-] Attempting to import store cinder {{(pid=77100) _load_store /opt/stack/data/venv/lib/python3.12/site-packages/glance_store/backend.py:215}}
Sep 01 01:31:45 devstack devstack@g-api.service[77100]: DEBUG glance_store.backend [-] Attempting to import store file {{(pid=77100) _load_store /opt/stack/data/venv/lib/python3.12/site-packages/glance_store/backend.py:215}}
Sep 01 01:31:45 devstack devstack@g-api.service[77099]: DEBUG glance_store.backend [-] Attempting to import store cinder {{(pid=77099) _load_store /opt/stack/data/venv/lib/python3.12/site-packages/glance_store/backend.py:215}}
Sep 01 01:31:45 devstack devstack@g-api.service[77100]: DEBUG glance_store.backend [-] Attempting to import store glance.store.cinder.Store {{(pid=77100) _load_store /opt/stack/data/venv/lib/python3.12/site-packages/glance_store/backend.py:215}}
Sep 01 01:31:45 devstack devstack@g-api.service[77099]: DEBUG glance_store.backend [-] Attempting to import store file {{(pid=77099) _load_store /opt/stack/data/venv/lib/python3.12/site-packages/glance_store/backend.py:215}}
Sep 01 01:31:45 devstack devstack@g-api.service[77100]: DEBUG glance_store.backend [-] Attempting to import store glance.store.filesystem.Store {{(pid=77100) _load_store /opt/stack/data/venv/lib/python3.12/site-packages/glance_store/backend.py:215}}
Sep 01 01:31:45 devstack devstack@g-api.service[77099]: DEBUG glance_store.backend [-] Attempting to import store glance.store.cinder.Store {{(pid=77099) _load_store /opt/stack/data/venv/lib/python3.12/site-packages/glance_store/backend.py:215}}
Sep 01 01:31:45 devstack devstack@g-api.service[77100]: DEBUG glance_store.backend [-] Attempting to import store glance.store.http.Store {{(pid=77100) _load_store /opt/stack/data/venv/lib/python3.12/site-packages/glance_store/backend.py:215}}
Sep 01 01:31:45 devstack devstack@g-api.service[77099]: DEBUG glance_store.backend [-] Attempting to import store glance.store.filesystem.Store {{(pid=77099) _load_store /opt/stack/data/venv/lib/python3.12/site-packages/glance_store/backend.py:215}}
Sep 01 01:31:45 devstack devstack@g-api.service[77100]: DEBUG glance_store.backend [-] Attempting to import store glance.store.rbd.Store {{(pid=77100) _load_store /opt/stack/data/venv/lib/python3.12/site-packages/glance_store/backend.py:215}}
Sep 01 01:31:45 devstack devstack@g-api.service[77099]: DEBUG glance_store.backend [-] Attempting to import store glance.store.http.Store {{(pid=77099) _load_store /opt/stack/data/venv/lib/python3.12/site-packages/glance_store/backend.py:215}}
Sep 01 01:31:45 devstack devstack@g-api.service[77100]: DEBUG glance_store.backend [-] Attempting to import store glance.store.s3.Store {{(pid=77100) _load_store /opt/stack/data/venv/lib/python3.12/site-packages/glance_store/backend.py:215}}
Sep 01 01:31:45 devstack devstack@g-api.service[77099]: DEBUG glance_store.backend [-] Attempting to import store glance.store.rbd.Store {{(pid=77099) _load_store /opt/stack/data/venv/lib/python3.12/site-packages/glance_store/backend.py:215}}
Sep 01 01:31:45 devstack devstack@g-api.service[77100]: DEBUG glance_store.backend [-] Attempting to import store glance.store.swift.Store {{(pid=77100) _load_store /opt/stack/data/venv/lib/python3.12/site-packages/glance_store/backend.py:215}}
Sep 01 01:31:45 devstack devstack@g-api.service[77099]: DEBUG glance_store.backend [-] Attempting to import store glance.store.s3.Store {{(pid=77099) _load_store /opt/stack/data/venv/lib/python3.12/site-packages/glance_store/backend.py:215}}
Sep 01 01:31:45 devstack devstack@g-api.service[77100]: DEBUG glance_store.backend [-] Attempting to import store glance.store.vmware_datastore.Store {{(pid=77100) _load_store /opt/stack/data/venv/lib/python3.12/site-packages/glance_store/backend.py:215}}
Sep 01 01:31:45 devstack devstack@g-api.service[77100]: DEBUG glance_store.backend [-] Attempting to import store http {{(pid=77100) _load_store /opt/stack/data/venv/lib/python3.12/site-packages/glance_store/backend.py:215}}
Sep 01 01:31:45 devstack devstack@g-api.service[77100]: DEBUG glance_store.backend [-] Attempting to import store no_conf {{(pid=77100) _load_store /opt/stack/data/venv/lib/python3.12/site-packages/glance_store/backend.py:215}}
Sep 01 01:31:45 devstack devstack@g-api.service[77100]: DEBUG glance_store.backend [-] Attempting to import store rbd {{(pid=77100) _load_store /opt/stack/data/venv/lib/python3.12/site-packages/glance_store/backend.py:215}}
Sep 01 01:31:45 devstack devstack@g-api.service[77100]: DEBUG glance_store.backend [-] Attempting to import store s3 {{(pid=77100) _load_store /opt/stack/data/venv/lib/python3.12/site-packages/glance_store/backend.py:215}}
Sep 01 01:31:45 devstack devstack@g-api.service[77100]: DEBUG glance_store.backend [-] Attempting to import store swift {{(pid=77100) _load_store /opt/stack/data/venv/lib/python3.12/site-packages/glance_store/backend.py:215}}
Sep 01 01:31:45 devstack devstack@g-api.service[77100]: DEBUG glance_store.backend [-] Attempting to import store vmware {{(pid=77100) _load_store /opt/stack/data/venv/lib/python3.12/site-packages/glance_store/backend.py:215}}
Sep 01 01:31:45 devstack devstack@g-api.service[77100]: DEBUG glance_store.backend [-] Registering options for group glance_store {{(pid=77100) register_opts /opt/stack/data/venv/lib/python3.12/site-packages/glance_store/backend.py:144}}
Sep 01 01:31:45 devstack devstack@g-api.service[77100]: DEBUG glance_store.backend [-] Registering options for group glance_store {{(pid=77100) register_opts /opt/stack/data/venv/lib/python3.12/site-packages/glance_store/backend.py:144}}
Sep 01 01:31:45 devstack devstack@g-api.service[77100]: DEBUG glance_store.backend [-] Attempting to import store file {{(pid=77100) _load_store /opt/stack/data/venv/lib/python3.12/site-packages/glance_store/backend.py:215}}
Sep 01 01:31:45 devstack devstack@g-api.service[77100]: DEBUG glance_store.capabilities [-] Store glance_store._drivers.filesystem.Store doesn't support updating dynamic storage capabilities. Please overwrite 'update_capabilities' method of the store to implement updating logics if needed. {{(pid=77100) update_capabilities /opt/stack/data/venv/lib/python3.12/site-packages/glance_store/capabilities.py:91}}
Sep 01 01:31:45 devstack devstack@g-api.service[77100]: DEBUG glance_store.backend [-] Registering store file with schemes ('file', 'filesystem') {{(pid=77100) create_stores /opt/stack/data/venv/lib/python3.12/site-packages/glance_store/backend.py:261}}
Sep 01 01:31:45 devstack devstack@g-api.service[77100]: DEBUG glance_store.driver [-] Late loading location class glance_store._drivers.filesystem.StoreLocation {{(pid=77100) get_store_location_class /opt/stack/data/venv/lib/python3.12/site-packages/glance_store/driver.py:134}}
Sep 01 01:31:45 devstack devstack@g-api.service[77100]: DEBUG glance_store.location [-] Registering scheme file with {'store': , 'location_class': , 'store_entry': 'file'} {{(pid=77100) register_scheme_map /opt/stack/data/venv/lib/python3.12/site-packages/glance_store/location.py:146}}
Sep 01 01:31:45 devstack devstack@g-api.service[77100]: DEBUG glance_store.location [-] Registering scheme filesystem with {'store': , 'location_class': , 'store_entry': 'file'} {{(pid=77100) register_scheme_map /opt/stack/data/venv/lib/python3.12/site-packages/glance_store/location.py:146}}
Sep 01 01:31:45 devstack devstack@g-api.service[77099]: DEBUG glance_store.backend [-] Attempting to import store glance.store.swift.Store {{(pid=77099) _load_store /opt/stack/data/venv/lib/python3.12/site-packages/glance_store/backend.py:215}}
Sep 01 01:31:45 devstack devstack@g-api.service[77100]: DEBUG glance_store.backend [-] Attempting to import store http {{(pid=77100) _load_store /opt/stack/data/venv/lib/python3.12/site-packages/glance_store/backend.py:215}}
Sep 01 01:31:45 devstack devstack@g-api.service[77099]: DEBUG glance_store.backend [-] Attempting to import store glance.store.vmware_datastore.Store {{(pid=77099) _load_store /opt/stack/data/venv/lib/python3.12/site-packages/glance_store/backend.py:215}}
Sep 01 01:31:45 devstack devstack@g-api.service[77100]: DEBUG glance_store.capabilities [-] Store glance_store._drivers.http.Store doesn't support updating dynamic storage capabilities. Please overwrite 'update_capabilities' method of the store to implement updating logics if needed. {{(pid=77100) update_capabilities /opt/stack/data/venv/lib/python3.12/site-packages/glance_store/capabilities.py:91}}
Sep 01 01:31:45 devstack devstack@g-api.service[77099]: DEBUG glance_store.backend [-] Attempting to import store http {{(pid=77099) _load_store /opt/stack/data/venv/lib/python3.12/site-packages/glance_store/backend.py:215}}
Sep 01 01:31:45 devstack devstack@g-api.service[77100]: DEBUG glance_store.backend [-] Registering store http with schemes ('http', 'https') {{(pid=77100) create_stores /opt/stack/data/venv/lib/python3.12/site-packages/glance_store/backend.py:261}}
Sep 01 01:31:45 devstack devstack@g-api.service[77099]: DEBUG glance_store.backend [-] Attempting to import store no_conf {{(pid=77099) _load_store /opt/stack/data/venv/lib/python3.12/site-packages/glance_store/backend.py:215}}
Sep 01 01:31:45 devstack devstack@g-api.service[77100]: DEBUG glance_store.driver [-] Late loading location class glance_store._drivers.http.StoreLocation {{(pid=77100) get_store_location_class /opt/stack/data/venv/lib/python3.12/site-packages/glance_store/driver.py:134}}
Sep 01 01:31:45 devstack devstack@g-api.service[77099]: DEBUG glance_store.backend [-] Attempting to import store rbd {{(pid=77099) _load_store /opt/stack/data/venv/lib/python3.12/site-packages/glance_store/backend.py:215}}
Sep 01 01:31:45 devstack devstack@g-api.service[77100]: DEBUG glance_store.location [-] Registering scheme http with {'store': , 'location_class': , 'store_entry': 'http'} {{(pid=77100) register_scheme_map /opt/stack/data/venv/lib/python3.12/site-packages/glance_store/location.py:146}}
Sep 01 01:31:45 devstack devstack@g-api.service[77099]: DEBUG glance_store.backend [-] Attempting to import store s3 {{(pid=77099) _load_store /opt/stack/data/venv/lib/python3.12/site-packages/glance_store/backend.py:215}}
Sep 01 01:31:45 devstack devstack@g-api.service[77100]: DEBUG glance_store.location [-] Registering scheme https with {'store': , 'location_class': , 'store_entry': 'http'} {{(pid=77100) register_scheme_map /opt/stack/data/venv/lib/python3.12/site-packages/glance_store/location.py:146}}
Sep 01 01:31:45 devstack devstack@g-api.service[77099]: DEBUG glance_store.backend [-] Attempting to import store swift {{(pid=77099) _load_store /opt/stack/data/venv/lib/python3.12/site-packages/glance_store/backend.py:215}}
Sep 01 01:31:45 devstack devstack@g-api.service[77099]: DEBUG glance_store.backend [-] Attempting to import store vmware {{(pid=77099) _load_store /opt/stack/data/venv/lib/python3.12/site-packages/glance_store/backend.py:215}}
Sep 01 01:31:45 devstack devstack@g-api.service[77100]: DEBUG glance.sqlite_migration [-] SQLite caching database not located, skipping migration {{(pid=77100) get_db_path /opt/stack/glance/glance/sqlite_migration.py:68}}
Sep 01 01:31:45 devstack devstack@g-api.service[77099]: DEBUG glance_store.backend [-] Registering options for group glance_store {{(pid=77099) register_opts /opt/stack/data/venv/lib/python3.12/site-packages/glance_store/backend.py:144}}
Sep 01 01:31:45 devstack devstack@g-api.service[77100]: WARNING glance.common.wsgi_app [-] Import methods are enabled but staging directory /tmp/staging/ does not exist; Imports will fail!
Sep 01 01:31:45 devstack devstack@g-api.service[77099]: DEBUG glance_store.backend [-] Registering options for group glance_store {{(pid=77099) register_opts /opt/stack/data/venv/lib/python3.12/site-packages/glance_store/backend.py:144}}
Sep 01 01:31:45 devstack devstack@g-api.service[77099]: DEBUG glance_store.backend [-] Attempting to import store file {{(pid=77099) _load_store /opt/stack/data/venv/lib/python3.12/site-packages/glance_store/backend.py:215}}
Sep 01 01:31:45 devstack devstack@g-api.service[77099]: DEBUG glance_store.capabilities [-] Store glance_store._drivers.filesystem.Store doesn't support updating dynamic storage capabilities. Please overwrite 'update_capabilities' method of the store to implement updating logics if needed. {{(pid=77099) update_capabilities /opt/stack/data/venv/lib/python3.12/site-packages/glance_store/capabilities.py:91}}
Sep 01 01:31:45 devstack devstack@g-api.service[77099]: DEBUG glance_store.backend [-] Registering store file with schemes ('file', 'filesystem') {{(pid=77099) create_stores /opt/stack/data/venv/lib/python3.12/site-packages/glance_store/backend.py:261}}
Sep 01 01:31:45 devstack devstack@g-api.service[77099]: DEBUG glance_store.driver [-] Late loading location class glance_store._drivers.filesystem.StoreLocation {{(pid=77099) get_store_location_class /opt/stack/data/venv/lib/python3.12/site-packages/glance_store/driver.py:134}}
Sep 01 01:31:45 devstack devstack@g-api.service[77099]: DEBUG glance_store.location [-] Registering scheme file with {'store': , 'location_class': , 'store_entry': 'file'} {{(pid=77099) register_scheme_map /opt/stack/data/venv/lib/python3.12/site-packages/glance_store/location.py:146}}
Sep 01 01:31:45 devstack devstack@g-api.service[77099]: DEBUG glance_store.location [-] Registering scheme filesystem with {'store': , 'location_class': , 'store_entry': 'file'} {{(pid=77099) register_scheme_map /opt/stack/data/venv/lib/python3.12/site-packages/glance_store/location.py:146}}
Sep 01 01:31:45 devstack devstack@g-api.service[77099]: DEBUG glance_store.backend [-] Attempting to import store http {{(pid=77099) _load_store /opt/stack/data/venv/lib/python3.12/site-packages/glance_store/backend.py:215}}
Sep 01 01:31:45 devstack devstack@g-api.service[77099]: DEBUG glance_store.capabilities [-] Store glance_store._drivers.http.Store doesn't support updating dynamic storage capabilities. Please overwrite 'update_capabilities' method of the store to implement updating logics if needed. {{(pid=77099) update_capabilities /opt/stack/data/venv/lib/python3.12/site-packages/glance_store/capabilities.py:91}}
Sep 01 01:31:45 devstack devstack@g-api.service[77099]: DEBUG glance_store.backend [-] Registering store http with schemes ('http', 'https') {{(pid=77099) create_stores /opt/stack/data/venv/lib/python3.12/site-packages/glance_store/backend.py:261}}
Sep 01 01:31:45 devstack devstack@g-api.service[77099]: DEBUG glance_store.driver [-] Late loading location class glance_store._drivers.http.StoreLocation {{(pid=77099) get_store_location_class /opt/stack/data/venv/lib/python3.12/site-packages/glance_store/driver.py:134}}
Sep 01 01:31:45 devstack devstack@g-api.service[77099]: DEBUG glance_store.location [-] Registering scheme http with {'store': , 'location_class': , 'store_entry': 'http'} {{(pid=77099) register_scheme_map /opt/stack/data/venv/lib/python3.12/site-packages/glance_store/location.py:146}}
Sep 01 01:31:45 devstack devstack@g-api.service[77099]: DEBUG glance_store.location [-] Registering scheme https with {'store': , 'location_class': , 'store_entry': 'http'} {{(pid=77099) register_scheme_map /opt/stack/data/venv/lib/python3.12/site-packages/glance_store/location.py:146}}
Sep 01 01:31:45 devstack devstack@g-api.service[77099]: DEBUG glance.sqlite_migration [-] SQLite caching database not located, skipping migration {{(pid=77099) get_db_path /opt/stack/glance/glance/sqlite_migration.py:68}}
Sep 01 01:31:45 devstack devstack@g-api.service[77099]: WARNING glance.common.wsgi_app [-] Import methods are enabled but staging directory /tmp/staging/ does not exist; Imports will fail!
Sep 01 01:31:45 devstack devstack@g-api.service[77099]: DEBUG glance.common.config [None req-ade72489-39f0-4967-9f09-9eae34432592 None None] Loading glance-api-keystone+cachemanagement from /etc/glance/glance-api-paste.ini {{(pid=77099) load_paste_app /opt/stack/glance/glance/common/config.py:772}}
Sep 01 01:31:45 devstack devstack@g-api.service[77100]: DEBUG glance.common.config [None req-75c5e1b2-9fe0-4fb0-a1c7-2ffcb1369b23 None None] Loading glance-api-keystone+cachemanagement from /etc/glance/glance-api-paste.ini {{(pid=77100) load_paste_app /opt/stack/glance/glance/common/config.py:772}}
Sep 01 01:31:47 devstack devstack@g-api.service[77099]: INFO glance.image_cache [None req-ade72489-39f0-4967-9f09-9eae34432592 None None] Image cache loaded driver 'centralized_db'.
Sep 01 01:31:47 devstack devstack@g-api.service[77100]: INFO glance.image_cache [None req-75c5e1b2-9fe0-4fb0-a1c7-2ffcb1369b23 None None] Image cache loaded driver 'centralized_db'.
Sep 01 01:31:47 devstack devstack@g-api.service[77099]: INFO dbcounter [None req-ade72489-39f0-4967-9f09-9eae34432592 None None] Registered counter for database glance
Sep 01 01:31:47 devstack devstack@g-api.service[77100]: INFO dbcounter [None req-75c5e1b2-9fe0-4fb0-a1c7-2ffcb1369b23 None None] Registered counter for database glance
Sep 01 01:31:47 devstack devstack@g-api.service[77099]: DEBUG oslo_db.sqlalchemy.engines [None req-ade72489-39f0-4967-9f09-9eae34432592 None None] MySQL server mode set to STRICT_TRANS_TABLES,STRICT_ALL_TABLES,NO_ZERO_IN_DATE,NO_ZERO_DATE,ERROR_FOR_DIVISION_BY_ZERO,TRADITIONAL,NO_ENGINE_SUBSTITUTION {{(pid=77099) _check_effective_sql_mode /opt/stack/data/venv/lib/python3.12/site-packages/oslo_db/sqlalchemy/engines.py:325}}
Sep 01 01:31:47 devstack devstack@g-api.service[77100]: DEBUG oslo_db.sqlalchemy.engines [None req-75c5e1b2-9fe0-4fb0-a1c7-2ffcb1369b23 None None] MySQL server mode set to STRICT_TRANS_TABLES,STRICT_ALL_TABLES,NO_ZERO_IN_DATE,NO_ZERO_DATE,ERROR_FOR_DIVISION_BY_ZERO,TRADITIONAL,NO_ENGINE_SUBSTITUTION {{(pid=77100) _check_effective_sql_mode /opt/stack/data/venv/lib/python3.12/site-packages/oslo_db/sqlalchemy/engines.py:325}}
Sep 01 01:31:47 devstack devstack@g-api.service[77099]: DEBUG dbcounter [-] [77099] Writer thread running {{(pid=77099) stat_writer /opt/stack/data/venv/lib/python3.12/site-packages/dbcounter.py:102}}
Sep 01 01:31:47 devstack devstack@g-api.service[77099]: INFO glance.image_cache [None req-ade72489-39f0-4967-9f09-9eae34432592 None None] Image cache loaded driver 'centralized_db'.
Sep 01 01:31:47 devstack devstack@g-api.service[77099]: DEBUG glance.image_cache.drivers.centralized_db [None req-ade72489-39f0-4967-9f09-9eae34432592 None None] Node reference is already recorded, ignoring it {{(pid=77099) configure /opt/stack/glance/glance/image_cache/drivers/centralized_db.py:71}}
Sep 01 01:31:47 devstack devstack@g-api.service[77100]: DEBUG dbcounter [-] [77100] Writer thread running {{(pid=77100) stat_writer /opt/stack/data/venv/lib/python3.12/site-packages/dbcounter.py:102}}
Sep 01 01:31:47 devstack devstack@g-api.service[77100]: DEBUG glance.image_cache.drivers.centralized_db [None req-75c5e1b2-9fe0-4fb0-a1c7-2ffcb1369b23 None None] Node reference is already recorded, ignoring it {{(pid=77100) configure /opt/stack/glance/glance/image_cache/drivers/centralized_db.py:71}}
Sep 01 01:31:47 devstack devstack@g-api.service[77099]: DEBUG glance.api.v2.cached_images [None req-ade72489-39f0-4967-9f09-9eae34432592 None None] Started cache worker thread {{(pid=77099) __init__ /opt/stack/glance/glance/api/v2/cached_images.py:71}}
Sep 01 01:31:47 devstack devstack@g-api.service[77099]: INFO glance.image_cache [None req-ade72489-39f0-4967-9f09-9eae34432592 None None] Image cache loaded driver 'centralized_db'.
Sep 01 01:31:47 devstack devstack@g-api.service[77100]: INFO glance.image_cache [None req-75c5e1b2-9fe0-4fb0-a1c7-2ffcb1369b23 None None] Image cache loaded driver 'centralized_db'.
Sep 01 01:31:47 devstack devstack@g-api.service[77099]: DEBUG glance.image_cache.drivers.centralized_db [None req-ade72489-39f0-4967-9f09-9eae34432592 None None] Node reference is already recorded, ignoring it {{(pid=77099) configure /opt/stack/glance/glance/image_cache/drivers/centralized_db.py:71}}
Sep 01 01:31:47 devstack devstack@g-api.service[77100]: DEBUG glance.image_cache.drivers.centralized_db [None req-75c5e1b2-9fe0-4fb0-a1c7-2ffcb1369b23 None None] Node reference is already recorded, ignoring it {{(pid=77100) configure /opt/stack/glance/glance/image_cache/drivers/centralized_db.py:71}}
Sep 01 01:31:47 devstack devstack@g-api.service[77100]: DEBUG glance.api.v2.cached_images [None req-75c5e1b2-9fe0-4fb0-a1c7-2ffcb1369b23 None None] Started cache worker thread {{(pid=77100) __init__ /opt/stack/glance/glance/api/v2/cached_images.py:71}}
Sep 01 01:31:47 devstack devstack@g-api.service[77100]: INFO glance.image_cache [None req-75c5e1b2-9fe0-4fb0-a1c7-2ffcb1369b23 None None] Image cache loaded driver 'centralized_db'.
Sep 01 01:31:47 devstack devstack@g-api.service[77100]: DEBUG glance.image_cache.drivers.centralized_db [None req-75c5e1b2-9fe0-4fb0-a1c7-2ffcb1369b23 None None] Node reference is already recorded, ignoring it {{(pid=77100) configure /opt/stack/glance/glance/image_cache/drivers/centralized_db.py:71}}
Sep 01 01:31:47 devstack devstack@g-api.service[77099]: INFO glance.api.middleware.cache_manage [None req-ade72489-39f0-4967-9f09-9eae34432592 None None] Initialized image cache management middleware
Sep 01 01:31:47 devstack devstack@g-api.service[77099]: INFO glance.image_cache [None req-ade72489-39f0-4967-9f09-9eae34432592 None None] Image cache loaded driver 'centralized_db'.
Sep 01 01:31:47 devstack devstack@g-api.service[77099]: DEBUG glance.image_cache.drivers.centralized_db [None req-ade72489-39f0-4967-9f09-9eae34432592 None None] Node reference is already recorded, ignoring it {{(pid=77099) configure /opt/stack/glance/glance/image_cache/drivers/centralized_db.py:71}}
Sep 01 01:31:47 devstack devstack@g-api.service[77099]: INFO glance.api.middleware.cache [None req-ade72489-39f0-4967-9f09-9eae34432592 None None] Initialized image cache middleware
Sep 01 01:31:47 devstack devstack@g-api.service[77099]: DEBUG glance.common.config [None req-ade72489-39f0-4967-9f09-9eae34432592 None None] ******************************************************************************** {{(pid=77099) log_opt_values /opt/stack/data/venv/lib/python3.12/site-packages/oslo_config/cfg.py:3533}}
Sep 01 01:31:47 devstack devstack@g-api.service[77099]: DEBUG glance.common.config [None req-ade72489-39f0-4967-9f09-9eae34432592 None None] Configuration options gathered from: {{(pid=77099) log_opt_values /opt/stack/data/venv/lib/python3.12/site-packages/oslo_config/cfg.py:3534}}
Sep 01 01:31:47 devstack devstack@g-api.service[77099]: DEBUG glance.common.config [None req-ade72489-39f0-4967-9f09-9eae34432592 None None] command line args: [] {{(pid=77099) log_opt_values /opt/stack/data/venv/lib/python3.12/site-packages/oslo_config/cfg.py:3535}}
Sep 01 01:31:47 devstack devstack@g-api.service[77099]: DEBUG glance.common.config [None req-ade72489-39f0-4967-9f09-9eae34432592 None None] config files: ['/etc/glance/glance-image-import.conf', '/etc/glance/glance-api.conf'] {{(pid=77099) log_opt_values /opt/stack/data/venv/lib/python3.12/site-packages/oslo_config/cfg.py:3536}}
Sep 01 01:31:47 devstack devstack@g-api.service[77099]: DEBUG glance.common.config [None req-ade72489-39f0-4967-9f09-9eae34432592 None None] ================================================================================ {{(pid=77099) log_opt_values /opt/stack/data/venv/lib/python3.12/site-packages/oslo_config/cfg.py:3541}}
Sep 01 01:31:47 devstack devstack@g-api.service[77099]: DEBUG glance.common.config [None req-ade72489-39f0-4967-9f09-9eae34432592 None None] allow_anonymous_access = False {{(pid=77099) log_opt_values /opt/stack/data/venv/lib/python3.12/site-packages/oslo_config/cfg.py:3549}}
Sep 01 01:31:47 devstack devstack@g-api.service[77099]: DEBUG glance.common.config [None req-ade72489-39f0-4967-9f09-9eae34432592 None None] api_limit_max = 1000 {{(pid=77099) log_opt_values /opt/stack/data/venv/lib/python3.12/site-packages/oslo_config/cfg.py:3549}}
Sep 01 01:31:47 devstack devstack@g-api.service[77099]: DEBUG glance.common.config [None req-ade72489-39f0-4967-9f09-9eae34432592 None None] config_dir = [] {{(pid=77099) log_opt_values /opt/stack/data/venv/lib/python3.12/site-packages/oslo_config/cfg.py:3549}}
Sep 01 01:31:47 devstack devstack@g-api.service[77099]: DEBUG glance.common.config [None req-ade72489-39f0-4967-9f09-9eae34432592 None None] config_file = ['/etc/glance/glance-image-import.conf', '/etc/glance/glance-api.conf'] {{(pid=77099) log_opt_values /opt/stack/data/venv/lib/python3.12/site-packages/oslo_config/cfg.py:3549}}
Sep 01 01:31:47 devstack devstack@g-api.service[77099]: DEBUG glance.common.config [None req-ade72489-39f0-4967-9f09-9eae34432592 None None] config_source = [] {{(pid=77099) log_opt_values /opt/stack/data/venv/lib/python3.12/site-packages/oslo_config/cfg.py:3549}}
Sep 01 01:31:47 devstack devstack@g-api.service[77099]: DEBUG glance.common.config [None req-ade72489-39f0-4967-9f09-9eae34432592 None None] control_exchange = glance {{(pid=77099) log_opt_values /opt/stack/data/venv/lib/python3.12/site-packages/oslo_config/cfg.py:3549}}
Sep 01 01:31:47 devstack devstack@g-api.service[77099]: DEBUG glance.common.config [None req-ade72489-39f0-4967-9f09-9eae34432592 None None] debug = True {{(pid=77099) log_opt_values /opt/stack/data/venv/lib/python3.12/site-packages/oslo_config/cfg.py:3549}}
Sep 01 01:31:47 devstack devstack@g-api.service[77100]: INFO glance.api.middleware.cache_manage [None req-75c5e1b2-9fe0-4fb0-a1c7-2ffcb1369b23 None None] Initialized image cache management middleware
Sep 01 01:31:47 devstack devstack@g-api.service[77099]: DEBUG glance.common.config [None req-ade72489-39f0-4967-9f09-9eae34432592 None None] default_log_levels = ['amqp=WARN', 'boto=WARN', 'sqlalchemy=WARN', 'suds=INFO', 'oslo.messaging=INFO', 'oslo_messaging=INFO', 'iso8601=WARN', 'requests.packages.urllib3.connectionpool=WARN', 'urllib3.connectionpool=WARN', 'websocket=WARN', 'requests.packages.urllib3.util.retry=WARN', 'urllib3.util.retry=WARN', 'keystonemiddleware=WARN', 'routes.middleware=WARN', 'stevedore=WARN', 'taskflow=WARN', 'keystoneauth=WARN', 'oslo.cache=INFO', 'oslo_policy=INFO', 'dogpile.core.dogpile=INFO'] {{(pid=77099) log_opt_values /opt/stack/data/venv/lib/python3.12/site-packages/oslo_config/cfg.py:3549}}
Sep 01 01:31:47 devstack devstack@g-api.service[77100]: INFO glance.image_cache [None req-75c5e1b2-9fe0-4fb0-a1c7-2ffcb1369b23 None None] Image cache loaded driver 'centralized_db'.
Sep 01 01:31:47 devstack devstack@g-api.service[77099]: DEBUG glance.common.config [None req-ade72489-39f0-4967-9f09-9eae34432592 None None] default_publisher_id = image.localhost {{(pid=77099) log_opt_values /opt/stack/data/venv/lib/python3.12/site-packages/oslo_config/cfg.py:3549}}
Sep 01 01:31:47 devstack devstack@g-api.service[77099]: DEBUG glance.common.config [None req-ade72489-39f0-4967-9f09-9eae34432592 None None] delayed_delete = False {{(pid=77099) log_opt_values /opt/stack/data/venv/lib/python3.12/site-packages/oslo_config/cfg.py:3549}}
Sep 01 01:31:47 devstack devstack@g-api.service[77099]: DEBUG glance.common.config [None req-ade72489-39f0-4967-9f09-9eae34432592 None None] digest_algorithm = sha256 {{(pid=77099) log_opt_values /opt/stack/data/venv/lib/python3.12/site-packages/oslo_config/cfg.py:3549}}
Sep 01 01:31:47 devstack devstack@g-api.service[77099]: DEBUG glance.common.config [None req-ade72489-39f0-4967-9f09-9eae34432592 None None] disabled_notifications = [] {{(pid=77099) log_opt_values /opt/stack/data/venv/lib/python3.12/site-packages/oslo_config/cfg.py:3549}}
Sep 01 01:31:47 devstack devstack@g-api.service[77099]: DEBUG glance.common.config [None req-ade72489-39f0-4967-9f09-9eae34432592 None None] do_secure_hash = True {{(pid=77099) log_opt_values /opt/stack/data/venv/lib/python3.12/site-packages/oslo_config/cfg.py:3549}}
Sep 01 01:31:47 devstack devstack@g-api.service[77099]: DEBUG glance.common.config [None req-ade72489-39f0-4967-9f09-9eae34432592 None None] enabled_backends = None {{(pid=77099) log_opt_values /opt/stack/data/venv/lib/python3.12/site-packages/oslo_config/cfg.py:3549}}
Sep 01 01:31:47 devstack devstack@g-api.service[77099]: DEBUG glance.common.config [None req-ade72489-39f0-4967-9f09-9eae34432592 None None] enabled_import_methods = ['glance-direct', 'web-download', 'copy-image'] {{(pid=77099) log_opt_values /opt/stack/data/venv/lib/python3.12/site-packages/oslo_config/cfg.py:3549}}
Sep 01 01:31:47 devstack devstack@g-api.service[77099]: DEBUG glance.common.config [None req-ade72489-39f0-4967-9f09-9eae34432592 None None] hashing_algorithm = sha512 {{(pid=77099) log_opt_values /opt/stack/data/venv/lib/python3.12/site-packages/oslo_config/cfg.py:3549}}
Sep 01 01:31:47 devstack devstack@g-api.service[77099]: DEBUG glance.common.config [None req-ade72489-39f0-4967-9f09-9eae34432592 None None] http_retries = 3 {{(pid=77099) log_opt_values /opt/stack/data/venv/lib/python3.12/site-packages/oslo_config/cfg.py:3549}}
Sep 01 01:31:47 devstack devstack@g-api.service[77099]: DEBUG glance.common.config [None req-ade72489-39f0-4967-9f09-9eae34432592 None None] image_cache_dir = /opt/stack/data/glance/cache/ {{(pid=77099) log_opt_values /opt/stack/data/venv/lib/python3.12/site-packages/oslo_config/cfg.py:3549}}
Sep 01 01:31:47 devstack devstack@g-api.service[77099]: DEBUG glance.common.config [None req-ade72489-39f0-4967-9f09-9eae34432592 None None] image_cache_driver = centralized_db {{(pid=77099) log_opt_values /opt/stack/data/venv/lib/python3.12/site-packages/oslo_config/cfg.py:3549}}
Sep 01 01:31:47 devstack devstack@g-api.service[77099]: DEBUG glance.common.config [None req-ade72489-39f0-4967-9f09-9eae34432592 None None] image_cache_max_size = 10737418240 {{(pid=77099) log_opt_values /opt/stack/data/venv/lib/python3.12/site-packages/oslo_config/cfg.py:3549}}
Sep 01 01:31:47 devstack devstack@g-api.service[77099]: DEBUG glance.common.config [None req-ade72489-39f0-4967-9f09-9eae34432592 None None] image_cache_sqlite_db = cache.db {{(pid=77099) log_opt_values /opt/stack/data/venv/lib/python3.12/site-packages/oslo_config/cfg.py:3549}}
Sep 01 01:31:47 devstack devstack@g-api.service[77099]: DEBUG glance.common.config [None req-ade72489-39f0-4967-9f09-9eae34432592 None None] image_cache_stall_time = 86400 {{(pid=77099) log_opt_values /opt/stack/data/venv/lib/python3.12/site-packages/oslo_config/cfg.py:3549}}
Sep 01 01:31:47 devstack devstack@g-api.service[77099]: DEBUG glance.common.config [None req-ade72489-39f0-4967-9f09-9eae34432592 None None] image_location_quota = 10 {{(pid=77099) log_opt_values /opt/stack/data/venv/lib/python3.12/site-packages/oslo_config/cfg.py:3549}}
Sep 01 01:31:47 devstack devstack@g-api.service[77099]: DEBUG glance.common.config [None req-ade72489-39f0-4967-9f09-9eae34432592 None None] image_member_quota = 128 {{(pid=77099) log_opt_values /opt/stack/data/venv/lib/python3.12/site-packages/oslo_config/cfg.py:3549}}
Sep 01 01:31:47 devstack devstack@g-api.service[77099]: DEBUG glance.common.config [None req-ade72489-39f0-4967-9f09-9eae34432592 None None] image_property_quota = 128 {{(pid=77099) log_opt_values /opt/stack/data/venv/lib/python3.12/site-packages/oslo_config/cfg.py:3549}}
Sep 01 01:31:47 devstack devstack@g-api.service[77099]: DEBUG glance.common.config [None req-ade72489-39f0-4967-9f09-9eae34432592 None None] image_size_cap = 1099511627776 {{(pid=77099) log_opt_values /opt/stack/data/venv/lib/python3.12/site-packages/oslo_config/cfg.py:3549}}
Sep 01 01:31:47 devstack devstack@g-api.service[77099]: DEBUG glance.common.config [None req-ade72489-39f0-4967-9f09-9eae34432592 None None] image_tag_quota = 128 {{(pid=77099) log_opt_values /opt/stack/data/venv/lib/python3.12/site-packages/oslo_config/cfg.py:3549}}
Sep 01 01:31:47 devstack devstack@g-api.service[77099]: DEBUG glance.common.config [None req-ade72489-39f0-4967-9f09-9eae34432592 None None] instance_format = [instance: %(uuid)s] {{(pid=77099) log_opt_values /opt/stack/data/venv/lib/python3.12/site-packages/oslo_config/cfg.py:3549}}
Sep 01 01:31:47 devstack devstack@g-api.service[77099]: DEBUG glance.common.config [None req-ade72489-39f0-4967-9f09-9eae34432592 None None] instance_uuid_format = [instance: %(uuid)s] {{(pid=77099) log_opt_values /opt/stack/data/venv/lib/python3.12/site-packages/oslo_config/cfg.py:3549}}
Sep 01 01:31:47 devstack devstack@g-api.service[77099]: DEBUG glance.common.config [None req-ade72489-39f0-4967-9f09-9eae34432592 None None] limit_param_default = 25 {{(pid=77099) log_opt_values /opt/stack/data/venv/lib/python3.12/site-packages/oslo_config/cfg.py:3549}}
Sep 01 01:31:47 devstack devstack@g-api.service[77099]: DEBUG glance.common.config [None req-ade72489-39f0-4967-9f09-9eae34432592 None None] log_color = False {{(pid=77099) log_opt_values /opt/stack/data/venv/lib/python3.12/site-packages/oslo_config/cfg.py:3549}}
Sep 01 01:31:47 devstack devstack@g-api.service[77099]: DEBUG glance.common.config [None req-ade72489-39f0-4967-9f09-9eae34432592 None None] log_config_append = None {{(pid=77099) log_opt_values /opt/stack/data/venv/lib/python3.12/site-packages/oslo_config/cfg.py:3549}}
Sep 01 01:31:47 devstack devstack@g-api.service[77099]: DEBUG glance.common.config [None req-ade72489-39f0-4967-9f09-9eae34432592 None None] log_date_format = %Y-%m-%d %H:%M:%S {{(pid=77099) log_opt_values /opt/stack/data/venv/lib/python3.12/site-packages/oslo_config/cfg.py:3549}}
Sep 01 01:31:47 devstack devstack@g-api.service[77099]: DEBUG glance.common.config [None req-ade72489-39f0-4967-9f09-9eae34432592 None None] log_dir = None {{(pid=77099) log_opt_values /opt/stack/data/venv/lib/python3.12/site-packages/oslo_config/cfg.py:3549}}
Sep 01 01:31:47 devstack devstack@g-api.service[77099]: DEBUG glance.common.config [None req-ade72489-39f0-4967-9f09-9eae34432592 None None] log_file = None {{(pid=77099) log_opt_values /opt/stack/data/venv/lib/python3.12/site-packages/oslo_config/cfg.py:3549}}
Sep 01 01:31:47 devstack devstack@g-api.service[77099]: DEBUG glance.common.config [None req-ade72489-39f0-4967-9f09-9eae34432592 None None] log_rotate_interval = 1 {{(pid=77099) log_opt_values /opt/stack/data/venv/lib/python3.12/site-packages/oslo_config/cfg.py:3549}}
Sep 01 01:31:47 devstack devstack@g-api.service[77099]: DEBUG glance.common.config [None req-ade72489-39f0-4967-9f09-9eae34432592 None None] log_rotate_interval_type = days {{(pid=77099) log_opt_values /opt/stack/data/venv/lib/python3.12/site-packages/oslo_config/cfg.py:3549}}
Sep 01 01:31:47 devstack devstack@g-api.service[77099]: DEBUG glance.common.config [None req-ade72489-39f0-4967-9f09-9eae34432592 None None] log_rotation_type = none {{(pid=77099) log_opt_values /opt/stack/data/venv/lib/python3.12/site-packages/oslo_config/cfg.py:3549}}
Sep 01 01:31:47 devstack devstack@g-api.service[77099]: DEBUG glance.common.config [None req-ade72489-39f0-4967-9f09-9eae34432592 None None] logging_context_format_string = %(color)s%(levelname)s %(name)s [%(global_request_id)s %(request_id)s %(project_name)s %(user_name)s%(color)s] %(instance)s%(color)s%(message)s {{(pid=77099) log_opt_values /opt/stack/data/venv/lib/python3.12/site-packages/oslo_config/cfg.py:3549}}
Sep 01 01:31:47 devstack devstack@g-api.service[77099]: DEBUG glance.common.config [None req-ade72489-39f0-4967-9f09-9eae34432592 None None] logging_debug_format_suffix = {{(pid=%(process)d) %(funcName)s %(pathname)s:%(lineno)d}} {{(pid=77099) log_opt_values /opt/stack/data/venv/lib/python3.12/site-packages/oslo_config/cfg.py:3549}}
Sep 01 01:31:47 devstack devstack@g-api.service[77099]: DEBUG glance.common.config [None req-ade72489-39f0-4967-9f09-9eae34432592 None None] logging_default_format_string = %(color)s%(levelname)s %(name)s [-%(color)s] %(instance)s%(color)s%(message)s {{(pid=77099) log_opt_values /opt/stack/data/venv/lib/python3.12/site-packages/oslo_config/cfg.py:3549}}
Sep 01 01:31:47 devstack devstack@g-api.service[77099]: DEBUG glance.common.config [None req-ade72489-39f0-4967-9f09-9eae34432592 None None] logging_exception_prefix = ERROR %(name)s %(instance)s {{(pid=77099) log_opt_values /opt/stack/data/venv/lib/python3.12/site-packages/oslo_config/cfg.py:3549}}
Sep 01 01:31:47 devstack devstack@g-api.service[77099]: DEBUG glance.common.config [None req-ade72489-39f0-4967-9f09-9eae34432592 None None] logging_user_identity_format = %(user)s %(project)s %(domain)s %(system_scope)s %(user_domain)s %(project_domain)s {{(pid=77099) log_opt_values /opt/stack/data/venv/lib/python3.12/site-packages/oslo_config/cfg.py:3549}}
Sep 01 01:31:47 devstack devstack@g-api.service[77099]: DEBUG glance.common.config [None req-ade72489-39f0-4967-9f09-9eae34432592 None None] max_logfile_count = 30 {{(pid=77099) log_opt_values /opt/stack/data/venv/lib/python3.12/site-packages/oslo_config/cfg.py:3549}}
Sep 01 01:31:47 devstack devstack@g-api.service[77099]: DEBUG glance.common.config [None req-ade72489-39f0-4967-9f09-9eae34432592 None None] max_logfile_size_mb = 200 {{(pid=77099) log_opt_values /opt/stack/data/venv/lib/python3.12/site-packages/oslo_config/cfg.py:3549}}
Sep 01 01:31:47 devstack devstack@g-api.service[77099]: DEBUG glance.common.config [None req-ade72489-39f0-4967-9f09-9eae34432592 None None] max_request_id_length = 64 {{(pid=77099) log_opt_values /opt/stack/data/venv/lib/python3.12/site-packages/oslo_config/cfg.py:3549}}
Sep 01 01:31:47 devstack devstack@g-api.service[77099]: DEBUG glance.common.config [None req-ade72489-39f0-4967-9f09-9eae34432592 None None] metadata_encryption_key = **** {{(pid=77099) log_opt_values /opt/stack/data/venv/lib/python3.12/site-packages/oslo_config/cfg.py:3549}}
Sep 01 01:31:47 devstack devstack@g-api.service[77099]: DEBUG glance.common.config [None req-ade72489-39f0-4967-9f09-9eae34432592 None None] node_staging_uri = file:///tmp/staging/ {{(pid=77099) log_opt_values /opt/stack/data/venv/lib/python3.12/site-packages/oslo_config/cfg.py:3549}}
Sep 01 01:31:47 devstack devstack@g-api.service[77099]: DEBUG glance.common.config [None req-ade72489-39f0-4967-9f09-9eae34432592 None None] property_protection_file = None {{(pid=77099) log_opt_values /opt/stack/data/venv/lib/python3.12/site-packages/oslo_config/cfg.py:3549}}
Sep 01 01:31:47 devstack devstack@g-api.service[77099]: DEBUG glance.common.config [None req-ade72489-39f0-4967-9f09-9eae34432592 None None] property_protection_rule_format = roles {{(pid=77099) log_opt_values /opt/stack/data/venv/lib/python3.12/site-packages/oslo_config/cfg.py:3549}}
Sep 01 01:31:47 devstack devstack@g-api.service[77099]: DEBUG glance.common.config [None req-ade72489-39f0-4967-9f09-9eae34432592 None None] public_endpoint = http://192.168.122.53/image {{(pid=77099) log_opt_values /opt/stack/data/venv/lib/python3.12/site-packages/oslo_config/cfg.py:3549}}
Sep 01 01:31:47 devstack devstack@g-api.service[77099]: DEBUG glance.common.config [None req-ade72489-39f0-4967-9f09-9eae34432592 None None] publish_errors = False {{(pid=77099) log_opt_values /opt/stack/data/venv/lib/python3.12/site-packages/oslo_config/cfg.py:3549}}
Sep 01 01:31:47 devstack devstack@g-api.service[77099]: DEBUG glance.common.config [None req-ade72489-39f0-4967-9f09-9eae34432592 None None] pydev_worker_debug_host = None {{(pid=77099) log_opt_values /opt/stack/data/venv/lib/python3.12/site-packages/oslo_config/cfg.py:3549}}
Sep 01 01:31:47 devstack devstack@g-api.service[77099]: DEBUG glance.common.config [None req-ade72489-39f0-4967-9f09-9eae34432592 None None] pydev_worker_debug_port = 5678 {{(pid=77099) log_opt_values /opt/stack/data/venv/lib/python3.12/site-packages/oslo_config/cfg.py:3549}}
Sep 01 01:31:47 devstack devstack@g-api.service[77099]: DEBUG glance.common.config [None req-ade72489-39f0-4967-9f09-9eae34432592 None None] rate_limit_burst = 0 {{(pid=77099) log_opt_values /opt/stack/data/venv/lib/python3.12/site-packages/oslo_config/cfg.py:3549}}
Sep 01 01:31:47 devstack devstack@g-api.service[77099]: DEBUG glance.common.config [None req-ade72489-39f0-4967-9f09-9eae34432592 None None] rate_limit_except_level = CRITICAL {{(pid=77099) log_opt_values /opt/stack/data/venv/lib/python3.12/site-packages/oslo_config/cfg.py:3549}}
Sep 01 01:31:47 devstack devstack@g-api.service[77099]: DEBUG glance.common.config [None req-ade72489-39f0-4967-9f09-9eae34432592 None None] rate_limit_interval = 0 {{(pid=77099) log_opt_values /opt/stack/data/venv/lib/python3.12/site-packages/oslo_config/cfg.py:3549}}
Sep 01 01:31:47 devstack devstack@g-api.service[77099]: DEBUG glance.common.config [None req-ade72489-39f0-4967-9f09-9eae34432592 None None] scrub_pool_size = 1 {{(pid=77099) log_opt_values /opt/stack/data/venv/lib/python3.12/site-packages/oslo_config/cfg.py:3549}}
Sep 01 01:31:47 devstack devstack@g-api.service[77099]: DEBUG glance.common.config [None req-ade72489-39f0-4967-9f09-9eae34432592 None None] scrub_time = 0 {{(pid=77099) log_opt_values /opt/stack/data/venv/lib/python3.12/site-packages/oslo_config/cfg.py:3549}}
Sep 01 01:31:47 devstack devstack@g-api.service[77099]: DEBUG glance.common.config [None req-ade72489-39f0-4967-9f09-9eae34432592 None None] shell_completion = None {{(pid=77099) log_opt_values /opt/stack/data/venv/lib/python3.12/site-packages/oslo_config/cfg.py:3549}}
Sep 01 01:31:47 devstack devstack@g-api.service[77099]: DEBUG glance.common.config [None req-ade72489-39f0-4967-9f09-9eae34432592 None None] show_image_direct_url = False {{(pid=77099) log_opt_values /opt/stack/data/venv/lib/python3.12/site-packages/oslo_config/cfg.py:3549}}
Sep 01 01:31:47 devstack devstack@g-api.service[77099]: WARNING oslo_config.cfg [None req-ade72489-39f0-4967-9f09-9eae34432592 None None] Deprecated: Option "show_multiple_locations" from group "DEFAULT" is deprecated for removal (Use of this option, deprecated since Newton, is a security risk and will be removed once we figure out a way to satisfy those use cases that currently require it. An earlier announcement that the same functionality can be achieved with greater granularity by using policies is incorrect. You cannot work around this option via policy configuration at the present time, though that is the direction we believe the fix will take. Please keep an eye on the Glance release notes to stay up to date on progress in addressing this issue.). Its value may be silently ignored in the future.
Sep 01 01:31:47 devstack devstack@g-api.service[77099]: DEBUG glance.common.config [None req-ade72489-39f0-4967-9f09-9eae34432592 None None] show_multiple_locations = False {{(pid=77099) log_opt_values /opt/stack/data/venv/lib/python3.12/site-packages/oslo_config/cfg.py:3549}}
Sep 01 01:31:47 devstack devstack@g-api.service[77099]: DEBUG glance.common.config [None req-ade72489-39f0-4967-9f09-9eae34432592 None None] syslog_log_facility = LOG_USER {{(pid=77099) log_opt_values /opt/stack/data/venv/lib/python3.12/site-packages/oslo_config/cfg.py:3549}}
Sep 01 01:31:47 devstack devstack@g-api.service[77099]: DEBUG glance.common.config [None req-ade72489-39f0-4967-9f09-9eae34432592 None None] transport_url = **** {{(pid=77099) log_opt_values /opt/stack/data/venv/lib/python3.12/site-packages/oslo_config/cfg.py:3549}}
Sep 01 01:31:47 devstack devstack@g-api.service[77099]: DEBUG glance.common.config [None req-ade72489-39f0-4967-9f09-9eae34432592 None None] use_journal = False {{(pid=77099) log_opt_values /opt/stack/data/venv/lib/python3.12/site-packages/oslo_config/cfg.py:3549}}
Sep 01 01:31:47 devstack devstack@g-api.service[77099]: DEBUG glance.common.config [None req-ade72489-39f0-4967-9f09-9eae34432592 None None] use_json = False {{(pid=77099) log_opt_values /opt/stack/data/venv/lib/python3.12/site-packages/oslo_config/cfg.py:3549}}
