Jun 17 17:44:14 devstack cinder-volume[92281]: DEBUG cinder.volume.manager [None req-45a8bde2-b274-433e-9cd4-25e7468cf166 tempest-TaggedAttachmentsTest-92803245 None] Task 'cinder.volume.flows.manager.create_volume.NotifyVolumeActionTask;volume:create, create.start' (f93a1713-c664-48e1-8b75-ab8bbb8d3561) transitioned into state 'SUCCESS' from state 'RUNNING' with result 'None' {{(pid=92281) _task_receiver /opt/stack/data/venv/lib/python3.12/site-packages/taskflow/listeners/logging.py:218}}
Jun 17 17:44:14 devstack cinder-volume[92281]: DEBUG cinder.volume.manager [None req-45a8bde2-b274-433e-9cd4-25e7468cf166 tempest-TaggedAttachmentsTest-92803245 None] Task 'cinder.volume.flows.manager.create_volume.CreateVolumeFromSpecTask;volume:create' (2a9caf64-bf71-4dad-9f13-77354b555b93) transitioned into state 'RUNNING' from state 'PENDING' {{(pid=92281) _task_receiver /opt/stack/data/venv/lib/python3.12/site-packages/taskflow/listeners/logging.py:242}}
Jun 17 17:44:14 devstack cinder-volume[92281]: INFO cinder.volume.flows.manager.create_volume [None req-45a8bde2-b274-433e-9cd4-25e7468cf166 tempest-TaggedAttachmentsTest-92803245 None] Volume 8d108a03-aef9-4453-8e86-7ed4cf60ee24: being created as raw with specification: {'status': 'creating', 'volume_name': 'volume-8d108a03-aef9-4453-8e86-7ed4cf60ee24', 'volume_size': 1}
Jun 17 17:44:14 devstack cinder-volume[92281]: DEBUG oslo_concurrency.lockutils [None req-45a8bde2-b274-433e-9cd4-25e7468cf166 tempest-TaggedAttachmentsTest-92803245 None] Acquiring lock "quobyte" by "cinder.volume.drivers.quobyte.QuobyteDriver.create_volume" {{(pid=92281) inner /opt/stack/data/venv/lib/python3.12/site-packages/oslo_concurrency/lockutils.py:511}}
Jun 17 17:44:14 devstack cinder-volume[92281]: DEBUG oslo_concurrency.lockutils [None req-45a8bde2-b274-433e-9cd4-25e7468cf166 tempest-TaggedAttachmentsTest-92803245 None] Lock "quobyte" acquired by "cinder.volume.drivers.quobyte.QuobyteDriver.create_volume" :: waited 0.000s {{(pid=92281) inner /opt/stack/data/venv/lib/python3.12/site-packages/oslo_concurrency/lockutils.py:524}}
Jun 17 17:44:14 devstack cinder-volume[92281]: DEBUG cinder.volume.drivers.quobyte [None req-45a8bde2-b274-433e-9cd4-25e7468cf166 tempest-TaggedAttachmentsTest-92803245 None] ==> create_volume: call "{'self': , 'volume': Volume(_name_id=None,admin_metadata=,attach_status='detached',availability_zone='nova',bootable=False,cluster=,cluster_name=None,consistencygroup=,consistencygroup_id=None,created_at=2026-06-17T15:44:14Z,deleted=False,deleted_at=None,display_description=None,display_name='tempest-TaggedAttachmentsTest-volume-1242331401',ec2_id=None,encryption_key_id=None,glance_metadata=,group=,group_id=None,host='devstack@QuobyteHD#QuobyteHD',id=8d108a03-aef9-4453-8e86-7ed4cf60ee24,launched_at=None,metadata={},migration_status=None,multiattach=False,previous_status=None,project_id='bd02cf893ee9402eb533d6d27b7ab7bf',provider_auth=None,provider_geometry=None,provider_id=None,provider_location=None,replication_driver_data=None,replication_extended_status=None,replication_status=None,scheduled_at=2026-06-17T15:44:14Z,service_uuid=None,shared_targets=True,size=1,snapshot_id=None,snapshots=,source_volid=None,status='creating',terminated_at=None,updated_at=2026-06-17T15:44:14Z,use_quota=True,user_id='f0ae16b8766a45c4be024fb437061cc4',volume_attachment=VolumeAttachmentList,volume_type=VolumeType(8303f84d-229e-4873-b332-821afa0590ea),volume_type_id=8303f84d-229e-4873-b332-821afa0590ea)}" {{(pid=92281) trace_logging_wrapper /opt/stack/cinder/cinder/volume/volume_utils.py:1497}}
Jun 17 17:44:14 devstack cinder-volume[92281]: DEBUG cinder.volume.drivers.remotefs [None req-45a8bde2-b274-433e-9cd4-25e7468cf166 tempest-TaggedAttachmentsTest-92803245 None] Creating volume 8d108a03-aef9-4453-8e86-7ed4cf60ee24 {{(pid=92281) create_volume /opt/stack/cinder/cinder/volume/drivers/remotefs.py:292}}
Jun 17 17:44:14 devstack cinder-volume[92281]: DEBUG oslo_concurrency.lockutils [None req-45a8bde2-b274-433e-9cd4-25e7468cf166 tempest-TaggedAttachmentsTest-92803245 None] Acquiring lock "quobyte_ensure" by "cinder.volume.drivers.quobyte.QuobyteDriver._ensure_shares_mounted" {{(pid=92281) inner /opt/stack/data/venv/lib/python3.12/site-packages/oslo_concurrency/lockutils.py:511}}
Jun 17 17:44:14 devstack cinder-volume[92281]: DEBUG oslo_concurrency.lockutils [None req-45a8bde2-b274-433e-9cd4-25e7468cf166 tempest-TaggedAttachmentsTest-92803245 None] Lock "quobyte_ensure" acquired by "cinder.volume.drivers.quobyte.QuobyteDriver._ensure_shares_mounted" :: waited 0.000s {{(pid=92281) inner /opt/stack/data/venv/lib/python3.12/site-packages/oslo_concurrency/lockutils.py:524}}
Jun 17 17:44:14 devstack cinder-volume[92281]: DEBUG cinder.volume.drivers.quobyte [None req-45a8bde2-b274-433e-9cd4-25e7468cf166 tempest-TaggedAttachmentsTest-92803245 None] Quobyte Volume URL set to: {'osci02.corp.quobyte.com/cinder-vol-637d56f9-2587-4088-b757-48746d71ef5b': None} {{(pid=92281) _load_shares_config /opt/stack/cinder/cinder/volume/drivers/quobyte.py:617}}
Jun 17 17:44:14 devstack cinder-volume[92281]: DEBUG cinder.volume.drivers.quobyte [None req-45a8bde2-b274-433e-9cd4-25e7468cf166 tempest-TaggedAttachmentsTest-92803245 None] Available shares ['osci02.corp.quobyte.com/cinder-vol-637d56f9-2587-4088-b757-48746d71ef5b'] {{(pid=92281) _ensure_shares_mounted /opt/stack/cinder/cinder/volume/drivers/quobyte.py:647}}
Jun 17 17:44:14 devstack cinder-volume[92281]: DEBUG oslo_concurrency.lockutils [None req-45a8bde2-b274-433e-9cd4-25e7468cf166 tempest-TaggedAttachmentsTest-92803245 None] Lock "quobyte_ensure" "released" by "cinder.volume.drivers.quobyte.QuobyteDriver._ensure_shares_mounted" :: held 0.007s {{(pid=92281) inner /opt/stack/data/venv/lib/python3.12/site-packages/oslo_concurrency/lockutils.py:543}}
Jun 17 17:44:14 devstack cinder-volume[92281]: DEBUG cinder.volume.drivers.quobyte [None req-45a8bde2-b274-433e-9cd4-25e7468cf166 tempest-TaggedAttachmentsTest-92803245 None] Selected osci02.corp.quobyte.com/cinder-vol-637d56f9-2587-4088-b757-48746d71ef5b as target Quobyte volume. {{(pid=92281) _find_share /opt/stack/cinder/cinder/volume/drivers/quobyte.py:668}}
Jun 17 17:44:14 devstack cinder-volume[92281]: INFO cinder.volume.drivers.remotefs [None req-45a8bde2-b274-433e-9cd4-25e7468cf166 tempest-TaggedAttachmentsTest-92803245 None] casted to osci02.corp.quobyte.com/cinder-vol-637d56f9-2587-4088-b757-48746d71ef5b
Jun 17 17:44:14 devstack cinder-volume[92281]: DEBUG oslo_concurrency.processutils [None req-45a8bde2-b274-433e-9cd4-25e7468cf166 tempest-TaggedAttachmentsTest-92803245 None] Running cmd (subprocess): sudo cinder-rootwrap /etc/cinder/rootwrap.conf qemu-img create -f qcow2 -o preallocation=metadata /opt/stack/data/cinder/mnt/027e7e12f51284700a5f3a249a3cbc9f/volume-8d108a03-aef9-4453-8e86-7ed4cf60ee24 1073741824 {{(pid=92281) execute /opt/stack/data/venv/lib/python3.12/site-packages/oslo_concurrency/processutils.py:440}}
Jun 17 17:44:14 devstack sudo[95163]: quobyte : PWD=/ ; USER=root ; COMMAND=/opt/stack/data/venv/bin/cinder-rootwrap /etc/cinder/rootwrap.conf qemu-img create -f qcow2 -o preallocation=metadata /opt/stack/data/cinder/mnt/027e7e12f51284700a5f3a249a3cbc9f/volume-8d108a03-aef9-4453-8e86-7ed4cf60ee24 1073741824
Jun 17 17:44:14 devstack sudo[95163]: pam_unix(sudo:session): session opened for user root(uid=0) by (uid=1000)
Jun 17 17:44:15 devstack cinder-volume[92281]: INFO cinder.volume.manager [None req-817bf0e7-b72e-4b22-b4e7-37681d98043c tempest-GroupSnapshotsTest-1428567542 None] Update group completed successfully.
Jun 17 17:44:15 devstack sudo[95163]: pam_unix(sudo:session): session closed for user root
Jun 17 17:44:15 devstack cinder-volume[92281]: DEBUG oslo_concurrency.processutils [None req-45a8bde2-b274-433e-9cd4-25e7468cf166 tempest-TaggedAttachmentsTest-92803245 None] CMD "sudo cinder-rootwrap /etc/cinder/rootwrap.conf qemu-img create -f qcow2 -o preallocation=metadata /opt/stack/data/cinder/mnt/027e7e12f51284700a5f3a249a3cbc9f/volume-8d108a03-aef9-4453-8e86-7ed4cf60ee24 1073741824" returned: 0 in 1.189s {{(pid=92281) execute /opt/stack/data/venv/lib/python3.12/site-packages/oslo_concurrency/processutils.py:468}}
Jun 17 17:44:15 devstack cinder-volume[92281]: DEBUG oslo_concurrency.processutils [None req-45a8bde2-b274-433e-9cd4-25e7468cf166 tempest-TaggedAttachmentsTest-92803245 None] Running cmd (subprocess): sudo cinder-rootwrap /etc/cinder/rootwrap.conf chmod ugo+rw /opt/stack/data/cinder/mnt/027e7e12f51284700a5f3a249a3cbc9f/volume-8d108a03-aef9-4453-8e86-7ed4cf60ee24 {{(pid=92281) execute /opt/stack/data/venv/lib/python3.12/site-packages/oslo_concurrency/processutils.py:440}}
Jun 17 17:44:15 devstack sudo[95177]: quobyte : PWD=/ ; USER=root ; COMMAND=/opt/stack/data/venv/bin/cinder-rootwrap /etc/cinder/rootwrap.conf chmod ugo+rw /opt/stack/data/cinder/mnt/027e7e12f51284700a5f3a249a3cbc9f/volume-8d108a03-aef9-4453-8e86-7ed4cf60ee24
Jun 17 17:44:15 devstack sudo[95177]: pam_unix(sudo:session): session opened for user root(uid=0) by (uid=1000)
Jun 17 17:44:16 devstack cinder-volume[92281]: INFO cinder.volume.manager [None req-e3de3075-a257-4255-b94a-8d226e06e735 tempest-GroupSnapshotsTest-1428567542 None] Update group completed successfully.
Jun 17 17:44:16 devstack sudo[95177]: pam_unix(sudo:session): session closed for user root
Jun 17 17:44:16 devstack cinder-volume[92281]: DEBUG oslo_concurrency.processutils [None req-45a8bde2-b274-433e-9cd4-25e7468cf166 tempest-TaggedAttachmentsTest-92803245 None] CMD "sudo cinder-rootwrap /etc/cinder/rootwrap.conf chmod ugo+rw /opt/stack/data/cinder/mnt/027e7e12f51284700a5f3a249a3cbc9f/volume-8d108a03-aef9-4453-8e86-7ed4cf60ee24" returned: 0 in 0.832s {{(pid=92281) execute /opt/stack/data/venv/lib/python3.12/site-packages/oslo_concurrency/processutils.py:468}}
Jun 17 17:44:16 devstack cinder-volume[92281]: DEBUG cinder.volume.drivers.quobyte [None req-45a8bde2-b274-433e-9cd4-25e7468cf166 tempest-TaggedAttachmentsTest-92803245 None] <== create_volume: return (2067ms) {'provider_location': 'osci02.corp.quobyte.com/cinder-vol-637d56f9-2587-4088-b757-48746d71ef5b'} {{(pid=92281) trace_logging_wrapper /opt/stack/cinder/cinder/volume/volume_utils.py:1522}}
Jun 17 17:44:16 devstack cinder-volume[92281]: DEBUG oslo_concurrency.lockutils [None req-45a8bde2-b274-433e-9cd4-25e7468cf166 tempest-TaggedAttachmentsTest-92803245 None] Lock "quobyte" "released" by "cinder.volume.drivers.quobyte.QuobyteDriver.create_volume" :: held 2.070s {{(pid=92281) inner /opt/stack/data/venv/lib/python3.12/site-packages/oslo_concurrency/lockutils.py:543}}
Jun 17 17:44:16 devstack cinder-volume[92281]: DEBUG cinder.volume.manager [None req-45a8bde2-b274-433e-9cd4-25e7468cf166 tempest-TaggedAttachmentsTest-92803245 None] Task 'cinder.volume.flows.manager.create_volume.CreateVolumeFromSpecTask;volume:create' (2a9caf64-bf71-4dad-9f13-77354b555b93) transitioned into state 'SUCCESS' from state 'RUNNING' with result '{'status': 'creating', 'volume_name': 'volume-8d108a03-aef9-4453-8e86-7ed4cf60ee24', 'volume_size': 1}' {{(pid=92281) _task_receiver /opt/stack/data/venv/lib/python3.12/site-packages/taskflow/listeners/logging.py:218}}
Jun 17 17:44:16 devstack cinder-volume[92281]: DEBUG cinder.volume.manager [None req-45a8bde2-b274-433e-9cd4-25e7468cf166 tempest-TaggedAttachmentsTest-92803245 None] Task 'cinder.volume.flows.manager.create_volume.CreateVolumeOnFinishTask;volume:create, create.end' (7636f186-20d6-4846-97c2-59199f007e40) transitioned into state 'RUNNING' from state 'PENDING' {{(pid=92281) _task_receiver /opt/stack/data/venv/lib/python3.12/site-packages/taskflow/listeners/logging.py:242}}
Jun 17 17:44:16 devstack cinder-volume[92281]: INFO cinder.volume.flows.manager.create_volume [None req-45a8bde2-b274-433e-9cd4-25e7468cf166 tempest-TaggedAttachmentsTest-92803245 None] Volume volume-8d108a03-aef9-4453-8e86-7ed4cf60ee24 (8d108a03-aef9-4453-8e86-7ed4cf60ee24): created successfully
Jun 17 17:44:16 devstack cinder-volume[92281]: DEBUG cinder.volume.manager [None req-45a8bde2-b274-433e-9cd4-25e7468cf166 tempest-TaggedAttachmentsTest-92803245 None] Task 'cinder.volume.flows.manager.create_volume.CreateVolumeOnFinishTask;volume:create, create.end' (7636f186-20d6-4846-97c2-59199f007e40) transitioned into state 'SUCCESS' from state 'RUNNING' with result 'None' {{(pid=92281) _task_receiver /opt/stack/data/venv/lib/python3.12/site-packages/taskflow/listeners/logging.py:218}}
Jun 17 17:44:16 devstack cinder-volume[92281]: DEBUG cinder.volume.manager [None req-45a8bde2-b274-433e-9cd4-25e7468cf166 tempest-TaggedAttachmentsTest-92803245 None] Flow 'volume_create_manager' (851c4f3e-beb6-4bbe-84a4-0bf17824fd35) transitioned into state 'SUCCESS' from state 'RUNNING' {{(pid=92281) _flow_receiver /opt/stack/data/venv/lib/python3.12/site-packages/taskflow/listeners/logging.py:160}}
Jun 17 17:44:16 devstack cinder-volume[92281]: INFO cinder.volume.manager [None req-45a8bde2-b274-433e-9cd4-25e7468cf166 tempest-TaggedAttachmentsTest-92803245 None] Created volume successfully.
Jun 17 17:44:17 devstack cinder-volume[92281]: INFO cinder.volume.manager [None req-cd47ee0d-bc08-4d8c-9a51-3ff16924fe0f tempest-GroupSnapshotsTest-1428567542 None] Update group completed successfully.
Jun 17 17:44:19 devstack cinder-volume[92281]: INFO cinder.volume.manager [None req-278cb761-8d17-4cde-9087-ac5fbd0858f4 tempest-GroupSnapshotsTest-1428567542 None] GroupSnapshot 6b0451d9-d8d4-4238-bad0-ea1ac3695bfb: creating.
Jun 17 17:44:19 devstack cinder-volume[92281]: DEBUG cinder.volume.manager [None req-278cb761-8d17-4cde-9087-ac5fbd0858f4 tempest-GroupSnapshotsTest-1428567542 None] Group snapshot 6b0451d9-d8d4-4238-bad0-ea1ac3695bfb: creating. {{(pid=92281) create_group_snapshot /opt/stack/cinder/cinder/volume/manager.py:4175}}
Jun 17 17:44:19 devstack cinder-volume[92281]: DEBUG oslo_concurrency.lockutils [None req-278cb761-8d17-4cde-9087-ac5fbd0858f4 tempest-GroupSnapshotsTest-1428567542 None] Acquiring lock "quobyte" by "cinder.volume.drivers.quobyte.QuobyteDriver.create_snapshot" {{(pid=92281) inner /opt/stack/data/venv/lib/python3.12/site-packages/oslo_concurrency/lockutils.py:511}}
Jun 17 17:44:19 devstack cinder-volume[92281]: DEBUG oslo_concurrency.lockutils [None req-278cb761-8d17-4cde-9087-ac5fbd0858f4 tempest-GroupSnapshotsTest-1428567542 None] Lock "quobyte" acquired by "cinder.volume.drivers.quobyte.QuobyteDriver.create_snapshot" :: waited 0.001s {{(pid=92281) inner /opt/stack/data/venv/lib/python3.12/site-packages/oslo_concurrency/lockutils.py:524}}
Jun 17 17:44:19 devstack cinder-volume[92281]: DEBUG cinder.volume.drivers.remotefs [None req-278cb761-8d17-4cde-9087-ac5fbd0858f4 tempest-GroupSnapshotsTest-1428567542 None] Creating offline snapshot 18c4e8bc-83c6-4c39-87b6-9d4be0418f2b of volume fb5da27d-86b9-41b6-a40f-b1778c02312a {{(pid=92281) _create_snapshot /opt/stack/cinder/cinder/volume/drivers/remotefs.py:1816}}
Jun 17 17:44:19 devstack cinder-volume[92281]: DEBUG oslo.privsep.daemon [-] privsep: reply[a736d506-77f8-49a9-a66b-90d9b5de6a84]: (4, 'qcow2') {{(pid=93329) _call_back /opt/stack/data/venv/lib/python3.12/site-packages/oslo_privsep/daemon.py:580}}
Jun 17 17:44:19 devstack cinder-volume[92281]: DEBUG oslo_concurrency.processutils [None req-278cb761-8d17-4cde-9087-ac5fbd0858f4 tempest-GroupSnapshotsTest-1428567542 None] Running cmd (subprocess): /opt/stack/data/venv/bin/python3.12 -m oslo_concurrency.prlimit --as=1073741824 --cpu=60 -- sudo cinder-rootwrap /etc/cinder/rootwrap.conf env LC_ALL=C qemu-img info -f qcow2 --output=json --force-share /opt/stack/data/cinder/mnt/027e7e12f51284700a5f3a249a3cbc9f/volume-fb5da27d-86b9-41b6-a40f-b1778c02312a {{(pid=92281) execute /opt/stack/data/venv/lib/python3.12/site-packages/oslo_concurrency/processutils.py:440}}
Jun 17 17:44:19 devstack sudo[95317]: quobyte : PWD=/ ; USER=root ; COMMAND=/opt/stack/data/venv/bin/cinder-rootwrap /etc/cinder/rootwrap.conf env LC_ALL=C qemu-img info -f qcow2 --output=json --force-share /opt/stack/data/cinder/mnt/027e7e12f51284700a5f3a249a3cbc9f/volume-fb5da27d-86b9-41b6-a40f-b1778c02312a
Jun 17 17:44:19 devstack sudo[95317]: pam_unix(sudo:session): session opened for user root(uid=0) by (uid=1000)
Jun 17 17:44:20 devstack sudo[95317]: pam_unix(sudo:session): session closed for user root
Jun 17 17:44:20 devstack cinder-volume[92281]: DEBUG oslo_concurrency.processutils [None req-278cb761-8d17-4cde-9087-ac5fbd0858f4 tempest-GroupSnapshotsTest-1428567542 None] CMD "/opt/stack/data/venv/bin/python3.12 -m oslo_concurrency.prlimit --as=1073741824 --cpu=60 -- sudo cinder-rootwrap /etc/cinder/rootwrap.conf env LC_ALL=C qemu-img info -f qcow2 --output=json --force-share /opt/stack/data/cinder/mnt/027e7e12f51284700a5f3a249a3cbc9f/volume-fb5da27d-86b9-41b6-a40f-b1778c02312a" returned: 0 in 1.221s {{(pid=92281) execute /opt/stack/data/venv/lib/python3.12/site-packages/oslo_concurrency/processutils.py:468}}
Jun 17 17:44:20 devstack cinder-volume[92281]: DEBUG oslo_concurrency.processutils [None req-278cb761-8d17-4cde-9087-ac5fbd0858f4 tempest-GroupSnapshotsTest-1428567542 None] Running cmd (subprocess): sudo cinder-rootwrap /etc/cinder/rootwrap.conf qemu-img create -f qcow2 -o backing_file=/opt/stack/data/cinder/mnt/027e7e12f51284700a5f3a249a3cbc9f/volume-fb5da27d-86b9-41b6-a40f-b1778c02312a,backing_fmt=qcow2 /opt/stack/data/cinder/mnt/027e7e12f51284700a5f3a249a3cbc9f/volume-fb5da27d-86b9-41b6-a40f-b1778c02312a.18c4e8bc-83c6-4c39-87b6-9d4be0418f2b 1G {{(pid=92281) execute /opt/stack/data/venv/lib/python3.12/site-packages/oslo_concurrency/processutils.py:440}}
Jun 17 17:44:20 devstack sudo[95331]: quobyte : PWD=/ ; USER=root ; COMMAND=/opt/stack/data/venv/bin/cinder-rootwrap /etc/cinder/rootwrap.conf qemu-img create -f qcow2 -o backing_file=/opt/stack/data/cinder/mnt/027e7e12f51284700a5f3a249a3cbc9f/volume-fb5da27d-86b9-41b6-a40f-b1778c02312a,backing_fmt=qcow2 /opt/stack/data/cinder/mnt/027e7e12f51284700a5f3a249a3cbc9f/volume-fb5da27d-86b9-41b6-a40f-b1778c02312a.18c4e8bc-83c6-4c39-87b6-9d4be0418f2b 1G
Jun 17 17:44:20 devstack sudo[95331]: pam_unix(sudo:session): session opened for user root(uid=0) by (uid=1000)
Jun 17 17:44:21 devstack sudo[95331]: pam_unix(sudo:session): session closed for user root
Jun 17 17:44:21 devstack cinder-volume[92281]: DEBUG oslo_concurrency.processutils [None req-278cb761-8d17-4cde-9087-ac5fbd0858f4 tempest-GroupSnapshotsTest-1428567542 None] CMD "sudo cinder-rootwrap /etc/cinder/rootwrap.conf qemu-img create -f qcow2 -o backing_file=/opt/stack/data/cinder/mnt/027e7e12f51284700a5f3a249a3cbc9f/volume-fb5da27d-86b9-41b6-a40f-b1778c02312a,backing_fmt=qcow2 /opt/stack/data/cinder/mnt/027e7e12f51284700a5f3a249a3cbc9f/volume-fb5da27d-86b9-41b6-a40f-b1778c02312a.18c4e8bc-83c6-4c39-87b6-9d4be0418f2b 1G" returned: 0 in 1.092s {{(pid=92281) execute /opt/stack/data/venv/lib/python3.12/site-packages/oslo_concurrency/processutils.py:468}}
Jun 17 17:44:21 devstack cinder-volume[92281]: DEBUG oslo_concurrency.processutils [None req-278cb761-8d17-4cde-9087-ac5fbd0858f4 tempest-GroupSnapshotsTest-1428567542 None] Running cmd (subprocess): sudo cinder-rootwrap /etc/cinder/rootwrap.conf qemu-img rebase -u -b volume-fb5da27d-86b9-41b6-a40f-b1778c02312a -F qcow2 /opt/stack/data/cinder/mnt/027e7e12f51284700a5f3a249a3cbc9f/volume-fb5da27d-86b9-41b6-a40f-b1778c02312a.18c4e8bc-83c6-4c39-87b6-9d4be0418f2b {{(pid=92281) execute /opt/stack/data/venv/lib/python3.12/site-packages/oslo_concurrency/processutils.py:440}}
Jun 17 17:44:21 devstack sudo[95337]: quobyte : PWD=/ ; USER=root ; COMMAND=/opt/stack/data/venv/bin/cinder-rootwrap /etc/cinder/rootwrap.conf qemu-img rebase -u -b volume-fb5da27d-86b9-41b6-a40f-b1778c02312a -F qcow2 /opt/stack/data/cinder/mnt/027e7e12f51284700a5f3a249a3cbc9f/volume-fb5da27d-86b9-41b6-a40f-b1778c02312a.18c4e8bc-83c6-4c39-87b6-9d4be0418f2b
Jun 17 17:44:21 devstack sudo[95337]: pam_unix(sudo:session): session opened for user root(uid=0) by (uid=1000)
Jun 17 17:44:23 devstack sudo[95337]: pam_unix(sudo:session): session closed for user root
Jun 17 17:44:23 devstack cinder-volume[92281]: DEBUG oslo_concurrency.processutils [None req-278cb761-8d17-4cde-9087-ac5fbd0858f4 tempest-GroupSnapshotsTest-1428567542 None] CMD "sudo cinder-rootwrap /etc/cinder/rootwrap.conf qemu-img rebase -u -b volume-fb5da27d-86b9-41b6-a40f-b1778c02312a -F qcow2 /opt/stack/data/cinder/mnt/027e7e12f51284700a5f3a249a3cbc9f/volume-fb5da27d-86b9-41b6-a40f-b1778c02312a.18c4e8bc-83c6-4c39-87b6-9d4be0418f2b" returned: 0 in 1.491s {{(pid=92281) execute /opt/stack/data/venv/lib/python3.12/site-packages/oslo_concurrency/processutils.py:468}}
Jun 17 17:44:23 devstack cinder-volume[92281]: WARNING cinder.volume.drivers.remotefs [None req-278cb761-8d17-4cde-9087-ac5fbd0858f4 tempest-GroupSnapshotsTest-1428567542 None] /opt/stack/data/cinder/mnt/027e7e12f51284700a5f3a249a3cbc9f/volume-fb5da27d-86b9-41b6-a40f-b1778c02312a.18c4e8bc-83c6-4c39-87b6-9d4be0418f2b is being set with open permissions: ugo+rw: NotImplementedError
Jun 17 17:44:23 devstack cinder-volume[92281]: DEBUG oslo_concurrency.processutils [None req-278cb761-8d17-4cde-9087-ac5fbd0858f4 tempest-GroupSnapshotsTest-1428567542 None] Running cmd (subprocess): sudo cinder-rootwrap /etc/cinder/rootwrap.conf chmod ugo+rw /opt/stack/data/cinder/mnt/027e7e12f51284700a5f3a249a3cbc9f/volume-fb5da27d-86b9-41b6-a40f-b1778c02312a.18c4e8bc-83c6-4c39-87b6-9d4be0418f2b {{(pid=92281) execute /opt/stack/data/venv/lib/python3.12/site-packages/oslo_concurrency/processutils.py:440}}
Jun 17 17:44:23 devstack sudo[95399]: quobyte : PWD=/ ; USER=root ; COMMAND=/opt/stack/data/venv/bin/cinder-rootwrap /etc/cinder/rootwrap.conf chmod ugo+rw /opt/stack/data/cinder/mnt/027e7e12f51284700a5f3a249a3cbc9f/volume-fb5da27d-86b9-41b6-a40f-b1778c02312a.18c4e8bc-83c6-4c39-87b6-9d4be0418f2b
Jun 17 17:44:23 devstack sudo[95399]: pam_unix(sudo:session): session opened for user root(uid=0) by (uid=1000)
Jun 17 17:44:24 devstack sudo[95399]: pam_unix(sudo:session): session closed for user root
Jun 17 17:44:24 devstack cinder-volume[92281]: DEBUG oslo_concurrency.processutils [None req-278cb761-8d17-4cde-9087-ac5fbd0858f4 tempest-GroupSnapshotsTest-1428567542 None] CMD "sudo cinder-rootwrap /etc/cinder/rootwrap.conf chmod ugo+rw /opt/stack/data/cinder/mnt/027e7e12f51284700a5f3a249a3cbc9f/volume-fb5da27d-86b9-41b6-a40f-b1778c02312a.18c4e8bc-83c6-4c39-87b6-9d4be0418f2b" returned: 0 in 0.962s {{(pid=92281) execute /opt/stack/data/venv/lib/python3.12/site-packages/oslo_concurrency/processutils.py:468}}
Jun 17 17:44:24 devstack cinder-volume[92281]: DEBUG oslo_concurrency.processutils [None req-278cb761-8d17-4cde-9087-ac5fbd0858f4 tempest-GroupSnapshotsTest-1428567542 None] Running cmd (subprocess): sudo cinder-rootwrap /etc/cinder/rootwrap.conf truncate -s0 /opt/stack/data/cinder/mnt/027e7e12f51284700a5f3a249a3cbc9f/volume-fb5da27d-86b9-41b6-a40f-b1778c02312a.info {{(pid=92281) execute /opt/stack/data/venv/lib/python3.12/site-packages/oslo_concurrency/processutils.py:440}}
Jun 17 17:44:24 devstack sudo[95408]: quobyte : PWD=/ ; USER=root ; COMMAND=/opt/stack/data/venv/bin/cinder-rootwrap /etc/cinder/rootwrap.conf truncate -s0 /opt/stack/data/cinder/mnt/027e7e12f51284700a5f3a249a3cbc9f/volume-fb5da27d-86b9-41b6-a40f-b1778c02312a.info
Jun 17 17:44:24 devstack sudo[95408]: pam_unix(sudo:session): session opened for user root(uid=0) by (uid=1000)
Jun 17 17:44:25 devstack sudo[95408]: pam_unix(sudo:session): session closed for user root
Jun 17 17:44:25 devstack cinder-volume[92281]: DEBUG oslo_concurrency.processutils [None req-278cb761-8d17-4cde-9087-ac5fbd0858f4 tempest-GroupSnapshotsTest-1428567542 None] CMD "sudo cinder-rootwrap /etc/cinder/rootwrap.conf truncate -s0 /opt/stack/data/cinder/mnt/027e7e12f51284700a5f3a249a3cbc9f/volume-fb5da27d-86b9-41b6-a40f-b1778c02312a.info" returned: 0 in 0.904s {{(pid=92281) execute /opt/stack/data/venv/lib/python3.12/site-packages/oslo_concurrency/processutils.py:468}}
Jun 17 17:44:25 devstack cinder-volume[92281]: WARNING cinder.volume.drivers.remotefs [None req-278cb761-8d17-4cde-9087-ac5fbd0858f4 tempest-GroupSnapshotsTest-1428567542 None] /opt/stack/data/cinder/mnt/027e7e12f51284700a5f3a249a3cbc9f/volume-fb5da27d-86b9-41b6-a40f-b1778c02312a.info is being set with open permissions: ugo+rw: NotImplementedError
Jun 17 17:44:25 devstack cinder-volume[92281]: DEBUG oslo_concurrency.processutils [None req-278cb761-8d17-4cde-9087-ac5fbd0858f4 tempest-GroupSnapshotsTest-1428567542 None] Running cmd (subprocess): sudo cinder-rootwrap /etc/cinder/rootwrap.conf chmod ugo+rw /opt/stack/data/cinder/mnt/027e7e12f51284700a5f3a249a3cbc9f/volume-fb5da27d-86b9-41b6-a40f-b1778c02312a.info {{(pid=92281) execute /opt/stack/data/venv/lib/python3.12/site-packages/oslo_concurrency/processutils.py:440}}
Jun 17 17:44:25 devstack sudo[95412]: quobyte : PWD=/ ; USER=root ; COMMAND=/opt/stack/data/venv/bin/cinder-rootwrap /etc/cinder/rootwrap.conf chmod ugo+rw /opt/stack/data/cinder/mnt/027e7e12f51284700a5f3a249a3cbc9f/volume-fb5da27d-86b9-41b6-a40f-b1778c02312a.info
Jun 17 17:44:25 devstack sudo[95412]: pam_unix(sudo:session): session opened for user root(uid=0) by (uid=1000)
Jun 17 17:44:25 devstack sudo[95412]: pam_unix(sudo:session): session closed for user root
Jun 17 17:44:25 devstack cinder-volume[92281]: DEBUG oslo_concurrency.processutils [None req-278cb761-8d17-4cde-9087-ac5fbd0858f4 tempest-GroupSnapshotsTest-1428567542 None] CMD "sudo cinder-rootwrap /etc/cinder/rootwrap.conf chmod ugo+rw /opt/stack/data/cinder/mnt/027e7e12f51284700a5f3a249a3cbc9f/volume-fb5da27d-86b9-41b6-a40f-b1778c02312a.info" returned: 0 in 0.698s {{(pid=92281) execute /opt/stack/data/venv/lib/python3.12/site-packages/oslo_concurrency/processutils.py:468}}
Jun 17 17:44:25 devstack cinder-volume[92281]: DEBUG oslo_concurrency.lockutils [None req-278cb761-8d17-4cde-9087-ac5fbd0858f4 tempest-GroupSnapshotsTest-1428567542 None] Lock "quobyte" "released" by "cinder.volume.drivers.quobyte.QuobyteDriver.create_snapshot" :: held 6.518s {{(pid=92281) inner /opt/stack/data/venv/lib/python3.12/site-packages/oslo_concurrency/lockutils.py:543}}
Jun 17 17:44:25 devstack cinder-volume[92281]: DEBUG oslo_concurrency.lockutils [None req-278cb761-8d17-4cde-9087-ac5fbd0858f4 tempest-GroupSnapshotsTest-1428567542 None] Acquiring lock "quobyte" by "cinder.volume.drivers.quobyte.QuobyteDriver.create_snapshot" {{(pid=92281) inner /opt/stack/data/venv/lib/python3.12/site-packages/oslo_concurrency/lockutils.py:511}}
Jun 17 17:44:25 devstack cinder-volume[92281]: DEBUG oslo_concurrency.lockutils [None req-278cb761-8d17-4cde-9087-ac5fbd0858f4 tempest-GroupSnapshotsTest-1428567542 None] Lock "quobyte" acquired by "cinder.volume.drivers.quobyte.QuobyteDriver.create_snapshot" :: waited 0.000s {{(pid=92281) inner /opt/stack/data/venv/lib/python3.12/site-packages/oslo_concurrency/lockutils.py:524}}
Jun 17 17:44:25 devstack cinder-volume[92281]: DEBUG cinder.volume.drivers.remotefs [None req-278cb761-8d17-4cde-9087-ac5fbd0858f4 tempest-GroupSnapshotsTest-1428567542 None] Creating offline snapshot 5afaaf33-6eeb-48d6-a920-3bde8030bc6f of volume 2bcd75a9-9e6e-429c-bbbc-2babd32bd231 {{(pid=92281) _create_snapshot /opt/stack/cinder/cinder/volume/drivers/remotefs.py:1816}}
Jun 17 17:44:25 devstack cinder-volume[92281]: DEBUG oslo.privsep.daemon [-] privsep: reply[7f3fb7ea-9abe-4d98-9f73-6e99898a1fa6]: (4, 'qcow2') {{(pid=93329) _call_back /opt/stack/data/venv/lib/python3.12/site-packages/oslo_privsep/daemon.py:580}}
Jun 17 17:44:25 devstack cinder-volume[92281]: DEBUG oslo_concurrency.processutils [None req-278cb761-8d17-4cde-9087-ac5fbd0858f4 tempest-GroupSnapshotsTest-1428567542 None] Running cmd (subprocess): /opt/stack/data/venv/bin/python3.12 -m oslo_concurrency.prlimit --as=1073741824 --cpu=60 -- sudo cinder-rootwrap /etc/cinder/rootwrap.conf env LC_ALL=C qemu-img info -f qcow2 --output=json --force-share /opt/stack/data/cinder/mnt/027e7e12f51284700a5f3a249a3cbc9f/volume-2bcd75a9-9e6e-429c-bbbc-2babd32bd231 {{(pid=92281) execute /opt/stack/data/venv/lib/python3.12/site-packages/oslo_concurrency/processutils.py:440}}
Jun 17 17:44:26 devstack sudo[95415]: quobyte : PWD=/ ; USER=root ; COMMAND=/opt/stack/data/venv/bin/cinder-rootwrap /etc/cinder/rootwrap.conf env LC_ALL=C qemu-img info -f qcow2 --output=json --force-share /opt/stack/data/cinder/mnt/027e7e12f51284700a5f3a249a3cbc9f/volume-2bcd75a9-9e6e-429c-bbbc-2babd32bd231
Jun 17 17:44:26 devstack sudo[95415]: pam_unix(sudo:session): session opened for user root(uid=0) by (uid=1000)
Jun 17 17:44:27 devstack sudo[95415]: pam_unix(sudo:session): session closed for user root
Jun 17 17:44:27 devstack cinder-volume[92281]: DEBUG oslo_concurrency.processutils [None req-278cb761-8d17-4cde-9087-ac5fbd0858f4 tempest-GroupSnapshotsTest-1428567542 None] CMD "/opt/stack/data/venv/bin/python3.12 -m oslo_concurrency.prlimit --as=1073741824 --cpu=60 -- sudo cinder-rootwrap /etc/cinder/rootwrap.conf env LC_ALL=C qemu-img info -f qcow2 --output=json --force-share /opt/stack/data/cinder/mnt/027e7e12f51284700a5f3a249a3cbc9f/volume-2bcd75a9-9e6e-429c-bbbc-2babd32bd231" returned: 0 in 1.108s {{(pid=92281) execute /opt/stack/data/venv/lib/python3.12/site-packages/oslo_concurrency/processutils.py:468}}
Jun 17 17:44:27 devstack cinder-volume[92281]: DEBUG oslo_concurrency.processutils [None req-278cb761-8d17-4cde-9087-ac5fbd0858f4 tempest-GroupSnapshotsTest-1428567542 None] Running cmd (subprocess): sudo cinder-rootwrap /etc/cinder/rootwrap.conf qemu-img create -f qcow2 -o backing_file=/opt/stack/data/cinder/mnt/027e7e12f51284700a5f3a249a3cbc9f/volume-2bcd75a9-9e6e-429c-bbbc-2babd32bd231,backing_fmt=qcow2 /opt/stack/data/cinder/mnt/027e7e12f51284700a5f3a249a3cbc9f/volume-2bcd75a9-9e6e-429c-bbbc-2babd32bd231.5afaaf33-6eeb-48d6-a920-3bde8030bc6f 1G {{(pid=92281) execute /opt/stack/data/venv/lib/python3.12/site-packages/oslo_concurrency/processutils.py:440}}
Jun 17 17:44:27 devstack sudo[95431]: quobyte : PWD=/ ; USER=root ; COMMAND=/opt/stack/data/venv/bin/cinder-rootwrap /etc/cinder/rootwrap.conf qemu-img create -f qcow2 -o backing_file=/opt/stack/data/cinder/mnt/027e7e12f51284700a5f3a249a3cbc9f/volume-2bcd75a9-9e6e-429c-bbbc-2babd32bd231,backing_fmt=qcow2 /opt/stack/data/cinder/mnt/027e7e12f51284700a5f3a249a3cbc9f/volume-2bcd75a9-9e6e-429c-bbbc-2babd32bd231.5afaaf33-6eeb-48d6-a920-3bde8030bc6f 1G
Jun 17 17:44:27 devstack sudo[95431]: pam_unix(sudo:session): session opened for user root(uid=0) by (uid=1000)
Jun 17 17:44:28 devstack sudo[95431]: pam_unix(sudo:session): session closed for user root
Jun 17 17:44:28 devstack cinder-volume[92281]: DEBUG oslo_concurrency.processutils [None req-278cb761-8d17-4cde-9087-ac5fbd0858f4 tempest-GroupSnapshotsTest-1428567542 None] CMD "sudo cinder-rootwrap /etc/cinder/rootwrap.conf qemu-img create -f qcow2 -o backing_file=/opt/stack/data/cinder/mnt/027e7e12f51284700a5f3a249a3cbc9f/volume-2bcd75a9-9e6e-429c-bbbc-2babd32bd231,backing_fmt=qcow2 /opt/stack/data/cinder/mnt/027e7e12f51284700a5f3a249a3cbc9f/volume-2bcd75a9-9e6e-429c-bbbc-2babd32bd231.5afaaf33-6eeb-48d6-a920-3bde8030bc6f 1G" returned: 0 in 1.824s {{(pid=92281) execute /opt/stack/data/venv/lib/python3.12/site-packages/oslo_concurrency/processutils.py:468}}
Jun 17 17:44:28 devstack cinder-volume[92281]: DEBUG oslo_concurrency.processutils [None req-278cb761-8d17-4cde-9087-ac5fbd0858f4 tempest-GroupSnapshotsTest-1428567542 None] Running cmd (subprocess): sudo cinder-rootwrap /etc/cinder/rootwrap.conf qemu-img rebase -u -b volume-2bcd75a9-9e6e-429c-bbbc-2babd32bd231 -F qcow2 /opt/stack/data/cinder/mnt/027e7e12f51284700a5f3a249a3cbc9f/volume-2bcd75a9-9e6e-429c-bbbc-2babd32bd231.5afaaf33-6eeb-48d6-a920-3bde8030bc6f {{(pid=92281) execute /opt/stack/data/venv/lib/python3.12/site-packages/oslo_concurrency/processutils.py:440}}
Jun 17 17:44:28 devstack sudo[95471]: quobyte : PWD=/ ; USER=root ; COMMAND=/opt/stack/data/venv/bin/cinder-rootwrap /etc/cinder/rootwrap.conf qemu-img rebase -u -b volume-2bcd75a9-9e6e-429c-bbbc-2babd32bd231 -F qcow2 /opt/stack/data/cinder/mnt/027e7e12f51284700a5f3a249a3cbc9f/volume-2bcd75a9-9e6e-429c-bbbc-2babd32bd231.5afaaf33-6eeb-48d6-a920-3bde8030bc6f
Jun 17 17:44:28 devstack sudo[95471]: pam_unix(sudo:session): session opened for user root(uid=0) by (uid=1000)
Jun 17 17:44:30 devstack sudo[95471]: pam_unix(sudo:session): session closed for user root
Jun 17 17:44:30 devstack cinder-volume[92281]: DEBUG oslo_concurrency.processutils [None req-278cb761-8d17-4cde-9087-ac5fbd0858f4 tempest-GroupSnapshotsTest-1428567542 None] CMD "sudo cinder-rootwrap /etc/cinder/rootwrap.conf qemu-img rebase -u -b volume-2bcd75a9-9e6e-429c-bbbc-2babd32bd231 -F qcow2 /opt/stack/data/cinder/mnt/027e7e12f51284700a5f3a249a3cbc9f/volume-2bcd75a9-9e6e-429c-bbbc-2babd32bd231.5afaaf33-6eeb-48d6-a920-3bde8030bc6f" returned: 0 in 1.846s {{(pid=92281) execute /opt/stack/data/venv/lib/python3.12/site-packages/oslo_concurrency/processutils.py:468}}
Jun 17 17:44:30 devstack cinder-volume[92281]: WARNING cinder.volume.drivers.remotefs [None req-278cb761-8d17-4cde-9087-ac5fbd0858f4 tempest-GroupSnapshotsTest-1428567542 None] /opt/stack/data/cinder/mnt/027e7e12f51284700a5f3a249a3cbc9f/volume-2bcd75a9-9e6e-429c-bbbc-2babd32bd231.5afaaf33-6eeb-48d6-a920-3bde8030bc6f is being set with open permissions: ugo+rw: NotImplementedError
Jun 17 17:44:30 devstack cinder-volume[92281]: DEBUG oslo_concurrency.processutils [None req-278cb761-8d17-4cde-9087-ac5fbd0858f4 tempest-GroupSnapshotsTest-1428567542 None] Running cmd (subprocess): sudo cinder-rootwrap /etc/cinder/rootwrap.conf chmod ugo+rw /opt/stack/data/cinder/mnt/027e7e12f51284700a5f3a249a3cbc9f/volume-2bcd75a9-9e6e-429c-bbbc-2babd32bd231.5afaaf33-6eeb-48d6-a920-3bde8030bc6f {{(pid=92281) execute /opt/stack/data/venv/lib/python3.12/site-packages/oslo_concurrency/processutils.py:440}}
Jun 17 17:44:30 devstack sudo[95517]: quobyte : PWD=/ ; USER=root ; COMMAND=/opt/stack/data/venv/bin/cinder-rootwrap /etc/cinder/rootwrap.conf chmod ugo+rw /opt/stack/data/cinder/mnt/027e7e12f51284700a5f3a249a3cbc9f/volume-2bcd75a9-9e6e-429c-bbbc-2babd32bd231.5afaaf33-6eeb-48d6-a920-3bde8030bc6f
Jun 17 17:44:30 devstack sudo[95517]: pam_unix(sudo:session): session opened for user root(uid=0) by (uid=1000)
Jun 17 17:44:32 devstack sudo[95517]: pam_unix(sudo:session): session closed for user root
Jun 17 17:44:32 devstack cinder-volume[92281]: DEBUG oslo_concurrency.processutils [None req-278cb761-8d17-4cde-9087-ac5fbd0858f4 tempest-GroupSnapshotsTest-1428567542 None] CMD "sudo cinder-rootwrap /etc/cinder/rootwrap.conf chmod ugo+rw /opt/stack/data/cinder/mnt/027e7e12f51284700a5f3a249a3cbc9f/volume-2bcd75a9-9e6e-429c-bbbc-2babd32bd231.5afaaf33-6eeb-48d6-a920-3bde8030bc6f" returned: 0 in 2.177s {{(pid=92281) execute /opt/stack/data/venv/lib/python3.12/site-packages/oslo_concurrency/processutils.py:468}}
Jun 17 17:44:32 devstack cinder-volume[92281]: DEBUG oslo_concurrency.processutils [None req-278cb761-8d17-4cde-9087-ac5fbd0858f4 tempest-GroupSnapshotsTest-1428567542 None] Running cmd (subprocess): sudo cinder-rootwrap /etc/cinder/rootwrap.conf truncate -s0 /opt/stack/data/cinder/mnt/027e7e12f51284700a5f3a249a3cbc9f/volume-2bcd75a9-9e6e-429c-bbbc-2babd32bd231.info {{(pid=92281) execute /opt/stack/data/venv/lib/python3.12/site-packages/oslo_concurrency/processutils.py:440}}
Jun 17 17:44:33 devstack sudo[95605]: quobyte : PWD=/ ; USER=root ; COMMAND=/opt/stack/data/venv/bin/cinder-rootwrap /etc/cinder/rootwrap.conf truncate -s0 /opt/stack/data/cinder/mnt/027e7e12f51284700a5f3a249a3cbc9f/volume-2bcd75a9-9e6e-429c-bbbc-2babd32bd231.info
Jun 17 17:44:33 devstack sudo[95605]: pam_unix(sudo:session): session opened for user root(uid=0) by (uid=1000)
Jun 17 17:44:34 devstack sudo[95605]: pam_unix(sudo:session): session closed for user root
Jun 17 17:44:34 devstack cinder-volume[92281]: DEBUG oslo_concurrency.processutils [None req-278cb761-8d17-4cde-9087-ac5fbd0858f4 tempest-GroupSnapshotsTest-1428567542 None] CMD "sudo cinder-rootwrap /etc/cinder/rootwrap.conf truncate -s0 /opt/stack/data/cinder/mnt/027e7e12f51284700a5f3a249a3cbc9f/volume-2bcd75a9-9e6e-429c-bbbc-2babd32bd231.info" returned: 0 in 1.094s {{(pid=92281) execute /opt/stack/data/venv/lib/python3.12/site-packages/oslo_concurrency/processutils.py:468}}
Jun 17 17:44:34 devstack cinder-volume[92281]: WARNING cinder.volume.drivers.remotefs [None req-278cb761-8d17-4cde-9087-ac5fbd0858f4 tempest-GroupSnapshotsTest-1428567542 None] /opt/stack/data/cinder/mnt/027e7e12f51284700a5f3a249a3cbc9f/volume-2bcd75a9-9e6e-429c-bbbc-2babd32bd231.info is being set with open permissions: ugo+rw: NotImplementedError
Jun 17 17:44:34 devstack cinder-volume[92281]: DEBUG oslo_concurrency.processutils [None req-278cb761-8d17-4cde-9087-ac5fbd0858f4 tempest-GroupSnapshotsTest-1428567542 None] Running cmd (subprocess): sudo cinder-rootwrap /etc/cinder/rootwrap.conf chmod ugo+rw /opt/stack/data/cinder/mnt/027e7e12f51284700a5f3a249a3cbc9f/volume-2bcd75a9-9e6e-429c-bbbc-2babd32bd231.info {{(pid=92281) execute /opt/stack/data/venv/lib/python3.12/site-packages/oslo_concurrency/processutils.py:440}}
Jun 17 17:44:34 devstack sudo[95609]: quobyte : PWD=/ ; USER=root ; COMMAND=/opt/stack/data/venv/bin/cinder-rootwrap /etc/cinder/rootwrap.conf chmod ugo+rw /opt/stack/data/cinder/mnt/027e7e12f51284700a5f3a249a3cbc9f/volume-2bcd75a9-9e6e-429c-bbbc-2babd32bd231.info
Jun 17 17:44:34 devstack sudo[95609]: pam_unix(sudo:session): session opened for user root(uid=0) by (uid=1000)
Jun 17 17:44:35 devstack sudo[95609]: pam_unix(sudo:session): session closed for user root
Jun 17 17:44:35 devstack cinder-volume[92281]: DEBUG oslo_concurrency.processutils [None req-278cb761-8d17-4cde-9087-ac5fbd0858f4 tempest-GroupSnapshotsTest-1428567542 None] CMD "sudo cinder-rootwrap /etc/cinder/rootwrap.conf chmod ugo+rw /opt/stack/data/cinder/mnt/027e7e12f51284700a5f3a249a3cbc9f/volume-2bcd75a9-9e6e-429c-bbbc-2babd32bd231.info" returned: 0 in 1.318s {{(pid=92281) execute /opt/stack/data/venv/lib/python3.12/site-packages/oslo_concurrency/processutils.py:468}}
Jun 17 17:44:35 devstack cinder-volume[92281]: DEBUG oslo_concurrency.lockutils [None req-278cb761-8d17-4cde-9087-ac5fbd0858f4 tempest-GroupSnapshotsTest-1428567542 None] Lock "quobyte" "released" by "cinder.volume.drivers.quobyte.QuobyteDriver.create_snapshot" :: held 9.550s {{(pid=92281) inner /opt/stack/data/venv/lib/python3.12/site-packages/oslo_concurrency/lockutils.py:543}}
Jun 17 17:44:35 devstack cinder-volume[92281]: INFO cinder.volume.manager [None req-278cb761-8d17-4cde-9087-ac5fbd0858f4 tempest-GroupSnapshotsTest-1428567542 None] group_snapshot 6b0451d9-d8d4-4238-bad0-ea1ac3695bfb: created successfully
Jun 17 17:44:36 devstack cinder-volume[92281]: INFO cinder.volume.manager [None req-2fa06070-17fb-4360-89e0-574917c0c64d tempest-GroupSnapshotsTest-1428567542 None] group_snapshot 6b0451d9-d8d4-4238-bad0-ea1ac3695bfb: deleting
Jun 17 17:44:36 devstack cinder-volume[92281]: DEBUG cinder.volume.manager [None req-2fa06070-17fb-4360-89e0-574917c0c64d tempest-GroupSnapshotsTest-1428567542 None] group_snapshot 6b0451d9-d8d4-4238-bad0-ea1ac3695bfb: deleting {{(pid=92281) delete_group_snapshot /opt/stack/cinder/cinder/volume/manager.py:4350}}
Jun 17 17:44:36 devstack cinder-volume[92281]: DEBUG cinder.coordination [None req-2fa06070-17fb-4360-89e0-574917c0c64d tempest-GroupSnapshotsTest-1428567542 None] Acquiring lock "cinder-quobyte-fb5da27d-86b9-41b6-a40f-b1778c02312a" by "delete_snapshot" {{(pid=92281) __acquire /opt/stack/cinder/cinder/coordination.py:138}}
Jun 17 17:44:36 devstack cinder-volume[92281]: DEBUG cinder.coordination [None req-2fa06070-17fb-4360-89e0-574917c0c64d tempest-GroupSnapshotsTest-1428567542 None] Lock "cinder-quobyte-fb5da27d-86b9-41b6-a40f-b1778c02312a" acquired by "delete_snapshot" :: waited 0.061s {{(pid=92281) __acquire /opt/stack/cinder/cinder/coordination.py:141}}
Jun 17 17:44:36 devstack cinder-volume[92281]: DEBUG cinder.coordination [None req-2fa06070-17fb-4360-89e0-574917c0c64d tempest-GroupSnapshotsTest-1428567542 None] Acquiring lock "cinder-quobyte-18c4e8bc-83c6-4c39-87b6-9d4be0418f2b" by "_delete_snapshot" {{(pid=92281) __acquire /opt/stack/cinder/cinder/coordination.py:138}}
Jun 17 17:44:36 devstack cinder-volume[92281]: DEBUG cinder.coordination [None req-2fa06070-17fb-4360-89e0-574917c0c64d tempest-GroupSnapshotsTest-1428567542 None] Lock "cinder-quobyte-18c4e8bc-83c6-4c39-87b6-9d4be0418f2b" acquired by "_delete_snapshot" :: waited 0.065s {{(pid=92281) __acquire /opt/stack/cinder/cinder/coordination.py:141}}
Jun 17 17:44:36 devstack cinder-volume[92281]: DEBUG cinder.volume.drivers.remotefs [None req-2fa06070-17fb-4360-89e0-574917c0c64d tempest-GroupSnapshotsTest-1428567542 None] Deleting offline snapshot 18c4e8bc-83c6-4c39-87b6-9d4be0418f2b of volume fb5da27d-86b9-41b6-a40f-b1778c02312a {{(pid=92281) _delete_snapshot /opt/stack/cinder/cinder/volume/drivers/remotefs.py:1288}}
Jun 17 17:44:36 devstack cinder-volume[92281]: DEBUG cinder.volume.drivers.remotefs [None req-2fa06070-17fb-4360-89e0-574917c0c64d tempest-GroupSnapshotsTest-1428567542 None] snapshot_file for this snap is: volume-fb5da27d-86b9-41b6-a40f-b1778c02312a.18c4e8bc-83c6-4c39-87b6-9d4be0418f2b {{(pid=92281) _delete_snapshot /opt/stack/cinder/cinder/volume/drivers/remotefs.py:1317}}
Jun 17 17:44:36 devstack cinder-volume[92281]: DEBUG oslo.privsep.daemon [-] privsep: reply[cdf59139-43c6-444a-81ad-b64de556b883]: (4, 'qcow2') {{(pid=93329) _call_back /opt/stack/data/venv/lib/python3.12/site-packages/oslo_privsep/daemon.py:580}}
Jun 17 17:44:36 devstack cinder-volume[92281]: DEBUG oslo_concurrency.processutils [None req-2fa06070-17fb-4360-89e0-574917c0c64d tempest-GroupSnapshotsTest-1428567542 None] Running cmd (subprocess): /opt/stack/data/venv/bin/python3.12 -m oslo_concurrency.prlimit --as=1073741824 --cpu=60 -- sudo cinder-rootwrap /etc/cinder/rootwrap.conf env LC_ALL=C qemu-img info -f qcow2 --output=json --force-share /opt/stack/data/cinder/mnt/027e7e12f51284700a5f3a249a3cbc9f/volume-fb5da27d-86b9-41b6-a40f-b1778c02312a.18c4e8bc-83c6-4c39-87b6-9d4be0418f2b {{(pid=92281) execute /opt/stack/data/venv/lib/python3.12/site-packages/oslo_concurrency/processutils.py:440}}
Jun 17 17:44:36 devstack sudo[95668]: quobyte : PWD=/ ; USER=root ; COMMAND=/opt/stack/data/venv/bin/cinder-rootwrap /etc/cinder/rootwrap.conf env LC_ALL=C qemu-img info -f qcow2 --output=json --force-share /opt/stack/data/cinder/mnt/027e7e12f51284700a5f3a249a3cbc9f/volume-fb5da27d-86b9-41b6-a40f-b1778c02312a.18c4e8bc-83c6-4c39-87b6-9d4be0418f2b
Jun 17 17:44:36 devstack sudo[95668]: pam_unix(sudo:session): session opened for user root(uid=0) by (uid=1000)
Jun 17 17:44:38 devstack sudo[95668]: pam_unix(sudo:session): session closed for user root
Jun 17 17:44:38 devstack cinder-volume[92281]: DEBUG oslo_concurrency.processutils [None req-2fa06070-17fb-4360-89e0-574917c0c64d tempest-GroupSnapshotsTest-1428567542 None] CMD "/opt/stack/data/venv/bin/python3.12 -m oslo_concurrency.prlimit --as=1073741824 --cpu=60 -- sudo cinder-rootwrap /etc/cinder/rootwrap.conf env LC_ALL=C qemu-img info -f qcow2 --output=json --force-share /opt/stack/data/cinder/mnt/027e7e12f51284700a5f3a249a3cbc9f/volume-fb5da27d-86b9-41b6-a40f-b1778c02312a.18c4e8bc-83c6-4c39-87b6-9d4be0418f2b" returned: 0 in 1.913s {{(pid=92281) execute /opt/stack/data/venv/lib/python3.12/site-packages/oslo_concurrency/processutils.py:468}}
Jun 17 17:44:38 devstack cinder-volume[92281]: DEBUG cinder.volume.drivers.remotefs [None req-2fa06070-17fb-4360-89e0-574917c0c64d tempest-GroupSnapshotsTest-1428567542 None] Fetching qemu-img info with special backing_file_template: (/opt/stack/data/cinder/mnt/[0-9a-f]+/)?(volume-fb5da27d-86b9-41b6-a40f-b1778c02312a(.(tmp-snap-)?[0-9a-f-]+)?|volume_from_snapshot_cache/(tmp-snap-)?[0-9a-f-]+(.(child-|parent-)[0-9a-f-]+)?)$ {{(pid=92281) _qemu_img_info_base /opt/stack/cinder/cinder/volume/drivers/remotefs.py:896}}
Jun 17 17:44:38 devstack cinder-volume[92281]: DEBUG oslo.privsep.daemon [-] privsep: reply[083ee3f5-4b0b-4cd6-ba7d-30fb2496790d]: (4, 'qcow2') {{(pid=93329) _call_back /opt/stack/data/venv/lib/python3.12/site-packages/oslo_privsep/daemon.py:580}}
Jun 17 17:44:38 devstack cinder-volume[92281]: DEBUG oslo_concurrency.processutils [None req-2fa06070-17fb-4360-89e0-574917c0c64d tempest-GroupSnapshotsTest-1428567542 None] Running cmd (subprocess): /opt/stack/data/venv/bin/python3.12 -m oslo_concurrency.prlimit --as=1073741824 --cpu=60 -- sudo cinder-rootwrap /etc/cinder/rootwrap.conf env LC_ALL=C qemu-img info -f qcow2 --output=json --force-share /opt/stack/data/cinder/mnt/027e7e12f51284700a5f3a249a3cbc9f/volume-fb5da27d-86b9-41b6-a40f-b1778c02312a {{(pid=92281) execute /opt/stack/data/venv/lib/python3.12/site-packages/oslo_concurrency/processutils.py:440}}
Jun 17 17:44:38 devstack sudo[95708]: quobyte : PWD=/ ; USER=root ; COMMAND=/opt/stack/data/venv/bin/cinder-rootwrap /etc/cinder/rootwrap.conf env LC_ALL=C qemu-img info -f qcow2 --output=json --force-share /opt/stack/data/cinder/mnt/027e7e12f51284700a5f3a249a3cbc9f/volume-fb5da27d-86b9-41b6-a40f-b1778c02312a
Jun 17 17:44:38 devstack sudo[95708]: pam_unix(sudo:session): session opened for user root(uid=0) by (uid=1000)
Jun 17 17:44:39 devstack sudo[95708]: pam_unix(sudo:session): session closed for user root
Jun 17 17:44:39 devstack cinder-volume[92281]: DEBUG oslo_concurrency.processutils [None req-2fa06070-17fb-4360-89e0-574917c0c64d tempest-GroupSnapshotsTest-1428567542 None] CMD "/opt/stack/data/venv/bin/python3.12 -m oslo_concurrency.prlimit --as=1073741824 --cpu=60 -- sudo cinder-rootwrap /etc/cinder/rootwrap.conf env LC_ALL=C qemu-img info -f qcow2 --output=json --force-share /opt/stack/data/cinder/mnt/027e7e12f51284700a5f3a249a3cbc9f/volume-fb5da27d-86b9-41b6-a40f-b1778c02312a" returned: 0 in 1.003s {{(pid=92281) execute /opt/stack/data/venv/lib/python3.12/site-packages/oslo_concurrency/processutils.py:468}}
Jun 17 17:44:39 devstack cinder-volume[92281]: DEBUG oslo_concurrency.processutils [None req-2fa06070-17fb-4360-89e0-574917c0c64d tempest-GroupSnapshotsTest-1428567542 None] Running cmd (subprocess): sudo cinder-rootwrap /etc/cinder/rootwrap.conf qemu-img commit -d /opt/stack/data/cinder/mnt/027e7e12f51284700a5f3a249a3cbc9f/volume-fb5da27d-86b9-41b6-a40f-b1778c02312a.18c4e8bc-83c6-4c39-87b6-9d4be0418f2b {{(pid=92281) execute /opt/stack/data/venv/lib/python3.12/site-packages/oslo_concurrency/processutils.py:440}}
Jun 17 17:44:39 devstack sudo[95721]: quobyte : PWD=/ ; USER=root ; COMMAND=/opt/stack/data/venv/bin/cinder-rootwrap /etc/cinder/rootwrap.conf qemu-img commit -d /opt/stack/data/cinder/mnt/027e7e12f51284700a5f3a249a3cbc9f/volume-fb5da27d-86b9-41b6-a40f-b1778c02312a.18c4e8bc-83c6-4c39-87b6-9d4be0418f2b
Jun 17 17:44:39 devstack sudo[95721]: pam_unix(sudo:session): session opened for user root(uid=0) by (uid=1000)
Jun 17 17:44:40 devstack sudo[95721]: pam_unix(sudo:session): session closed for user root
Jun 17 17:44:40 devstack cinder-volume[92281]: DEBUG oslo_concurrency.processutils [None req-2fa06070-17fb-4360-89e0-574917c0c64d tempest-GroupSnapshotsTest-1428567542 None] CMD "sudo cinder-rootwrap /etc/cinder/rootwrap.conf qemu-img commit -d /opt/stack/data/cinder/mnt/027e7e12f51284700a5f3a249a3cbc9f/volume-fb5da27d-86b9-41b6-a40f-b1778c02312a.18c4e8bc-83c6-4c39-87b6-9d4be0418f2b" returned: 0 in 0.851s {{(pid=92281) execute /opt/stack/data/venv/lib/python3.12/site-packages/oslo_concurrency/processutils.py:468}}
Jun 17 17:44:40 devstack cinder-volume[92281]: DEBUG oslo_concurrency.processutils [None req-2fa06070-17fb-4360-89e0-574917c0c64d tempest-GroupSnapshotsTest-1428567542 None] Running cmd (subprocess): sudo cinder-rootwrap /etc/cinder/rootwrap.conf rm -f /opt/stack/data/cinder/mnt/027e7e12f51284700a5f3a249a3cbc9f/volume-fb5da27d-86b9-41b6-a40f-b1778c02312a.18c4e8bc-83c6-4c39-87b6-9d4be0418f2b {{(pid=92281) execute /opt/stack/data/venv/lib/python3.12/site-packages/oslo_concurrency/processutils.py:440}}
Jun 17 17:44:40 devstack sudo[95726]: quobyte : PWD=/ ; USER=root ; COMMAND=/opt/stack/data/venv/bin/cinder-rootwrap /etc/cinder/rootwrap.conf rm -f /opt/stack/data/cinder/mnt/027e7e12f51284700a5f3a249a3cbc9f/volume-fb5da27d-86b9-41b6-a40f-b1778c02312a.18c4e8bc-83c6-4c39-87b6-9d4be0418f2b
Jun 17 17:44:40 devstack sudo[95726]: pam_unix(sudo:session): session opened for user root(uid=0) by (uid=1000)
Jun 17 17:44:41 devstack sudo[95726]: pam_unix(sudo:session): session closed for user root
Jun 17 17:44:41 devstack cinder-volume[92281]: DEBUG oslo_concurrency.processutils [None req-2fa06070-17fb-4360-89e0-574917c0c64d tempest-GroupSnapshotsTest-1428567542 None] CMD "sudo cinder-rootwrap /etc/cinder/rootwrap.conf rm -f /opt/stack/data/cinder/mnt/027e7e12f51284700a5f3a249a3cbc9f/volume-fb5da27d-86b9-41b6-a40f-b1778c02312a.18c4e8bc-83c6-4c39-87b6-9d4be0418f2b" returned: 0 in 1.009s {{(pid=92281) execute /opt/stack/data/venv/lib/python3.12/site-packages/oslo_concurrency/processutils.py:468}}
Jun 17 17:44:41 devstack cinder-volume[92281]: DEBUG cinder.coordination [None req-2fa06070-17fb-4360-89e0-574917c0c64d tempest-GroupSnapshotsTest-1428567542 None] Lock "cinder-quobyte-18c4e8bc-83c6-4c39-87b6-9d4be0418f2b" released by "_delete_snapshot" :: held 5.040s {{(pid=92281) __release /opt/stack/cinder/cinder/coordination.py:152}}
Jun 17 17:44:41 devstack cinder-volume[92281]: DEBUG cinder.coordination [None req-2fa06070-17fb-4360-89e0-574917c0c64d tempest-GroupSnapshotsTest-1428567542 None] Lock "cinder-quobyte-fb5da27d-86b9-41b6-a40f-b1778c02312a" released by "delete_snapshot" :: held 5.123s {{(pid=92281) __release /opt/stack/cinder/cinder/coordination.py:152}}
Jun 17 17:44:41 devstack cinder-volume[92281]: DEBUG cinder.coordination [None req-2fa06070-17fb-4360-89e0-574917c0c64d tempest-GroupSnapshotsTest-1428567542 None] Acquiring lock "cinder-quobyte-2bcd75a9-9e6e-429c-bbbc-2babd32bd231" by "delete_snapshot" {{(pid=92281) __acquire /opt/stack/cinder/cinder/coordination.py:138}}
