Aug 17 17:34:22 devstack devstack@g-api.service[83995]: DEBUG glance.common.config [None req-7462b6a1-5f65-45bc-891d-36a023152b27 None None] barbican_service_user.cafile = None {{(pid=83995) log_opt_values /opt/stack/data/venv/lib/python3.12/site-packages/oslo_config/cfg.py:3560}}
Aug 17 17:34:22 devstack devstack@g-api.service[83995]: DEBUG glance.common.config [None req-7462b6a1-5f65-45bc-891d-36a023152b27 None None] barbican_service_user.certfile = None {{(pid=83995) log_opt_values /opt/stack/data/venv/lib/python3.12/site-packages/oslo_config/cfg.py:3560}}
Aug 17 17:34:22 devstack devstack@g-api.service[83995]: DEBUG glance.common.config [None req-7462b6a1-5f65-45bc-891d-36a023152b27 None None] barbican_service_user.collect_timing = False {{(pid=83995) log_opt_values /opt/stack/data/venv/lib/python3.12/site-packages/oslo_config/cfg.py:3560}}
Aug 17 17:34:22 devstack devstack@g-api.service[83995]: DEBUG glance.common.config [None req-7462b6a1-5f65-45bc-891d-36a023152b27 None None] barbican_service_user.insecure = False {{(pid=83995) log_opt_values /opt/stack/data/venv/lib/python3.12/site-packages/oslo_config/cfg.py:3560}}
Aug 17 17:34:22 devstack devstack@g-api.service[83995]: DEBUG glance.common.config [None req-7462b6a1-5f65-45bc-891d-36a023152b27 None None] barbican_service_user.keyfile = None {{(pid=83995) log_opt_values /opt/stack/data/venv/lib/python3.12/site-packages/oslo_config/cfg.py:3560}}
Aug 17 17:34:22 devstack devstack@g-api.service[83995]: DEBUG glance.common.config [None req-7462b6a1-5f65-45bc-891d-36a023152b27 None None] barbican_service_user.split_loggers = False {{(pid=83995) log_opt_values /opt/stack/data/venv/lib/python3.12/site-packages/oslo_config/cfg.py:3560}}
Aug 17 17:34:22 devstack devstack@g-api.service[83995]: DEBUG glance.common.config [None req-7462b6a1-5f65-45bc-891d-36a023152b27 None None] barbican_service_user.timeout = None {{(pid=83995) log_opt_values /opt/stack/data/venv/lib/python3.12/site-packages/oslo_config/cfg.py:3560}}
Aug 17 17:34:22 devstack devstack@g-api.service[83995]: DEBUG glance.common.config [None req-7462b6a1-5f65-45bc-891d-36a023152b27 None None] database.asyncio_connection = **** {{(pid=83995) log_opt_values /opt/stack/data/venv/lib/python3.12/site-packages/oslo_config/cfg.py:3560}}
Aug 17 17:34:22 devstack devstack@g-api.service[83995]: DEBUG glance.common.config [None req-7462b6a1-5f65-45bc-891d-36a023152b27 None None] database.asyncio_slave_connection = **** {{(pid=83995) log_opt_values /opt/stack/data/venv/lib/python3.12/site-packages/oslo_config/cfg.py:3560}}
Aug 17 17:34:22 devstack devstack@g-api.service[83995]: DEBUG glance.common.config [None req-7462b6a1-5f65-45bc-891d-36a023152b27 None None] database.backend = sqlalchemy {{(pid=83995) log_opt_values /opt/stack/data/venv/lib/python3.12/site-packages/oslo_config/cfg.py:3560}}
Aug 17 17:34:22 devstack devstack@g-api.service[83995]: DEBUG glance.common.config [None req-7462b6a1-5f65-45bc-891d-36a023152b27 None None] database.connection = **** {{(pid=83995) log_opt_values /opt/stack/data/venv/lib/python3.12/site-packages/oslo_config/cfg.py:3560}}
Aug 17 17:34:22 devstack devstack@g-api.service[83995]: DEBUG glance.common.config [None req-7462b6a1-5f65-45bc-891d-36a023152b27 None None] database.connection_debug = 0 {{(pid=83995) log_opt_values /opt/stack/data/venv/lib/python3.12/site-packages/oslo_config/cfg.py:3560}}
Aug 17 17:34:22 devstack devstack@g-api.service[83995]: DEBUG glance.common.config [None req-7462b6a1-5f65-45bc-891d-36a023152b27 None None] database.connection_parameters = {{(pid=83995) log_opt_values /opt/stack/data/venv/lib/python3.12/site-packages/oslo_config/cfg.py:3560}}
Aug 17 17:34:22 devstack devstack@g-api.service[83995]: DEBUG glance.common.config [None req-7462b6a1-5f65-45bc-891d-36a023152b27 None None] database.connection_recycle_time = 3600 {{(pid=83995) log_opt_values /opt/stack/data/venv/lib/python3.12/site-packages/oslo_config/cfg.py:3560}}
Aug 17 17:34:22 devstack devstack@g-api.service[83995]: DEBUG glance.common.config [None req-7462b6a1-5f65-45bc-891d-36a023152b27 None None] database.connection_trace = False {{(pid=83995) log_opt_values /opt/stack/data/venv/lib/python3.12/site-packages/oslo_config/cfg.py:3560}}
Aug 17 17:34:22 devstack devstack@g-api.service[83995]: DEBUG glance.common.config [None req-7462b6a1-5f65-45bc-891d-36a023152b27 None None] database.db_inc_retry_interval = True {{(pid=83995) log_opt_values /opt/stack/data/venv/lib/python3.12/site-packages/oslo_config/cfg.py:3560}}
Aug 17 17:34:22 devstack devstack@g-api.service[83995]: DEBUG glance.common.config [None req-7462b6a1-5f65-45bc-891d-36a023152b27 None None] database.db_max_retries = 20 {{(pid=83995) log_opt_values /opt/stack/data/venv/lib/python3.12/site-packages/oslo_config/cfg.py:3560}}
Aug 17 17:34:22 devstack devstack@g-api.service[83995]: DEBUG glance.common.config [None req-7462b6a1-5f65-45bc-891d-36a023152b27 None None] database.db_max_retry_interval = 10 {{(pid=83995) log_opt_values /opt/stack/data/venv/lib/python3.12/site-packages/oslo_config/cfg.py:3560}}
Aug 17 17:34:22 devstack devstack@g-api.service[83995]: DEBUG glance.common.config [None req-7462b6a1-5f65-45bc-891d-36a023152b27 None None] database.db_retry_interval = 1 {{(pid=83995) log_opt_values /opt/stack/data/venv/lib/python3.12/site-packages/oslo_config/cfg.py:3560}}
Aug 17 17:34:22 devstack devstack@g-api.service[83995]: DEBUG glance.common.config [None req-7462b6a1-5f65-45bc-891d-36a023152b27 None None] database.max_overflow = 50 {{(pid=83995) log_opt_values /opt/stack/data/venv/lib/python3.12/site-packages/oslo_config/cfg.py:3560}}
Aug 17 17:34:22 devstack devstack@g-api.service[83995]: DEBUG glance.common.config [None req-7462b6a1-5f65-45bc-891d-36a023152b27 None None] database.max_pool_size = 5 {{(pid=83995) log_opt_values /opt/stack/data/venv/lib/python3.12/site-packages/oslo_config/cfg.py:3560}}
Aug 17 17:34:22 devstack devstack@g-api.service[83995]: DEBUG glance.common.config [None req-7462b6a1-5f65-45bc-891d-36a023152b27 None None] database.max_retries = 10 {{(pid=83995) log_opt_values /opt/stack/data/venv/lib/python3.12/site-packages/oslo_config/cfg.py:3560}}
Aug 17 17:34:22 devstack devstack@g-api.service[83995]: DEBUG glance.common.config [None req-7462b6a1-5f65-45bc-891d-36a023152b27 None None] database.mysql_sql_mode = TRADITIONAL {{(pid=83995) log_opt_values /opt/stack/data/venv/lib/python3.12/site-packages/oslo_config/cfg.py:3560}}
Aug 17 17:34:22 devstack devstack@g-api.service[83995]: DEBUG glance.common.config [None req-7462b6a1-5f65-45bc-891d-36a023152b27 None None] database.mysql_wsrep_sync_wait = None {{(pid=83995) log_opt_values /opt/stack/data/venv/lib/python3.12/site-packages/oslo_config/cfg.py:3560}}
Aug 17 17:34:22 devstack devstack@g-api.service[83995]: DEBUG glance.common.config [None req-7462b6a1-5f65-45bc-891d-36a023152b27 None None] database.pool_timeout = None {{(pid=83995) log_opt_values /opt/stack/data/venv/lib/python3.12/site-packages/oslo_config/cfg.py:3560}}
Aug 17 17:34:22 devstack devstack@g-api.service[83995]: DEBUG glance.common.config [None req-7462b6a1-5f65-45bc-891d-36a023152b27 None None] database.retry_interval = 10 {{(pid=83995) log_opt_values /opt/stack/data/venv/lib/python3.12/site-packages/oslo_config/cfg.py:3560}}
Aug 17 17:34:22 devstack devstack@g-api.service[83995]: DEBUG glance.common.config [None req-7462b6a1-5f65-45bc-891d-36a023152b27 None None] database.slave_connection = **** {{(pid=83995) log_opt_values /opt/stack/data/venv/lib/python3.12/site-packages/oslo_config/cfg.py:3560}}
Aug 17 17:34:22 devstack devstack@g-api.service[83995]: DEBUG glance.common.config [None req-7462b6a1-5f65-45bc-891d-36a023152b27 None None] database.sqlite_synchronous = True {{(pid=83995) log_opt_values /opt/stack/data/venv/lib/python3.12/site-packages/oslo_config/cfg.py:3560}}
Aug 17 17:34:22 devstack devstack@g-api.service[83995]: DEBUG glance.common.config [None req-7462b6a1-5f65-45bc-891d-36a023152b27 None None] database.synchronous_reader = True {{(pid=83995) log_opt_values /opt/stack/data/venv/lib/python3.12/site-packages/oslo_config/cfg.py:3560}}
Aug 17 17:34:22 devstack devstack@g-api.service[83995]: DEBUG glance.common.config [None req-7462b6a1-5f65-45bc-891d-36a023152b27 None None] database.use_db_reconnect = False {{(pid=83995) log_opt_values /opt/stack/data/venv/lib/python3.12/site-packages/oslo_config/cfg.py:3560}}
Aug 17 17:34:22 devstack devstack@g-api.service[83995]: DEBUG glance.common.config [None req-7462b6a1-5f65-45bc-891d-36a023152b27 None None] healthcheck.allowed_source_ranges = [] {{(pid=83995) log_opt_values /opt/stack/data/venv/lib/python3.12/site-packages/oslo_config/cfg.py:3560}}
Aug 17 17:34:22 devstack devstack@g-api.service[83995]: DEBUG glance.common.config [None req-7462b6a1-5f65-45bc-891d-36a023152b27 None None] healthcheck.backends = ['disable_by_file'] {{(pid=83995) log_opt_values /opt/stack/data/venv/lib/python3.12/site-packages/oslo_config/cfg.py:3560}}
Aug 17 17:34:22 devstack devstack@g-api.service[83995]: DEBUG glance.common.config [None req-7462b6a1-5f65-45bc-891d-36a023152b27 None None] healthcheck.detailed = False {{(pid=83995) log_opt_values /opt/stack/data/venv/lib/python3.12/site-packages/oslo_config/cfg.py:3560}}
Aug 17 17:34:22 devstack devstack@g-api.service[83995]: DEBUG glance.common.config [None req-7462b6a1-5f65-45bc-891d-36a023152b27 None None] healthcheck.disable_by_file_path = None {{(pid=83995) log_opt_values /opt/stack/data/venv/lib/python3.12/site-packages/oslo_config/cfg.py:3560}}
Aug 17 17:34:22 devstack devstack@g-api.service[83995]: DEBUG glance.common.config [None req-7462b6a1-5f65-45bc-891d-36a023152b27 None None] healthcheck.ignore_proxied_requests = False {{(pid=83995) log_opt_values /opt/stack/data/venv/lib/python3.12/site-packages/oslo_config/cfg.py:3560}}
Aug 17 17:34:22 devstack devstack@g-api.service[83995]: DEBUG glance.common.config [None req-7462b6a1-5f65-45bc-891d-36a023152b27 None None] ******************************************************************************** {{(pid=83995) log_opt_values /opt/stack/data/venv/lib/python3.12/site-packages/oslo_config/cfg.py:3567}}
Aug 17 17:34:22 devstack devstack@g-api.service[83995]: WSGI app 0 (mountpoint='') ready in 6 seconds on interpreter 0x72863a6a4668 pid: 83995 (default app)
Aug 17 17:34:26 devstack devstack@g-api.service[83996]: DEBUG glance.api.middleware.version_negotiation [None req-58a77401-478f-489f-8bc3-99b38e46a17b None None] Determining version of request: GET / Accept: application/json {{(pid=83996) process_request /opt/stack/glance/glance/api/middleware/version_negotiation.py:44}}
Aug 17 17:34:26 devstack devstack@g-api.service[83996]: DEBUG glance.api.middleware.version_negotiation [None req-58a77401-478f-489f-8bc3-99b38e46a17b None None] Using url versioning {{(pid=83996) process_request /opt/stack/glance/glance/api/middleware/version_negotiation.py:57}}
Aug 17 17:34:26 devstack devstack@g-api.service[83996]: DEBUG glance.api.middleware.version_negotiation [None req-58a77401-478f-489f-8bc3-99b38e46a17b None None] Unknown version. Returning version choices. {{(pid=83996) process_request /opt/stack/glance/glance/api/middleware/version_negotiation.py:64}}
Aug 17 17:34:26 devstack devstack@g-api.service[83996]: [pid: 83996|app: 0|req: 2/2] 127.0.0.1 () {34 vars in 519 bytes} [Mon Aug 17 17:34:26 2026] GET / => generated 1571 bytes in 2 msecs (HTTP/1.1 300) 3 headers in 106 bytes (1 switches on core 0)
Aug 17 17:34:26 devstack devstack@g-api.service[83995]: DEBUG glance.api.middleware.version_negotiation [None req-7462b6a1-5f65-45bc-891d-36a023152b27 None None] Determining version of request: POST /v2/images Accept: */* {{(pid=83995) process_request /opt/stack/glance/glance/api/middleware/version_negotiation.py:44}}
Aug 17 17:34:26 devstack devstack@g-api.service[83995]: DEBUG glance.api.middleware.version_negotiation [None req-7462b6a1-5f65-45bc-891d-36a023152b27 None None] Using url versioning {{(pid=83995) process_request /opt/stack/glance/glance/api/middleware/version_negotiation.py:57}}
Aug 17 17:34:26 devstack devstack@g-api.service[83995]: DEBUG glance.api.middleware.version_negotiation [None req-7462b6a1-5f65-45bc-891d-36a023152b27 None None] Matched version: v2 {{(pid=83995) process_request /opt/stack/glance/glance/api/middleware/version_negotiation.py:69}}
Aug 17 17:34:26 devstack devstack@g-api.service[83995]: DEBUG glance.api.middleware.version_negotiation [None req-7462b6a1-5f65-45bc-891d-36a023152b27 None None] new path /v2/images {{(pid=83995) process_request /opt/stack/glance/glance/api/middleware/version_negotiation.py:70}}
Aug 17 17:34:27 devstack devstack@g-api.service[83995]: [pid: 83995|app: 0|req: 1/3] 127.0.0.1 () {40 vars in 782 bytes} [Mon Aug 17 17:34:26 2026] POST /v2/images => generated 807 bytes in 1200 msecs (HTTP/1.1 201) 6 headers in 314 bytes (1 switches on core 0)
Aug 17 17:34:27 devstack devstack@g-api.service[83996]: DEBUG glance.api.middleware.version_negotiation [None req-58a77401-478f-489f-8bc3-99b38e46a17b None None] Determining version of request: PUT /v2/images/346c7f84-df3e-48a6-b4df-67afc8831190/file Accept: {{(pid=83996) process_request /opt/stack/glance/glance/api/middleware/version_negotiation.py:44}}
Aug 17 17:34:27 devstack devstack@g-api.service[83996]: DEBUG glance.api.middleware.version_negotiation [None req-58a77401-478f-489f-8bc3-99b38e46a17b None None] Using url versioning {{(pid=83996) process_request /opt/stack/glance/glance/api/middleware/version_negotiation.py:57}}
Aug 17 17:34:27 devstack devstack@g-api.service[83996]: DEBUG glance.api.middleware.version_negotiation [None req-58a77401-478f-489f-8bc3-99b38e46a17b None None] Matched version: v2 {{(pid=83996) process_request /opt/stack/glance/glance/api/middleware/version_negotiation.py:69}}
Aug 17 17:34:27 devstack devstack@g-api.service[83996]: DEBUG glance.api.middleware.version_negotiation [None req-58a77401-478f-489f-8bc3-99b38e46a17b None None] new path /v2/images/346c7f84-df3e-48a6-b4df-67afc8831190/file {{(pid=83996) process_request /opt/stack/glance/glance/api/middleware/version_negotiation.py:70}}
Aug 17 17:34:28 devstack devstack@g-api.service[83996]: INFO glance.api.v2.image_data [None req-55d7e35a-5784-4cec-bd5a-fba91f872a55 admin admin] Unable to create trust: no such option collect_timing in group [keystone_authtoken] Use the existing user token.
Aug 17 17:34:28 devstack devstack@g-api.service[83996]: DEBUG glance.location [None req-55d7e35a-5784-4cec-bd5a-fba91f872a55 admin admin] Enabling in-flight format inspection for qcow2 {{(pid=83996) set_data /opt/stack/glance/glance/location.py:596}}
Aug 17 17:34:28 devstack devstack@g-api.service[83996]: DEBUG oslo_utils.imageutils.format_inspector [None req-55d7e35a-5784-4cec-bd5a-fba91f872a55 admin admin] Format inspector for vmdk does not match, excluding from consideration (Signature KDMV not found: b'QFI\xfb') {{(pid=83996) _process_chunk /opt/stack/data/venv/lib/python3.12/site-packages/oslo_utils/imageutils/format_inspector.py:1758}}
Aug 17 17:34:28 devstack devstack@g-api.service[83996]: DEBUG oslo_utils.imageutils.format_inspector [None req-55d7e35a-5784-4cec-bd5a-fba91f872a55 admin admin] Format inspector for vhdx does not match, excluding from consideration (Region signature not found at 30000) {{(pid=83996) _process_chunk /opt/stack/data/venv/lib/python3.12/site-packages/oslo_utils/imageutils/format_inspector.py:1758}}
Aug 17 17:34:28 devstack devstack@g-api.service[83996]: DEBUG glance_store._drivers.filesystem [None req-55d7e35a-5784-4cec-bd5a-fba91f872a55 admin admin] Wrote 21692416 bytes to /opt/stack/data/glance/images/346c7f84-df3e-48a6-b4df-67afc8831190 with checksum 87617e24a5e30cb3b87fda8c0764838f and multihash 9a9bce0083a00939ec17c11febbfc767aa211aaa54f51e75c5a8b271a9b5637c77205a518b7a2007cb391d23cceb01e0e4e8d64832317151bc85b734b92a7be0 {{(pid=83996) add /opt/stack/data/venv/lib/python3.12/site-packages/glance_store/_drivers/filesystem.py:899}}
Aug 17 17:34:28 devstack devstack@g-api.service[83996]: INFO glance.location [None req-55d7e35a-5784-4cec-bd5a-fba91f872a55 admin admin] Image format matched and virtual size computed: 117440512
Aug 17 17:34:29 devstack devstack@g-api.service[83996]: DEBUG glance_store.backend [None req-55d7e35a-5784-4cec-bd5a-fba91f872a55 admin admin] Skipping store.set_acls... not implemented. {{(pid=83996) set_acls /opt/stack/data/venv/lib/python3.12/site-packages/glance_store/backend.py:507}}
Aug 17 17:34:29 devstack devstack@g-api.service[83996]: [pid: 83996|app: 0|req: 3/4] 127.0.0.1 () {42 vars in 914 bytes} [Mon Aug 17 17:34:27 2026] PUT /v2/images/346c7f84-df3e-48a6-b4df-67afc8831190/file => generated 0 bytes in 1748 msecs (HTTP/1.1 204) 4 headers in 171 bytes (1 switches on core 0)
Aug 17 17:34:29 devstack devstack@g-api.service[83995]: DEBUG glance.api.middleware.version_negotiation [None req-12b74ea6-38e4-460a-b6eb-0147f05c8bc4 admin admin] Determining version of request: GET /v2/images/346c7f84-df3e-48a6-b4df-67afc8831190 Accept: */* {{(pid=83995) process_request /opt/stack/glance/glance/api/middleware/version_negotiation.py:44}}
Aug 17 17:34:29 devstack devstack@g-api.service[83995]: DEBUG glance.api.middleware.version_negotiation [None req-12b74ea6-38e4-460a-b6eb-0147f05c8bc4 admin admin] Using url versioning {{(pid=83995) process_request /opt/stack/glance/glance/api/middleware/version_negotiation.py:57}}
Aug 17 17:34:29 devstack devstack@g-api.service[83995]: DEBUG glance.api.middleware.version_negotiation [None req-12b74ea6-38e4-460a-b6eb-0147f05c8bc4 admin admin] Matched version: v2 {{(pid=83995) process_request /opt/stack/glance/glance/api/middleware/version_negotiation.py:69}}
Aug 17 17:34:29 devstack devstack@g-api.service[83995]: DEBUG glance.api.middleware.version_negotiation [None req-12b74ea6-38e4-460a-b6eb-0147f05c8bc4 admin admin] new path /v2/images/346c7f84-df3e-48a6-b4df-67afc8831190 {{(pid=83995) process_request /opt/stack/glance/glance/api/middleware/version_negotiation.py:70}}
Aug 17 17:34:29 devstack devstack@g-api.service[83995]: [pid: 83995|app: 0|req: 2/5] 127.0.0.1 () {36 vars in 802 bytes} [Mon Aug 17 17:34:29 2026] GET /v2/images/346c7f84-df3e-48a6-b4df-67afc8831190 => generated 976 bytes in 26 msecs (HTTP/1.1 200) 4 headers in 157 bytes (1 switches on core 0)
Aug 17 17:34:39 devstack devstack@g-api.service[83996]: DEBUG dbcounter [-] [83996] Writing DB stats glance:INSERT=5,glance:SELECT=16,glance:UPDATE=2 {{(pid=83996) stat_writer /opt/stack/data/venv/lib/python3.12/site-packages/dbcounter.py:115}}
Aug 17 17:34:39 devstack devstack@g-api.service[83995]: DEBUG dbcounter [-] [83995] Writing DB stats glance:INSERT=9,glance:SELECT=6 {{(pid=83995) stat_writer /opt/stack/data/venv/lib/python3.12/site-packages/dbcounter.py:115}}
Aug 17 17:35:12 devstack devstack@g-api.service[83996]: DEBUG glance.api.middleware.version_negotiation [None req-55d7e35a-5784-4cec-bd5a-fba91f872a55 admin admin] Determining version of request: GET / Accept: application/json {{(pid=83996) process_request /opt/stack/glance/glance/api/middleware/version_negotiation.py:44}}
Aug 17 17:35:12 devstack devstack@g-api.service[83996]: DEBUG glance.api.middleware.version_negotiation [None req-55d7e35a-5784-4cec-bd5a-fba91f872a55 admin admin] Using url versioning {{(pid=83996) process_request /opt/stack/glance/glance/api/middleware/version_negotiation.py:57}}
Aug 17 17:35:12 devstack devstack@g-api.service[83996]: DEBUG glance.api.middleware.version_negotiation [None req-55d7e35a-5784-4cec-bd5a-fba91f872a55 admin admin] Unknown version. Returning version choices. {{(pid=83996) process_request /opt/stack/glance/glance/api/middleware/version_negotiation.py:64}}
Aug 17 17:35:12 devstack devstack@g-api.service[83996]: [pid: 83996|app: 0|req: 4/6] 127.0.0.1 () {34 vars in 519 bytes} [Mon Aug 17 17:35:12 2026] GET / => generated 1571 bytes in 3 msecs (HTTP/1.1 300) 3 headers in 106 bytes (1 switches on core 0)
Aug 17 17:35:12 devstack devstack@g-api.service[83995]: DEBUG glance.api.middleware.version_negotiation [None req-3d754cef-2f83-4bd3-a32d-246d0f43c517 admin admin] Determining version of request: GET /v2/images Accept: application/json {{(pid=83995) process_request /opt/stack/glance/glance/api/middleware/version_negotiation.py:44}}
Aug 17 17:35:12 devstack devstack@g-api.service[83995]: DEBUG glance.api.middleware.version_negotiation [None req-3d754cef-2f83-4bd3-a32d-246d0f43c517 admin admin] Using url versioning {{(pid=83995) process_request /opt/stack/glance/glance/api/middleware/version_negotiation.py:57}}
Aug 17 17:35:12 devstack devstack@g-api.service[83995]: DEBUG glance.api.middleware.version_negotiation [None req-3d754cef-2f83-4bd3-a32d-246d0f43c517 admin admin] Matched version: v2 {{(pid=83995) process_request /opt/stack/glance/glance/api/middleware/version_negotiation.py:69}}
Aug 17 17:35:12 devstack devstack@g-api.service[83995]: DEBUG glance.api.middleware.version_negotiation [None req-3d754cef-2f83-4bd3-a32d-246d0f43c517 admin admin] new path /v2/images {{(pid=83995) process_request /opt/stack/glance/glance/api/middleware/version_negotiation.py:70}}
Aug 17 17:35:12 devstack devstack@g-api.service[83995]: [pid: 83995|app: 0|req: 3/7] 127.0.0.1 () {36 vars in 741 bytes} [Mon Aug 17 17:35:12 2026] GET /v2/images => generated 1045 bytes in 87 msecs (HTTP/1.1 200) 4 headers in 158 bytes (1 switches on core 0)
Aug 17 17:35:22 devstack devstack@g-api.service[83996]: DEBUG glance.api.middleware.version_negotiation [None req-55d7e35a-5784-4cec-bd5a-fba91f872a55 admin admin] Determining version of request: GET / Accept: application/json {{(pid=83996) process_request /opt/stack/glance/glance/api/middleware/version_negotiation.py:44}}
Aug 17 17:35:22 devstack devstack@g-api.service[83996]: DEBUG glance.api.middleware.version_negotiation [None req-55d7e35a-5784-4cec-bd5a-fba91f872a55 admin admin] Using url versioning {{(pid=83996) process_request /opt/stack/glance/glance/api/middleware/version_negotiation.py:57}}
Aug 17 17:35:22 devstack devstack@g-api.service[83996]: DEBUG glance.api.middleware.version_negotiation [None req-55d7e35a-5784-4cec-bd5a-fba91f872a55 admin admin] Unknown version. Returning version choices. {{(pid=83996) process_request /opt/stack/glance/glance/api/middleware/version_negotiation.py:64}}
Aug 17 17:35:22 devstack devstack@g-api.service[83996]: [pid: 83996|app: 0|req: 5/8] 127.0.0.1 () {34 vars in 519 bytes} [Mon Aug 17 17:35:22 2026] GET / => generated 1571 bytes in 2 msecs (HTTP/1.1 300) 3 headers in 106 bytes (1 switches on core 0)
Aug 17 17:35:22 devstack devstack@g-api.service[83995]: DEBUG glance.api.middleware.version_negotiation [None req-47586082-b9d3-452d-932d-8bbba78821a6 admin admin] Determining version of request: GET /v2/images/346c7f84-df3e-48a6-b4df-67afc8831190 Accept: */* {{(pid=83995) process_request /opt/stack/glance/glance/api/middleware/version_negotiation.py:44}}
Aug 17 17:35:22 devstack devstack@g-api.service[83995]: DEBUG glance.api.middleware.version_negotiation [None req-47586082-b9d3-452d-932d-8bbba78821a6 admin admin] Using url versioning {{(pid=83995) process_request /opt/stack/glance/glance/api/middleware/version_negotiation.py:57}}
Aug 17 17:35:22 devstack devstack@g-api.service[83995]: DEBUG glance.api.middleware.version_negotiation [None req-47586082-b9d3-452d-932d-8bbba78821a6 admin admin] Matched version: v2 {{(pid=83995) process_request /opt/stack/glance/glance/api/middleware/version_negotiation.py:69}}
Aug 17 17:35:22 devstack devstack@g-api.service[83995]: DEBUG glance.api.middleware.version_negotiation [None req-47586082-b9d3-452d-932d-8bbba78821a6 admin admin] new path /v2/images/346c7f84-df3e-48a6-b4df-67afc8831190 {{(pid=83995) process_request /opt/stack/glance/glance/api/middleware/version_negotiation.py:70}}
Aug 17 17:35:22 devstack devstack@g-api.service[83995]: [pid: 83995|app: 0|req: 4/9] 127.0.0.1 () {36 vars in 802 bytes} [Mon Aug 17 17:35:22 2026] GET /v2/images/346c7f84-df3e-48a6-b4df-67afc8831190 => generated 976 bytes in 70 msecs (HTTP/1.1 200) 4 headers in 157 bytes (1 switches on core 0)
Aug 17 17:35:28 devstack devstack@g-api.service[83996]: DEBUG glance.api.middleware.version_negotiation [None req-55d7e35a-5784-4cec-bd5a-fba91f872a55 admin admin] Determining version of request: GET / Accept: application/json {{(pid=83996) process_request /opt/stack/glance/glance/api/middleware/version_negotiation.py:44}}
Aug 17 17:35:28 devstack devstack@g-api.service[83996]: DEBUG glance.api.middleware.version_negotiation [None req-55d7e35a-5784-4cec-bd5a-fba91f872a55 admin admin] Using url versioning {{(pid=83996) process_request /opt/stack/glance/glance/api/middleware/version_negotiation.py:57}}
Aug 17 17:35:28 devstack devstack@g-api.service[83996]: DEBUG glance.api.middleware.version_negotiation [None req-55d7e35a-5784-4cec-bd5a-fba91f872a55 admin admin] Unknown version. Returning version choices. {{(pid=83996) process_request /opt/stack/glance/glance/api/middleware/version_negotiation.py:64}}
Aug 17 17:35:28 devstack devstack@g-api.service[83996]: [pid: 83996|app: 0|req: 6/10] 127.0.0.1 () {34 vars in 519 bytes} [Mon Aug 17 17:35:28 2026] GET / => generated 1571 bytes in 2 msecs (HTTP/1.1 300) 3 headers in 106 bytes (1 switches on core 0)
Aug 17 17:35:28 devstack devstack@g-api.service[83995]: DEBUG glance.api.middleware.version_negotiation [None req-4a08adcc-04a3-4239-8643-7cf33770580f admin admin] Determining version of request: GET /v2/images/346c7f84-df3e-48a6-b4df-67afc8831190 Accept: */* {{(pid=83995) process_request /opt/stack/glance/glance/api/middleware/version_negotiation.py:44}}
Aug 17 17:35:28 devstack devstack@g-api.service[83995]: DEBUG glance.api.middleware.version_negotiation [None req-4a08adcc-04a3-4239-8643-7cf33770580f admin admin] Using url versioning {{(pid=83995) process_request /opt/stack/glance/glance/api/middleware/version_negotiation.py:57}}
Aug 17 17:35:28 devstack devstack@g-api.service[83995]: DEBUG glance.api.middleware.version_negotiation [None req-4a08adcc-04a3-4239-8643-7cf33770580f admin admin] Matched version: v2 {{(pid=83995) process_request /opt/stack/glance/glance/api/middleware/version_negotiation.py:69}}
Aug 17 17:35:28 devstack devstack@g-api.service[83995]: DEBUG glance.api.middleware.version_negotiation [None req-4a08adcc-04a3-4239-8643-7cf33770580f admin admin] new path /v2/images/346c7f84-df3e-48a6-b4df-67afc8831190 {{(pid=83995) process_request /opt/stack/glance/glance/api/middleware/version_negotiation.py:70}}
Aug 17 17:35:28 devstack devstack@g-api.service[83995]: [pid: 83995|app: 0|req: 5/11] 127.0.0.1 () {36 vars in 802 bytes} [Mon Aug 17 17:35:28 2026] GET /v2/images/346c7f84-df3e-48a6-b4df-67afc8831190 => generated 976 bytes in 67 msecs (HTTP/1.1 200) 4 headers in 157 bytes (1 switches on core 0)
Aug 17 17:35:38 devstack devstack@g-api.service[83995]: DEBUG dbcounter [-] [83995] Writing DB stats glance:SELECT=5 {{(pid=83995) stat_writer /opt/stack/data/venv/lib/python3.12/site-packages/dbcounter.py:115}}
Aug 17 17:36:43 devstack devstack@g-api.service[83996]: DEBUG glance.api.middleware.version_negotiation [None req-55d7e35a-5784-4cec-bd5a-fba91f872a55 admin admin] Determining version of request: GET / Accept: application/json {{(pid=83996) process_request /opt/stack/glance/glance/api/middleware/version_negotiation.py:44}}
Aug 17 17:36:43 devstack devstack@g-api.service[83996]: DEBUG glance.api.middleware.version_negotiation [None req-55d7e35a-5784-4cec-bd5a-fba91f872a55 admin admin] Using url versioning {{(pid=83996) process_request /opt/stack/glance/glance/api/middleware/version_negotiation.py:57}}
Aug 17 17:36:43 devstack devstack@g-api.service[83996]: DEBUG glance.api.middleware.version_negotiation [None req-55d7e35a-5784-4cec-bd5a-fba91f872a55 admin admin] Unknown version. Returning version choices. {{(pid=83996) process_request /opt/stack/glance/glance/api/middleware/version_negotiation.py:64}}
Aug 17 17:36:43 devstack devstack@g-api.service[83996]: [pid: 83996|app: 0|req: 7/12] 127.0.0.1 () {36 vars in 488 bytes} [Mon Aug 17 17:36:43 2026] GET / => generated 1571 bytes in 3 msecs (HTTP/1.1 300) 3 headers in 106 bytes (1 switches on core 0)
Aug 17 17:39:50 devstack devstack@g-api.service[83995]: DEBUG glance.api.middleware.version_negotiation [None req-9b7f930c-d9c9-4da5-bdf0-36dafe95be5f admin admin] Determining version of request: GET / Accept: application/json {{(pid=83995) process_request /opt/stack/glance/glance/api/middleware/version_negotiation.py:44}}
Aug 17 17:39:50 devstack devstack@g-api.service[83995]: DEBUG glance.api.middleware.version_negotiation [None req-9b7f930c-d9c9-4da5-bdf0-36dafe95be5f admin admin] Using url versioning {{(pid=83995) process_request /opt/stack/glance/glance/api/middleware/version_negotiation.py:57}}
Aug 17 17:39:50 devstack devstack@g-api.service[83995]: DEBUG glance.api.middleware.version_negotiation [None req-9b7f930c-d9c9-4da5-bdf0-36dafe95be5f admin admin] Unknown version. Returning version choices. {{(pid=83995) process_request /opt/stack/glance/glance/api/middleware/version_negotiation.py:64}}
Aug 17 17:39:50 devstack devstack@g-api.service[83995]: [pid: 83995|app: 0|req: 6/13] 127.0.0.1 () {34 vars in 505 bytes} [Mon Aug 17 17:39:50 2026] GET / => generated 1571 bytes in 9 msecs (HTTP/1.1 300) 3 headers in 106 bytes (1 switches on core 0)
Aug 17 17:39:50 devstack devstack@g-api.service[83996]: DEBUG glance.api.middleware.version_negotiation [None req-55d7e35a-5784-4cec-bd5a-fba91f872a55 admin admin] Determining version of request: GET /v2/images/346c7f84-df3e-48a6-b4df-67afc8831190 Accept: */* {{(pid=83996) process_request /opt/stack/glance/glance/api/middleware/version_negotiation.py:44}}
Aug 17 17:39:50 devstack devstack@g-api.service[83996]: DEBUG glance.api.middleware.version_negotiation [None req-55d7e35a-5784-4cec-bd5a-fba91f872a55 admin admin] Using url versioning {{(pid=83996) process_request /opt/stack/glance/glance/api/middleware/version_negotiation.py:57}}
Aug 17 17:39:50 devstack devstack@g-api.service[83996]: DEBUG glance.api.middleware.version_negotiation [None req-55d7e35a-5784-4cec-bd5a-fba91f872a55 admin admin] Matched version: v2 {{(pid=83996) process_request /opt/stack/glance/glance/api/middleware/version_negotiation.py:69}}
Aug 17 17:39:50 devstack devstack@g-api.service[83996]: DEBUG glance.api.middleware.version_negotiation [None req-55d7e35a-5784-4cec-bd5a-fba91f872a55 admin admin] new path /v2/images/346c7f84-df3e-48a6-b4df-67afc8831190 {{(pid=83996) process_request /opt/stack/glance/glance/api/middleware/version_negotiation.py:70}}
Aug 17 17:39:51 devstack devstack@g-api.service[83996]: [pid: 83996|app: 0|req: 8/14] 127.0.0.1 () {42 vars in 1061 bytes} [Mon Aug 17 17:39:50 2026] GET /v2/images/346c7f84-df3e-48a6-b4df-67afc8831190 => generated 976 bytes in 360 msecs (HTTP/1.1 200) 4 headers in 157 bytes (1 switches on core 0)
Aug 17 17:39:51 devstack devstack@g-api.service[83995]: DEBUG glance.api.middleware.version_negotiation [None req-9b7f930c-d9c9-4da5-bdf0-36dafe95be5f admin admin] Determining version of request: GET /v2/schemas/image Accept: */* {{(pid=83995) process_request /opt/stack/glance/glance/api/middleware/version_negotiation.py:44}}
Aug 17 17:39:51 devstack devstack@g-api.service[83995]: DEBUG glance.api.middleware.version_negotiation [None req-9b7f930c-d9c9-4da5-bdf0-36dafe95be5f admin admin] Using url versioning {{(pid=83995) process_request /opt/stack/glance/glance/api/middleware/version_negotiation.py:57}}
Aug 17 17:39:51 devstack devstack@g-api.service[83995]: DEBUG glance.api.middleware.version_negotiation [None req-9b7f930c-d9c9-4da5-bdf0-36dafe95be5f admin admin] Matched version: v2 {{(pid=83995) process_request /opt/stack/glance/glance/api/middleware/version_negotiation.py:69}}
Aug 17 17:39:51 devstack devstack@g-api.service[83995]: DEBUG glance.api.middleware.version_negotiation [None req-9b7f930c-d9c9-4da5-bdf0-36dafe95be5f admin admin] new path /v2/schemas/image {{(pid=83995) process_request /opt/stack/glance/glance/api/middleware/version_negotiation.py:70}}
Aug 17 17:39:51 devstack devstack@g-api.service[83995]: [pid: 83995|app: 0|req: 7/15] 127.0.0.1 () {42 vars in 1001 bytes} [Mon Aug 17 17:39:51 2026] GET /v2/schemas/image => generated 6083 bytes in 33 msecs (HTTP/1.1 200) 4 headers in 158 bytes (1 switches on core 0)
Aug 17 17:39:52 devstack devstack@g-api.service[83996]: DEBUG glance.api.middleware.version_negotiation [None req-1f2fea84-0cf7-4b30-af40-8f9503f94895 tempest-ServerActionsTestOtherA-2086712034 tempest-ServerActionsTestOtherA-2086712034-project-member] Determining version of request: GET / Accept: application/json {{(pid=83996) process_request /opt/stack/glance/glance/api/middleware/version_negotiation.py:44}}
Aug 17 17:39:52 devstack devstack@g-api.service[83996]: DEBUG glance.api.middleware.version_negotiation [None req-1f2fea84-0cf7-4b30-af40-8f9503f94895 tempest-ServerActionsTestOtherA-2086712034 tempest-ServerActionsTestOtherA-2086712034-project-member] Using url versioning {{(pid=83996) process_request /opt/stack/glance/glance/api/middleware/version_negotiation.py:57}}
Aug 17 17:39:52 devstack devstack@g-api.service[83996]: DEBUG glance.api.middleware.version_negotiation [None req-1f2fea84-0cf7-4b30-af40-8f9503f94895 tempest-ServerActionsTestOtherA-2086712034 tempest-ServerActionsTestOtherA-2086712034-project-member] Unknown version. Returning version choices. {{(pid=83996) process_request /opt/stack/glance/glance/api/middleware/version_negotiation.py:64}}
Aug 17 17:39:52 devstack devstack@g-api.service[83996]: [pid: 83996|app: 0|req: 9/16] 127.0.0.1 () {34 vars in 505 bytes} [Mon Aug 17 17:39:52 2026] GET / => generated 1571 bytes in 3 msecs (HTTP/1.1 300) 3 headers in 106 bytes (1 switches on core 0)
Aug 17 17:39:52 devstack devstack@g-api.service[83995]: DEBUG glance.api.middleware.version_negotiation [None req-1f2fea84-0cf7-4b30-af40-8f9503f94895 tempest-ServerActionsTestOtherA-2086712034 tempest-ServerActionsTestOtherA-2086712034-project-member] Determining version of request: GET /v2/images/346c7f84-df3e-48a6-b4df-67afc8831190 Accept: */* {{(pid=83995) process_request /opt/stack/glance/glance/api/middleware/version_negotiation.py:44}}
Aug 17 17:39:52 devstack devstack@g-api.service[83995]: DEBUG glance.api.middleware.version_negotiation [None req-1f2fea84-0cf7-4b30-af40-8f9503f94895 tempest-ServerActionsTestOtherA-2086712034 tempest-ServerActionsTestOtherA-2086712034-project-member] Using url versioning {{(pid=83995) process_request /opt/stack/glance/glance/api/middleware/version_negotiation.py:57}}
Aug 17 17:39:52 devstack devstack@g-api.service[83995]: DEBUG glance.api.middleware.version_negotiation [None req-1f2fea84-0cf7-4b30-af40-8f9503f94895 tempest-ServerActionsTestOtherA-2086712034 tempest-ServerActionsTestOtherA-2086712034-project-member] Matched version: v2 {{(pid=83995) process_request /opt/stack/glance/glance/api/middleware/version_negotiation.py:69}}
Aug 17 17:39:52 devstack devstack@g-api.service[83995]: DEBUG glance.api.middleware.version_negotiation [None req-1f2fea84-0cf7-4b30-af40-8f9503f94895 tempest-ServerActionsTestOtherA-2086712034 tempest-ServerActionsTestOtherA-2086712034-project-member] new path /v2/images/346c7f84-df3e-48a6-b4df-67afc8831190 {{(pid=83995) process_request /opt/stack/glance/glance/api/middleware/version_negotiation.py:70}}
Aug 17 17:39:52 devstack devstack@g-api.service[83995]: [pid: 83995|app: 0|req: 8/17] 127.0.0.1 () {42 vars in 1061 bytes} [Mon Aug 17 17:39:52 2026] GET /v2/images/346c7f84-df3e-48a6-b4df-67afc8831190 => generated 976 bytes in 118 msecs (HTTP/1.1 200) 4 headers in 157 bytes (1 switches on core 0)
Aug 17 17:39:52 devstack devstack@g-api.service[83996]: DEBUG glance.api.middleware.version_negotiation [None req-1f2fea84-0cf7-4b30-af40-8f9503f94895 tempest-ServerActionsTestOtherA-2086712034 tempest-ServerActionsTestOtherA-2086712034-project-member] Determining version of request: GET /v2/schemas/image Accept: */* {{(pid=83996) process_request /opt/stack/glance/glance/api/middleware/version_negotiation.py:44}}
Aug 17 17:39:52 devstack devstack@g-api.service[83996]: DEBUG glance.api.middleware.version_negotiation [None req-1f2fea84-0cf7-4b30-af40-8f9503f94895 tempest-ServerActionsTestOtherA-2086712034 tempest-ServerActionsTestOtherA-2086712034-project-member] Using url versioning {{(pid=83996) process_request /opt/stack/glance/glance/api/middleware/version_negotiation.py:57}}
Aug 17 17:39:52 devstack devstack@g-api.service[83996]: DEBUG glance.api.middleware.version_negotiation [None req-1f2fea84-0cf7-4b30-af40-8f9503f94895 tempest-ServerActionsTestOtherA-2086712034 tempest-ServerActionsTestOtherA-2086712034-project-member] Matched version: v2 {{(pid=83996) process_request /opt/stack/glance/glance/api/middleware/version_negotiation.py:69}}
Aug 17 17:39:52 devstack devstack@g-api.service[83996]: DEBUG glance.api.middleware.version_negotiation [None req-1f2fea84-0cf7-4b30-af40-8f9503f94895 tempest-ServerActionsTestOtherA-2086712034 tempest-ServerActionsTestOtherA-2086712034-project-member] new path /v2/schemas/image {{(pid=83996) process_request /opt/stack/glance/glance/api/middleware/version_negotiation.py:70}}
Aug 17 17:39:52 devstack devstack@g-api.service[83996]: [pid: 83996|app: 0|req: 10/18] 127.0.0.1 () {42 vars in 1001 bytes} [Mon Aug 17 17:39:52 2026] GET /v2/schemas/image => generated 6083 bytes in 8 msecs (HTTP/1.1 200) 4 headers in 158 bytes (1 switches on core 0)
Aug 17 17:40:01 devstack devstack@g-api.service[83996]: DEBUG dbcounter [-] [83996] Writing DB stats glance:SELECT=2 {{(pid=83996) stat_writer /opt/stack/data/venv/lib/python3.12/site-packages/dbcounter.py:115}}
Aug 17 17:40:02 devstack devstack@g-api.service[83995]: DEBUG glance.api.middleware.version_negotiation [None req-6790c38c-8ae4-4ca9-b831-435b2e41b503 tempest-AttachVolumeNegativeTest-970991171 tempest-AttachVolumeNegativeTest-970991171-project-member] Determining version of request: GET /v2/images/346c7f84-df3e-48a6-b4df-67afc8831190 Accept: */* {{(pid=83995) process_request /opt/stack/glance/glance/api/middleware/version_negotiation.py:44}}
Aug 17 17:40:02 devstack devstack@g-api.service[83995]: DEBUG glance.api.middleware.version_negotiation [None req-6790c38c-8ae4-4ca9-b831-435b2e41b503 tempest-AttachVolumeNegativeTest-970991171 tempest-AttachVolumeNegativeTest-970991171-project-member] Using url versioning {{(pid=83995) process_request /opt/stack/glance/glance/api/middleware/version_negotiation.py:57}}
Aug 17 17:40:02 devstack devstack@g-api.service[83995]: DEBUG glance.api.middleware.version_negotiation [None req-6790c38c-8ae4-4ca9-b831-435b2e41b503 tempest-AttachVolumeNegativeTest-970991171 tempest-AttachVolumeNegativeTest-970991171-project-member] Matched version: v2 {{(pid=83995) process_request /opt/stack/glance/glance/api/middleware/version_negotiation.py:69}}
Aug 17 17:40:02 devstack devstack@g-api.service[83995]: DEBUG glance.api.middleware.version_negotiation [None req-6790c38c-8ae4-4ca9-b831-435b2e41b503 tempest-AttachVolumeNegativeTest-970991171 tempest-AttachVolumeNegativeTest-970991171-project-member] new path /v2/images/346c7f84-df3e-48a6-b4df-67afc8831190 {{(pid=83995) process_request /opt/stack/glance/glance/api/middleware/version_negotiation.py:70}}
Aug 17 17:40:02 devstack devstack@g-api.service[83995]: [pid: 83995|app: 0|req: 9/19] 127.0.0.1 () {42 vars in 1061 bytes} [Mon Aug 17 17:40:02 2026] GET /v2/images/346c7f84-df3e-48a6-b4df-67afc8831190 => generated 976 bytes in 53 msecs (HTTP/1.1 200) 4 headers in 157 bytes (1 switches on core 0)
Aug 17 17:40:02 devstack devstack@g-api.service[83996]: DEBUG glance.api.middleware.version_negotiation [None req-6790c38c-8ae4-4ca9-b831-435b2e41b503 tempest-AttachVolumeNegativeTest-970991171 tempest-AttachVolumeNegativeTest-970991171-project-member] Determining version of request: GET /v2/images/346c7f84-df3e-48a6-b4df-67afc8831190/file Accept: */* {{(pid=83996) process_request /opt/stack/glance/glance/api/middleware/version_negotiation.py:44}}
Aug 17 17:40:02 devstack devstack@g-api.service[83996]: DEBUG glance.api.middleware.version_negotiation [None req-6790c38c-8ae4-4ca9-b831-435b2e41b503 tempest-AttachVolumeNegativeTest-970991171 tempest-AttachVolumeNegativeTest-970991171-project-member] Using url versioning {{(pid=83996) process_request /opt/stack/glance/glance/api/middleware/version_negotiation.py:57}}
Aug 17 17:40:02 devstack devstack@g-api.service[83996]: DEBUG glance.api.middleware.version_negotiation [None req-6790c38c-8ae4-4ca9-b831-435b2e41b503 tempest-AttachVolumeNegativeTest-970991171 tempest-AttachVolumeNegativeTest-970991171-project-member] Matched version: v2 {{(pid=83996) process_request /opt/stack/glance/glance/api/middleware/version_negotiation.py:69}}
Aug 17 17:40:02 devstack devstack@g-api.service[83996]: DEBUG glance.api.middleware.version_negotiation [None req-6790c38c-8ae4-4ca9-b831-435b2e41b503 tempest-AttachVolumeNegativeTest-970991171 tempest-AttachVolumeNegativeTest-970991171-project-member] new path /v2/images/346c7f84-df3e-48a6-b4df-67afc8831190/file {{(pid=83996) process_request /opt/stack/glance/glance/api/middleware/version_negotiation.py:70}}
Aug 17 17:40:02 devstack devstack@g-api.service[83996]: DEBUG glance_store._drivers.filesystem [None req-1f2fea84-0cf7-4b30-af40-8f9503f94895 tempest-ServerActionsTestOtherA-2086712034 tempest-ServerActionsTestOtherA-2086712034-project-member] Found image at /opt/stack/data/glance/images/346c7f84-df3e-48a6-b4df-67afc8831190. Returning in ChunkedFile. {{(pid=83996) get /opt/stack/data/venv/lib/python3.12/site-packages/glance_store/_drivers/filesystem.py:724}}
Aug 17 17:40:02 devstack devstack@g-api.service[83996]: DEBUG glance.image_cache [None req-1f2fea84-0cf7-4b30-af40-8f9503f94895 tempest-ServerActionsTestOtherA-2086712034 tempest-ServerActionsTestOtherA-2086712034-project-member] Tee'ing image '346c7f84-df3e-48a6-b4df-67afc8831190' into cache {{(pid=83996) get_caching_iter /opt/stack/glance/glance/image_cache/__init__.py:356}}
Aug 17 17:40:03 devstack devstack@g-api.service[83996]: DEBUG glance.image_cache.drivers.centralized_db [None req-1f2fea84-0cf7-4b30-af40-8f9503f94895 tempest-ServerActionsTestOtherA-2086712034 tempest-ServerActionsTestOtherA-2086712034-project-member] Fetch finished, moving '/opt/stack/data/glance/cache/incomplete/346c7f84-df3e-48a6-b4df-67afc8831190' to '/opt/stack/data/glance/cache/346c7f84-df3e-48a6-b4df-67afc8831190' {{(pid=83996) commit /opt/stack/glance/glance/image_cache/drivers/centralized_db.py:243}}
Aug 17 17:40:03 devstack devstack@g-api.service[83996]: DEBUG glance.image_cache.drivers.centralized_db [None req-1f2fea84-0cf7-4b30-af40-8f9503f94895 tempest-ServerActionsTestOtherA-2086712034 tempest-ServerActionsTestOtherA-2086712034-project-member] Image cached successfully. {{(pid=83996) commit /opt/stack/glance/glance/image_cache/drivers/centralized_db.py:258}}
Aug 17 17:40:03 devstack devstack@g-api.service[83996]: [pid: 83996|app: 0|req: 11/20] 127.0.0.1 () {42 vars in 1071 bytes} [Mon Aug 17 17:40:02 2026] GET /v2/images/346c7f84-df3e-48a6-b4df-67afc8831190/file => generated 21692416 bytes in 902 msecs (HTTP/1.1 200) 4 headers in 191 bytes (338 switches on core 0)
Aug 17 17:40:03 devstack devstack@g-api.service[83995]: DEBUG glance.api.middleware.version_negotiation [None req-1f2fea84-0cf7-4b30-af40-8f9503f94895 tempest-ServerActionsTestOtherA-2086712034 tempest-ServerActionsTestOtherA-2086712034-project-member] Determining version of request: GET /v2/images/346c7f84-df3e-48a6-b4df-67afc8831190 Accept: */* {{(pid=83995) process_request /opt/stack/glance/glance/api/middleware/version_negotiation.py:44}}
Aug 17 17:40:03 devstack devstack@g-api.service[83995]: DEBUG glance.api.middleware.version_negotiation [None req-1f2fea84-0cf7-4b30-af40-8f9503f94895 tempest-ServerActionsTestOtherA-2086712034 tempest-ServerActionsTestOtherA-2086712034-project-member] Using url versioning {{(pid=83995) process_request /opt/stack/glance/glance/api/middleware/version_negotiation.py:57}}
Aug 17 17:40:03 devstack devstack@g-api.service[83995]: DEBUG glance.api.middleware.version_negotiation [None req-1f2fea84-0cf7-4b30-af40-8f9503f94895 tempest-ServerActionsTestOtherA-2086712034 tempest-ServerActionsTestOtherA-2086712034-project-member] Matched version: v2 {{(pid=83995) process_request /opt/stack/glance/glance/api/middleware/version_negotiation.py:69}}
Aug 17 17:40:03 devstack devstack@g-api.service[83995]: DEBUG glance.api.middleware.version_negotiation [None req-1f2fea84-0cf7-4b30-af40-8f9503f94895 tempest-ServerActionsTestOtherA-2086712034 tempest-ServerActionsTestOtherA-2086712034-project-member] new path /v2/images/346c7f84-df3e-48a6-b4df-67afc8831190 {{(pid=83995) process_request /opt/stack/glance/glance/api/middleware/version_negotiation.py:70}}
Aug 17 17:40:03 devstack devstack@g-api.service[83995]: [pid: 83995|app: 0|req: 10/21] 127.0.0.1 () {42 vars in 1061 bytes} [Mon Aug 17 17:40:03 2026] GET /v2/images/346c7f84-df3e-48a6-b4df-67afc8831190 => generated 976 bytes in 40 msecs (HTTP/1.1 200) 4 headers in 157 bytes (1 switches on core 0)
Aug 17 17:40:03 devstack devstack@g-api.service[83996]: DEBUG glance.api.middleware.version_negotiation [None req-1f2fea84-0cf7-4b30-af40-8f9503f94895 tempest-ServerActionsTestOtherA-2086712034 tempest-ServerActionsTestOtherA-2086712034-project-member] Determining version of request: GET /v2/schemas/image Accept: */* {{(pid=83996) process_request /opt/stack/glance/glance/api/middleware/version_negotiation.py:44}}
Aug 17 17:40:03 devstack devstack@g-api.service[83996]: DEBUG glance.api.middleware.version_negotiation [None req-1f2fea84-0cf7-4b30-af40-8f9503f94895 tempest-ServerActionsTestOtherA-2086712034 tempest-ServerActionsTestOtherA-2086712034-project-member] Using url versioning {{(pid=83996) process_request /opt/stack/glance/glance/api/middleware/version_negotiation.py:57}}
Aug 17 17:40:03 devstack devstack@g-api.service[83996]: DEBUG glance.api.middleware.version_negotiation [None req-1f2fea84-0cf7-4b30-af40-8f9503f94895 tempest-ServerActionsTestOtherA-2086712034 tempest-ServerActionsTestOtherA-2086712034-project-member] Matched version: v2 {{(pid=83996) process_request /opt/stack/glance/glance/api/middleware/version_negotiation.py:69}}
Aug 17 17:40:03 devstack devstack@g-api.service[83996]: DEBUG glance.api.middleware.version_negotiation [None req-1f2fea84-0cf7-4b30-af40-8f9503f94895 tempest-ServerActionsTestOtherA-2086712034 tempest-ServerActionsTestOtherA-2086712034-project-member] new path /v2/schemas/image {{(pid=83996) process_request /opt/stack/glance/glance/api/middleware/version_negotiation.py:70}}
Aug 17 17:40:03 devstack devstack@g-api.service[83996]: [pid: 83996|app: 0|req: 12/22] 127.0.0.1 () {42 vars in 1001 bytes} [Mon Aug 17 17:40:03 2026] GET /v2/schemas/image => generated 6083 bytes in 15 msecs (HTTP/1.1 200) 4 headers in 158 bytes (1 switches on core 0)
Aug 17 17:40:13 devstack devstack@g-api.service[83996]: DEBUG dbcounter [-] [83996] Writing DB stats glance:SELECT=5,glance:INSERT=1 {{(pid=83996) stat_writer /opt/stack/data/venv/lib/python3.12/site-packages/dbcounter.py:115}}
Aug 17 17:40:13 devstack devstack@g-api.service[83995]: DEBUG dbcounter [-] [83995] Writing DB stats glance:SELECT=6 {{(pid=83995) stat_writer /opt/stack/data/venv/lib/python3.12/site-packages/dbcounter.py:115}}
Aug 17 17:40:16 devstack devstack@g-api.service[83995]: DEBUG glance.api.middleware.version_negotiation [None req-1f2fea84-0cf7-4b30-af40-8f9503f94895 tempest-ServerActionsTestOtherA-2086712034 tempest-ServerActionsTestOtherA-2086712034-project-member] Determining version of request: GET /v2/images/346c7f84-df3e-48a6-b4df-67afc8831190 Accept: */* {{(pid=83995) process_request /opt/stack/glance/glance/api/middleware/version_negotiation.py:44}}
Aug 17 17:40:16 devstack devstack@g-api.service[83995]: DEBUG glance.api.middleware.version_negotiation [None req-1f2fea84-0cf7-4b30-af40-8f9503f94895 tempest-ServerActionsTestOtherA-2086712034 tempest-ServerActionsTestOtherA-2086712034-project-member] Using url versioning {{(pid=83995) process_request /opt/stack/glance/glance/api/middleware/version_negotiation.py:57}}
Aug 17 17:40:16 devstack devstack@g-api.service[83995]: DEBUG glance.api.middleware.version_negotiation [None req-1f2fea84-0cf7-4b30-af40-8f9503f94895 tempest-ServerActionsTestOtherA-2086712034 tempest-ServerActionsTestOtherA-2086712034-project-member] Matched version: v2 {{(pid=83995) process_request /opt/stack/glance/glance/api/middleware/version_negotiation.py:69}}
Aug 17 17:40:16 devstack devstack@g-api.service[83995]: DEBUG glance.api.middleware.version_negotiation [None req-1f2fea84-0cf7-4b30-af40-8f9503f94895 tempest-ServerActionsTestOtherA-2086712034 tempest-ServerActionsTestOtherA-2086712034-project-member] new path /v2/images/346c7f84-df3e-48a6-b4df-67afc8831190 {{(pid=83995) process_request /opt/stack/glance/glance/api/middleware/version_negotiation.py:70}}
Aug 17 17:40:16 devstack devstack@g-api.service[83995]: [pid: 83995|app: 0|req: 11/23] 127.0.0.1 () {42 vars in 1061 bytes} [Mon Aug 17 17:40:16 2026] GET /v2/images/346c7f84-df3e-48a6-b4df-67afc8831190 => generated 976 bytes in 39 msecs (HTTP/1.1 200) 4 headers in 157 bytes (1 switches on core 0)
Aug 17 17:40:16 devstack devstack@g-api.service[83996]: DEBUG glance.api.middleware.version_negotiation [None req-1f2fea84-0cf7-4b30-af40-8f9503f94895 tempest-ServerActionsTestOtherA-2086712034 tempest-ServerActionsTestOtherA-2086712034-project-member] Determining version of request: GET /v2/schemas/image Accept: */* {{(pid=83996) process_request /opt/stack/glance/glance/api/middleware/version_negotiation.py:44}}
