Aug 25 15:25:04 devstack devstack@keystone.service[49737]: [pid: 49737|app: 0|req: 1/1] 192.168.122.85 () {50 vars in 786 bytes} [Tue Aug 25 15:25:04 2026] GET /identity/v3/ => generated 258 bytes in 5 msecs (HTTP/1.1 200) 5 headers in 177 bytes (1 switches on core 0)
Aug 25 15:25:04 devstack devstack@keystone.service[49738]: WSGI app 0 (mountpoint='') ready in 5 seconds on interpreter 0x7fe8612a4668 pid: 49738 (default app)
Aug 25 15:25:13 devstack devstack@keystone.service[49737]: DEBUG keystone.server.flask.request_processing.req_logging [None req-17706aed-61d7-48a3-8893-679b17a88c78 None None] REQUEST_METHOD: `GET` {{(pid=49737) log_request_info /opt/stack/keystone/keystone/server/flask/request_processing/req_logging.py:26}}
Aug 25 15:25:13 devstack devstack@keystone.service[49737]: DEBUG keystone.server.flask.request_processing.req_logging [None req-17706aed-61d7-48a3-8893-679b17a88c78 None None] SCRIPT_NAME: `/identity` {{(pid=49737) log_request_info /opt/stack/keystone/keystone/server/flask/request_processing/req_logging.py:27}}
Aug 25 15:25:13 devstack devstack@keystone.service[49737]: DEBUG keystone.server.flask.request_processing.req_logging [None req-17706aed-61d7-48a3-8893-679b17a88c78 None None] PATH_INFO: `/` {{(pid=49737) log_request_info /opt/stack/keystone/keystone/server/flask/request_processing/req_logging.py:28}}
Aug 25 15:25:13 devstack devstack@keystone.service[49737]: [pid: 49737|app: 0|req: 2/2] 192.168.122.85 () {54 vars in 923 bytes} [Tue Aug 25 15:25:13 2026] GET /identity => generated 273 bytes in 3 msecs (HTTP/1.1 300) 6 headers in 237 bytes (1 switches on core 0)
Aug 25 15:25:13 devstack devstack@keystone.service[49738]: DEBUG keystone.server.flask.request_processing.req_logging [None req-3281544d-827f-4075-b861-8c0f599bc77b None None] REQUEST_METHOD: `POST` {{(pid=49738) log_request_info /opt/stack/keystone/keystone/server/flask/request_processing/req_logging.py:26}}
Aug 25 15:25:13 devstack devstack@keystone.service[49738]: DEBUG keystone.server.flask.request_processing.req_logging [None req-3281544d-827f-4075-b861-8c0f599bc77b None None] SCRIPT_NAME: `/identity` {{(pid=49738) log_request_info /opt/stack/keystone/keystone/server/flask/request_processing/req_logging.py:27}}
Aug 25 15:25:13 devstack devstack@keystone.service[49738]: DEBUG keystone.server.flask.request_processing.req_logging [None req-3281544d-827f-4075-b861-8c0f599bc77b None None] PATH_INFO: `/v3/auth/tokens` {{(pid=49738) log_request_info /opt/stack/keystone/keystone/server/flask/request_processing/req_logging.py:28}}
Aug 25 15:25:13 devstack devstack@keystone.service[49738]: INFO dbcounter [None req-3281544d-827f-4075-b861-8c0f599bc77b None None] Registered counter for database keystone
Aug 25 15:25:13 devstack devstack@keystone.service[49738]: DEBUG oslo_db.sqlalchemy.engines [None req-3281544d-827f-4075-b861-8c0f599bc77b None None] MySQL server mode set to STRICT_TRANS_TABLES,STRICT_ALL_TABLES,NO_ZERO_IN_DATE,NO_ZERO_DATE,ERROR_FOR_DIVISION_BY_ZERO,TRADITIONAL,NO_ENGINE_SUBSTITUTION {{(pid=49738) _check_effective_sql_mode /opt/stack/data/venv/lib/python3.12/site-packages/oslo_db/sqlalchemy/engines.py:325}}
Aug 25 15:25:14 devstack devstack@keystone.service[49738]: DEBUG dbcounter [-] [49738] Writer thread running {{(pid=49738) stat_writer /opt/stack/data/venv/lib/python3.12/site-packages/dbcounter.py:102}}
Aug 25 15:25:14 devstack devstack@keystone.service[49738]: WARNING keystone.common.password_hashing [None req-3281544d-827f-4075-b861-8c0f599bc77b None None] Truncating password to algorithm specific maximum length 72 characters.
Aug 25 15:25:14 devstack devstack@keystone.service[49738]: DEBUG keystone.auth.core [None req-3281544d-827f-4075-b861-8c0f599bc77b None None] MFA Rules not processed for user `0eff7c86786d4863b93718ffb1b9d055`. Rule list: `[]` (Enabled: `True`). {{(pid=49738) check_auth_methods_against_rules /opt/stack/keystone/keystone/auth/core.py:476}}
Aug 25 15:25:14 devstack devstack@keystone.service[49738]: DEBUG keystone.common.fernet_utils [None req-3281544d-827f-4075-b861-8c0f599bc77b None None] Loaded 2 Fernet keys from /etc/keystone/fernet-keys/, but `[fernet_tokens] max_active_keys = 3`; perhaps there have not been enough key rotations to reach `max_active_keys` yet? {{(pid=49738) load_keys /opt/stack/keystone/keystone/common/fernet_utils.py:297}}
Aug 25 15:25:14 devstack devstack@keystone.service[49738]: [pid: 49738|app: 0|req: 1/3] 192.168.122.85 () {58 vars in 1020 bytes} [Tue Aug 25 15:25:13 2026] POST /identity/v3/auth/tokens => generated 980 bytes in 704 msecs (HTTP/1.1 201) 6 headers in 384 bytes (1 switches on core 0)
Aug 25 15:25:14 devstack devstack@keystone.service[49737]: DEBUG keystone.server.flask.request_processing.middleware.auth_context [None req-17706aed-61d7-48a3-8893-679b17a88c78 None None] Authenticating user token {{(pid=49737) process_request /opt/stack/data/venv/lib/python3.12/site-packages/keystonemiddleware/auth_token/__init__.py:406}}
Aug 25 15:25:14 devstack devstack@keystone.service[49737]: INFO dbcounter [None req-17706aed-61d7-48a3-8893-679b17a88c78 None None] Registered counter for database keystone
Aug 25 15:25:15 devstack devstack@keystone.service[49737]: DEBUG oslo_db.sqlalchemy.engines [None req-17706aed-61d7-48a3-8893-679b17a88c78 None None] MySQL server mode set to STRICT_TRANS_TABLES,STRICT_ALL_TABLES,NO_ZERO_IN_DATE,NO_ZERO_DATE,ERROR_FOR_DIVISION_BY_ZERO,TRADITIONAL,NO_ENGINE_SUBSTITUTION {{(pid=49737) _check_effective_sql_mode /opt/stack/data/venv/lib/python3.12/site-packages/oslo_db/sqlalchemy/engines.py:325}}
Aug 25 15:25:15 devstack devstack@keystone.service[49737]: DEBUG dbcounter [-] [49737] Writer thread running {{(pid=49737) stat_writer /opt/stack/data/venv/lib/python3.12/site-packages/dbcounter.py:102}}
Aug 25 15:25:15 devstack devstack@keystone.service[49737]: DEBUG keystone.server.flask.request_processing.middleware.auth_context [None req-17706aed-61d7-48a3-8893-679b17a88c78 None None] Validating token access rules against request {{(pid=49737) validate_allowed_request /opt/stack/data/venv/lib/python3.12/site-packages/keystonemiddleware/auth_token/__init__.py:544}}
Aug 25 15:25:15 devstack devstack@keystone.service[49737]: DEBUG keystone.server.flask.request_processing.middleware.auth_context [None req-7c30f412-60a2-4af0-9c42-6c0aac3dcaac admin admin] RBAC: auth_context: {'token': , 'domain_id': None, 'trust_id': None, 'trustor_id': None, 'trustee_id': None, 'domain_name': None, 'group_ids': [], 'user_id': '0eff7c86786d4863b93718ffb1b9d055', 'user_domain_id': 'default', 'system_scope': None, 'project_id': '814625039b384761a00e466a56468825', 'project_domain_id': 'default', 'roles': ['reader', 'member', 'manager', 'admin'], 'is_admin_project': True, 'service_user_id': None, 'service_user_domain_id': None, 'service_project_id': None, 'service_project_domain_id': None, 'service_roles': []} {{(pid=49737) fill_context /opt/stack/keystone/keystone/server/flask/request_processing/middleware/auth_context.py:516}}
Aug 25 15:25:15 devstack devstack@keystone.service[49737]: DEBUG keystone.server.flask.request_processing.req_logging [None req-7c30f412-60a2-4af0-9c42-6c0aac3dcaac admin admin] REQUEST_METHOD: `GET` {{(pid=49737) log_request_info /opt/stack/keystone/keystone/server/flask/request_processing/req_logging.py:26}}
Aug 25 15:25:15 devstack devstack@keystone.service[49737]: DEBUG keystone.server.flask.request_processing.req_logging [None req-7c30f412-60a2-4af0-9c42-6c0aac3dcaac admin admin] SCRIPT_NAME: `/identity` {{(pid=49737) log_request_info /opt/stack/keystone/keystone/server/flask/request_processing/req_logging.py:27}}
Aug 25 15:25:15 devstack devstack@keystone.service[49737]: DEBUG keystone.server.flask.request_processing.req_logging [None req-7c30f412-60a2-4af0-9c42-6c0aac3dcaac admin admin] PATH_INFO: `/v3/projects/admin` {{(pid=49737) log_request_info /opt/stack/keystone/keystone/server/flask/request_processing/req_logging.py:28}}
Aug 25 15:25:15 devstack devstack@keystone.service[49737]: DEBUG keystone.common.rbac_enforcer.enforcer [None req-7c30f412-60a2-4af0-9c42-6c0aac3dcaac admin admin] RBAC: Authorizing `identity:get_project(project_id=admin)` {{(pid=49737) enforce_call /opt/stack/keystone/keystone/common/rbac_enforcer/enforcer.py:501}}
Aug 25 15:25:15 devstack devstack@keystone.service[49737]: WARNING keystone.common.rbac_enforcer.enforcer [None req-7c30f412-60a2-4af0-9c42-6c0aac3dcaac admin admin] Deprecated policy rules found. Use oslopolicy-policy-generator and oslopolicy-policy-upgrade to detect and resolve deprecated policies in your configuration.
Aug 25 15:25:15 devstack devstack@keystone.service[49737]: DEBUG keystone.common.rbac_enforcer.enforcer [None req-7c30f412-60a2-4af0-9c42-6c0aac3dcaac admin admin] RBAC: Authorization granted {{(pid=49737) enforce_call /opt/stack/keystone/keystone/common/rbac_enforcer/enforcer.py:512}}
Aug 25 15:25:15 devstack devstack@keystone.service[49737]: DEBUG keystone.server.flask.application [None req-7c30f412-60a2-4af0-9c42-6c0aac3dcaac admin admin] Could not find project: admin. {{(pid=49737) _handle_keystone_exception /opt/stack/keystone/keystone/server/flask/application.py:146}}
Aug 25 15:25:15 devstack devstack@keystone.service[49737]: [pid: 49737|app: 0|req: 3/4] 192.168.122.85 () {56 vars in 1166 bytes} [Tue Aug 25 15:25:14 2026] GET /identity/v3/projects/admin => generated 86 bytes in 536 msecs (HTTP/1.1 404) 5 headers in 183 bytes (1 switches on core 0)
Aug 25 15:25:15 devstack devstack@keystone.service[49738]: DEBUG keystone.server.flask.request_processing.middleware.auth_context [None req-3281544d-827f-4075-b861-8c0f599bc77b None None] Authenticating user token {{(pid=49738) process_request /opt/stack/data/venv/lib/python3.12/site-packages/keystonemiddleware/auth_token/__init__.py:406}}
Aug 25 15:25:15 devstack devstack@keystone.service[49738]: DEBUG keystone.server.flask.request_processing.middleware.auth_context [None req-3281544d-827f-4075-b861-8c0f599bc77b None None] Validating token access rules against request {{(pid=49738) validate_allowed_request /opt/stack/data/venv/lib/python3.12/site-packages/keystonemiddleware/auth_token/__init__.py:544}}
Aug 25 15:25:15 devstack devstack@keystone.service[49738]: DEBUG keystone.server.flask.request_processing.middleware.auth_context [None req-33f9a7a3-0d8a-4dd1-94b2-b0b31e1bda57 admin admin] RBAC: auth_context: {'token': , 'domain_id': None, 'trust_id': None, 'trustor_id': None, 'trustee_id': None, 'domain_name': None, 'group_ids': [], 'user_id': '0eff7c86786d4863b93718ffb1b9d055', 'user_domain_id': 'default', 'system_scope': None, 'project_id': '814625039b384761a00e466a56468825', 'project_domain_id': 'default', 'roles': ['reader', 'member', 'manager', 'admin'], 'is_admin_project': True, 'service_user_id': None, 'service_user_domain_id': None, 'service_project_id': None, 'service_project_domain_id': None, 'service_roles': []} {{(pid=49738) fill_context /opt/stack/keystone/keystone/server/flask/request_processing/middleware/auth_context.py:516}}
Aug 25 15:25:15 devstack devstack@keystone.service[49738]: DEBUG keystone.server.flask.request_processing.req_logging [None req-33f9a7a3-0d8a-4dd1-94b2-b0b31e1bda57 admin admin] REQUEST_METHOD: `GET` {{(pid=49738) log_request_info /opt/stack/keystone/keystone/server/flask/request_processing/req_logging.py:26}}
Aug 25 15:25:15 devstack devstack@keystone.service[49738]: DEBUG keystone.server.flask.request_processing.req_logging [None req-33f9a7a3-0d8a-4dd1-94b2-b0b31e1bda57 admin admin] SCRIPT_NAME: `/identity` {{(pid=49738) log_request_info /opt/stack/keystone/keystone/server/flask/request_processing/req_logging.py:27}}
Aug 25 15:25:15 devstack devstack@keystone.service[49738]: DEBUG keystone.server.flask.request_processing.req_logging [None req-33f9a7a3-0d8a-4dd1-94b2-b0b31e1bda57 admin admin] PATH_INFO: `/v3/projects` {{(pid=49738) log_request_info /opt/stack/keystone/keystone/server/flask/request_processing/req_logging.py:28}}
Aug 25 15:25:15 devstack devstack@keystone.service[49738]: DEBUG keystone.common.rbac_enforcer.enforcer [None req-33f9a7a3-0d8a-4dd1-94b2-b0b31e1bda57 admin admin] RBAC: Adding query filter params (name=admin) {{(pid=49738) _extract_filter_values /opt/stack/keystone/keystone/common/rbac_enforcer/enforcer.py:176}}
Aug 25 15:25:15 devstack devstack@keystone.service[49738]: DEBUG keystone.common.rbac_enforcer.enforcer [None req-33f9a7a3-0d8a-4dd1-94b2-b0b31e1bda57 admin admin] RBAC: Authorizing `identity:list_projects()` {{(pid=49738) enforce_call /opt/stack/keystone/keystone/common/rbac_enforcer/enforcer.py:501}}
Aug 25 15:25:15 devstack devstack@keystone.service[49738]: WARNING keystone.common.rbac_enforcer.enforcer [None req-33f9a7a3-0d8a-4dd1-94b2-b0b31e1bda57 admin admin] Deprecated policy rules found. Use oslopolicy-policy-generator and oslopolicy-policy-upgrade to detect and resolve deprecated policies in your configuration.
Aug 25 15:25:15 devstack devstack@keystone.service[49738]: DEBUG keystone.common.rbac_enforcer.enforcer [None req-33f9a7a3-0d8a-4dd1-94b2-b0b31e1bda57 admin admin] RBAC: Authorization granted {{(pid=49738) enforce_call /opt/stack/keystone/keystone/common/rbac_enforcer/enforcer.py:512}}
Aug 25 15:25:15 devstack devstack@keystone.service[49738]: [pid: 49738|app: 0|req: 2/5] 192.168.122.85 () {56 vars in 1182 bytes} [Tue Aug 25 15:25:15 2026] GET /identity/v3/projects?name=admin => generated 458 bytes in 95 msecs (HTTP/1.1 200) 5 headers in 177 bytes (1 switches on core 0)
Aug 25 15:25:15 devstack devstack@keystone.service[49737]: DEBUG keystone.server.flask.request_processing.middleware.auth_context [None req-7c30f412-60a2-4af0-9c42-6c0aac3dcaac admin admin] Authenticating user token {{(pid=49737) process_request /opt/stack/data/venv/lib/python3.12/site-packages/keystonemiddleware/auth_token/__init__.py:406}}
Aug 25 15:25:15 devstack devstack@keystone.service[49737]: DEBUG keystone.server.flask.request_processing.middleware.auth_context [None req-7c30f412-60a2-4af0-9c42-6c0aac3dcaac admin admin] Validating token access rules against request {{(pid=49737) validate_allowed_request /opt/stack/data/venv/lib/python3.12/site-packages/keystonemiddleware/auth_token/__init__.py:544}}
Aug 25 15:25:15 devstack devstack@keystone.service[49737]: DEBUG keystone.server.flask.request_processing.middleware.auth_context [None req-f2c1bc26-1e75-490c-ad9d-c59ff2363a16 admin admin] RBAC: auth_context: {'token': , 'domain_id': None, 'trust_id': None, 'trustor_id': None, 'trustee_id': None, 'domain_name': None, 'group_ids': [], 'user_id': '0eff7c86786d4863b93718ffb1b9d055', 'user_domain_id': 'default', 'system_scope': None, 'project_id': '814625039b384761a00e466a56468825', 'project_domain_id': 'default', 'roles': ['reader', 'member', 'manager', 'admin'], 'is_admin_project': True, 'service_user_id': None, 'service_user_domain_id': None, 'service_project_id': None, 'service_project_domain_id': None, 'service_roles': []} {{(pid=49737) fill_context /opt/stack/keystone/keystone/server/flask/request_processing/middleware/auth_context.py:516}}
Aug 25 15:25:15 devstack devstack@keystone.service[49737]: DEBUG keystone.server.flask.request_processing.req_logging [None req-f2c1bc26-1e75-490c-ad9d-c59ff2363a16 admin admin] REQUEST_METHOD: `GET` {{(pid=49737) log_request_info /opt/stack/keystone/keystone/server/flask/request_processing/req_logging.py:26}}
Aug 25 15:25:15 devstack devstack@keystone.service[49737]: DEBUG keystone.server.flask.request_processing.req_logging [None req-f2c1bc26-1e75-490c-ad9d-c59ff2363a16 admin admin] SCRIPT_NAME: `/identity` {{(pid=49737) log_request_info /opt/stack/keystone/keystone/server/flask/request_processing/req_logging.py:27}}
Aug 25 15:25:15 devstack devstack@keystone.service[49737]: DEBUG keystone.server.flask.request_processing.req_logging [None req-f2c1bc26-1e75-490c-ad9d-c59ff2363a16 admin admin] PATH_INFO: `/v3/projects/814625039b384761a00e466a56468825` {{(pid=49737) log_request_info /opt/stack/keystone/keystone/server/flask/request_processing/req_logging.py:28}}
Aug 25 15:25:15 devstack devstack@keystone.service[49737]: DEBUG keystone.common.rbac_enforcer.enforcer [None req-f2c1bc26-1e75-490c-ad9d-c59ff2363a16 admin admin] RBAC: Authorizing `identity:get_project(project_id=814625039b384761a00e466a56468825)` {{(pid=49737) enforce_call /opt/stack/keystone/keystone/common/rbac_enforcer/enforcer.py:501}}
Aug 25 15:25:15 devstack devstack@keystone.service[49737]: DEBUG keystone.common.rbac_enforcer.enforcer [None req-f2c1bc26-1e75-490c-ad9d-c59ff2363a16 admin admin] RBAC: Authorization granted {{(pid=49737) enforce_call /opt/stack/keystone/keystone/common/rbac_enforcer/enforcer.py:512}}
Aug 25 15:25:15 devstack devstack@keystone.service[49737]: [pid: 49737|app: 0|req: 4/6] 192.168.122.85 () {56 vars in 1247 bytes} [Tue Aug 25 15:25:15 2026] GET /identity/v3/projects/814625039b384761a00e466a56468825 => generated 347 bytes in 27 msecs (HTTP/1.1 200) 5 headers in 177 bytes (1 switches on core 0)
Aug 25 15:25:17 devstack devstack@keystone.service[49738]: DEBUG keystone.server.flask.request_processing.req_logging [None req-e3ae0501-579c-45b9-85b6-2f0aee2da8c2 None None] REQUEST_METHOD: `GET` {{(pid=49738) log_request_info /opt/stack/keystone/keystone/server/flask/request_processing/req_logging.py:26}}
Aug 25 15:25:17 devstack devstack@keystone.service[49738]: DEBUG keystone.server.flask.request_processing.req_logging [None req-e3ae0501-579c-45b9-85b6-2f0aee2da8c2 None None] SCRIPT_NAME: `/identity` {{(pid=49738) log_request_info /opt/stack/keystone/keystone/server/flask/request_processing/req_logging.py:27}}
Aug 25 15:25:17 devstack devstack@keystone.service[49738]: DEBUG keystone.server.flask.request_processing.req_logging [None req-e3ae0501-579c-45b9-85b6-2f0aee2da8c2 None None] PATH_INFO: `/` {{(pid=49738) log_request_info /opt/stack/keystone/keystone/server/flask/request_processing/req_logging.py:28}}
Aug 25 15:25:17 devstack devstack@keystone.service[49738]: [pid: 49738|app: 0|req: 3/7] 192.168.122.85 () {54 vars in 923 bytes} [Tue Aug 25 15:25:17 2026] GET /identity => generated 273 bytes in 7 msecs (HTTP/1.1 300) 6 headers in 237 bytes (1 switches on core 0)
Aug 25 15:25:17 devstack devstack@keystone.service[49737]: DEBUG keystone.server.flask.request_processing.req_logging [None req-0910837a-3075-45bf-90d5-d0e61a0a2ac4 None None] REQUEST_METHOD: `POST` {{(pid=49737) log_request_info /opt/stack/keystone/keystone/server/flask/request_processing/req_logging.py:26}}
Aug 25 15:25:17 devstack devstack@keystone.service[49737]: DEBUG keystone.server.flask.request_processing.req_logging [None req-0910837a-3075-45bf-90d5-d0e61a0a2ac4 None None] SCRIPT_NAME: `/identity` {{(pid=49737) log_request_info /opt/stack/keystone/keystone/server/flask/request_processing/req_logging.py:27}}
Aug 25 15:25:17 devstack devstack@keystone.service[49737]: DEBUG keystone.server.flask.request_processing.req_logging [None req-0910837a-3075-45bf-90d5-d0e61a0a2ac4 None None] PATH_INFO: `/v3/auth/tokens` {{(pid=49737) log_request_info /opt/stack/keystone/keystone/server/flask/request_processing/req_logging.py:28}}
Aug 25 15:25:18 devstack devstack@keystone.service[49737]: WARNING keystone.common.password_hashing [None req-0910837a-3075-45bf-90d5-d0e61a0a2ac4 None None] Truncating password to algorithm specific maximum length 72 characters.
Aug 25 15:25:18 devstack devstack@keystone.service[49737]: DEBUG keystone.auth.core [None req-0910837a-3075-45bf-90d5-d0e61a0a2ac4 None None] MFA Rules not processed for user `0eff7c86786d4863b93718ffb1b9d055`. Rule list: `[]` (Enabled: `True`). {{(pid=49737) check_auth_methods_against_rules /opt/stack/keystone/keystone/auth/core.py:476}}
Aug 25 15:25:18 devstack devstack@keystone.service[49737]: DEBUG keystone.common.fernet_utils [None req-0910837a-3075-45bf-90d5-d0e61a0a2ac4 None None] Loaded 2 Fernet keys from /etc/keystone/fernet-keys/, but `[fernet_tokens] max_active_keys = 3`; perhaps there have not been enough key rotations to reach `max_active_keys` yet? {{(pid=49737) load_keys /opt/stack/keystone/keystone/common/fernet_utils.py:297}}
Aug 25 15:25:18 devstack devstack@keystone.service[49737]: [pid: 49737|app: 0|req: 5/8] 192.168.122.85 () {58 vars in 1020 bytes} [Tue Aug 25 15:25:17 2026] POST /identity/v3/auth/tokens => generated 980 bytes in 77 msecs (HTTP/1.1 201) 6 headers in 384 bytes (1 switches on core 0)
Aug 25 15:25:18 devstack devstack@keystone.service[49738]: DEBUG keystone.server.flask.request_processing.middleware.auth_context [None req-e3ae0501-579c-45b9-85b6-2f0aee2da8c2 None None] Authenticating user token {{(pid=49738) process_request /opt/stack/data/venv/lib/python3.12/site-packages/keystonemiddleware/auth_token/__init__.py:406}}
Aug 25 15:25:18 devstack devstack@keystone.service[49738]: DEBUG keystone.server.flask.request_processing.middleware.auth_context [None req-e3ae0501-579c-45b9-85b6-2f0aee2da8c2 None None] Validating token access rules against request {{(pid=49738) validate_allowed_request /opt/stack/data/venv/lib/python3.12/site-packages/keystonemiddleware/auth_token/__init__.py:544}}
Aug 25 15:25:18 devstack devstack@keystone.service[49738]: DEBUG keystone.server.flask.request_processing.middleware.auth_context [None req-3ff025dd-8f2e-47ba-8ea5-73edae47c682 admin admin] RBAC: auth_context: {'token': , 'domain_id': None, 'trust_id': None, 'trustor_id': None, 'trustee_id': None, 'domain_name': None, 'group_ids': [], 'user_id': '0eff7c86786d4863b93718ffb1b9d055', 'user_domain_id': 'default', 'system_scope': None, 'project_id': '814625039b384761a00e466a56468825', 'project_domain_id': 'default', 'roles': ['reader', 'member', 'manager', 'admin'], 'is_admin_project': True, 'service_user_id': None, 'service_user_domain_id': None, 'service_project_id': None, 'service_project_domain_id': None, 'service_roles': []} {{(pid=49738) fill_context /opt/stack/keystone/keystone/server/flask/request_processing/middleware/auth_context.py:516}}
Aug 25 15:25:18 devstack devstack@keystone.service[49738]: DEBUG keystone.server.flask.request_processing.req_logging [None req-3ff025dd-8f2e-47ba-8ea5-73edae47c682 admin admin] REQUEST_METHOD: `GET` {{(pid=49738) log_request_info /opt/stack/keystone/keystone/server/flask/request_processing/req_logging.py:26}}
Aug 25 15:25:18 devstack devstack@keystone.service[49738]: DEBUG keystone.server.flask.request_processing.req_logging [None req-3ff025dd-8f2e-47ba-8ea5-73edae47c682 admin admin] SCRIPT_NAME: `/identity` {{(pid=49738) log_request_info /opt/stack/keystone/keystone/server/flask/request_processing/req_logging.py:27}}
Aug 25 15:25:18 devstack devstack@keystone.service[49738]: DEBUG keystone.server.flask.request_processing.req_logging [None req-3ff025dd-8f2e-47ba-8ea5-73edae47c682 admin admin] PATH_INFO: `/v3/users/admin` {{(pid=49738) log_request_info /opt/stack/keystone/keystone/server/flask/request_processing/req_logging.py:28}}
Aug 25 15:25:18 devstack devstack@keystone.service[49738]: DEBUG keystone.common.rbac_enforcer.enforcer [None req-3ff025dd-8f2e-47ba-8ea5-73edae47c682 admin admin] RBAC: Authorizing `identity:get_user(user_id=admin)` {{(pid=49738) enforce_call /opt/stack/keystone/keystone/common/rbac_enforcer/enforcer.py:501}}
Aug 25 15:25:18 devstack devstack@keystone.service[49738]: DEBUG keystone.common.rbac_enforcer.enforcer [None req-3ff025dd-8f2e-47ba-8ea5-73edae47c682 admin admin] RBAC: Authorization granted {{(pid=49738) enforce_call /opt/stack/keystone/keystone/common/rbac_enforcer/enforcer.py:512}}
Aug 25 15:25:18 devstack devstack@keystone.service[49738]: DEBUG keystone.server.flask.application [None req-3ff025dd-8f2e-47ba-8ea5-73edae47c682 admin admin] Could not find user: admin. {{(pid=49738) _handle_keystone_exception /opt/stack/keystone/keystone/server/flask/application.py:146}}
Aug 25 15:25:18 devstack devstack@keystone.service[49738]: [pid: 49738|app: 0|req: 4/9] 192.168.122.85 () {56 vars in 1157 bytes} [Tue Aug 25 15:25:18 2026] GET /identity/v3/users/admin => generated 83 bytes in 59 msecs (HTTP/1.1 404) 5 headers in 183 bytes (1 switches on core 0)
Aug 25 15:25:18 devstack devstack@keystone.service[49737]: DEBUG keystone.server.flask.request_processing.middleware.auth_context [None req-0910837a-3075-45bf-90d5-d0e61a0a2ac4 None None] Authenticating user token {{(pid=49737) process_request /opt/stack/data/venv/lib/python3.12/site-packages/keystonemiddleware/auth_token/__init__.py:406}}
Aug 25 15:25:18 devstack devstack@keystone.service[49737]: DEBUG keystone.server.flask.request_processing.middleware.auth_context [None req-0910837a-3075-45bf-90d5-d0e61a0a2ac4 None None] Validating token access rules against request {{(pid=49737) validate_allowed_request /opt/stack/data/venv/lib/python3.12/site-packages/keystonemiddleware/auth_token/__init__.py:544}}
Aug 25 15:25:18 devstack devstack@keystone.service[49737]: DEBUG keystone.server.flask.request_processing.middleware.auth_context [None req-304e9855-bf80-477b-8c13-dce5ed250219 admin admin] RBAC: auth_context: {'token': , 'domain_id': None, 'trust_id': None, 'trustor_id': None, 'trustee_id': None, 'domain_name': None, 'group_ids': [], 'user_id': '0eff7c86786d4863b93718ffb1b9d055', 'user_domain_id': 'default', 'system_scope': None, 'project_id': '814625039b384761a00e466a56468825', 'project_domain_id': 'default', 'roles': ['reader', 'member', 'manager', 'admin'], 'is_admin_project': True, 'service_user_id': None, 'service_user_domain_id': None, 'service_project_id': None, 'service_project_domain_id': None, 'service_roles': []} {{(pid=49737) fill_context /opt/stack/keystone/keystone/server/flask/request_processing/middleware/auth_context.py:516}}
Aug 25 15:25:18 devstack devstack@keystone.service[49737]: DEBUG keystone.server.flask.request_processing.req_logging [None req-304e9855-bf80-477b-8c13-dce5ed250219 admin admin] REQUEST_METHOD: `GET` {{(pid=49737) log_request_info /opt/stack/keystone/keystone/server/flask/request_processing/req_logging.py:26}}
Aug 25 15:25:18 devstack devstack@keystone.service[49737]: DEBUG keystone.server.flask.request_processing.req_logging [None req-304e9855-bf80-477b-8c13-dce5ed250219 admin admin] SCRIPT_NAME: `/identity` {{(pid=49737) log_request_info /opt/stack/keystone/keystone/server/flask/request_processing/req_logging.py:27}}
Aug 25 15:25:18 devstack devstack@keystone.service[49737]: DEBUG keystone.server.flask.request_processing.req_logging [None req-304e9855-bf80-477b-8c13-dce5ed250219 admin admin] PATH_INFO: `/v3/users` {{(pid=49737) log_request_info /opt/stack/keystone/keystone/server/flask/request_processing/req_logging.py:28}}
Aug 25 15:25:18 devstack devstack@keystone.service[49737]: DEBUG keystone.common.rbac_enforcer.enforcer [None req-304e9855-bf80-477b-8c13-dce5ed250219 admin admin] RBAC: Adding query filter params (name=admin) {{(pid=49737) _extract_filter_values /opt/stack/keystone/keystone/common/rbac_enforcer/enforcer.py:176}}
Aug 25 15:25:18 devstack devstack@keystone.service[49737]: DEBUG keystone.common.rbac_enforcer.enforcer [None req-304e9855-bf80-477b-8c13-dce5ed250219 admin admin] RBAC: Authorizing `identity:list_users()` {{(pid=49737) enforce_call /opt/stack/keystone/keystone/common/rbac_enforcer/enforcer.py:501}}
Aug 25 15:25:18 devstack devstack@keystone.service[49737]: DEBUG keystone.common.rbac_enforcer.enforcer [None req-304e9855-bf80-477b-8c13-dce5ed250219 admin admin] RBAC: Authorization granted {{(pid=49737) enforce_call /opt/stack/keystone/keystone/common/rbac_enforcer/enforcer.py:512}}
Aug 25 15:25:18 devstack devstack@keystone.service[49737]: [pid: 49737|app: 0|req: 6/10] 192.168.122.85 () {56 vars in 1173 bytes} [Tue Aug 25 15:25:18 2026] GET /identity/v3/users?name=admin => generated 358 bytes in 72 msecs (HTTP/1.1 200) 5 headers in 177 bytes (1 switches on core 0)
Aug 25 15:25:21 devstack devstack@keystone.service[49738]: DEBUG keystone.server.flask.request_processing.req_logging [None req-3302a26e-c04b-45ec-96ae-38d5ea02cccc None None] REQUEST_METHOD: `GET` {{(pid=49738) log_request_info /opt/stack/keystone/keystone/server/flask/request_processing/req_logging.py:26}}
Aug 25 15:25:21 devstack devstack@keystone.service[49738]: DEBUG keystone.server.flask.request_processing.req_logging [None req-3302a26e-c04b-45ec-96ae-38d5ea02cccc None None] SCRIPT_NAME: `/identity` {{(pid=49738) log_request_info /opt/stack/keystone/keystone/server/flask/request_processing/req_logging.py:27}}
Aug 25 15:25:21 devstack devstack@keystone.service[49738]: DEBUG keystone.server.flask.request_processing.req_logging [None req-3302a26e-c04b-45ec-96ae-38d5ea02cccc None None] PATH_INFO: `/` {{(pid=49738) log_request_info /opt/stack/keystone/keystone/server/flask/request_processing/req_logging.py:28}}
Aug 25 15:25:21 devstack devstack@keystone.service[49738]: [pid: 49738|app: 0|req: 5/11] 192.168.122.85 () {54 vars in 923 bytes} [Tue Aug 25 15:25:21 2026] GET /identity => generated 273 bytes in 7 msecs (HTTP/1.1 300) 6 headers in 237 bytes (1 switches on core 0)
Aug 25 15:25:21 devstack devstack@keystone.service[49737]: DEBUG keystone.server.flask.request_processing.req_logging [None req-8d02bc0d-6157-400b-8c5d-56192463e179 None None] REQUEST_METHOD: `GET` {{(pid=49737) log_request_info /opt/stack/keystone/keystone/server/flask/request_processing/req_logging.py:26}}
Aug 25 15:25:21 devstack devstack@keystone.service[49737]: DEBUG keystone.server.flask.request_processing.req_logging [None req-8d02bc0d-6157-400b-8c5d-56192463e179 None None] SCRIPT_NAME: `/identity` {{(pid=49737) log_request_info /opt/stack/keystone/keystone/server/flask/request_processing/req_logging.py:27}}
Aug 25 15:25:21 devstack devstack@keystone.service[49737]: DEBUG keystone.server.flask.request_processing.req_logging [None req-8d02bc0d-6157-400b-8c5d-56192463e179 None None] PATH_INFO: `/` {{(pid=49737) log_request_info /opt/stack/keystone/keystone/server/flask/request_processing/req_logging.py:28}}
Aug 25 15:25:21 devstack devstack@keystone.service[49737]: [pid: 49737|app: 0|req: 7/12] 192.168.122.85 () {54 vars in 923 bytes} [Tue Aug 25 15:25:21 2026] GET /identity => generated 273 bytes in 4 msecs (HTTP/1.1 300) 6 headers in 237 bytes (1 switches on core 0)
Aug 25 15:25:21 devstack devstack@keystone.service[49738]: DEBUG keystone.server.flask.request_processing.req_logging [None req-ac811ac4-c5f9-4353-bef6-a25b24a47abd None None] REQUEST_METHOD: `POST` {{(pid=49738) log_request_info /opt/stack/keystone/keystone/server/flask/request_processing/req_logging.py:26}}
Aug 25 15:25:21 devstack devstack@keystone.service[49738]: DEBUG keystone.server.flask.request_processing.req_logging [None req-ac811ac4-c5f9-4353-bef6-a25b24a47abd None None] SCRIPT_NAME: `/identity` {{(pid=49738) log_request_info /opt/stack/keystone/keystone/server/flask/request_processing/req_logging.py:27}}
Aug 25 15:25:21 devstack devstack@keystone.service[49738]: DEBUG keystone.server.flask.request_processing.req_logging [None req-ac811ac4-c5f9-4353-bef6-a25b24a47abd None None] PATH_INFO: `/v3/auth/tokens` {{(pid=49738) log_request_info /opt/stack/keystone/keystone/server/flask/request_processing/req_logging.py:28}}
Aug 25 15:25:21 devstack devstack@keystone.service[49737]: DEBUG keystone.server.flask.request_processing.req_logging [None req-0eb1c235-8129-4527-959b-13c66cd0aa87 None None] REQUEST_METHOD: `POST` {{(pid=49737) log_request_info /opt/stack/keystone/keystone/server/flask/request_processing/req_logging.py:26}}
Aug 25 15:25:21 devstack devstack@keystone.service[49737]: DEBUG keystone.server.flask.request_processing.req_logging [None req-0eb1c235-8129-4527-959b-13c66cd0aa87 None None] SCRIPT_NAME: `/identity` {{(pid=49737) log_request_info /opt/stack/keystone/keystone/server/flask/request_processing/req_logging.py:27}}
Aug 25 15:25:21 devstack devstack@keystone.service[49737]: DEBUG keystone.server.flask.request_processing.req_logging [None req-0eb1c235-8129-4527-959b-13c66cd0aa87 None None] PATH_INFO: `/v3/auth/tokens` {{(pid=49737) log_request_info /opt/stack/keystone/keystone/server/flask/request_processing/req_logging.py:28}}
Aug 25 15:25:21 devstack devstack@keystone.service[49738]: WARNING keystone.common.password_hashing [None req-ac811ac4-c5f9-4353-bef6-a25b24a47abd None None] Truncating password to algorithm specific maximum length 72 characters.
Aug 25 15:25:21 devstack devstack@keystone.service[49737]: WARNING keystone.common.password_hashing [None req-0eb1c235-8129-4527-959b-13c66cd0aa87 None None] Truncating password to algorithm specific maximum length 72 characters.
Aug 25 15:25:21 devstack devstack@keystone.service[49738]: DEBUG keystone.auth.core [None req-ac811ac4-c5f9-4353-bef6-a25b24a47abd None None] MFA Rules not processed for user `0eff7c86786d4863b93718ffb1b9d055`. Rule list: `[]` (Enabled: `True`). {{(pid=49738) check_auth_methods_against_rules /opt/stack/keystone/keystone/auth/core.py:476}}
Aug 25 15:25:21 devstack devstack@keystone.service[49737]: DEBUG keystone.auth.core [None req-0eb1c235-8129-4527-959b-13c66cd0aa87 None None] MFA Rules not processed for user `0eff7c86786d4863b93718ffb1b9d055`. Rule list: `[]` (Enabled: `True`). {{(pid=49737) check_auth_methods_against_rules /opt/stack/keystone/keystone/auth/core.py:476}}
Aug 25 15:25:21 devstack devstack@keystone.service[49737]: DEBUG keystone.common.fernet_utils [None req-0eb1c235-8129-4527-959b-13c66cd0aa87 None None] Loaded 2 Fernet keys from /etc/keystone/fernet-keys/, but `[fernet_tokens] max_active_keys = 3`; perhaps there have not been enough key rotations to reach `max_active_keys` yet? {{(pid=49737) load_keys /opt/stack/keystone/keystone/common/fernet_utils.py:297}}
Aug 25 15:25:21 devstack devstack@keystone.service[49738]: DEBUG keystone.common.fernet_utils [None req-ac811ac4-c5f9-4353-bef6-a25b24a47abd None None] Loaded 2 Fernet keys from /etc/keystone/fernet-keys/, but `[fernet_tokens] max_active_keys = 3`; perhaps there have not been enough key rotations to reach `max_active_keys` yet? {{(pid=49738) load_keys /opt/stack/keystone/keystone/common/fernet_utils.py:297}}
Aug 25 15:25:21 devstack devstack@keystone.service[49737]: [pid: 49737|app: 0|req: 8/13] 192.168.122.85 () {58 vars in 1020 bytes} [Tue Aug 25 15:25:21 2026] POST /identity/v3/auth/tokens => generated 865 bytes in 166 msecs (HTTP/1.1 201) 6 headers in 363 bytes (1 switches on core 0)
Aug 25 15:25:21 devstack devstack@keystone.service[49738]: [pid: 49738|app: 0|req: 6/14] 192.168.122.85 () {58 vars in 1020 bytes} [Tue Aug 25 15:25:21 2026] POST /identity/v3/auth/tokens => generated 865 bytes in 174 msecs (HTTP/1.1 201) 6 headers in 363 bytes (1 switches on core 0)
Aug 25 15:25:21 devstack devstack@keystone.service[49737]: DEBUG keystone.server.flask.request_processing.middleware.auth_context [None req-0eb1c235-8129-4527-959b-13c66cd0aa87 None None] Authenticating user token {{(pid=49737) process_request /opt/stack/data/venv/lib/python3.12/site-packages/keystonemiddleware/auth_token/__init__.py:406}}
Aug 25 15:25:21 devstack devstack@keystone.service[49738]: DEBUG keystone.server.flask.request_processing.middleware.auth_context [None req-ac811ac4-c5f9-4353-bef6-a25b24a47abd None None] Authenticating user token {{(pid=49738) process_request /opt/stack/data/venv/lib/python3.12/site-packages/keystonemiddleware/auth_token/__init__.py:406}}
Aug 25 15:25:22 devstack devstack@keystone.service[49737]: DEBUG keystone.server.flask.request_processing.middleware.auth_context [None req-0eb1c235-8129-4527-959b-13c66cd0aa87 None None] Validating token access rules against request {{(pid=49737) validate_allowed_request /opt/stack/data/venv/lib/python3.12/site-packages/keystonemiddleware/auth_token/__init__.py:544}}
Aug 25 15:25:22 devstack devstack@keystone.service[49738]: DEBUG keystone.server.flask.request_processing.middleware.auth_context [None req-ac811ac4-c5f9-4353-bef6-a25b24a47abd None None] Validating token access rules against request {{(pid=49738) validate_allowed_request /opt/stack/data/venv/lib/python3.12/site-packages/keystonemiddleware/auth_token/__init__.py:544}}
Aug 25 15:25:22 devstack devstack@keystone.service[49737]: DEBUG keystone.server.flask.request_processing.middleware.auth_context [None req-1a4ec62f-1cbe-499e-a7b1-9d4c4eda2e27 None admin] RBAC: auth_context: {'token': , 'domain_id': None, 'trust_id': None, 'trustor_id': None, 'trustee_id': None, 'domain_name': None, 'group_ids': [], 'user_id': '0eff7c86786d4863b93718ffb1b9d055', 'user_domain_id': 'default', 'system_scope': 'all', 'project_id': None, 'project_domain_id': None, 'roles': ['admin', 'manager', 'member', 'reader'], 'is_admin_project': True, 'service_user_id': None, 'service_user_domain_id': None, 'service_project_id': None, 'service_project_domain_id': None, 'service_roles': []} {{(pid=49737) fill_context /opt/stack/keystone/keystone/server/flask/request_processing/middleware/auth_context.py:516}}
Aug 25 15:25:22 devstack devstack@keystone.service[49737]: DEBUG keystone.server.flask.request_processing.req_logging [None req-1a4ec62f-1cbe-499e-a7b1-9d4c4eda2e27 None admin] REQUEST_METHOD: `GET` {{(pid=49737) log_request_info /opt/stack/keystone/keystone/server/flask/request_processing/req_logging.py:26}}
Aug 25 15:25:22 devstack devstack@keystone.service[49737]: DEBUG keystone.server.flask.request_processing.req_logging [None req-1a4ec62f-1cbe-499e-a7b1-9d4c4eda2e27 None admin] SCRIPT_NAME: `/identity` {{(pid=49737) log_request_info /opt/stack/keystone/keystone/server/flask/request_processing/req_logging.py:27}}
Aug 25 15:25:22 devstack devstack@keystone.service[49737]: DEBUG keystone.server.flask.request_processing.req_logging [None req-1a4ec62f-1cbe-499e-a7b1-9d4c4eda2e27 None admin] PATH_INFO: `/v3/roles/admin` {{(pid=49737) log_request_info /opt/stack/keystone/keystone/server/flask/request_processing/req_logging.py:28}}
Aug 25 15:25:22 devstack devstack@keystone.service[49738]: DEBUG keystone.server.flask.request_processing.middleware.auth_context [None req-5be1f4e6-c757-429b-ba51-3a08e333903b None admin] RBAC: auth_context: {'token': , 'domain_id': None, 'trust_id': None, 'trustor_id': None, 'trustee_id': None, 'domain_name': None, 'group_ids': [], 'user_id': '0eff7c86786d4863b93718ffb1b9d055', 'user_domain_id': 'default', 'system_scope': 'all', 'project_id': None, 'project_domain_id': None, 'roles': ['admin', 'manager', 'member', 'reader'], 'is_admin_project': True, 'service_user_id': None, 'service_user_domain_id': None, 'service_project_id': None, 'service_project_domain_id': None, 'service_roles': []} {{(pid=49738) fill_context /opt/stack/keystone/keystone/server/flask/request_processing/middleware/auth_context.py:516}}
Aug 25 15:25:22 devstack devstack@keystone.service[49738]: DEBUG keystone.server.flask.request_processing.req_logging [None req-5be1f4e6-c757-429b-ba51-3a08e333903b None admin] REQUEST_METHOD: `POST` {{(pid=49738) log_request_info /opt/stack/keystone/keystone/server/flask/request_processing/req_logging.py:26}}
Aug 25 15:25:22 devstack devstack@keystone.service[49738]: DEBUG keystone.server.flask.request_processing.req_logging [None req-5be1f4e6-c757-429b-ba51-3a08e333903b None admin] SCRIPT_NAME: `/identity` {{(pid=49738) log_request_info /opt/stack/keystone/keystone/server/flask/request_processing/req_logging.py:27}}
Aug 25 15:25:22 devstack devstack@keystone.service[49738]: DEBUG keystone.server.flask.request_processing.req_logging [None req-5be1f4e6-c757-429b-ba51-3a08e333903b None admin] PATH_INFO: `/v3/domains` {{(pid=49738) log_request_info /opt/stack/keystone/keystone/server/flask/request_processing/req_logging.py:28}}
Aug 25 15:25:22 devstack devstack@keystone.service[49738]: DEBUG keystone.common.rbac_enforcer.enforcer [None req-5be1f4e6-c757-429b-ba51-3a08e333903b None admin] RBAC: Authorizing `identity:create_domain()` {{(pid=49738) enforce_call /opt/stack/keystone/keystone/common/rbac_enforcer/enforcer.py:501}}
Aug 25 15:25:22 devstack devstack@keystone.service[49737]: DEBUG keystone.common.rbac_enforcer.enforcer [None req-1a4ec62f-1cbe-499e-a7b1-9d4c4eda2e27 None admin] Extracting inferred target data resulted in "NOT FOUND (404)". {{(pid=49737) enforce_call /opt/stack/keystone/keystone/common/rbac_enforcer/enforcer.py:445}}
Aug 25 15:25:22 devstack devstack@keystone.service[49738]: DEBUG keystone.common.rbac_enforcer.enforcer [None req-5be1f4e6-c757-429b-ba51-3a08e333903b None admin] RBAC: Authorization granted {{(pid=49738) enforce_call /opt/stack/keystone/keystone/common/rbac_enforcer/enforcer.py:512}}
Aug 25 15:25:22 devstack devstack@keystone.service[49737]: DEBUG keystone.server.flask.application [None req-1a4ec62f-1cbe-499e-a7b1-9d4c4eda2e27 None admin] Could not find role: admin. {{(pid=49737) _handle_keystone_exception /opt/stack/keystone/keystone/server/flask/application.py:146}}
Aug 25 15:25:22 devstack devstack@keystone.service[49737]: [pid: 49737|app: 0|req: 9/15] 192.168.122.85 () {56 vars in 1136 bytes} [Tue Aug 25 15:25:21 2026] GET /identity/v3/roles/admin => generated 83 bytes in 183 msecs (HTTP/1.1 404) 5 headers in 183 bytes (1 switches on core 0)
Aug 25 15:25:22 devstack devstack@keystone.service[49737]: DEBUG keystone.server.flask.request_processing.middleware.auth_context [None req-1a4ec62f-1cbe-499e-a7b1-9d4c4eda2e27 None admin] Authenticating user token {{(pid=49737) process_request /opt/stack/data/venv/lib/python3.12/site-packages/keystonemiddleware/auth_token/__init__.py:406}}
Aug 25 15:25:22 devstack devstack@keystone.service[49738]: DEBUG keystone.common.sql.core [None req-5be1f4e6-c757-429b-ba51-3a08e333903b None admin] Conflict project: (pymysql.err.IntegrityError) (1062, "Duplicate entry '<>-Default' for key 'project.ixu_project_name_domain_id'")
Aug 25 15:25:22 devstack devstack@keystone.service[49738]: [SQL: INSERT INTO project (id, name, domain_id, description, enabled, extra, parent_id, is_domain) VALUES (%(id)s, %(name)s, %(domain_id)s, %(description)s, %(enabled)s, %(extra)s, %(parent_id)s, %(is_domain)s)]
Aug 25 15:25:22 devstack devstack@keystone.service[49738]: [parameters: {'id': 'e813375968484bbab78314d59e87aec0', 'name': 'Default', 'domain_id': '<>', 'description': '', 'enabled': 1, 'extra': '{}', 'parent_id': None, 'is_domain': 1}]
Aug 25 15:25:22 devstack devstack@keystone.service[49738]: (Background on this error at: https://sqlalche.me/e/20/gkpj) {{(pid=49738) wrapper /opt/stack/keystone/keystone/common/sql/core.py:580}}
Aug 25 15:25:22 devstack devstack@keystone.service[49738]: ERROR keystone.server.flask.application [None req-5be1f4e6-c757-429b-ba51-3a08e333903b None admin] Conflict occurred attempting to store project - it is not permitted to have two projects acting as domains with the same name: Default.: keystone.exception.Conflict: Conflict occurred attempting to store project - it is not permitted to have two projects acting as domains with the same name: Default.
Aug 25 15:25:22 devstack devstack@keystone.service[49738]: ERROR keystone.server.flask.application
Traceback (most recent call last):
Aug 25 15:25:22 devstack devstack@keystone.service[49738]: ERROR keystone.server.flask.application
File "/opt/stack/data/venv/lib/python3.12/site-packages/sqlalchemy/engine/base.py", line 1969, in _exec_single_context
Aug 25 15:25:22 devstack devstack@keystone.service[49738]: ERROR keystone.server.flask.application self.dialect.do_execute(
Aug 25 15:25:22 devstack devstack@keystone.service[49738]: ERROR keystone.server.flask.application
File "/opt/stack/data/venv/lib/python3.12/site-packages/sqlalchemy/engine/default.py", line 952, in do_execute
Aug 25 15:25:22 devstack devstack@keystone.service[49738]: ERROR keystone.server.flask.application cursor.execute(statement, parameters)
Aug 25 15:25:22 devstack devstack@keystone.service[49738]: ERROR keystone.server.flask.application
File "/opt/stack/data/venv/lib/python3.12/site-packages/pymysql/cursors.py", line 159, in execute
Aug 25 15:25:22 devstack devstack@keystone.service[49738]: ERROR keystone.server.flask.application result = self._query(query)
Aug 25 15:25:22 devstack devstack@keystone.service[49738]: ERROR keystone.server.flask.application ^^^^^^^^^^^^^^^^^^
Aug 25 15:25:22 devstack devstack@keystone.service[49738]: ERROR keystone.server.flask.application
File "/opt/stack/data/venv/lib/python3.12/site-packages/pymysql/cursors.py", line 330, in _query
Aug 25 15:25:22 devstack devstack@keystone.service[49738]: ERROR keystone.server.flask.application conn.query(q)
Aug 25 15:25:22 devstack devstack@keystone.service[49738]: ERROR keystone.server.flask.application
File "/opt/stack/data/venv/lib/python3.12/site-packages/pymysql/connections.py", line 582, in query
Aug 25 15:25:22 devstack devstack@keystone.service[49738]: ERROR keystone.server.flask.application self._affected_rows = self._read_query_result(unbuffered=unbuffered)
Aug 25 15:25:22 devstack devstack@keystone.service[49738]: ERROR keystone.server.flask.application ^^^^^^^^^^^^^^^^^^^^^^^^^^^^^^^^^^^^^^^^^^^^^^
Aug 25 15:25:22 devstack devstack@keystone.service[49738]: ERROR keystone.server.flask.application
File "/opt/stack/data/venv/lib/python3.12/site-packages/pymysql/connections.py", line 847, in _read_query_result
Aug 25 15:25:22 devstack devstack@keystone.service[49738]: ERROR keystone.server.flask.application result.read()
Aug 25 15:25:22 devstack devstack@keystone.service[49738]: ERROR keystone.server.flask.application
File "/opt/stack/data/venv/lib/python3.12/site-packages/pymysql/connections.py", line 1245, in read
Aug 25 15:25:22 devstack devstack@keystone.service[49738]: ERROR keystone.server.flask.application first_packet = self.connection._read_packet()
Aug 25 15:25:22 devstack devstack@keystone.service[49738]: ERROR keystone.server.flask.application ^^^^^^^^^^^^^^^^^^^^^^^^^^^^^^
Aug 25 15:25:22 devstack devstack@keystone.service[49738]: ERROR keystone.server.flask.application
File "/opt/stack/data/venv/lib/python3.12/site-packages/pymysql/connections.py", line 803, in _read_packet
Aug 25 15:25:22 devstack devstack@keystone.service[49738]: ERROR keystone.server.flask.application packet.raise_for_error()
Aug 25 15:25:22 devstack devstack@keystone.service[49738]: ERROR keystone.server.flask.application
File "/opt/stack/data/venv/lib/python3.12/site-packages/pymysql/protocol.py", line 219, in raise_for_error
Aug 25 15:25:22 devstack devstack@keystone.service[49738]: ERROR keystone.server.flask.application err.raise_mysql_exception(self._data)
Aug 25 15:25:22 devstack devstack@keystone.service[49738]: ERROR keystone.server.flask.application
File "/opt/stack/data/venv/lib/python3.12/site-packages/pymysql/err.py", line 154, in raise_mysql_exception
Aug 25 15:25:22 devstack devstack@keystone.service[49738]: ERROR keystone.server.flask.application raise errorclass(errno, errval, sqlstate=sqlstate)
Aug 25 15:25:22 devstack devstack@keystone.service[49738]: ERROR keystone.server.flask.application pymysql.err.IntegrityError: (1062, "Duplicate entry '<>-Default' for key 'project.ixu_project_name_domain_id'")
Aug 25 15:25:22 devstack devstack@keystone.service[49738]: ERROR keystone.server.flask.application
Aug 25 15:25:22 devstack devstack@keystone.service[49738]: ERROR keystone.server.flask.application The above exception was the direct cause of the following exception:
Aug 25 15:25:22 devstack devstack@keystone.service[49738]: ERROR keystone.server.flask.application
Aug 25 15:25:22 devstack devstack@keystone.service[49738]: ERROR keystone.server.flask.application
Traceback (most recent call last):
Aug 25 15:25:22 devstack devstack@keystone.service[49738]: ERROR keystone.server.flask.application
File "/opt/stack/keystone/keystone/common/sql/core.py", line 575, in wrapper
Aug 25 15:25:22 devstack devstack@keystone.service[49738]: ERROR keystone.server.flask.application return method(*args, **kwargs)
Aug 25 15:25:22 devstack devstack@keystone.service[49738]: ERROR keystone.server.flask.application ^^^^^^^^^^^^^^^^^^^^^^^
Aug 25 15:25:22 devstack devstack@keystone.service[49738]: ERROR keystone.server.flask.application
File "/opt/stack/keystone/keystone/resource/backends/sql.py", line 278, in create_project
Aug 25 15:25:22 devstack devstack@keystone.service[49738]: ERROR keystone.server.flask.application with sql.session_for_write() as session:
Aug 25 15:25:22 devstack devstack@keystone.service[49738]: ERROR keystone.server.flask.application
File "/usr/lib/python3.12/contextlib.py", line 144, in __exit__
Aug 25 15:25:22 devstack devstack@keystone.service[49738]: ERROR keystone.server.flask.application next(self.gen)
Aug 25 15:25:22 devstack devstack@keystone.service[49738]: ERROR keystone.server.flask.application
File "/opt/stack/data/venv/lib/python3.12/site-packages/oslo_db/sqlalchemy/enginefacade.py", line 1175, in _transaction_scope
Aug 25 15:25:22 devstack devstack@keystone.service[49738]: ERROR keystone.server.flask.application with current._produce_block(
Aug 25 15:25:22 devstack devstack@keystone.service[49738]: ERROR keystone.server.flask.application
File "/usr/lib/python3.12/contextlib.py", line 144, in __exit__
Aug 25 15:25:22 devstack devstack@keystone.service[49738]: ERROR keystone.server.flask.application next(self.gen)
Aug 25 15:25:22 devstack devstack@keystone.service[49738]: ERROR keystone.server.flask.application
File "/opt/stack/data/venv/lib/python3.12/site-packages/oslo_db/sqlalchemy/enginefacade.py", line 837, in _session
Aug 25 15:25:22 devstack devstack@keystone.service[49738]: ERROR keystone.server.flask.application with excutils.save_and_reraise_exception():
Aug 25 15:25:22 devstack devstack@keystone.service[49738]: ERROR keystone.server.flask.application
File "/opt/stack/data/venv/lib/python3.12/site-packages/oslo_utils/excutils.py", line 266, in __exit__
Aug 25 15:25:22 devstack devstack@keystone.service[49738]: ERROR keystone.server.flask.application self.force_reraise()
Aug 25 15:25:22 devstack devstack@keystone.service[49738]: ERROR keystone.server.flask.application
File "/opt/stack/data/venv/lib/python3.12/site-packages/oslo_utils/excutils.py", line 232, in force_reraise
