Aug 25 15:46:17 devstack cinder-volume[94557]: DEBUG oslo_concurrency.processutils [None req-a43145b6-7221-4e93-9bab-181b3a27b3fc tempest-VolumesActionsTest-1332543226 None] Running cmd (subprocess): /opt/stack/data/venv/bin/python3.12 -m oslo_concurrency.prlimit --as=1073741824 --cpu=60 -- sudo cinder-rootwrap /etc/cinder/rootwrap.conf env LC_ALL=C qemu-img info -f qcow2 --output=json --force-share /opt/stack/data/cinder/mnt/3737ddea3d28ccb5503b90fe278ff548/volume-a7bad4a0-3b1e-4314-9833-a7ae9a530802 {{(pid=94557) execute /opt/stack/data/venv/lib/python3.12/site-packages/oslo_concurrency/processutils.py:440}}
Aug 25 15:46:17 devstack cinder-volume[94557]: INFO cinder.volume.manager [None req-32225ede-abe9-47ae-83f2-24a6ae2f8502 tempest-GroupSnapshotsV319Test-1767925385 None] GroupSnapshot 5dc06459-dd1c-42d1-87c5-cba99935c74c: creating.
Aug 25 15:46:18 devstack cinder-volume[94557]: INFO cinder.volume.flows.manager.create_volume [None req-8d1a2308-31d0-4bbe-8b34-765919f7425a tempest-AttachVolumeNegativeTest-970262201 None] Volume volume-31b12734-8fd2-4c19-874b-bcaeaef54fec (31b12734-8fd2-4c19-874b-bcaeaef54fec): created successfully
Aug 25 15:46:18 devstack cinder-volume[94557]: DEBUG cinder.volume.manager [None req-8d1a2308-31d0-4bbe-8b34-765919f7425a tempest-AttachVolumeNegativeTest-970262201 None] Task 'cinder.volume.flows.manager.create_volume.CreateVolumeOnFinishTask;volume:create, create.end' (91f7e2b7-6c6a-474e-98ad-b6b74cbb0972) transitioned into state 'SUCCESS' from state 'RUNNING' with result 'None' {{(pid=94557) _task_receiver /opt/stack/data/venv/lib/python3.12/site-packages/taskflow/listeners/logging.py:218}}
Aug 25 15:46:18 devstack cinder-volume[94557]: DEBUG cinder.volume.manager [None req-8d1a2308-31d0-4bbe-8b34-765919f7425a tempest-AttachVolumeNegativeTest-970262201 None] Flow 'volume_create_manager' (5a9251b2-443c-4b7c-af12-cef6a4797f00) transitioned into state 'SUCCESS' from state 'RUNNING' {{(pid=94557) _flow_receiver /opt/stack/data/venv/lib/python3.12/site-packages/taskflow/listeners/logging.py:160}}
Aug 25 15:46:18 devstack sudo[103083]: quobyte : PWD=/ ; USER=root ; COMMAND=/opt/stack/data/venv/bin/cinder-rootwrap /etc/cinder/rootwrap.conf env LC_ALL=C qemu-img info -f qcow2 --output=json --force-share /opt/stack/data/cinder/mnt/3737ddea3d28ccb5503b90fe278ff548/volume-a7bad4a0-3b1e-4314-9833-a7ae9a530802
Aug 25 15:46:18 devstack sudo[103083]: pam_unix(sudo:session): session opened for user root(uid=0) by (uid=1000)
Aug 25 15:46:18 devstack cinder-volume[94557]: INFO cinder.volume.manager [None req-8d1a2308-31d0-4bbe-8b34-765919f7425a tempest-AttachVolumeNegativeTest-970262201 None] Created volume successfully.
Aug 25 15:46:18 devstack cinder-volume[94557]: INFO cinder.volume.manager [None req-dc89ff79-6f4a-4575-ad0a-1efef3ee3302 tempest-VolumesTransfersV355Test-826018388 None] Transfer volume completed successfully.
Aug 25 15:46:18 devstack cinder-volume[94557]: DEBUG cinder.volume.manager [None req-32225ede-abe9-47ae-83f2-24a6ae2f8502 tempest-GroupSnapshotsV319Test-1767925385 None] Group snapshot 5dc06459-dd1c-42d1-87c5-cba99935c74c: creating. {{(pid=94557) create_group_snapshot /opt/stack/cinder/cinder/volume/manager.py:4175}}
Aug 25 15:46:18 devstack cinder-volume[94557]: DEBUG oslo_concurrency.lockutils [None req-32225ede-abe9-47ae-83f2-24a6ae2f8502 tempest-GroupSnapshotsV319Test-1767925385 None] Acquiring lock "quobyte" by "cinder.volume.drivers.quobyte.QuobyteDriver.create_snapshot" {{(pid=94557) inner /opt/stack/data/venv/lib/python3.12/site-packages/oslo_concurrency/lockutils.py:512}}
Aug 25 15:46:18 devstack sudo[103083]: pam_unix(sudo:session): session closed for user root
Aug 25 15:46:18 devstack cinder-volume[94557]: DEBUG oslo_concurrency.processutils [None req-a43145b6-7221-4e93-9bab-181b3a27b3fc tempest-VolumesActionsTest-1332543226 None] CMD "/opt/stack/data/venv/bin/python3.12 -m oslo_concurrency.prlimit --as=1073741824 --cpu=60 -- sudo cinder-rootwrap /etc/cinder/rootwrap.conf env LC_ALL=C qemu-img info -f qcow2 --output=json --force-share /opt/stack/data/cinder/mnt/3737ddea3d28ccb5503b90fe278ff548/volume-a7bad4a0-3b1e-4314-9833-a7ae9a530802" returned: 0 in 0.409s {{(pid=94557) execute /opt/stack/data/venv/lib/python3.12/site-packages/oslo_concurrency/processutils.py:468}}
Aug 25 15:46:18 devstack cinder-volume[94557]: DEBUG oslo.privsep.daemon [-] privsep: reply[b6ddc58c-4181-4fd0-8503-5564bc7ef9f2]: (4, 'qcow2') {{(pid=96465) _call_back /opt/stack/data/venv/lib/python3.12/site-packages/oslo_privsep/daemon.py:580}}
Aug 25 15:46:18 devstack cinder-volume[94557]: DEBUG oslo_concurrency.processutils [None req-a43145b6-7221-4e93-9bab-181b3a27b3fc tempest-VolumesActionsTest-1332543226 None] Running cmd (subprocess): /opt/stack/data/venv/bin/python3.12 -m oslo_concurrency.prlimit --as=1073741824 --cpu=60 -- sudo cinder-rootwrap /etc/cinder/rootwrap.conf env LC_ALL=C qemu-img info -f qcow2 --output=json /opt/stack/data/cinder/mnt/3737ddea3d28ccb5503b90fe278ff548/volume-a7bad4a0-3b1e-4314-9833-a7ae9a530802 {{(pid=94557) execute /opt/stack/data/venv/lib/python3.12/site-packages/oslo_concurrency/processutils.py:440}}
Aug 25 15:46:18 devstack sudo[103088]: quobyte : PWD=/ ; USER=root ; COMMAND=/opt/stack/data/venv/bin/cinder-rootwrap /etc/cinder/rootwrap.conf env LC_ALL=C qemu-img info -f qcow2 --output=json /opt/stack/data/cinder/mnt/3737ddea3d28ccb5503b90fe278ff548/volume-a7bad4a0-3b1e-4314-9833-a7ae9a530802
Aug 25 15:46:18 devstack sudo[103088]: pam_unix(sudo:session): session opened for user root(uid=0) by (uid=1000)
Aug 25 15:46:18 devstack cinder-volume[94557]: DEBUG cinder.coordination [None req-d8564851-9587-4fe7-9d14-46becabfca89 tempest-VolumesTransfersV355Test-397581408 None] Acquiring lock "cinder-04a599b4-993a-47a8-948b-1db0a5de4701-delete_volume" by "delete_volume" {{(pid=94557) __acquire /opt/stack/cinder/cinder/coordination.py:138}}
Aug 25 15:46:18 devstack cinder-volume[94557]: DEBUG cinder.coordination [None req-d8564851-9587-4fe7-9d14-46becabfca89 tempest-VolumesTransfersV355Test-397581408 None] Lock "cinder-04a599b4-993a-47a8-948b-1db0a5de4701-delete_volume" acquired by "delete_volume" :: waited 0.021s {{(pid=94557) __acquire /opt/stack/cinder/cinder/coordination.py:141}}
Aug 25 15:46:18 devstack cinder-volume[94557]: DEBUG cinder.coordination [None req-d8564851-9587-4fe7-9d14-46becabfca89 tempest-VolumesTransfersV355Test-397581408 None] Acquiring lock "cinder-quobyte-04a599b4-993a-47a8-948b-1db0a5de4701" by "delete_volume" {{(pid=94557) __acquire /opt/stack/cinder/cinder/coordination.py:138}}
Aug 25 15:46:18 devstack cinder-volume[94557]: DEBUG cinder.coordination [None req-d8564851-9587-4fe7-9d14-46becabfca89 tempest-VolumesTransfersV355Test-397581408 None] Lock "cinder-quobyte-04a599b4-993a-47a8-948b-1db0a5de4701" acquired by "delete_volume" :: waited 0.016s {{(pid=94557) __acquire /opt/stack/cinder/cinder/coordination.py:141}}
Aug 25 15:46:18 devstack cinder-volume[94557]: DEBUG oslo.privsep.daemon [-] privsep: reply[7531c2a6-26b9-4eee-9ef7-06b556a4d1b7]: (4, 'qcow2') {{(pid=96465) _call_back /opt/stack/data/venv/lib/python3.12/site-packages/oslo_privsep/daemon.py:580}}
Aug 25 15:46:18 devstack cinder-volume[94557]: DEBUG oslo_concurrency.processutils [None req-d8564851-9587-4fe7-9d14-46becabfca89 tempest-VolumesTransfersV355Test-397581408 None] Running cmd (subprocess): /opt/stack/data/venv/bin/python3.12 -m oslo_concurrency.prlimit --as=1073741824 --cpu=60 -- sudo cinder-rootwrap /etc/cinder/rootwrap.conf env LC_ALL=C qemu-img info -f qcow2 --output=json --force-share /opt/stack/data/cinder/mnt/3737ddea3d28ccb5503b90fe278ff548/volume-04a599b4-993a-47a8-948b-1db0a5de4701 {{(pid=94557) execute /opt/stack/data/venv/lib/python3.12/site-packages/oslo_concurrency/processutils.py:440}}
Aug 25 15:46:18 devstack sudo[103088]: pam_unix(sudo:session): session closed for user root
Aug 25 15:46:18 devstack cinder-volume[94557]: DEBUG oslo_concurrency.processutils [None req-a43145b6-7221-4e93-9bab-181b3a27b3fc tempest-VolumesActionsTest-1332543226 None] CMD "/opt/stack/data/venv/bin/python3.12 -m oslo_concurrency.prlimit --as=1073741824 --cpu=60 -- sudo cinder-rootwrap /etc/cinder/rootwrap.conf env LC_ALL=C qemu-img info -f qcow2 --output=json /opt/stack/data/cinder/mnt/3737ddea3d28ccb5503b90fe278ff548/volume-a7bad4a0-3b1e-4314-9833-a7ae9a530802" returned: 0 in 0.384s {{(pid=94557) execute /opt/stack/data/venv/lib/python3.12/site-packages/oslo_concurrency/processutils.py:468}}
Aug 25 15:46:18 devstack cinder-volume[94557]: DEBUG oslo_concurrency.processutils [None req-a43145b6-7221-4e93-9bab-181b3a27b3fc tempest-VolumesActionsTest-1332543226 None] Running cmd (subprocess): sudo cinder-rootwrap /etc/cinder/rootwrap.conf qemu-img convert -O raw /opt/stack/data/cinder/mnt/3737ddea3d28ccb5503b90fe278ff548/volume-a7bad4a0-3b1e-4314-9833-a7ae9a530802 /opt/stack/data/cinder/conversion/a7bad4a0-3b1e-4314-9833-a7ae9a530802.temp_image.e45d5a81-5c88-4ddb-8c1f-7c800b237269sai62tb3.img {{(pid=94557) execute /opt/stack/data/venv/lib/python3.12/site-packages/oslo_concurrency/processutils.py:440}}
Aug 25 15:46:18 devstack sudo[103094]: quobyte : PWD=/ ; USER=root ; COMMAND=/opt/stack/data/venv/bin/cinder-rootwrap /etc/cinder/rootwrap.conf qemu-img convert -O raw /opt/stack/data/cinder/mnt/3737ddea3d28ccb5503b90fe278ff548/volume-a7bad4a0-3b1e-4314-9833-a7ae9a530802 /opt/stack/data/cinder/conversion/a7bad4a0-3b1e-4314-9833-a7ae9a530802.temp_image.e45d5a81-5c88-4ddb-8c1f-7c800b237269sai62tb3.img
Aug 25 15:46:18 devstack sudo[103094]: pam_unix(sudo:session): session opened for user root(uid=0) by (uid=1000)
Aug 25 15:46:18 devstack sudo[103093]: quobyte : PWD=/ ; USER=root ; COMMAND=/opt/stack/data/venv/bin/cinder-rootwrap /etc/cinder/rootwrap.conf env LC_ALL=C qemu-img info -f qcow2 --output=json --force-share /opt/stack/data/cinder/mnt/3737ddea3d28ccb5503b90fe278ff548/volume-04a599b4-993a-47a8-948b-1db0a5de4701
Aug 25 15:46:18 devstack sudo[103093]: pam_unix(sudo:session): session opened for user root(uid=0) by (uid=1000)
Aug 25 15:46:19 devstack sudo[103093]: pam_unix(sudo:session): session closed for user root
Aug 25 15:46:19 devstack cinder-volume[94557]: DEBUG oslo_concurrency.processutils [None req-d8564851-9587-4fe7-9d14-46becabfca89 tempest-VolumesTransfersV355Test-397581408 None] CMD "/opt/stack/data/venv/bin/python3.12 -m oslo_concurrency.prlimit --as=1073741824 --cpu=60 -- sudo cinder-rootwrap /etc/cinder/rootwrap.conf env LC_ALL=C qemu-img info -f qcow2 --output=json --force-share /opt/stack/data/cinder/mnt/3737ddea3d28ccb5503b90fe278ff548/volume-04a599b4-993a-47a8-948b-1db0a5de4701" returned: 0 in 0.702s {{(pid=94557) execute /opt/stack/data/venv/lib/python3.12/site-packages/oslo_concurrency/processutils.py:468}}
Aug 25 15:46:19 devstack cinder-volume[94557]: DEBUG oslo_concurrency.processutils [None req-d8564851-9587-4fe7-9d14-46becabfca89 tempest-VolumesTransfersV355Test-397581408 None] Running cmd (subprocess): sudo cinder-rootwrap /etc/cinder/rootwrap.conf rm -f /opt/stack/data/cinder/mnt/3737ddea3d28ccb5503b90fe278ff548/volume-04a599b4-993a-47a8-948b-1db0a5de4701 {{(pid=94557) execute /opt/stack/data/venv/lib/python3.12/site-packages/oslo_concurrency/processutils.py:440}}
Aug 25 15:46:19 devstack sudo[103110]: quobyte : PWD=/ ; USER=root ; COMMAND=/opt/stack/data/venv/bin/cinder-rootwrap /etc/cinder/rootwrap.conf rm -f /opt/stack/data/cinder/mnt/3737ddea3d28ccb5503b90fe278ff548/volume-04a599b4-993a-47a8-948b-1db0a5de4701
Aug 25 15:46:19 devstack sudo[103110]: pam_unix(sudo:session): session opened for user root(uid=0) by (uid=1000)
Aug 25 15:46:20 devstack sudo[103110]: pam_unix(sudo:session): session closed for user root
Aug 25 15:46:20 devstack cinder-volume[94557]: DEBUG oslo_concurrency.processutils [None req-d8564851-9587-4fe7-9d14-46becabfca89 tempest-VolumesTransfersV355Test-397581408 None] CMD "sudo cinder-rootwrap /etc/cinder/rootwrap.conf rm -f /opt/stack/data/cinder/mnt/3737ddea3d28ccb5503b90fe278ff548/volume-04a599b4-993a-47a8-948b-1db0a5de4701" returned: 0 in 0.680s {{(pid=94557) execute /opt/stack/data/venv/lib/python3.12/site-packages/oslo_concurrency/processutils.py:468}}
Aug 25 15:46:20 devstack cinder-volume[94557]: DEBUG cinder.coordination [None req-d8564851-9587-4fe7-9d14-46becabfca89 tempest-VolumesTransfersV355Test-397581408 None] Lock "cinder-quobyte-04a599b4-993a-47a8-948b-1db0a5de4701" released by "delete_volume" :: held 1.448s {{(pid=94557) __release /opt/stack/cinder/cinder/coordination.py:152}}
Aug 25 15:46:20 devstack cinder-volume[94557]: DEBUG cinder.quota [None req-d8564851-9587-4fe7-9d14-46becabfca89 tempest-VolumesTransfersV355Test-397581408 None] Created reservations ['5f528c7f-fa67-49a8-8c8b-d8bbc05aa2db', 'c42deb87-dc0b-4bda-b11f-711e9d2538e7', '37d63f8f-2111-42a1-88c2-7ec9457fa947', 'd4c071c6-e0c6-4d75-b27e-60232f60b0e1'] {{(pid=94557) reserve /opt/stack/cinder/cinder/quota.py:752}}
Aug 25 15:46:20 devstack cinder-volume[94557]: DEBUG oslo_concurrency.lockutils [None req-d8564851-9587-4fe7-9d14-46becabfca89 tempest-VolumesTransfersV355Test-397581408 None] Acquiring lock "quobyte_ensure" by "cinder.volume.drivers.quobyte.QuobyteDriver._ensure_shares_mounted" {{(pid=94557) inner /opt/stack/data/venv/lib/python3.12/site-packages/oslo_concurrency/lockutils.py:512}}
Aug 25 15:46:20 devstack cinder-volume[94557]: DEBUG oslo_concurrency.lockutils [None req-d8564851-9587-4fe7-9d14-46becabfca89 tempest-VolumesTransfersV355Test-397581408 None] Lock "quobyte_ensure" acquired by "cinder.volume.drivers.quobyte.QuobyteDriver._ensure_shares_mounted" :: waited 0.001s {{(pid=94557) inner /opt/stack/data/venv/lib/python3.12/site-packages/oslo_concurrency/lockutils.py:525}}
Aug 25 15:46:20 devstack cinder-volume[94557]: DEBUG cinder.volume.drivers.quobyte [None req-d8564851-9587-4fe7-9d14-46becabfca89 tempest-VolumesTransfersV355Test-397581408 None] Quobyte Volume URL set to: {'osci02.corp.quobyte.com/cinder-vol-dba86549-6ead-497d-9770-b8b9db7fd8cc': None} {{(pid=94557) _load_shares_config /opt/stack/cinder/cinder/volume/drivers/quobyte.py:662}}
Aug 25 15:46:20 devstack cinder-volume[94557]: DEBUG cinder.volume.drivers.quobyte [None req-d8564851-9587-4fe7-9d14-46becabfca89 tempest-VolumesTransfersV355Test-397581408 None] Available shares ['osci02.corp.quobyte.com/cinder-vol-dba86549-6ead-497d-9770-b8b9db7fd8cc'] {{(pid=94557) _ensure_shares_mounted /opt/stack/cinder/cinder/volume/drivers/quobyte.py:692}}
Aug 25 15:46:20 devstack cinder-volume[94557]: DEBUG oslo_concurrency.lockutils [None req-d8564851-9587-4fe7-9d14-46becabfca89 tempest-VolumesTransfersV355Test-397581408 None] Lock "quobyte_ensure" "released" by "cinder.volume.drivers.quobyte.QuobyteDriver._ensure_shares_mounted" :: held 0.024s {{(pid=94557) inner /opt/stack/data/venv/lib/python3.12/site-packages/oslo_concurrency/lockutils.py:544}}
Aug 25 15:46:20 devstack cinder-volume[94557]: DEBUG oslo_concurrency.processutils [None req-d8564851-9587-4fe7-9d14-46becabfca89 tempest-VolumesTransfersV355Test-397581408 None] Running cmd (subprocess): sudo cinder-rootwrap /etc/cinder/rootwrap.conf df --portability --block-size 1 /opt/stack/data/cinder/mnt/3737ddea3d28ccb5503b90fe278ff548 {{(pid=94557) execute /opt/stack/data/venv/lib/python3.12/site-packages/oslo_concurrency/processutils.py:440}}
Aug 25 15:46:20 devstack sudo[103117]: quobyte : PWD=/ ; USER=root ; COMMAND=/opt/stack/data/venv/bin/cinder-rootwrap /etc/cinder/rootwrap.conf df --portability --block-size 1 /opt/stack/data/cinder/mnt/3737ddea3d28ccb5503b90fe278ff548
Aug 25 15:46:20 devstack sudo[103117]: pam_unix(sudo:session): session opened for user root(uid=0) by (uid=1000)
Aug 25 15:46:21 devstack sudo[103117]: pam_unix(sudo:session): session closed for user root
Aug 25 15:46:21 devstack cinder-volume[94557]: DEBUG oslo_concurrency.processutils [None req-d8564851-9587-4fe7-9d14-46becabfca89 tempest-VolumesTransfersV355Test-397581408 None] CMD "sudo cinder-rootwrap /etc/cinder/rootwrap.conf df --portability --block-size 1 /opt/stack/data/cinder/mnt/3737ddea3d28ccb5503b90fe278ff548" returned: 0 in 0.790s {{(pid=94557) execute /opt/stack/data/venv/lib/python3.12/site-packages/oslo_concurrency/processutils.py:468}}
Aug 25 15:46:21 devstack cinder-volume[94557]: DEBUG cinder.manager [None req-d8564851-9587-4fe7-9d14-46becabfca89 tempest-VolumesTransfersV355Test-397581408 None] Notifying Schedulers of capabilities ... {{(pid=94557) _publish_service_capabilities /opt/stack/cinder/cinder/manager.py:219}}
Aug 25 15:46:21 devstack cinder-volume[94557]: INFO cinder.volume.manager [None req-d8564851-9587-4fe7-9d14-46becabfca89 tempest-VolumesTransfersV355Test-397581408 None] Deleted volume successfully.
Aug 25 15:46:21 devstack cinder-volume[94557]: DEBUG cinder.coordination [None req-d8564851-9587-4fe7-9d14-46becabfca89 tempest-VolumesTransfersV355Test-397581408 None] Lock "cinder-04a599b4-993a-47a8-948b-1db0a5de4701-delete_volume" released by "delete_volume" :: held 2.708s {{(pid=94557) __release /opt/stack/cinder/cinder/coordination.py:152}}
Aug 25 15:46:22 devstack cinder-volume[94557]: DEBUG oslo_concurrency.lockutils [req-77364274-d3fa-428c-ab9f-d0886e28a315 req-1c289ce3-dbf2-43ef-866f-23b2d3efbc52 tempest-AttachVolumeNegativeTest-970262201 None] Acquiring lock "quobyte" by "cinder.volume.drivers.quobyte.QuobyteDriver.initialize_connection" {{(pid=94557) inner /opt/stack/data/venv/lib/python3.12/site-packages/oslo_concurrency/lockutils.py:512}}
Aug 25 15:46:22 devstack cinder-volume[94557]: DEBUG cinder.volume.flows.manager.create_volume [None req-22452710-3114-4d51-a5c4-4ce62f3246c4 tempest-VolumesTransfersV355Test-74436312 None] Volume reschedule parameters: True retry: {'num_attempts': 1, 'backends': ['devstack@QuobyteHD#QuobyteHD'], 'hosts': ['devstack@QuobyteHD#QuobyteHD']} {{(pid=94557) get_flow /opt/stack/cinder/cinder/volume/flows/manager/create_volume.py:1397}}
Aug 25 15:46:22 devstack cinder-volume[94557]: DEBUG cinder.volume.manager [None req-22452710-3114-4d51-a5c4-4ce62f3246c4 tempest-VolumesTransfersV355Test-74436312 None] Flow 'volume_create_manager' (649d04d5-7406-4e35-9248-835ce5fe9a90) transitioned into state 'RUNNING' from state 'PENDING' {{(pid=94557) _flow_receiver /opt/stack/data/venv/lib/python3.12/site-packages/taskflow/listeners/logging.py:160}}
Aug 25 15:46:22 devstack cinder-volume[94557]: DEBUG cinder.volume.manager [None req-22452710-3114-4d51-a5c4-4ce62f3246c4 tempest-VolumesTransfersV355Test-74436312 None] Task 'cinder.volume.flows.manager.create_volume.ExtractVolumeRefTask;volume:create' (eb3607b1-e62c-4c54-a49b-d94623e9f66b) transitioned into state 'RUNNING' from state 'PENDING' {{(pid=94557) _task_receiver /opt/stack/data/venv/lib/python3.12/site-packages/taskflow/listeners/logging.py:242}}
Aug 25 15:46:22 devstack cinder-volume[94557]: DEBUG cinder.volume.manager [None req-22452710-3114-4d51-a5c4-4ce62f3246c4 tempest-VolumesTransfersV355Test-74436312 None] Task 'cinder.volume.flows.manager.create_volume.ExtractVolumeRefTask;volume:create' (eb3607b1-e62c-4c54-a49b-d94623e9f66b) transitioned into state 'SUCCESS' from state 'RUNNING' with result 'Volume(_name_id=None,admin_metadata=,attach_status='detached',availability_zone='nova',bootable=False,cluster=,cluster_name=None,consistencygroup=,consistencygroup_id=None,created_at=2026-08-25T13:46:22Z,deleted=False,deleted_at=None,display_description=None,display_name='tempest-VolumesTransfersV355Test-Volume-831878817',ec2_id=None,encryption_key_id=None,glance_metadata=,group=,group_id=None,host='devstack@QuobyteHD#QuobyteHD',id=2c9f48c0-9160-47c3-990e-fa31ab20a60a,launched_at=None,metadata={},migration_status=None,multiattach=False,previous_status=None,project_id='4916cc4cb1274a9eb7a5040176fbfe91',provider_auth=None,provider_geometry=None,provider_id=None,provider_location=None,replication_driver_data=None,replication_extended_status=None,replication_status=None,scheduled_at=2026-08-25T13:46:23Z,service_uuid=None,shared_targets=True,size=1,snapshot_id=None,snapshots=,source_volid=None,status='creating',terminated_at=None,updated_at=2026-08-25T13:46:23Z,use_quota=True,user_id='600ce7eb244e4561b12e36167e7f42c2',volume_attachment=VolumeAttachmentList,volume_type=VolumeType(692a7d22-77d8-40d4-a099-5c340295d754),volume_type_id=692a7d22-77d8-40d4-a099-5c340295d754)' {{(pid=94557) _task_receiver /opt/stack/data/venv/lib/python3.12/site-packages/taskflow/listeners/logging.py:218}}
Aug 25 15:46:23 devstack cinder-volume[94557]: DEBUG cinder.volume.manager [None req-22452710-3114-4d51-a5c4-4ce62f3246c4 tempest-VolumesTransfersV355Test-74436312 None] Task 'cinder.volume.flows.manager.create_volume.OnFailureRescheduleTask;volume:create' (3e2cf11b-3701-4f19-9504-73fa6ac378b4) transitioned into state 'RUNNING' from state 'PENDING' {{(pid=94557) _task_receiver /opt/stack/data/venv/lib/python3.12/site-packages/taskflow/listeners/logging.py:242}}
Aug 25 15:46:23 devstack cinder-volume[94557]: DEBUG cinder.volume.manager [None req-22452710-3114-4d51-a5c4-4ce62f3246c4 tempest-VolumesTransfersV355Test-74436312 None] Task 'cinder.volume.flows.manager.create_volume.OnFailureRescheduleTask;volume:create' (3e2cf11b-3701-4f19-9504-73fa6ac378b4) transitioned into state 'SUCCESS' from state 'RUNNING' with result 'None' {{(pid=94557) _task_receiver /opt/stack/data/venv/lib/python3.12/site-packages/taskflow/listeners/logging.py:218}}
Aug 25 15:46:23 devstack cinder-volume[94557]: DEBUG cinder.volume.manager [None req-22452710-3114-4d51-a5c4-4ce62f3246c4 tempest-VolumesTransfersV355Test-74436312 None] Task 'cinder.volume.flows.manager.create_volume.ExtractVolumeSpecTask;volume:create' (b7307366-8d3c-44c8-86d2-8e731cb1c145) transitioned into state 'RUNNING' from state 'PENDING' {{(pid=94557) _task_receiver /opt/stack/data/venv/lib/python3.12/site-packages/taskflow/listeners/logging.py:242}}
Aug 25 15:46:23 devstack cinder-volume[94557]: DEBUG cinder.volume.manager [None req-22452710-3114-4d51-a5c4-4ce62f3246c4 tempest-VolumesTransfersV355Test-74436312 None] Task 'cinder.volume.flows.manager.create_volume.ExtractVolumeSpecTask;volume:create' (b7307366-8d3c-44c8-86d2-8e731cb1c145) transitioned into state 'SUCCESS' from state 'RUNNING' with result '{'status': 'creating', 'type': 'raw', 'volume_id': '2c9f48c0-9160-47c3-990e-fa31ab20a60a', 'volume_name': 'volume-2c9f48c0-9160-47c3-990e-fa31ab20a60a', 'volume_size': 1}' {{(pid=94557) _task_receiver /opt/stack/data/venv/lib/python3.12/site-packages/taskflow/listeners/logging.py:218}}
Aug 25 15:46:23 devstack cinder-volume[94557]: DEBUG cinder.volume.manager [None req-22452710-3114-4d51-a5c4-4ce62f3246c4 tempest-VolumesTransfersV355Test-74436312 None] Task 'cinder.volume.flows.manager.create_volume.NotifyVolumeActionTask;volume:create, create.start' (ae2bac8d-3b10-46bb-b018-975aa0e4310c) transitioned into state 'RUNNING' from state 'PENDING' {{(pid=94557) _task_receiver /opt/stack/data/venv/lib/python3.12/site-packages/taskflow/listeners/logging.py:242}}
Aug 25 15:46:23 devstack cinder-volume[94557]: DEBUG cinder.volume.manager [None req-22452710-3114-4d51-a5c4-4ce62f3246c4 tempest-VolumesTransfersV355Test-74436312 None] Task 'cinder.volume.flows.manager.create_volume.NotifyVolumeActionTask;volume:create, create.start' (ae2bac8d-3b10-46bb-b018-975aa0e4310c) transitioned into state 'SUCCESS' from state 'RUNNING' with result 'None' {{(pid=94557) _task_receiver /opt/stack/data/venv/lib/python3.12/site-packages/taskflow/listeners/logging.py:218}}
Aug 25 15:46:23 devstack cinder-volume[94557]: DEBUG cinder.volume.manager [None req-22452710-3114-4d51-a5c4-4ce62f3246c4 tempest-VolumesTransfersV355Test-74436312 None] Task 'cinder.volume.flows.manager.create_volume.CreateVolumeFromSpecTask;volume:create' (7dfb5f56-0498-4710-844d-3d7eb09387cb) transitioned into state 'RUNNING' from state 'PENDING' {{(pid=94557) _task_receiver /opt/stack/data/venv/lib/python3.12/site-packages/taskflow/listeners/logging.py:242}}
Aug 25 15:46:23 devstack cinder-volume[94557]: INFO cinder.volume.flows.manager.create_volume [None req-22452710-3114-4d51-a5c4-4ce62f3246c4 tempest-VolumesTransfersV355Test-74436312 None] Volume 2c9f48c0-9160-47c3-990e-fa31ab20a60a: being created as raw with specification: {'status': 'creating', 'volume_name': 'volume-2c9f48c0-9160-47c3-990e-fa31ab20a60a', 'volume_size': 1}
Aug 25 15:46:23 devstack cinder-volume[94557]: DEBUG oslo_concurrency.lockutils [None req-22452710-3114-4d51-a5c4-4ce62f3246c4 tempest-VolumesTransfersV355Test-74436312 None] Acquiring lock "quobyte" by "cinder.volume.drivers.quobyte.QuobyteDriver.create_volume" {{(pid=94557) inner /opt/stack/data/venv/lib/python3.12/site-packages/oslo_concurrency/lockutils.py:512}}
Aug 25 15:46:23 devstack sudo[103094]: pam_unix(sudo:session): session closed for user root
Aug 25 15:46:23 devstack cinder-volume[94557]: DEBUG oslo_concurrency.processutils [None req-a43145b6-7221-4e93-9bab-181b3a27b3fc tempest-VolumesActionsTest-1332543226 None] CMD "sudo cinder-rootwrap /etc/cinder/rootwrap.conf qemu-img convert -O raw /opt/stack/data/cinder/mnt/3737ddea3d28ccb5503b90fe278ff548/volume-a7bad4a0-3b1e-4314-9833-a7ae9a530802 /opt/stack/data/cinder/conversion/a7bad4a0-3b1e-4314-9833-a7ae9a530802.temp_image.e45d5a81-5c88-4ddb-8c1f-7c800b237269sai62tb3.img" returned: 0 in 4.986s {{(pid=94557) execute /opt/stack/data/venv/lib/python3.12/site-packages/oslo_concurrency/processutils.py:468}}
Aug 25 15:46:23 devstack cinder-volume[94557]: DEBUG oslo.privsep.daemon [-] privsep: reply[07fbf394-a3d0-48c1-875d-2812867d3812]: (4, 'qcow2') {{(pid=96465) _call_back /opt/stack/data/venv/lib/python3.12/site-packages/oslo_privsep/daemon.py:580}}
Aug 25 15:46:23 devstack cinder-volume[94557]: DEBUG oslo_concurrency.processutils [None req-a43145b6-7221-4e93-9bab-181b3a27b3fc tempest-VolumesActionsTest-1332543226 None] Running cmd (subprocess): /opt/stack/data/venv/bin/python3.12 -m oslo_concurrency.prlimit --as=1073741824 --cpu=60 -- sudo cinder-rootwrap /etc/cinder/rootwrap.conf env LC_ALL=C qemu-img info -f qcow2 --output=json /opt/stack/data/cinder/mnt/3737ddea3d28ccb5503b90fe278ff548/volume-a7bad4a0-3b1e-4314-9833-a7ae9a530802 {{(pid=94557) execute /opt/stack/data/venv/lib/python3.12/site-packages/oslo_concurrency/processutils.py:440}}
Aug 25 15:46:23 devstack sudo[103139]: quobyte : PWD=/ ; USER=root ; COMMAND=/opt/stack/data/venv/bin/cinder-rootwrap /etc/cinder/rootwrap.conf env LC_ALL=C qemu-img info -f qcow2 --output=json /opt/stack/data/cinder/mnt/3737ddea3d28ccb5503b90fe278ff548/volume-a7bad4a0-3b1e-4314-9833-a7ae9a530802
Aug 25 15:46:23 devstack sudo[103139]: pam_unix(sudo:session): session opened for user root(uid=0) by (uid=1000)
Aug 25 15:46:24 devstack sudo[103139]: pam_unix(sudo:session): session closed for user root
Aug 25 15:46:24 devstack cinder-volume[94557]: DEBUG oslo_concurrency.processutils [None req-a43145b6-7221-4e93-9bab-181b3a27b3fc tempest-VolumesActionsTest-1332543226 None] CMD "/opt/stack/data/venv/bin/python3.12 -m oslo_concurrency.prlimit --as=1073741824 --cpu=60 -- sudo cinder-rootwrap /etc/cinder/rootwrap.conf env LC_ALL=C qemu-img info -f qcow2 --output=json /opt/stack/data/cinder/mnt/3737ddea3d28ccb5503b90fe278ff548/volume-a7bad4a0-3b1e-4314-9833-a7ae9a530802" returned: 0 in 0.520s {{(pid=94557) execute /opt/stack/data/venv/lib/python3.12/site-packages/oslo_concurrency/processutils.py:468}}
Aug 25 15:46:24 devstack cinder-volume[94557]: DEBUG cinder.image.image_utils [None req-a43145b6-7221-4e93-9bab-181b3a27b3fc tempest-VolumesActionsTest-1332543226 None] Image conversion details: src /opt/stack/data/cinder/mnt/3737ddea3d28ccb5503b90fe278ff548/volume-a7bad4a0-3b1e-4314-9833-a7ae9a530802, size 1024.00 MB, duration 4.99 sec, destination /opt/stack/data/cinder/conversion/a7bad4a0-3b1e-4314-9833-a7ae9a530802.temp_image.e45d5a81-5c88-4ddb-8c1f-7c800b237269sai62tb3.img {{(pid=94557) _convert_image /opt/stack/cinder/cinder/image/image_utils.py:536}}
Aug 25 15:46:24 devstack cinder-volume[94557]: INFO cinder.image.image_utils [None req-a43145b6-7221-4e93-9bab-181b3a27b3fc tempest-VolumesActionsTest-1332543226 None] Converted 1024.00 MB image at 205.35 MB/s
Aug 25 15:46:24 devstack cinder-volume[94557]: DEBUG cinder.image.image_utils [None req-a43145b6-7221-4e93-9bab-181b3a27b3fc tempest-VolumesActionsTest-1332543226 None] e45d5a81-5c88-4ddb-8c1f-7c800b237269 was raw, converting to qcow2 {{(pid=94557) upload_volume /opt/stack/cinder/cinder/image/image_utils.py:1179}}
Aug 25 15:46:24 devstack cinder-volume[94557]: DEBUG oslo.privsep.daemon [-] privsep: reply[dec56cfd-7fc0-42b0-a459-6f2c61a0c8c7]: (4, 'raw') {{(pid=96465) _call_back /opt/stack/data/venv/lib/python3.12/site-packages/oslo_privsep/daemon.py:580}}
Aug 25 15:46:24 devstack cinder-volume[94557]: DEBUG oslo_concurrency.processutils [None req-a43145b6-7221-4e93-9bab-181b3a27b3fc tempest-VolumesActionsTest-1332543226 None] Running cmd (subprocess): /opt/stack/data/venv/bin/python3.12 -m oslo_concurrency.prlimit --as=1073741824 --cpu=60 -- sudo cinder-rootwrap /etc/cinder/rootwrap.conf env LC_ALL=C qemu-img info -f raw --output=json /opt/stack/data/cinder/conversion/a7bad4a0-3b1e-4314-9833-a7ae9a530802.temp_image.e45d5a81-5c88-4ddb-8c1f-7c800b237269sai62tb3.img {{(pid=94557) execute /opt/stack/data/venv/lib/python3.12/site-packages/oslo_concurrency/processutils.py:440}}
Aug 25 15:46:24 devstack sudo[103144]: quobyte : PWD=/ ; USER=root ; COMMAND=/opt/stack/data/venv/bin/cinder-rootwrap /etc/cinder/rootwrap.conf env LC_ALL=C qemu-img info -f raw --output=json /opt/stack/data/cinder/conversion/a7bad4a0-3b1e-4314-9833-a7ae9a530802.temp_image.e45d5a81-5c88-4ddb-8c1f-7c800b237269sai62tb3.img
Aug 25 15:46:24 devstack sudo[103144]: pam_unix(sudo:session): session opened for user root(uid=0) by (uid=1000)
Aug 25 15:46:24 devstack sudo[103144]: pam_unix(sudo:session): session closed for user root
Aug 25 15:46:24 devstack cinder-volume[94557]: DEBUG oslo_concurrency.processutils [None req-a43145b6-7221-4e93-9bab-181b3a27b3fc tempest-VolumesActionsTest-1332543226 None] CMD "/opt/stack/data/venv/bin/python3.12 -m oslo_concurrency.prlimit --as=1073741824 --cpu=60 -- sudo cinder-rootwrap /etc/cinder/rootwrap.conf env LC_ALL=C qemu-img info -f raw --output=json /opt/stack/data/cinder/conversion/a7bad4a0-3b1e-4314-9833-a7ae9a530802.temp_image.e45d5a81-5c88-4ddb-8c1f-7c800b237269sai62tb3.img" returned: 0 in 0.324s {{(pid=94557) execute /opt/stack/data/venv/lib/python3.12/site-packages/oslo_concurrency/processutils.py:468}}
Aug 25 15:46:24 devstack cinder-volume[94557]: DEBUG oslo_concurrency.processutils [None req-a43145b6-7221-4e93-9bab-181b3a27b3fc tempest-VolumesActionsTest-1332543226 None] Running cmd (subprocess): /opt/stack/data/venv/bin/python3.12 -m oslo_concurrency.prlimit --as=1073741824 --cpu=60 -- sudo cinder-rootwrap /etc/cinder/rootwrap.conf env LC_ALL=C qemu-img info -f luks --output=json /opt/stack/data/cinder/conversion/a7bad4a0-3b1e-4314-9833-a7ae9a530802.temp_image.e45d5a81-5c88-4ddb-8c1f-7c800b237269sai62tb3.img {{(pid=94557) execute /opt/stack/data/venv/lib/python3.12/site-packages/oslo_concurrency/processutils.py:440}}
Aug 25 15:46:24 devstack sudo[103148]: quobyte : PWD=/ ; USER=root ; COMMAND=/opt/stack/data/venv/bin/cinder-rootwrap /etc/cinder/rootwrap.conf env LC_ALL=C qemu-img info -f luks --output=json /opt/stack/data/cinder/conversion/a7bad4a0-3b1e-4314-9833-a7ae9a530802.temp_image.e45d5a81-5c88-4ddb-8c1f-7c800b237269sai62tb3.img
Aug 25 15:46:24 devstack sudo[103148]: pam_unix(sudo:session): session opened for user root(uid=0) by (uid=1000)
Aug 25 15:46:24 devstack sudo[103148]: pam_unix(sudo:session): session closed for user root
Aug 25 15:46:24 devstack cinder-volume[94557]: DEBUG oslo_concurrency.processutils [None req-a43145b6-7221-4e93-9bab-181b3a27b3fc tempest-VolumesActionsTest-1332543226 None] CMD "/opt/stack/data/venv/bin/python3.12 -m oslo_concurrency.prlimit --as=1073741824 --cpu=60 -- sudo cinder-rootwrap /etc/cinder/rootwrap.conf env LC_ALL=C qemu-img info -f luks --output=json /opt/stack/data/cinder/conversion/a7bad4a0-3b1e-4314-9833-a7ae9a530802.temp_image.e45d5a81-5c88-4ddb-8c1f-7c800b237269sai62tb3.img" returned: 1 in 0.324s {{(pid=94557) execute /opt/stack/data/venv/lib/python3.12/site-packages/oslo_concurrency/processutils.py:468}}
Aug 25 15:46:24 devstack cinder-volume[94557]: DEBUG oslo_concurrency.processutils [None req-a43145b6-7221-4e93-9bab-181b3a27b3fc tempest-VolumesActionsTest-1332543226 None] '/opt/stack/data/venv/bin/python3.12 -m oslo_concurrency.prlimit --as=1073741824 --cpu=60 -- sudo cinder-rootwrap /etc/cinder/rootwrap.conf env LC_ALL=C qemu-img info -f luks --output=json /opt/stack/data/cinder/conversion/a7bad4a0-3b1e-4314-9833-a7ae9a530802.temp_image.e45d5a81-5c88-4ddb-8c1f-7c800b237269sai62tb3.img' failed. Not Retrying. {{(pid=94557) execute /opt/stack/data/venv/lib/python3.12/site-packages/oslo_concurrency/processutils.py:543}}
Aug 25 15:46:24 devstack cinder-volume[94557]: DEBUG oslo_concurrency.processutils [None req-a43145b6-7221-4e93-9bab-181b3a27b3fc tempest-VolumesActionsTest-1332543226 None] Running cmd (subprocess): sudo cinder-rootwrap /etc/cinder/rootwrap.conf qemu-img convert -O qcow2 -c /opt/stack/data/cinder/conversion/a7bad4a0-3b1e-4314-9833-a7ae9a530802.temp_image.e45d5a81-5c88-4ddb-8c1f-7c800b237269sai62tb3.img /opt/stack/data/cinder/conversion/vol_upload_ngnrh7h5 {{(pid=94557) execute /opt/stack/data/venv/lib/python3.12/site-packages/oslo_concurrency/processutils.py:440}}
Aug 25 15:46:24 devstack sudo[103153]: quobyte : PWD=/ ; USER=root ; COMMAND=/opt/stack/data/venv/bin/cinder-rootwrap /etc/cinder/rootwrap.conf qemu-img convert -O qcow2 -c /opt/stack/data/cinder/conversion/a7bad4a0-3b1e-4314-9833-a7ae9a530802.temp_image.e45d5a81-5c88-4ddb-8c1f-7c800b237269sai62tb3.img /opt/stack/data/cinder/conversion/vol_upload_ngnrh7h5
Aug 25 15:46:24 devstack sudo[103153]: pam_unix(sudo:session): session opened for user root(uid=0) by (uid=1000)
Aug 25 15:46:25 devstack sudo[103153]: pam_unix(sudo:session): session closed for user root
Aug 25 15:46:25 devstack cinder-volume[94557]: DEBUG oslo_concurrency.processutils [None req-a43145b6-7221-4e93-9bab-181b3a27b3fc tempest-VolumesActionsTest-1332543226 None] CMD "sudo cinder-rootwrap /etc/cinder/rootwrap.conf qemu-img convert -O qcow2 -c /opt/stack/data/cinder/conversion/a7bad4a0-3b1e-4314-9833-a7ae9a530802.temp_image.e45d5a81-5c88-4ddb-8c1f-7c800b237269sai62tb3.img /opt/stack/data/cinder/conversion/vol_upload_ngnrh7h5" returned: 0 in 0.247s {{(pid=94557) execute /opt/stack/data/venv/lib/python3.12/site-packages/oslo_concurrency/processutils.py:468}}
Aug 25 15:46:25 devstack cinder-volume[94557]: DEBUG cinder.image.image_utils [None req-a43145b6-7221-4e93-9bab-181b3a27b3fc tempest-VolumesActionsTest-1332543226 None] Image conversion details: src /opt/stack/data/cinder/conversion/a7bad4a0-3b1e-4314-9833-a7ae9a530802.temp_image.e45d5a81-5c88-4ddb-8c1f-7c800b237269sai62tb3.img, size 1024.00 MB, duration 1.00 sec, destination /opt/stack/data/cinder/conversion/vol_upload_ngnrh7h5 {{(pid=94557) _convert_image /opt/stack/cinder/cinder/image/image_utils.py:536}}
Aug 25 15:46:25 devstack cinder-volume[94557]: INFO cinder.image.image_utils [None req-a43145b6-7221-4e93-9bab-181b3a27b3fc tempest-VolumesActionsTest-1332543226 None] Converted 1024.00 MB image at 1024.00 MB/s
Aug 25 15:46:25 devstack cinder-volume[94557]: DEBUG oslo.privsep.daemon [-] privsep: reply[74bed070-dbad-4614-a105-0bd967e4b164]: (4, 'qcow2') {{(pid=96465) _call_back /opt/stack/data/venv/lib/python3.12/site-packages/oslo_privsep/daemon.py:580}}
Aug 25 15:46:25 devstack cinder-volume[94557]: DEBUG oslo_concurrency.processutils [None req-a43145b6-7221-4e93-9bab-181b3a27b3fc tempest-VolumesActionsTest-1332543226 None] Running cmd (subprocess): /opt/stack/data/venv/bin/python3.12 -m oslo_concurrency.prlimit --as=1073741824 --cpu=60 -- sudo cinder-rootwrap /etc/cinder/rootwrap.conf env LC_ALL=C qemu-img info -f qcow2 --output=json /opt/stack/data/cinder/conversion/vol_upload_ngnrh7h5 {{(pid=94557) execute /opt/stack/data/venv/lib/python3.12/site-packages/oslo_concurrency/processutils.py:440}}
Aug 25 15:46:25 devstack sudo[103159]: quobyte : PWD=/ ; USER=root ; COMMAND=/opt/stack/data/venv/bin/cinder-rootwrap /etc/cinder/rootwrap.conf env LC_ALL=C qemu-img info -f qcow2 --output=json /opt/stack/data/cinder/conversion/vol_upload_ngnrh7h5
Aug 25 15:46:25 devstack sudo[103159]: pam_unix(sudo:session): session opened for user root(uid=0) by (uid=1000)
Aug 25 15:46:25 devstack sudo[103159]: pam_unix(sudo:session): session closed for user root
Aug 25 15:46:25 devstack cinder-volume[94557]: DEBUG oslo_concurrency.processutils [None req-a43145b6-7221-4e93-9bab-181b3a27b3fc tempest-VolumesActionsTest-1332543226 None] CMD "/opt/stack/data/venv/bin/python3.12 -m oslo_concurrency.prlimit --as=1073741824 --cpu=60 -- sudo cinder-rootwrap /etc/cinder/rootwrap.conf env LC_ALL=C qemu-img info -f qcow2 --output=json /opt/stack/data/cinder/conversion/vol_upload_ngnrh7h5" returned: 0 in 0.323s {{(pid=94557) execute /opt/stack/data/venv/lib/python3.12/site-packages/oslo_concurrency/processutils.py:468}}
Aug 25 15:46:26 devstack cinder-volume[94557]: DEBUG oslo_concurrency.lockutils [None req-a43145b6-7221-4e93-9bab-181b3a27b3fc tempest-VolumesActionsTest-1332543226 None] Lock "quobyte" "released" by "cinder.volume.drivers.quobyte.QuobyteDriver.copy_volume_to_image" :: held 8.830s {{(pid=94557) inner /opt/stack/data/venv/lib/python3.12/site-packages/oslo_concurrency/lockutils.py:544}}
Aug 25 15:46:26 devstack cinder-volume[94557]: DEBUG cinder.volume.manager [None req-a43145b6-7221-4e93-9bab-181b3a27b3fc tempest-VolumesActionsTest-1332543226 None] Uploaded volume to glance image-id: e45d5a81-5c88-4ddb-8c1f-7c800b237269. {{(pid=94557) copy_volume_to_image /opt/stack/cinder/cinder/volume/manager.py:1781}}
Aug 25 15:46:26 devstack cinder-volume[94557]: DEBUG oslo_concurrency.lockutils [None req-32225ede-abe9-47ae-83f2-24a6ae2f8502 tempest-GroupSnapshotsV319Test-1767925385 None] Lock "quobyte" acquired by "cinder.volume.drivers.quobyte.QuobyteDriver.create_snapshot" :: waited 8.623s {{(pid=94557) inner /opt/stack/data/venv/lib/python3.12/site-packages/oslo_concurrency/lockutils.py:525}}
Aug 25 15:46:26 devstack cinder-volume[94557]: DEBUG cinder.volume.drivers.remotefs [None req-32225ede-abe9-47ae-83f2-24a6ae2f8502 tempest-GroupSnapshotsV319Test-1767925385 None] Creating offline snapshot 5ec6a669-d4cd-47d0-a0e6-d9239c3214b0 of volume d80a1dfe-4ce9-40dc-8002-cc0fcbd557c4 {{(pid=94557) _create_snapshot /opt/stack/cinder/cinder/volume/drivers/remotefs.py:1816}}
Aug 25 15:46:26 devstack cinder-volume[94557]: INFO cinder.volume.manager [None req-a43145b6-7221-4e93-9bab-181b3a27b3fc tempest-VolumesActionsTest-1332543226 None] Copy volume to image completed successfully.
Aug 25 15:46:26 devstack cinder-volume[94557]: DEBUG oslo.privsep.daemon [-] privsep: reply[08a77ab1-4daa-43ee-bd0c-12a77afeef10]: (4, 'qcow2') {{(pid=96465) _call_back /opt/stack/data/venv/lib/python3.12/site-packages/oslo_privsep/daemon.py:580}}
Aug 25 15:46:26 devstack cinder-volume[94557]: DEBUG oslo_concurrency.processutils [None req-32225ede-abe9-47ae-83f2-24a6ae2f8502 tempest-GroupSnapshotsV319Test-1767925385 None] Running cmd (subprocess): /opt/stack/data/venv/bin/python3.12 -m oslo_concurrency.prlimit --as=1073741824 --cpu=60 -- sudo cinder-rootwrap /etc/cinder/rootwrap.conf env LC_ALL=C qemu-img info -f qcow2 --output=json --force-share /opt/stack/data/cinder/mnt/3737ddea3d28ccb5503b90fe278ff548/volume-d80a1dfe-4ce9-40dc-8002-cc0fcbd557c4 {{(pid=94557) execute /opt/stack/data/venv/lib/python3.12/site-packages/oslo_concurrency/processutils.py:440}}
Aug 25 15:46:26 devstack sudo[103164]: quobyte : PWD=/ ; USER=root ; COMMAND=/opt/stack/data/venv/bin/cinder-rootwrap /etc/cinder/rootwrap.conf env LC_ALL=C qemu-img info -f qcow2 --output=json --force-share /opt/stack/data/cinder/mnt/3737ddea3d28ccb5503b90fe278ff548/volume-d80a1dfe-4ce9-40dc-8002-cc0fcbd557c4
Aug 25 15:46:26 devstack sudo[103164]: pam_unix(sudo:session): session opened for user root(uid=0) by (uid=1000)
Aug 25 15:46:27 devstack sudo[103164]: pam_unix(sudo:session): session closed for user root
Aug 25 15:46:27 devstack cinder-volume[94557]: DEBUG oslo_concurrency.processutils [None req-32225ede-abe9-47ae-83f2-24a6ae2f8502 tempest-GroupSnapshotsV319Test-1767925385 None] CMD "/opt/stack/data/venv/bin/python3.12 -m oslo_concurrency.prlimit --as=1073741824 --cpu=60 -- sudo cinder-rootwrap /etc/cinder/rootwrap.conf env LC_ALL=C qemu-img info -f qcow2 --output=json --force-share /opt/stack/data/cinder/mnt/3737ddea3d28ccb5503b90fe278ff548/volume-d80a1dfe-4ce9-40dc-8002-cc0fcbd557c4" returned: 0 in 0.356s {{(pid=94557) execute /opt/stack/data/venv/lib/python3.12/site-packages/oslo_concurrency/processutils.py:468}}
Aug 25 15:46:27 devstack cinder-volume[94557]: DEBUG oslo_concurrency.processutils [None req-32225ede-abe9-47ae-83f2-24a6ae2f8502 tempest-GroupSnapshotsV319Test-1767925385 None] Running cmd (subprocess): sudo cinder-rootwrap /etc/cinder/rootwrap.conf qemu-img create -f qcow2 -o backing_file=/opt/stack/data/cinder/mnt/3737ddea3d28ccb5503b90fe278ff548/volume-d80a1dfe-4ce9-40dc-8002-cc0fcbd557c4,backing_fmt=qcow2 /opt/stack/data/cinder/mnt/3737ddea3d28ccb5503b90fe278ff548/volume-d80a1dfe-4ce9-40dc-8002-cc0fcbd557c4.5ec6a669-d4cd-47d0-a0e6-d9239c3214b0 1G {{(pid=94557) execute /opt/stack/data/venv/lib/python3.12/site-packages/oslo_concurrency/processutils.py:440}}
Aug 25 15:46:27 devstack sudo[103170]: quobyte : PWD=/ ; USER=root ; COMMAND=/opt/stack/data/venv/bin/cinder-rootwrap /etc/cinder/rootwrap.conf qemu-img create -f qcow2 -o backing_file=/opt/stack/data/cinder/mnt/3737ddea3d28ccb5503b90fe278ff548/volume-d80a1dfe-4ce9-40dc-8002-cc0fcbd557c4,backing_fmt=qcow2 /opt/stack/data/cinder/mnt/3737ddea3d28ccb5503b90fe278ff548/volume-d80a1dfe-4ce9-40dc-8002-cc0fcbd557c4.5ec6a669-d4cd-47d0-a0e6-d9239c3214b0 1G
Aug 25 15:46:27 devstack sudo[103170]: pam_unix(sudo:session): session opened for user root(uid=0) by (uid=1000)
Aug 25 15:46:27 devstack sudo[103170]: pam_unix(sudo:session): session closed for user root
Aug 25 15:46:27 devstack cinder-volume[94557]: DEBUG oslo_concurrency.processutils [None req-32225ede-abe9-47ae-83f2-24a6ae2f8502 tempest-GroupSnapshotsV319Test-1767925385 None] CMD "sudo cinder-rootwrap /etc/cinder/rootwrap.conf qemu-img create -f qcow2 -o backing_file=/opt/stack/data/cinder/mnt/3737ddea3d28ccb5503b90fe278ff548/volume-d80a1dfe-4ce9-40dc-8002-cc0fcbd557c4,backing_fmt=qcow2 /opt/stack/data/cinder/mnt/3737ddea3d28ccb5503b90fe278ff548/volume-d80a1dfe-4ce9-40dc-8002-cc0fcbd557c4.5ec6a669-d4cd-47d0-a0e6-d9239c3214b0 1G" returned: 0 in 0.425s {{(pid=94557) execute /opt/stack/data/venv/lib/python3.12/site-packages/oslo_concurrency/processutils.py:468}}
Aug 25 15:46:27 devstack cinder-volume[94557]: DEBUG oslo_concurrency.processutils [None req-32225ede-abe9-47ae-83f2-24a6ae2f8502 tempest-GroupSnapshotsV319Test-1767925385 None] Running cmd (subprocess): sudo cinder-rootwrap /etc/cinder/rootwrap.conf qemu-img rebase -u -b volume-d80a1dfe-4ce9-40dc-8002-cc0fcbd557c4 -F qcow2 /opt/stack/data/cinder/mnt/3737ddea3d28ccb5503b90fe278ff548/volume-d80a1dfe-4ce9-40dc-8002-cc0fcbd557c4.5ec6a669-d4cd-47d0-a0e6-d9239c3214b0 {{(pid=94557) execute /opt/stack/data/venv/lib/python3.12/site-packages/oslo_concurrency/processutils.py:440}}
Aug 25 15:46:27 devstack sudo[103176]: quobyte : PWD=/ ; USER=root ; COMMAND=/opt/stack/data/venv/bin/cinder-rootwrap /etc/cinder/rootwrap.conf qemu-img rebase -u -b volume-d80a1dfe-4ce9-40dc-8002-cc0fcbd557c4 -F qcow2 /opt/stack/data/cinder/mnt/3737ddea3d28ccb5503b90fe278ff548/volume-d80a1dfe-4ce9-40dc-8002-cc0fcbd557c4.5ec6a669-d4cd-47d0-a0e6-d9239c3214b0
Aug 25 15:46:27 devstack sudo[103176]: pam_unix(sudo:session): session opened for user root(uid=0) by (uid=1000)
Aug 25 15:46:27 devstack sudo[103176]: pam_unix(sudo:session): session closed for user root
Aug 25 15:46:27 devstack cinder-volume[94557]: DEBUG oslo_concurrency.processutils [None req-32225ede-abe9-47ae-83f2-24a6ae2f8502 tempest-GroupSnapshotsV319Test-1767925385 None] CMD "sudo cinder-rootwrap /etc/cinder/rootwrap.conf qemu-img rebase -u -b volume-d80a1dfe-4ce9-40dc-8002-cc0fcbd557c4 -F qcow2 /opt/stack/data/cinder/mnt/3737ddea3d28ccb5503b90fe278ff548/volume-d80a1dfe-4ce9-40dc-8002-cc0fcbd557c4.5ec6a669-d4cd-47d0-a0e6-d9239c3214b0" returned: 0 in 0.295s {{(pid=94557) execute /opt/stack/data/venv/lib/python3.12/site-packages/oslo_concurrency/processutils.py:468}}
Aug 25 15:46:27 devstack cinder-volume[94557]: WARNING cinder.volume.drivers.remotefs [None req-32225ede-abe9-47ae-83f2-24a6ae2f8502 tempest-GroupSnapshotsV319Test-1767925385 None] /opt/stack/data/cinder/mnt/3737ddea3d28ccb5503b90fe278ff548/volume-d80a1dfe-4ce9-40dc-8002-cc0fcbd557c4.5ec6a669-d4cd-47d0-a0e6-d9239c3214b0 is being set with open permissions: ugo+rw: NotImplementedError
Aug 25 15:46:27 devstack cinder-volume[94557]: DEBUG oslo_concurrency.processutils [None req-32225ede-abe9-47ae-83f2-24a6ae2f8502 tempest-GroupSnapshotsV319Test-1767925385 None] Running cmd (subprocess): sudo cinder-rootwrap /etc/cinder/rootwrap.conf chmod ugo+rw /opt/stack/data/cinder/mnt/3737ddea3d28ccb5503b90fe278ff548/volume-d80a1dfe-4ce9-40dc-8002-cc0fcbd557c4.5ec6a669-d4cd-47d0-a0e6-d9239c3214b0 {{(pid=94557) execute /opt/stack/data/venv/lib/python3.12/site-packages/oslo_concurrency/processutils.py:440}}
Aug 25 15:46:27 devstack sudo[103182]: quobyte : PWD=/ ; USER=root ; COMMAND=/opt/stack/data/venv/bin/cinder-rootwrap /etc/cinder/rootwrap.conf chmod ugo+rw /opt/stack/data/cinder/mnt/3737ddea3d28ccb5503b90fe278ff548/volume-d80a1dfe-4ce9-40dc-8002-cc0fcbd557c4.5ec6a669-d4cd-47d0-a0e6-d9239c3214b0
Aug 25 15:46:27 devstack sudo[103182]: pam_unix(sudo:session): session opened for user root(uid=0) by (uid=1000)
Aug 25 15:46:27 devstack cinder-volume[94557]: DEBUG cinder.coordination [None req-478cb129-15d5-44a8-b923-8180a1c0f6c7 tempest-VolumesActionsTest-1332543226 None] Acquiring lock "cinder-a7bad4a0-3b1e-4314-9833-a7ae9a530802-delete_volume" by "delete_volume" {{(pid=94557) __acquire /opt/stack/cinder/cinder/coordination.py:138}}
Aug 25 15:46:28 devstack cinder-volume[94557]: DEBUG cinder.coordination [None req-478cb129-15d5-44a8-b923-8180a1c0f6c7 tempest-VolumesActionsTest-1332543226 None] Lock "cinder-a7bad4a0-3b1e-4314-9833-a7ae9a530802-delete_volume" acquired by "delete_volume" :: waited 0.023s {{(pid=94557) __acquire /opt/stack/cinder/cinder/coordination.py:141}}
Aug 25 15:46:28 devstack cinder-volume[94557]: DEBUG cinder.coordination [None req-478cb129-15d5-44a8-b923-8180a1c0f6c7 tempest-VolumesActionsTest-1332543226 None] Acquiring lock "cinder-quobyte-a7bad4a0-3b1e-4314-9833-a7ae9a530802" by "delete_volume" {{(pid=94557) __acquire /opt/stack/cinder/cinder/coordination.py:138}}
Aug 25 15:46:28 devstack cinder-volume[94557]: DEBUG cinder.coordination [None req-478cb129-15d5-44a8-b923-8180a1c0f6c7 tempest-VolumesActionsTest-1332543226 None] Lock "cinder-quobyte-a7bad4a0-3b1e-4314-9833-a7ae9a530802" acquired by "delete_volume" :: waited 0.019s {{(pid=94557) __acquire /opt/stack/cinder/cinder/coordination.py:141}}
Aug 25 15:46:28 devstack cinder-volume[94557]: DEBUG oslo.privsep.daemon [-] privsep: reply[a24d90b9-651f-46b1-8f5b-f78220ad9c80]: (4, 'qcow2') {{(pid=96465) _call_back /opt/stack/data/venv/lib/python3.12/site-packages/oslo_privsep/daemon.py:580}}
Aug 25 15:46:28 devstack cinder-volume[94557]: DEBUG oslo_concurrency.processutils [None req-478cb129-15d5-44a8-b923-8180a1c0f6c7 tempest-VolumesActionsTest-1332543226 None] Running cmd (subprocess): /opt/stack/data/venv/bin/python3.12 -m oslo_concurrency.prlimit --as=1073741824 --cpu=60 -- sudo cinder-rootwrap /etc/cinder/rootwrap.conf env LC_ALL=C qemu-img info -f qcow2 --output=json --force-share /opt/stack/data/cinder/mnt/3737ddea3d28ccb5503b90fe278ff548/volume-a7bad4a0-3b1e-4314-9833-a7ae9a530802 {{(pid=94557) execute /opt/stack/data/venv/lib/python3.12/site-packages/oslo_concurrency/processutils.py:440}}
Aug 25 15:46:28 devstack sudo[103182]: pam_unix(sudo:session): session closed for user root
Aug 25 15:46:28 devstack cinder-volume[94557]: DEBUG oslo_concurrency.processutils [None req-32225ede-abe9-47ae-83f2-24a6ae2f8502 tempest-GroupSnapshotsV319Test-1767925385 None] CMD "sudo cinder-rootwrap /etc/cinder/rootwrap.conf chmod ugo+rw /opt/stack/data/cinder/mnt/3737ddea3d28ccb5503b90fe278ff548/volume-d80a1dfe-4ce9-40dc-8002-cc0fcbd557c4.5ec6a669-d4cd-47d0-a0e6-d9239c3214b0" returned: 0 in 0.263s {{(pid=94557) execute /opt/stack/data/venv/lib/python3.12/site-packages/oslo_concurrency/processutils.py:468}}
Aug 25 15:46:28 devstack cinder-volume[94557]: DEBUG oslo_concurrency.processutils [None req-32225ede-abe9-47ae-83f2-24a6ae2f8502 tempest-GroupSnapshotsV319Test-1767925385 None] Running cmd (subprocess): sudo cinder-rootwrap /etc/cinder/rootwrap.conf truncate -s0 /opt/stack/data/cinder/mnt/3737ddea3d28ccb5503b90fe278ff548/volume-d80a1dfe-4ce9-40dc-8002-cc0fcbd557c4.info {{(pid=94557) execute /opt/stack/data/venv/lib/python3.12/site-packages/oslo_concurrency/processutils.py:440}}
Aug 25 15:46:28 devstack sudo[103186]: quobyte : PWD=/ ; USER=root ; COMMAND=/opt/stack/data/venv/bin/cinder-rootwrap /etc/cinder/rootwrap.conf truncate -s0 /opt/stack/data/cinder/mnt/3737ddea3d28ccb5503b90fe278ff548/volume-d80a1dfe-4ce9-40dc-8002-cc0fcbd557c4.info
Aug 25 15:46:28 devstack sudo[103186]: pam_unix(sudo:session): session opened for user root(uid=0) by (uid=1000)
Aug 25 15:46:28 devstack sudo[103185]: quobyte : PWD=/ ; USER=root ; COMMAND=/opt/stack/data/venv/bin/cinder-rootwrap /etc/cinder/rootwrap.conf env LC_ALL=C qemu-img info -f qcow2 --output=json --force-share /opt/stack/data/cinder/mnt/3737ddea3d28ccb5503b90fe278ff548/volume-a7bad4a0-3b1e-4314-9833-a7ae9a530802
Aug 25 15:46:28 devstack sudo[103185]: pam_unix(sudo:session): session opened for user root(uid=0) by (uid=1000)
