Sep 04 15:53:05 devstack cinder-volume[87513]: DEBUG cinder.volume.drivers.remotefs [None req-178461ca-996a-4fb2-ab38-8cce370e7366 tempest-VolumesSnapshotTestJSON-1585913616 None] Fetching qemu-img info with special backing_file_template: (/opt/stack/data/cinder/mnt/[0-9a-f]+/)?(volume-a3f47d2e-1adc-45db-ba90-1212ae2d42f0(.(tmp-snap-)?[0-9a-f-]+)?|volume_from_snapshot_cache/(tmp-snap-)?[0-9a-f-]+(.(child-|parent-)[0-9a-f-]+)?)$ {{(pid=87513) _qemu_img_info_base /opt/stack/cinder/cinder/volume/drivers/remotefs.py:896}}
Sep 04 15:53:05 devstack cinder-volume[87513]: DEBUG oslo.privsep.daemon [-] privsep: reply[da911fcd-e729-4d04-92e0-22b42d2d2bdd]: (4, 'qcow2') {{(pid=88475) _call_back /opt/stack/data/venv/lib/python3.12/site-packages/oslo_privsep/daemon.py:580}}
Sep 04 15:53:05 devstack cinder-volume[87513]: DEBUG oslo_concurrency.processutils [None req-178461ca-996a-4fb2-ab38-8cce370e7366 tempest-VolumesSnapshotTestJSON-1585913616 None] Running cmd (subprocess): /opt/stack/data/venv/bin/python3.12 -m oslo_concurrency.prlimit --as=1073741824 --cpu=60 -- sudo cinder-rootwrap /etc/cinder/rootwrap.conf env LC_ALL=C qemu-img info -f qcow2 --output=json --force-share /opt/stack/data/cinder/mnt/262282b855f63db17f196661a5314d71/volume-a3f47d2e-1adc-45db-ba90-1212ae2d42f0 {{(pid=87513) execute /opt/stack/data/venv/lib/python3.12/site-packages/oslo_concurrency/processutils.py:440}}
Sep 04 15:53:05 devstack sudo[91984]: quobyte : PWD=/ ; USER=root ; COMMAND=/opt/stack/data/venv/bin/cinder-rootwrap /etc/cinder/rootwrap.conf env LC_ALL=C qemu-img info -f qcow2 --output=json --force-share /opt/stack/data/cinder/mnt/262282b855f63db17f196661a5314d71/volume-a3f47d2e-1adc-45db-ba90-1212ae2d42f0
Sep 04 15:53:05 devstack sudo[91984]: pam_unix(sudo:session): session opened for user root(uid=0) by (uid=1000)
Sep 04 15:53:05 devstack sudo[91984]: pam_unix(sudo:session): session closed for user root
Sep 04 15:53:05 devstack cinder-volume[87513]: DEBUG oslo_concurrency.processutils [None req-178461ca-996a-4fb2-ab38-8cce370e7366 tempest-VolumesSnapshotTestJSON-1585913616 None] CMD "/opt/stack/data/venv/bin/python3.12 -m oslo_concurrency.prlimit --as=1073741824 --cpu=60 -- sudo cinder-rootwrap /etc/cinder/rootwrap.conf env LC_ALL=C qemu-img info -f qcow2 --output=json --force-share /opt/stack/data/cinder/mnt/262282b855f63db17f196661a5314d71/volume-a3f47d2e-1adc-45db-ba90-1212ae2d42f0" returned: 0 in 0.442s {{(pid=87513) execute /opt/stack/data/venv/lib/python3.12/site-packages/oslo_concurrency/processutils.py:468}}
Sep 04 15:53:05 devstack cinder-volume[87513]: DEBUG oslo_concurrency.processutils [None req-178461ca-996a-4fb2-ab38-8cce370e7366 tempest-VolumesSnapshotTestJSON-1585913616 None] Running cmd (subprocess): sudo cinder-rootwrap /etc/cinder/rootwrap.conf qemu-img commit -d /opt/stack/data/cinder/mnt/262282b855f63db17f196661a5314d71/volume-a3f47d2e-1adc-45db-ba90-1212ae2d42f0.ff8b53e9-6f21-498b-88be-1cde5c1b019d {{(pid=87513) execute /opt/stack/data/venv/lib/python3.12/site-packages/oslo_concurrency/processutils.py:440}}
Sep 04 15:53:05 devstack sudo[91989]: quobyte : PWD=/ ; USER=root ; COMMAND=/opt/stack/data/venv/bin/cinder-rootwrap /etc/cinder/rootwrap.conf qemu-img commit -d /opt/stack/data/cinder/mnt/262282b855f63db17f196661a5314d71/volume-a3f47d2e-1adc-45db-ba90-1212ae2d42f0.ff8b53e9-6f21-498b-88be-1cde5c1b019d
Sep 04 15:53:05 devstack sudo[91989]: pam_unix(sudo:session): session opened for user root(uid=0) by (uid=1000)
Sep 04 15:53:06 devstack cinder-volume[87513]: DEBUG cinder.coordination [None req-07453263-c3df-4217-ae46-00996cb42a93 tempest-AttachVolumeShelveTestJSON-2130397730 None] Acquiring lock "cinder-66c06fc5-e0eb-4221-ad95-5ce449664e1b-delete_volume" by "delete_volume" {{(pid=87513) __acquire /opt/stack/cinder/cinder/coordination.py:138}}
Sep 04 15:53:06 devstack cinder-volume[87513]: DEBUG cinder.coordination [None req-07453263-c3df-4217-ae46-00996cb42a93 tempest-AttachVolumeShelveTestJSON-2130397730 None] Lock "cinder-66c06fc5-e0eb-4221-ad95-5ce449664e1b-delete_volume" acquired by "delete_volume" :: waited 0.058s {{(pid=87513) __acquire /opt/stack/cinder/cinder/coordination.py:141}}
Sep 04 15:53:06 devstack sudo[91989]: pam_unix(sudo:session): session closed for user root
Sep 04 15:53:06 devstack cinder-volume[87513]: DEBUG oslo_concurrency.processutils [None req-178461ca-996a-4fb2-ab38-8cce370e7366 tempest-VolumesSnapshotTestJSON-1585913616 None] CMD "sudo cinder-rootwrap /etc/cinder/rootwrap.conf qemu-img commit -d /opt/stack/data/cinder/mnt/262282b855f63db17f196661a5314d71/volume-a3f47d2e-1adc-45db-ba90-1212ae2d42f0.ff8b53e9-6f21-498b-88be-1cde5c1b019d" returned: 0 in 0.519s {{(pid=87513) execute /opt/stack/data/venv/lib/python3.12/site-packages/oslo_concurrency/processutils.py:468}}
Sep 04 15:53:06 devstack cinder-volume[87513]: DEBUG oslo_concurrency.processutils [None req-178461ca-996a-4fb2-ab38-8cce370e7366 tempest-VolumesSnapshotTestJSON-1585913616 None] Running cmd (subprocess): sudo cinder-rootwrap /etc/cinder/rootwrap.conf rm -f /opt/stack/data/cinder/mnt/262282b855f63db17f196661a5314d71/volume-a3f47d2e-1adc-45db-ba90-1212ae2d42f0.ff8b53e9-6f21-498b-88be-1cde5c1b019d {{(pid=87513) execute /opt/stack/data/venv/lib/python3.12/site-packages/oslo_concurrency/processutils.py:440}}
Sep 04 15:53:06 devstack sudo[91999]: quobyte : PWD=/ ; USER=root ; COMMAND=/opt/stack/data/venv/bin/cinder-rootwrap /etc/cinder/rootwrap.conf rm -f /opt/stack/data/cinder/mnt/262282b855f63db17f196661a5314d71/volume-a3f47d2e-1adc-45db-ba90-1212ae2d42f0.ff8b53e9-6f21-498b-88be-1cde5c1b019d
Sep 04 15:53:06 devstack sudo[91999]: pam_unix(sudo:session): session opened for user root(uid=0) by (uid=1000)
Sep 04 15:53:06 devstack cinder-volume[87513]: DEBUG cinder.coordination [None req-07453263-c3df-4217-ae46-00996cb42a93 tempest-AttachVolumeShelveTestJSON-2130397730 None] Acquiring lock "cinder-quobyte-66c06fc5-e0eb-4221-ad95-5ce449664e1b" by "delete_volume" {{(pid=87513) __acquire /opt/stack/cinder/cinder/coordination.py:138}}
Sep 04 15:53:06 devstack cinder-volume[87513]: DEBUG cinder.coordination [None req-07453263-c3df-4217-ae46-00996cb42a93 tempest-AttachVolumeShelveTestJSON-2130397730 None] Lock "cinder-quobyte-66c06fc5-e0eb-4221-ad95-5ce449664e1b" acquired by "delete_volume" :: waited 0.016s {{(pid=87513) __acquire /opt/stack/cinder/cinder/coordination.py:141}}
Sep 04 15:53:06 devstack cinder-volume[87513]: DEBUG oslo.privsep.daemon [-] privsep: reply[cafdbc63-e643-465e-947b-4122453938cc]: (4, 'qcow2') {{(pid=88475) _call_back /opt/stack/data/venv/lib/python3.12/site-packages/oslo_privsep/daemon.py:580}}
Sep 04 15:53:06 devstack cinder-volume[87513]: DEBUG oslo_concurrency.processutils [None req-07453263-c3df-4217-ae46-00996cb42a93 tempest-AttachVolumeShelveTestJSON-2130397730 None] Running cmd (subprocess): /opt/stack/data/venv/bin/python3.12 -m oslo_concurrency.prlimit --as=1073741824 --cpu=60 -- sudo cinder-rootwrap /etc/cinder/rootwrap.conf env LC_ALL=C qemu-img info -f qcow2 --output=json --force-share /opt/stack/data/cinder/mnt/262282b855f63db17f196661a5314d71/volume-66c06fc5-e0eb-4221-ad95-5ce449664e1b {{(pid=87513) execute /opt/stack/data/venv/lib/python3.12/site-packages/oslo_concurrency/processutils.py:440}}
Sep 04 15:53:06 devstack sudo[92001]: quobyte : PWD=/ ; USER=root ; COMMAND=/opt/stack/data/venv/bin/cinder-rootwrap /etc/cinder/rootwrap.conf env LC_ALL=C qemu-img info -f qcow2 --output=json --force-share /opt/stack/data/cinder/mnt/262282b855f63db17f196661a5314d71/volume-66c06fc5-e0eb-4221-ad95-5ce449664e1b
Sep 04 15:53:06 devstack sudo[92001]: pam_unix(sudo:session): session opened for user root(uid=0) by (uid=1000)
Sep 04 15:53:06 devstack cinder-volume[87513]: DEBUG oslo_concurrency.processutils [None req-178461ca-996a-4fb2-ab38-8cce370e7366 tempest-VolumesSnapshotTestJSON-1585913616 None] CMD "sudo cinder-rootwrap /etc/cinder/rootwrap.conf rm -f /opt/stack/data/cinder/mnt/262282b855f63db17f196661a5314d71/volume-a3f47d2e-1adc-45db-ba90-1212ae2d42f0.ff8b53e9-6f21-498b-88be-1cde5c1b019d" returned: 0 in 0.415s {{(pid=87513) execute /opt/stack/data/venv/lib/python3.12/site-packages/oslo_concurrency/processutils.py:468}}
Sep 04 15:53:06 devstack sudo[91999]: pam_unix(sudo:session): session closed for user root
Sep 04 15:53:06 devstack cinder-volume[87513]: DEBUG cinder.coordination [None req-178461ca-996a-4fb2-ab38-8cce370e7366 tempest-VolumesSnapshotTestJSON-1585913616 None] Lock "cinder-quobyte-ff8b53e9-6f21-498b-88be-1cde5c1b019d" released by "_delete_snapshot" :: held 2.031s {{(pid=87513) __release /opt/stack/cinder/cinder/coordination.py:152}}
Sep 04 15:53:06 devstack cinder-volume[87513]: DEBUG cinder.coordination [None req-178461ca-996a-4fb2-ab38-8cce370e7366 tempest-VolumesSnapshotTestJSON-1585913616 None] Lock "cinder-quobyte-a3f47d2e-1adc-45db-ba90-1212ae2d42f0" released by "delete_snapshot" :: held 2.061s {{(pid=87513) __release /opt/stack/cinder/cinder/coordination.py:152}}
Sep 04 15:53:06 devstack cinder-volume[87513]: WARNING cinder.quota [None req-178461ca-996a-4fb2-ab38-8cce370e7366 tempest-VolumesSnapshotTestJSON-1585913616 None] Deprecated: Default quota for resource: snapshots_QuobyteHD is set by the default quota flag: quota_snapshots_QuobyteHD, it is now deprecated. Please use the default quota class for default quota.
Sep 04 15:53:07 devstack cinder-volume[87513]: DEBUG cinder.quota [None req-178461ca-996a-4fb2-ab38-8cce370e7366 tempest-VolumesSnapshotTestJSON-1585913616 None] Created reservations ['74ce3056-ce08-40e9-8e56-5cb24a11214d', '5e3f04c2-60a2-4dbd-bc2f-d37a34511569', 'e2be0faf-7fdb-49b3-bbf8-bba1c9e2ea37', '6626fcd3-f7f1-4eed-9a3f-beba5eba43af'] {{(pid=87513) reserve /opt/stack/cinder/cinder/quota.py:752}}
Sep 04 15:53:07 devstack sudo[92001]: pam_unix(sudo:session): session closed for user root
Sep 04 15:53:07 devstack cinder-volume[87513]: DEBUG oslo_concurrency.processutils [None req-07453263-c3df-4217-ae46-00996cb42a93 tempest-AttachVolumeShelveTestJSON-2130397730 None] CMD "/opt/stack/data/venv/bin/python3.12 -m oslo_concurrency.prlimit --as=1073741824 --cpu=60 -- sudo cinder-rootwrap /etc/cinder/rootwrap.conf env LC_ALL=C qemu-img info -f qcow2 --output=json --force-share /opt/stack/data/cinder/mnt/262282b855f63db17f196661a5314d71/volume-66c06fc5-e0eb-4221-ad95-5ce449664e1b" returned: 0 in 0.678s {{(pid=87513) execute /opt/stack/data/venv/lib/python3.12/site-packages/oslo_concurrency/processutils.py:468}}
Sep 04 15:53:07 devstack cinder-volume[87513]: DEBUG oslo_concurrency.processutils [None req-07453263-c3df-4217-ae46-00996cb42a93 tempest-AttachVolumeShelveTestJSON-2130397730 None] Running cmd (subprocess): sudo cinder-rootwrap /etc/cinder/rootwrap.conf rm -f /opt/stack/data/cinder/mnt/262282b855f63db17f196661a5314d71/volume-66c06fc5-e0eb-4221-ad95-5ce449664e1b {{(pid=87513) execute /opt/stack/data/venv/lib/python3.12/site-packages/oslo_concurrency/processutils.py:440}}
Sep 04 15:53:07 devstack sudo[92026]: quobyte : PWD=/ ; USER=root ; COMMAND=/opt/stack/data/venv/bin/cinder-rootwrap /etc/cinder/rootwrap.conf rm -f /opt/stack/data/cinder/mnt/262282b855f63db17f196661a5314d71/volume-66c06fc5-e0eb-4221-ad95-5ce449664e1b
Sep 04 15:53:07 devstack sudo[92026]: pam_unix(sudo:session): session opened for user root(uid=0) by (uid=1000)
Sep 04 15:53:07 devstack cinder-volume[87513]: INFO cinder.volume.manager [None req-178461ca-996a-4fb2-ab38-8cce370e7366 tempest-VolumesSnapshotTestJSON-1585913616 None] Delete snapshot completed successfully.
Sep 04 15:53:07 devstack cinder-volume[87513]: DEBUG cinder.coordination [None req-178461ca-996a-4fb2-ab38-8cce370e7366 tempest-VolumesSnapshotTestJSON-1585913616 None] Lock "cinder-ff8b53e9-6f21-498b-88be-1cde5c1b019d-delete_snapshot" released by "delete_snapshot" :: held 2.471s {{(pid=87513) __release /opt/stack/cinder/cinder/coordination.py:152}}
Sep 04 15:53:07 devstack sudo[92026]: pam_unix(sudo:session): session closed for user root
Sep 04 15:53:07 devstack cinder-volume[87513]: DEBUG oslo_concurrency.processutils [None req-07453263-c3df-4217-ae46-00996cb42a93 tempest-AttachVolumeShelveTestJSON-2130397730 None] CMD "sudo cinder-rootwrap /etc/cinder/rootwrap.conf rm -f /opt/stack/data/cinder/mnt/262282b855f63db17f196661a5314d71/volume-66c06fc5-e0eb-4221-ad95-5ce449664e1b" returned: 0 in 0.442s {{(pid=87513) execute /opt/stack/data/venv/lib/python3.12/site-packages/oslo_concurrency/processutils.py:468}}
Sep 04 15:53:07 devstack cinder-volume[87513]: DEBUG cinder.coordination [None req-07453263-c3df-4217-ae46-00996cb42a93 tempest-AttachVolumeShelveTestJSON-2130397730 None] Lock "cinder-quobyte-66c06fc5-e0eb-4221-ad95-5ce449664e1b" released by "delete_volume" :: held 1.170s {{(pid=87513) __release /opt/stack/cinder/cinder/coordination.py:152}}
Sep 04 15:53:07 devstack cinder-volume[87513]: DEBUG cinder.quota [None req-07453263-c3df-4217-ae46-00996cb42a93 tempest-AttachVolumeShelveTestJSON-2130397730 None] Created reservations ['ef9ee292-8cbc-4a87-b8f9-e7b6368c81e0', '63adcdfc-fa80-4f33-b02f-0216ad599413', '2c5c6019-9c09-48d1-9c7a-576af915e567', 'cdac34e6-462e-4162-b738-03f3a512bbdc'] {{(pid=87513) reserve /opt/stack/cinder/cinder/quota.py:752}}
Sep 04 15:53:07 devstack cinder-volume[87513]: DEBUG oslo_concurrency.lockutils [None req-07453263-c3df-4217-ae46-00996cb42a93 tempest-AttachVolumeShelveTestJSON-2130397730 None] Acquiring lock "quobyte_ensure" by "cinder.volume.drivers.quobyte.QuobyteDriver._ensure_shares_mounted" {{(pid=87513) inner /opt/stack/data/venv/lib/python3.12/site-packages/oslo_concurrency/lockutils.py:512}}
Sep 04 15:53:07 devstack cinder-volume[87513]: DEBUG oslo_concurrency.lockutils [None req-07453263-c3df-4217-ae46-00996cb42a93 tempest-AttachVolumeShelveTestJSON-2130397730 None] Lock "quobyte_ensure" acquired by "cinder.volume.drivers.quobyte.QuobyteDriver._ensure_shares_mounted" :: waited 0.001s {{(pid=87513) inner /opt/stack/data/venv/lib/python3.12/site-packages/oslo_concurrency/lockutils.py:525}}
Sep 04 15:53:07 devstack cinder-volume[87513]: DEBUG cinder.volume.drivers.quobyte [None req-07453263-c3df-4217-ae46-00996cb42a93 tempest-AttachVolumeShelveTestJSON-2130397730 None] Quobyte Volume URL set to: {'osci02.corp.quobyte.com/cinder-vol-9d057e59-26eb-473b-a580-df5984ace23e': None} {{(pid=87513) _load_shares_config /opt/stack/cinder/cinder/volume/drivers/quobyte.py:617}}
Sep 04 15:53:07 devstack cinder-volume[87513]: DEBUG cinder.volume.drivers.quobyte [None req-07453263-c3df-4217-ae46-00996cb42a93 tempest-AttachVolumeShelveTestJSON-2130397730 None] Available shares ['osci02.corp.quobyte.com/cinder-vol-9d057e59-26eb-473b-a580-df5984ace23e'] {{(pid=87513) _ensure_shares_mounted /opt/stack/cinder/cinder/volume/drivers/quobyte.py:647}}
Sep 04 15:53:07 devstack cinder-volume[87513]: DEBUG oslo_concurrency.lockutils [None req-07453263-c3df-4217-ae46-00996cb42a93 tempest-AttachVolumeShelveTestJSON-2130397730 None] Lock "quobyte_ensure" "released" by "cinder.volume.drivers.quobyte.QuobyteDriver._ensure_shares_mounted" :: held 0.007s {{(pid=87513) inner /opt/stack/data/venv/lib/python3.12/site-packages/oslo_concurrency/lockutils.py:544}}
Sep 04 15:53:07 devstack cinder-volume[87513]: DEBUG oslo_concurrency.processutils [None req-07453263-c3df-4217-ae46-00996cb42a93 tempest-AttachVolumeShelveTestJSON-2130397730 None] Running cmd (subprocess): sudo cinder-rootwrap /etc/cinder/rootwrap.conf df --portability --block-size 1 /opt/stack/data/cinder/mnt/262282b855f63db17f196661a5314d71 {{(pid=87513) execute /opt/stack/data/venv/lib/python3.12/site-packages/oslo_concurrency/processutils.py:440}}
Sep 04 15:53:07 devstack sudo[92051]: quobyte : PWD=/ ; USER=root ; COMMAND=/opt/stack/data/venv/bin/cinder-rootwrap /etc/cinder/rootwrap.conf df --portability --block-size 1 /opt/stack/data/cinder/mnt/262282b855f63db17f196661a5314d71
Sep 04 15:53:07 devstack sudo[92051]: pam_unix(sudo:session): session opened for user root(uid=0) by (uid=1000)
Sep 04 15:53:08 devstack sudo[92051]: pam_unix(sudo:session): session closed for user root
Sep 04 15:53:08 devstack cinder-volume[87513]: DEBUG oslo_concurrency.processutils [None req-07453263-c3df-4217-ae46-00996cb42a93 tempest-AttachVolumeShelveTestJSON-2130397730 None] CMD "sudo cinder-rootwrap /etc/cinder/rootwrap.conf df --portability --block-size 1 /opt/stack/data/cinder/mnt/262282b855f63db17f196661a5314d71" returned: 0 in 0.348s {{(pid=87513) execute /opt/stack/data/venv/lib/python3.12/site-packages/oslo_concurrency/processutils.py:468}}
Sep 04 15:53:08 devstack cinder-volume[87513]: DEBUG cinder.manager [None req-07453263-c3df-4217-ae46-00996cb42a93 tempest-AttachVolumeShelveTestJSON-2130397730 None] Notifying Schedulers of capabilities ... {{(pid=87513) _publish_service_capabilities /opt/stack/cinder/cinder/manager.py:219}}
Sep 04 15:53:08 devstack cinder-volume[87513]: INFO cinder.volume.manager [None req-07453263-c3df-4217-ae46-00996cb42a93 tempest-AttachVolumeShelveTestJSON-2130397730 None] Deleted volume successfully.
Sep 04 15:53:08 devstack cinder-volume[87513]: DEBUG cinder.coordination [None req-07453263-c3df-4217-ae46-00996cb42a93 tempest-AttachVolumeShelveTestJSON-2130397730 None] Lock "cinder-66c06fc5-e0eb-4221-ad95-5ce449664e1b-delete_volume" released by "delete_volume" :: held 1.851s {{(pid=87513) __release /opt/stack/cinder/cinder/coordination.py:152}}
Sep 04 15:53:08 devstack cinder-volume[87513]: DEBUG cinder.volume.flows.manager.create_volume [None req-e13314d8-fe13-405f-81f8-66eecc2902b4 tempest-VolumesSnapshotTestJSON-1585913616 None] Volume reschedule parameters: True retry: {'num_attempts': 1, 'backends': ['devstack@QuobyteHD#QuobyteHD'], 'hosts': ['devstack@QuobyteHD#QuobyteHD']} {{(pid=87513) get_flow /opt/stack/cinder/cinder/volume/flows/manager/create_volume.py:1397}}
Sep 04 15:53:08 devstack cinder-volume[87513]: DEBUG cinder.volume.manager [None req-e13314d8-fe13-405f-81f8-66eecc2902b4 tempest-VolumesSnapshotTestJSON-1585913616 None] Flow 'volume_create_manager' (dec6b2c2-4fb3-4f2d-93fc-c575523e6381) transitioned into state 'RUNNING' from state 'PENDING' {{(pid=87513) _flow_receiver /opt/stack/data/venv/lib/python3.12/site-packages/taskflow/listeners/logging.py:160}}
Sep 04 15:53:08 devstack cinder-volume[87513]: DEBUG cinder.volume.manager [None req-e13314d8-fe13-405f-81f8-66eecc2902b4 tempest-VolumesSnapshotTestJSON-1585913616 None] Task 'cinder.volume.flows.manager.create_volume.ExtractVolumeRefTask;volume:create' (c2accf0d-e108-4527-90c7-6f124195e283) transitioned into state 'RUNNING' from state 'PENDING' {{(pid=87513) _task_receiver /opt/stack/data/venv/lib/python3.12/site-packages/taskflow/listeners/logging.py:242}}
Sep 04 15:53:08 devstack cinder-volume[87513]: DEBUG cinder.volume.manager [None req-e13314d8-fe13-405f-81f8-66eecc2902b4 tempest-VolumesSnapshotTestJSON-1585913616 None] Task 'cinder.volume.flows.manager.create_volume.ExtractVolumeRefTask;volume:create' (c2accf0d-e108-4527-90c7-6f124195e283) transitioned into state 'SUCCESS' from state 'RUNNING' with result 'Volume(_name_id=None,admin_metadata=,attach_status='detached',availability_zone='nova',bootable=False,cluster=,cluster_name=None,consistencygroup=,consistencygroup_id=None,created_at=2026-09-04T13:53:08Z,deleted=False,deleted_at=None,display_description=None,display_name='tempest-VolumesSnapshotTestJSON-Volume-1271025309',ec2_id=None,encryption_key_id=None,glance_metadata=,group=,group_id=None,host='devstack@QuobyteHD#QuobyteHD',id=79230e76-d9ec-4b8c-91d9-04143f4d6979,launched_at=None,metadata={},migration_status=None,multiattach=False,previous_status=None,project_id='eecbe3794496496da61c107cb5458d24',provider_auth=None,provider_geometry=None,provider_id=None,provider_location=None,replication_driver_data=None,replication_extended_status=None,replication_status=None,scheduled_at=2026-09-04T13:53:09Z,service_uuid=None,shared_targets=True,size=1,snapshot_id=None,snapshots=,source_volid=None,status='creating',terminated_at=None,updated_at=2026-09-04T13:53:09Z,use_quota=True,user_id='65ba86a7589847938874a5df4ae635d5',volume_attachment=VolumeAttachmentList,volume_type=VolumeType(45805279-8c8a-4787-99dd-5c35431ca5b2),volume_type_id=45805279-8c8a-4787-99dd-5c35431ca5b2)' {{(pid=87513) _task_receiver /opt/stack/data/venv/lib/python3.12/site-packages/taskflow/listeners/logging.py:218}}
Sep 04 15:53:08 devstack cinder-volume[87513]: DEBUG cinder.volume.manager [None req-e13314d8-fe13-405f-81f8-66eecc2902b4 tempest-VolumesSnapshotTestJSON-1585913616 None] Task 'cinder.volume.flows.manager.create_volume.OnFailureRescheduleTask;volume:create' (22c4f026-591d-422c-96fa-7b6a72de70cb) transitioned into state 'RUNNING' from state 'PENDING' {{(pid=87513) _task_receiver /opt/stack/data/venv/lib/python3.12/site-packages/taskflow/listeners/logging.py:242}}
Sep 04 15:53:08 devstack cinder-volume[87513]: DEBUG cinder.volume.manager [None req-e13314d8-fe13-405f-81f8-66eecc2902b4 tempest-VolumesSnapshotTestJSON-1585913616 None] Task 'cinder.volume.flows.manager.create_volume.OnFailureRescheduleTask;volume:create' (22c4f026-591d-422c-96fa-7b6a72de70cb) transitioned into state 'SUCCESS' from state 'RUNNING' with result 'None' {{(pid=87513) _task_receiver /opt/stack/data/venv/lib/python3.12/site-packages/taskflow/listeners/logging.py:218}}
Sep 04 15:53:08 devstack cinder-volume[87513]: DEBUG cinder.volume.manager [None req-e13314d8-fe13-405f-81f8-66eecc2902b4 tempest-VolumesSnapshotTestJSON-1585913616 None] Task 'cinder.volume.flows.manager.create_volume.ExtractVolumeSpecTask;volume:create' (0c42a48c-7f1d-4537-8f8f-782706c97989) transitioned into state 'RUNNING' from state 'PENDING' {{(pid=87513) _task_receiver /opt/stack/data/venv/lib/python3.12/site-packages/taskflow/listeners/logging.py:242}}
Sep 04 15:53:08 devstack cinder-volume[87513]: DEBUG cinder.volume.manager [None req-e13314d8-fe13-405f-81f8-66eecc2902b4 tempest-VolumesSnapshotTestJSON-1585913616 None] Task 'cinder.volume.flows.manager.create_volume.ExtractVolumeSpecTask;volume:create' (0c42a48c-7f1d-4537-8f8f-782706c97989) transitioned into state 'SUCCESS' from state 'RUNNING' with result '{'status': 'creating', 'type': 'raw', 'volume_id': '79230e76-d9ec-4b8c-91d9-04143f4d6979', 'volume_name': 'volume-79230e76-d9ec-4b8c-91d9-04143f4d6979', 'volume_size': 1}' {{(pid=87513) _task_receiver /opt/stack/data/venv/lib/python3.12/site-packages/taskflow/listeners/logging.py:218}}
Sep 04 15:53:09 devstack cinder-volume[87513]: DEBUG cinder.volume.manager [None req-e13314d8-fe13-405f-81f8-66eecc2902b4 tempest-VolumesSnapshotTestJSON-1585913616 None] Task 'cinder.volume.flows.manager.create_volume.NotifyVolumeActionTask;volume:create, create.start' (913f88a6-1a2c-4a4f-8a06-da2395a30521) transitioned into state 'RUNNING' from state 'PENDING' {{(pid=87513) _task_receiver /opt/stack/data/venv/lib/python3.12/site-packages/taskflow/listeners/logging.py:242}}
Sep 04 15:53:09 devstack cinder-volume[87513]: DEBUG cinder.volume.manager [None req-e13314d8-fe13-405f-81f8-66eecc2902b4 tempest-VolumesSnapshotTestJSON-1585913616 None] Task 'cinder.volume.flows.manager.create_volume.NotifyVolumeActionTask;volume:create, create.start' (913f88a6-1a2c-4a4f-8a06-da2395a30521) transitioned into state 'SUCCESS' from state 'RUNNING' with result 'None' {{(pid=87513) _task_receiver /opt/stack/data/venv/lib/python3.12/site-packages/taskflow/listeners/logging.py:218}}
Sep 04 15:53:09 devstack cinder-volume[87513]: DEBUG cinder.volume.manager [None req-e13314d8-fe13-405f-81f8-66eecc2902b4 tempest-VolumesSnapshotTestJSON-1585913616 None] Task 'cinder.volume.flows.manager.create_volume.CreateVolumeFromSpecTask;volume:create' (f77368bf-615b-4bce-95f9-898add7319ab) transitioned into state 'RUNNING' from state 'PENDING' {{(pid=87513) _task_receiver /opt/stack/data/venv/lib/python3.12/site-packages/taskflow/listeners/logging.py:242}}
Sep 04 15:53:09 devstack cinder-volume[87513]: INFO cinder.volume.flows.manager.create_volume [None req-e13314d8-fe13-405f-81f8-66eecc2902b4 tempest-VolumesSnapshotTestJSON-1585913616 None] Volume 79230e76-d9ec-4b8c-91d9-04143f4d6979: being created as raw with specification: {'status': 'creating', 'volume_name': 'volume-79230e76-d9ec-4b8c-91d9-04143f4d6979', 'volume_size': 1}
Sep 04 15:53:09 devstack cinder-volume[87513]: DEBUG oslo_concurrency.lockutils [None req-e13314d8-fe13-405f-81f8-66eecc2902b4 tempest-VolumesSnapshotTestJSON-1585913616 None] Acquiring lock "quobyte" by "cinder.volume.drivers.quobyte.QuobyteDriver.create_volume" {{(pid=87513) inner /opt/stack/data/venv/lib/python3.12/site-packages/oslo_concurrency/lockutils.py:512}}
Sep 04 15:53:09 devstack cinder-volume[87513]: DEBUG oslo_concurrency.lockutils [None req-e13314d8-fe13-405f-81f8-66eecc2902b4 tempest-VolumesSnapshotTestJSON-1585913616 None] Lock "quobyte" acquired by "cinder.volume.drivers.quobyte.QuobyteDriver.create_volume" :: waited 0.000s {{(pid=87513) inner /opt/stack/data/venv/lib/python3.12/site-packages/oslo_concurrency/lockutils.py:525}}
Sep 04 15:53:09 devstack cinder-volume[87513]: DEBUG cinder.volume.drivers.quobyte [None req-e13314d8-fe13-405f-81f8-66eecc2902b4 tempest-VolumesSnapshotTestJSON-1585913616 None] ==> create_volume: call "{'self': , 'volume': Volume(_name_id=None,admin_metadata=,attach_status='detached',availability_zone='nova',bootable=False,cluster=,cluster_name=None,consistencygroup=,consistencygroup_id=None,created_at=2026-09-04T13:53:08Z,deleted=False,deleted_at=None,display_description=None,display_name='tempest-VolumesSnapshotTestJSON-Volume-1271025309',ec2_id=None,encryption_key_id=None,glance_metadata=,group=,group_id=None,host='devstack@QuobyteHD#QuobyteHD',id=79230e76-d9ec-4b8c-91d9-04143f4d6979,launched_at=None,metadata={},migration_status=None,multiattach=False,previous_status=None,project_id='eecbe3794496496da61c107cb5458d24',provider_auth=None,provider_geometry=None,provider_id=None,provider_location=None,replication_driver_data=None,replication_extended_status=None,replication_status=None,scheduled_at=2026-09-04T13:53:09Z,service_uuid=None,shared_targets=True,size=1,snapshot_id=None,snapshots=,source_volid=None,status='creating',terminated_at=None,updated_at=2026-09-04T13:53:09Z,use_quota=True,user_id='65ba86a7589847938874a5df4ae635d5',volume_attachment=VolumeAttachmentList,volume_type=VolumeType(45805279-8c8a-4787-99dd-5c35431ca5b2),volume_type_id=45805279-8c8a-4787-99dd-5c35431ca5b2)}" {{(pid=87513) trace_logging_wrapper /opt/stack/cinder/cinder/volume/volume_utils.py:1497}}
Sep 04 15:53:09 devstack cinder-volume[87513]: DEBUG cinder.volume.drivers.remotefs [None req-e13314d8-fe13-405f-81f8-66eecc2902b4 tempest-VolumesSnapshotTestJSON-1585913616 None] Creating volume 79230e76-d9ec-4b8c-91d9-04143f4d6979 {{(pid=87513) create_volume /opt/stack/cinder/cinder/volume/drivers/remotefs.py:292}}
Sep 04 15:53:09 devstack cinder-volume[87513]: DEBUG oslo_concurrency.lockutils [None req-e13314d8-fe13-405f-81f8-66eecc2902b4 tempest-VolumesSnapshotTestJSON-1585913616 None] Acquiring lock "quobyte_ensure" by "cinder.volume.drivers.quobyte.QuobyteDriver._ensure_shares_mounted" {{(pid=87513) inner /opt/stack/data/venv/lib/python3.12/site-packages/oslo_concurrency/lockutils.py:512}}
Sep 04 15:53:09 devstack cinder-volume[87513]: DEBUG oslo_concurrency.lockutils [None req-e13314d8-fe13-405f-81f8-66eecc2902b4 tempest-VolumesSnapshotTestJSON-1585913616 None] Lock "quobyte_ensure" acquired by "cinder.volume.drivers.quobyte.QuobyteDriver._ensure_shares_mounted" :: waited 0.000s {{(pid=87513) inner /opt/stack/data/venv/lib/python3.12/site-packages/oslo_concurrency/lockutils.py:525}}
Sep 04 15:53:09 devstack cinder-volume[87513]: DEBUG cinder.volume.drivers.quobyte [None req-e13314d8-fe13-405f-81f8-66eecc2902b4 tempest-VolumesSnapshotTestJSON-1585913616 None] Quobyte Volume URL set to: {'osci02.corp.quobyte.com/cinder-vol-9d057e59-26eb-473b-a580-df5984ace23e': None} {{(pid=87513) _load_shares_config /opt/stack/cinder/cinder/volume/drivers/quobyte.py:617}}
Sep 04 15:53:09 devstack cinder-volume[87513]: DEBUG cinder.volume.drivers.quobyte [None req-e13314d8-fe13-405f-81f8-66eecc2902b4 tempest-VolumesSnapshotTestJSON-1585913616 None] Available shares ['osci02.corp.quobyte.com/cinder-vol-9d057e59-26eb-473b-a580-df5984ace23e'] {{(pid=87513) _ensure_shares_mounted /opt/stack/cinder/cinder/volume/drivers/quobyte.py:647}}
Sep 04 15:53:09 devstack cinder-volume[87513]: DEBUG oslo_concurrency.lockutils [None req-e13314d8-fe13-405f-81f8-66eecc2902b4 tempest-VolumesSnapshotTestJSON-1585913616 None] Lock "quobyte_ensure" "released" by "cinder.volume.drivers.quobyte.QuobyteDriver._ensure_shares_mounted" :: held 0.015s {{(pid=87513) inner /opt/stack/data/venv/lib/python3.12/site-packages/oslo_concurrency/lockutils.py:544}}
Sep 04 15:53:09 devstack cinder-volume[87513]: DEBUG cinder.volume.drivers.quobyte [None req-e13314d8-fe13-405f-81f8-66eecc2902b4 tempest-VolumesSnapshotTestJSON-1585913616 None] Selected osci02.corp.quobyte.com/cinder-vol-9d057e59-26eb-473b-a580-df5984ace23e as target Quobyte volume. {{(pid=87513) _find_share /opt/stack/cinder/cinder/volume/drivers/quobyte.py:668}}
Sep 04 15:53:09 devstack cinder-volume[87513]: INFO cinder.volume.drivers.remotefs [None req-e13314d8-fe13-405f-81f8-66eecc2902b4 tempest-VolumesSnapshotTestJSON-1585913616 None] casted to osci02.corp.quobyte.com/cinder-vol-9d057e59-26eb-473b-a580-df5984ace23e
Sep 04 15:53:09 devstack cinder-volume[87513]: DEBUG oslo_concurrency.processutils [None req-e13314d8-fe13-405f-81f8-66eecc2902b4 tempest-VolumesSnapshotTestJSON-1585913616 None] Running cmd (subprocess): sudo cinder-rootwrap /etc/cinder/rootwrap.conf qemu-img create -f qcow2 -o preallocation=metadata /opt/stack/data/cinder/mnt/262282b855f63db17f196661a5314d71/volume-79230e76-d9ec-4b8c-91d9-04143f4d6979 1073741824 {{(pid=87513) execute /opt/stack/data/venv/lib/python3.12/site-packages/oslo_concurrency/processutils.py:440}}
Sep 04 15:53:09 devstack sudo[92057]: quobyte : PWD=/ ; USER=root ; COMMAND=/opt/stack/data/venv/bin/cinder-rootwrap /etc/cinder/rootwrap.conf qemu-img create -f qcow2 -o preallocation=metadata /opt/stack/data/cinder/mnt/262282b855f63db17f196661a5314d71/volume-79230e76-d9ec-4b8c-91d9-04143f4d6979 1073741824
Sep 04 15:53:09 devstack sudo[92057]: pam_unix(sudo:session): session opened for user root(uid=0) by (uid=1000)
Sep 04 15:53:10 devstack sudo[92057]: pam_unix(sudo:session): session closed for user root
Sep 04 15:53:10 devstack cinder-volume[87513]: DEBUG oslo_concurrency.processutils [None req-e13314d8-fe13-405f-81f8-66eecc2902b4 tempest-VolumesSnapshotTestJSON-1585913616 None] CMD "sudo cinder-rootwrap /etc/cinder/rootwrap.conf qemu-img create -f qcow2 -o preallocation=metadata /opt/stack/data/cinder/mnt/262282b855f63db17f196661a5314d71/volume-79230e76-d9ec-4b8c-91d9-04143f4d6979 1073741824" returned: 0 in 1.009s {{(pid=87513) execute /opt/stack/data/venv/lib/python3.12/site-packages/oslo_concurrency/processutils.py:468}}
Sep 04 15:53:10 devstack cinder-volume[87513]: DEBUG oslo_concurrency.processutils [None req-e13314d8-fe13-405f-81f8-66eecc2902b4 tempest-VolumesSnapshotTestJSON-1585913616 None] Running cmd (subprocess): sudo cinder-rootwrap /etc/cinder/rootwrap.conf chmod ugo+rw /opt/stack/data/cinder/mnt/262282b855f63db17f196661a5314d71/volume-79230e76-d9ec-4b8c-91d9-04143f4d6979 {{(pid=87513) execute /opt/stack/data/venv/lib/python3.12/site-packages/oslo_concurrency/processutils.py:440}}
Sep 04 15:53:10 devstack sudo[92063]: quobyte : PWD=/ ; USER=root ; COMMAND=/opt/stack/data/venv/bin/cinder-rootwrap /etc/cinder/rootwrap.conf chmod ugo+rw /opt/stack/data/cinder/mnt/262282b855f63db17f196661a5314d71/volume-79230e76-d9ec-4b8c-91d9-04143f4d6979
Sep 04 15:53:10 devstack sudo[92063]: pam_unix(sudo:session): session opened for user root(uid=0) by (uid=1000)
Sep 04 15:53:10 devstack sudo[92063]: pam_unix(sudo:session): session closed for user root
Sep 04 15:53:10 devstack cinder-volume[87513]: DEBUG oslo_concurrency.processutils [None req-e13314d8-fe13-405f-81f8-66eecc2902b4 tempest-VolumesSnapshotTestJSON-1585913616 None] CMD "sudo cinder-rootwrap /etc/cinder/rootwrap.conf chmod ugo+rw /opt/stack/data/cinder/mnt/262282b855f63db17f196661a5314d71/volume-79230e76-d9ec-4b8c-91d9-04143f4d6979" returned: 0 in 0.313s {{(pid=87513) execute /opt/stack/data/venv/lib/python3.12/site-packages/oslo_concurrency/processutils.py:468}}
Sep 04 15:53:10 devstack cinder-volume[87513]: DEBUG cinder.volume.drivers.quobyte [None req-e13314d8-fe13-405f-81f8-66eecc2902b4 tempest-VolumesSnapshotTestJSON-1585913616 None] <== create_volume: return (1419ms) {'provider_location': 'osci02.corp.quobyte.com/cinder-vol-9d057e59-26eb-473b-a580-df5984ace23e'} {{(pid=87513) trace_logging_wrapper /opt/stack/cinder/cinder/volume/volume_utils.py:1522}}
Sep 04 15:53:10 devstack cinder-volume[87513]: DEBUG oslo_concurrency.lockutils [None req-e13314d8-fe13-405f-81f8-66eecc2902b4 tempest-VolumesSnapshotTestJSON-1585913616 None] Lock "quobyte" "released" by "cinder.volume.drivers.quobyte.QuobyteDriver.create_volume" :: held 1.425s {{(pid=87513) inner /opt/stack/data/venv/lib/python3.12/site-packages/oslo_concurrency/lockutils.py:544}}
Sep 04 15:53:10 devstack cinder-volume[87513]: DEBUG cinder.volume.manager [None req-e13314d8-fe13-405f-81f8-66eecc2902b4 tempest-VolumesSnapshotTestJSON-1585913616 None] Task 'cinder.volume.flows.manager.create_volume.CreateVolumeFromSpecTask;volume:create' (f77368bf-615b-4bce-95f9-898add7319ab) transitioned into state 'SUCCESS' from state 'RUNNING' with result '{'status': 'creating', 'volume_name': 'volume-79230e76-d9ec-4b8c-91d9-04143f4d6979', 'volume_size': 1}' {{(pid=87513) _task_receiver /opt/stack/data/venv/lib/python3.12/site-packages/taskflow/listeners/logging.py:218}}
Sep 04 15:53:10 devstack cinder-volume[87513]: DEBUG cinder.volume.manager [None req-e13314d8-fe13-405f-81f8-66eecc2902b4 tempest-VolumesSnapshotTestJSON-1585913616 None] Task 'cinder.volume.flows.manager.create_volume.CreateVolumeOnFinishTask;volume:create, create.end' (c3c5d191-5172-490c-bc4c-4bd7e7f5eaa8) transitioned into state 'RUNNING' from state 'PENDING' {{(pid=87513) _task_receiver /opt/stack/data/venv/lib/python3.12/site-packages/taskflow/listeners/logging.py:242}}
Sep 04 15:53:10 devstack cinder-volume[87513]: INFO cinder.volume.flows.manager.create_volume [None req-e13314d8-fe13-405f-81f8-66eecc2902b4 tempest-VolumesSnapshotTestJSON-1585913616 None] Volume volume-79230e76-d9ec-4b8c-91d9-04143f4d6979 (79230e76-d9ec-4b8c-91d9-04143f4d6979): created successfully
Sep 04 15:53:10 devstack cinder-volume[87513]: DEBUG cinder.volume.manager [None req-e13314d8-fe13-405f-81f8-66eecc2902b4 tempest-VolumesSnapshotTestJSON-1585913616 None] Task 'cinder.volume.flows.manager.create_volume.CreateVolumeOnFinishTask;volume:create, create.end' (c3c5d191-5172-490c-bc4c-4bd7e7f5eaa8) transitioned into state 'SUCCESS' from state 'RUNNING' with result 'None' {{(pid=87513) _task_receiver /opt/stack/data/venv/lib/python3.12/site-packages/taskflow/listeners/logging.py:218}}
Sep 04 15:53:10 devstack cinder-volume[87513]: DEBUG cinder.volume.manager [None req-e13314d8-fe13-405f-81f8-66eecc2902b4 tempest-VolumesSnapshotTestJSON-1585913616 None] Flow 'volume_create_manager' (dec6b2c2-4fb3-4f2d-93fc-c575523e6381) transitioned into state 'SUCCESS' from state 'RUNNING' {{(pid=87513) _flow_receiver /opt/stack/data/venv/lib/python3.12/site-packages/taskflow/listeners/logging.py:160}}
Sep 04 15:53:10 devstack cinder-volume[87513]: INFO cinder.volume.manager [None req-e13314d8-fe13-405f-81f8-66eecc2902b4 tempest-VolumesSnapshotTestJSON-1585913616 None] Created volume successfully.
Sep 04 15:53:11 devstack cinder-volume[87513]: DEBUG oslo_concurrency.lockutils [None req-b6f75581-c48e-422e-9d77-2c57167af37d tempest-VolumesSnapshotTestJSON-1585913616 None] Acquiring lock "quobyte" by "cinder.volume.drivers.quobyte.QuobyteDriver.create_snapshot" {{(pid=87513) inner /opt/stack/data/venv/lib/python3.12/site-packages/oslo_concurrency/lockutils.py:512}}
Sep 04 15:53:11 devstack cinder-volume[87513]: DEBUG oslo_concurrency.lockutils [None req-b6f75581-c48e-422e-9d77-2c57167af37d tempest-VolumesSnapshotTestJSON-1585913616 None] Lock "quobyte" acquired by "cinder.volume.drivers.quobyte.QuobyteDriver.create_snapshot" :: waited 0.001s {{(pid=87513) inner /opt/stack/data/venv/lib/python3.12/site-packages/oslo_concurrency/lockutils.py:525}}
Sep 04 15:53:11 devstack cinder-volume[87513]: DEBUG cinder.volume.drivers.remotefs [None req-b6f75581-c48e-422e-9d77-2c57167af37d tempest-VolumesSnapshotTestJSON-1585913616 None] Creating offline snapshot d52b6789-a93c-49ac-991d-c0a44146cea9 of volume 79230e76-d9ec-4b8c-91d9-04143f4d6979 {{(pid=87513) _create_snapshot /opt/stack/cinder/cinder/volume/drivers/remotefs.py:1816}}
Sep 04 15:53:11 devstack cinder-volume[87513]: DEBUG oslo.privsep.daemon [-] privsep: reply[b380906b-a672-4374-b635-6a9edc5add51]: (4, 'qcow2') {{(pid=88475) _call_back /opt/stack/data/venv/lib/python3.12/site-packages/oslo_privsep/daemon.py:580}}
Sep 04 15:53:11 devstack cinder-volume[87513]: DEBUG oslo_concurrency.processutils [None req-b6f75581-c48e-422e-9d77-2c57167af37d tempest-VolumesSnapshotTestJSON-1585913616 None] Running cmd (subprocess): /opt/stack/data/venv/bin/python3.12 -m oslo_concurrency.prlimit --as=1073741824 --cpu=60 -- sudo cinder-rootwrap /etc/cinder/rootwrap.conf env LC_ALL=C qemu-img info -f qcow2 --output=json --force-share /opt/stack/data/cinder/mnt/262282b855f63db17f196661a5314d71/volume-79230e76-d9ec-4b8c-91d9-04143f4d6979 {{(pid=87513) execute /opt/stack/data/venv/lib/python3.12/site-packages/oslo_concurrency/processutils.py:440}}
Sep 04 15:53:11 devstack sudo[92066]: quobyte : PWD=/ ; USER=root ; COMMAND=/opt/stack/data/venv/bin/cinder-rootwrap /etc/cinder/rootwrap.conf env LC_ALL=C qemu-img info -f qcow2 --output=json --force-share /opt/stack/data/cinder/mnt/262282b855f63db17f196661a5314d71/volume-79230e76-d9ec-4b8c-91d9-04143f4d6979
Sep 04 15:53:11 devstack sudo[92066]: pam_unix(sudo:session): session opened for user root(uid=0) by (uid=1000)
Sep 04 15:53:12 devstack sudo[92066]: pam_unix(sudo:session): session closed for user root
Sep 04 15:53:12 devstack cinder-volume[87513]: DEBUG oslo_concurrency.processutils [None req-b6f75581-c48e-422e-9d77-2c57167af37d tempest-VolumesSnapshotTestJSON-1585913616 None] CMD "/opt/stack/data/venv/bin/python3.12 -m oslo_concurrency.prlimit --as=1073741824 --cpu=60 -- sudo cinder-rootwrap /etc/cinder/rootwrap.conf env LC_ALL=C qemu-img info -f qcow2 --output=json --force-share /opt/stack/data/cinder/mnt/262282b855f63db17f196661a5314d71/volume-79230e76-d9ec-4b8c-91d9-04143f4d6979" returned: 0 in 0.672s {{(pid=87513) execute /opt/stack/data/venv/lib/python3.12/site-packages/oslo_concurrency/processutils.py:468}}
Sep 04 15:53:12 devstack cinder-volume[87513]: DEBUG oslo_concurrency.processutils [None req-b6f75581-c48e-422e-9d77-2c57167af37d tempest-VolumesSnapshotTestJSON-1585913616 None] Running cmd (subprocess): sudo cinder-rootwrap /etc/cinder/rootwrap.conf qemu-img create -f qcow2 -o backing_file=/opt/stack/data/cinder/mnt/262282b855f63db17f196661a5314d71/volume-79230e76-d9ec-4b8c-91d9-04143f4d6979,backing_fmt=qcow2 /opt/stack/data/cinder/mnt/262282b855f63db17f196661a5314d71/volume-79230e76-d9ec-4b8c-91d9-04143f4d6979.d52b6789-a93c-49ac-991d-c0a44146cea9 1G {{(pid=87513) execute /opt/stack/data/venv/lib/python3.12/site-packages/oslo_concurrency/processutils.py:440}}
Sep 04 15:53:12 devstack sudo[92072]: quobyte : PWD=/ ; USER=root ; COMMAND=/opt/stack/data/venv/bin/cinder-rootwrap /etc/cinder/rootwrap.conf qemu-img create -f qcow2 -o backing_file=/opt/stack/data/cinder/mnt/262282b855f63db17f196661a5314d71/volume-79230e76-d9ec-4b8c-91d9-04143f4d6979,backing_fmt=qcow2 /opt/stack/data/cinder/mnt/262282b855f63db17f196661a5314d71/volume-79230e76-d9ec-4b8c-91d9-04143f4d6979.d52b6789-a93c-49ac-991d-c0a44146cea9 1G
Sep 04 15:53:12 devstack sudo[92072]: pam_unix(sudo:session): session opened for user root(uid=0) by (uid=1000)
Sep 04 15:53:12 devstack sudo[92072]: pam_unix(sudo:session): session closed for user root
Sep 04 15:53:12 devstack cinder-volume[87513]: DEBUG oslo_concurrency.processutils [None req-b6f75581-c48e-422e-9d77-2c57167af37d tempest-VolumesSnapshotTestJSON-1585913616 None] CMD "sudo cinder-rootwrap /etc/cinder/rootwrap.conf qemu-img create -f qcow2 -o backing_file=/opt/stack/data/cinder/mnt/262282b855f63db17f196661a5314d71/volume-79230e76-d9ec-4b8c-91d9-04143f4d6979,backing_fmt=qcow2 /opt/stack/data/cinder/mnt/262282b855f63db17f196661a5314d71/volume-79230e76-d9ec-4b8c-91d9-04143f4d6979.d52b6789-a93c-49ac-991d-c0a44146cea9 1G" returned: 0 in 0.570s {{(pid=87513) execute /opt/stack/data/venv/lib/python3.12/site-packages/oslo_concurrency/processutils.py:468}}
Sep 04 15:53:12 devstack cinder-volume[87513]: DEBUG oslo_concurrency.processutils [None req-b6f75581-c48e-422e-9d77-2c57167af37d tempest-VolumesSnapshotTestJSON-1585913616 None] Running cmd (subprocess): sudo cinder-rootwrap /etc/cinder/rootwrap.conf qemu-img rebase -u -b volume-79230e76-d9ec-4b8c-91d9-04143f4d6979 -F qcow2 /opt/stack/data/cinder/mnt/262282b855f63db17f196661a5314d71/volume-79230e76-d9ec-4b8c-91d9-04143f4d6979.d52b6789-a93c-49ac-991d-c0a44146cea9 {{(pid=87513) execute /opt/stack/data/venv/lib/python3.12/site-packages/oslo_concurrency/processutils.py:440}}
Sep 04 15:53:12 devstack sudo[92078]: quobyte : PWD=/ ; USER=root ; COMMAND=/opt/stack/data/venv/bin/cinder-rootwrap /etc/cinder/rootwrap.conf qemu-img rebase -u -b volume-79230e76-d9ec-4b8c-91d9-04143f4d6979 -F qcow2 /opt/stack/data/cinder/mnt/262282b855f63db17f196661a5314d71/volume-79230e76-d9ec-4b8c-91d9-04143f4d6979.d52b6789-a93c-49ac-991d-c0a44146cea9
Sep 04 15:53:12 devstack sudo[92078]: pam_unix(sudo:session): session opened for user root(uid=0) by (uid=1000)
Sep 04 15:53:13 devstack sudo[92078]: pam_unix(sudo:session): session closed for user root
Sep 04 15:53:13 devstack cinder-volume[87513]: DEBUG oslo_concurrency.processutils [None req-b6f75581-c48e-422e-9d77-2c57167af37d tempest-VolumesSnapshotTestJSON-1585913616 None] CMD "sudo cinder-rootwrap /etc/cinder/rootwrap.conf qemu-img rebase -u -b volume-79230e76-d9ec-4b8c-91d9-04143f4d6979 -F qcow2 /opt/stack/data/cinder/mnt/262282b855f63db17f196661a5314d71/volume-79230e76-d9ec-4b8c-91d9-04143f4d6979.d52b6789-a93c-49ac-991d-c0a44146cea9" returned: 0 in 0.355s {{(pid=87513) execute /opt/stack/data/venv/lib/python3.12/site-packages/oslo_concurrency/processutils.py:468}}
Sep 04 15:53:13 devstack cinder-volume[87513]: WARNING cinder.volume.drivers.remotefs [None req-b6f75581-c48e-422e-9d77-2c57167af37d tempest-VolumesSnapshotTestJSON-1585913616 None] /opt/stack/data/cinder/mnt/262282b855f63db17f196661a5314d71/volume-79230e76-d9ec-4b8c-91d9-04143f4d6979.d52b6789-a93c-49ac-991d-c0a44146cea9 is being set with open permissions: ugo+rw
Sep 04 15:53:13 devstack cinder-volume[87513]: DEBUG oslo_concurrency.processutils [None req-b6f75581-c48e-422e-9d77-2c57167af37d tempest-VolumesSnapshotTestJSON-1585913616 None] Running cmd (subprocess): sudo cinder-rootwrap /etc/cinder/rootwrap.conf chmod ugo+rw /opt/stack/data/cinder/mnt/262282b855f63db17f196661a5314d71/volume-79230e76-d9ec-4b8c-91d9-04143f4d6979.d52b6789-a93c-49ac-991d-c0a44146cea9 {{(pid=87513) execute /opt/stack/data/venv/lib/python3.12/site-packages/oslo_concurrency/processutils.py:440}}
Sep 04 15:53:13 devstack sudo[92083]: quobyte : PWD=/ ; USER=root ; COMMAND=/opt/stack/data/venv/bin/cinder-rootwrap /etc/cinder/rootwrap.conf chmod ugo+rw /opt/stack/data/cinder/mnt/262282b855f63db17f196661a5314d71/volume-79230e76-d9ec-4b8c-91d9-04143f4d6979.d52b6789-a93c-49ac-991d-c0a44146cea9
Sep 04 15:53:13 devstack sudo[92083]: pam_unix(sudo:session): session opened for user root(uid=0) by (uid=1000)
Sep 04 15:53:13 devstack sudo[92083]: pam_unix(sudo:session): session closed for user root
Sep 04 15:53:13 devstack cinder-volume[87513]: DEBUG oslo_concurrency.processutils [None req-b6f75581-c48e-422e-9d77-2c57167af37d tempest-VolumesSnapshotTestJSON-1585913616 None] CMD "sudo cinder-rootwrap /etc/cinder/rootwrap.conf chmod ugo+rw /opt/stack/data/cinder/mnt/262282b855f63db17f196661a5314d71/volume-79230e76-d9ec-4b8c-91d9-04143f4d6979.d52b6789-a93c-49ac-991d-c0a44146cea9" returned: 0 in 0.539s {{(pid=87513) execute /opt/stack/data/venv/lib/python3.12/site-packages/oslo_concurrency/processutils.py:468}}
Sep 04 15:53:13 devstack cinder-volume[87513]: DEBUG oslo_concurrency.processutils [None req-b6f75581-c48e-422e-9d77-2c57167af37d tempest-VolumesSnapshotTestJSON-1585913616 None] Running cmd (subprocess): sudo cinder-rootwrap /etc/cinder/rootwrap.conf truncate -s0 /opt/stack/data/cinder/mnt/262282b855f63db17f196661a5314d71/volume-79230e76-d9ec-4b8c-91d9-04143f4d6979.info {{(pid=87513) execute /opt/stack/data/venv/lib/python3.12/site-packages/oslo_concurrency/processutils.py:440}}
Sep 04 15:53:13 devstack sudo[92087]: quobyte : PWD=/ ; USER=root ; COMMAND=/opt/stack/data/venv/bin/cinder-rootwrap /etc/cinder/rootwrap.conf truncate -s0 /opt/stack/data/cinder/mnt/262282b855f63db17f196661a5314d71/volume-79230e76-d9ec-4b8c-91d9-04143f4d6979.info
Sep 04 15:53:13 devstack sudo[92087]: pam_unix(sudo:session): session opened for user root(uid=0) by (uid=1000)
Sep 04 15:53:13 devstack sudo[92087]: pam_unix(sudo:session): session closed for user root
Sep 04 15:53:13 devstack cinder-volume[87513]: DEBUG oslo_concurrency.processutils [None req-b6f75581-c48e-422e-9d77-2c57167af37d tempest-VolumesSnapshotTestJSON-1585913616 None] CMD "sudo cinder-rootwrap /etc/cinder/rootwrap.conf truncate -s0 /opt/stack/data/cinder/mnt/262282b855f63db17f196661a5314d71/volume-79230e76-d9ec-4b8c-91d9-04143f4d6979.info" returned: 0 in 0.319s {{(pid=87513) execute /opt/stack/data/venv/lib/python3.12/site-packages/oslo_concurrency/processutils.py:468}}
Sep 04 15:53:13 devstack cinder-volume[87513]: WARNING cinder.volume.drivers.remotefs [None req-b6f75581-c48e-422e-9d77-2c57167af37d tempest-VolumesSnapshotTestJSON-1585913616 None] /opt/stack/data/cinder/mnt/262282b855f63db17f196661a5314d71/volume-79230e76-d9ec-4b8c-91d9-04143f4d6979.info is being set with open permissions: ugo+rw
Sep 04 15:53:13 devstack cinder-volume[87513]: DEBUG oslo_concurrency.processutils [None req-b6f75581-c48e-422e-9d77-2c57167af37d tempest-VolumesSnapshotTestJSON-1585913616 None] Running cmd (subprocess): sudo cinder-rootwrap /etc/cinder/rootwrap.conf chmod ugo+rw /opt/stack/data/cinder/mnt/262282b855f63db17f196661a5314d71/volume-79230e76-d9ec-4b8c-91d9-04143f4d6979.info {{(pid=87513) execute /opt/stack/data/venv/lib/python3.12/site-packages/oslo_concurrency/processutils.py:440}}
Sep 04 15:53:14 devstack sudo[92090]: quobyte : PWD=/ ; USER=root ; COMMAND=/opt/stack/data/venv/bin/cinder-rootwrap /etc/cinder/rootwrap.conf chmod ugo+rw /opt/stack/data/cinder/mnt/262282b855f63db17f196661a5314d71/volume-79230e76-d9ec-4b8c-91d9-04143f4d6979.info
Sep 04 15:53:14 devstack sudo[92090]: pam_unix(sudo:session): session opened for user root(uid=0) by (uid=1000)
Sep 04 15:53:14 devstack sudo[92090]: pam_unix(sudo:session): session closed for user root
Sep 04 15:53:14 devstack cinder-volume[87513]: DEBUG oslo_concurrency.processutils [None req-b6f75581-c48e-422e-9d77-2c57167af37d tempest-VolumesSnapshotTestJSON-1585913616 None] CMD "sudo cinder-rootwrap /etc/cinder/rootwrap.conf chmod ugo+rw /opt/stack/data/cinder/mnt/262282b855f63db17f196661a5314d71/volume-79230e76-d9ec-4b8c-91d9-04143f4d6979.info" returned: 0 in 0.285s {{(pid=87513) execute /opt/stack/data/venv/lib/python3.12/site-packages/oslo_concurrency/processutils.py:468}}
Sep 04 15:53:14 devstack cinder-volume[87513]: DEBUG oslo_concurrency.lockutils [None req-b6f75581-c48e-422e-9d77-2c57167af37d tempest-VolumesSnapshotTestJSON-1585913616 None] Lock "quobyte" "released" by "cinder.volume.drivers.quobyte.QuobyteDriver.create_snapshot" :: held 2.877s {{(pid=87513) inner /opt/stack/data/venv/lib/python3.12/site-packages/oslo_concurrency/lockutils.py:544}}
Sep 04 15:53:14 devstack cinder-volume[87513]: INFO cinder.volume.manager [None req-b6f75581-c48e-422e-9d77-2c57167af37d tempest-VolumesSnapshotTestJSON-1585913616 None] Create snapshot completed successfully
Sep 04 15:53:15 devstack cinder-volume[87513]: DEBUG cinder.volume.flows.manager.create_volume [None req-773bbe6a-b7d4-4bea-9800-d5735bc862d7 tempest-VolumesSnapshotTestJSON-1585913616 None] Volume reschedule parameters: True retry: {'num_attempts': 1, 'backends': ['devstack@QuobyteHD#QuobyteHD'], 'hosts': ['devstack@QuobyteHD#QuobyteHD']} {{(pid=87513) get_flow /opt/stack/cinder/cinder/volume/flows/manager/create_volume.py:1397}}
Sep 04 15:53:15 devstack cinder-volume[87513]: DEBUG cinder.volume.manager [None req-773bbe6a-b7d4-4bea-9800-d5735bc862d7 tempest-VolumesSnapshotTestJSON-1585913616 None] Flow 'volume_create_manager' (e1e3931c-bca5-4d96-8faf-3c3a838c3a2e) transitioned into state 'RUNNING' from state 'PENDING' {{(pid=87513) _flow_receiver /opt/stack/data/venv/lib/python3.12/site-packages/taskflow/listeners/logging.py:160}}
Sep 04 15:53:15 devstack cinder-volume[87513]: DEBUG cinder.volume.manager [None req-773bbe6a-b7d4-4bea-9800-d5735bc862d7 tempest-VolumesSnapshotTestJSON-1585913616 None] Task 'cinder.volume.flows.manager.create_volume.ExtractVolumeRefTask;volume:create' (21bef5ff-9257-445e-a17d-b748008caf2b) transitioned into state 'RUNNING' from state 'PENDING' {{(pid=87513) _task_receiver /opt/stack/data/venv/lib/python3.12/site-packages/taskflow/listeners/logging.py:242}}
