Sep 04 15:49:01 devstack devstack@c-api.service[87212]: DEBUG cinder.api.openstack.wsgi [None req-c83d24e8-97c3-4dd9-addb-6116de2a2627 tempest-VolumesAdminNegativeTest-964058230 tempest-VolumesAdminNegativeTest-964058230-project-member] Calling method 'show' {{(pid=87212) _process_stack /opt/stack/cinder/cinder/api/openstack/wsgi.py:878}}
Sep 04 15:49:01 devstack devstack@c-api.service[87212]: /opt/stack/cinder/cinder/objects/volume.py:315: DeprecationWarning: Passing item_cls to obj_make_list() is deprecated. The item class is now derived from the list object's field definition.
Sep 04 15:49:01 devstack devstack@c-api.service[87212]: attachments = base.obj_make_list(
Sep 04 15:49:01 devstack devstack@c-api.service[87212]: /opt/stack/data/venv/lib/python3.12/site-packages/oslo_context/context.py:102: DeprecationWarning: Policy enforcement is depending on the value of is_admin. This key is deprecated. Please update your policy file to use the standard policy values.
Sep 04 15:49:01 devstack devstack@c-api.service[87212]: warnings.warn(
Sep 04 15:49:01 devstack devstack@c-api.service[87212]: INFO cinder.volume.api [None req-c83d24e8-97c3-4dd9-addb-6116de2a2627 tempest-VolumesAdminNegativeTest-964058230 tempest-VolumesAdminNegativeTest-964058230-project-member] Volume info retrieved successfully.
Sep 04 15:49:01 devstack devstack@c-api.service[87212]: INFO cinder.api.openstack.wsgi [None req-c83d24e8-97c3-4dd9-addb-6116de2a2627 tempest-VolumesAdminNegativeTest-964058230 tempest-VolumesAdminNegativeTest-964058230-project-member] http://192.168.122.48/volume/v3/volumes/e92c54ae-9be3-4753-9f92-3635731f0cce returned with HTTP 200
Sep 04 15:49:01 devstack devstack@c-api.service[87212]: [pid: 87212|app: 0|req: 62/112] 192.168.122.48 () {58 vars in 1227 bytes} [Fri Sep 4 15:49:01 2026] GET /volume/v3/volumes/e92c54ae-9be3-4753-9f92-3635731f0cce => generated 853 bytes in 139 msecs (HTTP/1.1 200) 7 headers in 285 bytes (1 switches on core 0)
Sep 04 15:49:01 devstack devstack@c-api.service[87211]: DEBUG cinder.api.middleware.request_id [None req-ed0bcf81-5c8a-4cfc-8375-e956155b9f7f None None] RequestId filter calling following filter/app {{(pid=87211) _context_setter /opt/stack/cinder/cinder/api/middleware/request_id.py:62}}
Sep 04 15:49:01 devstack devstack@c-api.service[87211]: INFO cinder.api.openstack.wsgi [None req-ed0bcf81-5c8a-4cfc-8375-e956155b9f7f tempest-GroupSnapshotsV319Test-80641896 tempest-GroupSnapshotsV319Test-80641896-project-member] GET http://192.168.122.48/volume/v3/volumes/598a15e2-efb8-4f06-883b-1dd864d61488
Sep 04 15:49:01 devstack devstack@c-api.service[87211]: DEBUG cinder.api.openstack.wsgi [None req-ed0bcf81-5c8a-4cfc-8375-e956155b9f7f tempest-GroupSnapshotsV319Test-80641896 tempest-GroupSnapshotsV319Test-80641896-project-member] Empty body provided in request {{(pid=87211) get_body /opt/stack/cinder/cinder/api/openstack/wsgi.py:725}}
Sep 04 15:49:01 devstack devstack@c-api.service[87211]: DEBUG cinder.api.openstack.wsgi [None req-ed0bcf81-5c8a-4cfc-8375-e956155b9f7f tempest-GroupSnapshotsV319Test-80641896 tempest-GroupSnapshotsV319Test-80641896-project-member] Calling method 'show' {{(pid=87211) _process_stack /opt/stack/cinder/cinder/api/openstack/wsgi.py:878}}
Sep 04 15:49:01 devstack devstack@c-api.service[87211]: /opt/stack/cinder/cinder/objects/volume.py:315: DeprecationWarning: Passing item_cls to obj_make_list() is deprecated. The item class is now derived from the list object's field definition.
Sep 04 15:49:01 devstack devstack@c-api.service[87211]: attachments = base.obj_make_list(
Sep 04 15:49:01 devstack devstack@c-api.service[87211]: /opt/stack/data/venv/lib/python3.12/site-packages/oslo_context/context.py:102: DeprecationWarning: Policy enforcement is depending on the value of is_admin. This key is deprecated. Please update your policy file to use the standard policy values.
Sep 04 15:49:01 devstack devstack@c-api.service[87211]: warnings.warn(
Sep 04 15:49:02 devstack devstack@c-api.service[87211]: INFO cinder.volume.api [None req-ed0bcf81-5c8a-4cfc-8375-e956155b9f7f tempest-GroupSnapshotsV319Test-80641896 tempest-GroupSnapshotsV319Test-80641896-project-member] Volume info retrieved successfully.
Sep 04 15:49:02 devstack devstack@c-api.service[87211]: WARNING stevedore.named [None req-ed0bcf81-5c8a-4cfc-8375-e956155b9f7f tempest-GroupSnapshotsV319Test-80641896 tempest-GroupSnapshotsV319Test-80641896-project-member] Could not load cinder.keymgr.conf_key_mgr.ConfKeyManager
Sep 04 15:49:02 devstack devstack@c-api.service[87211]: WARNING castellan.key_manager [None req-ed0bcf81-5c8a-4cfc-8375-e956155b9f7f tempest-GroupSnapshotsV319Test-80641896 tempest-GroupSnapshotsV319Test-80641896-project-member] Deprecation Warning : cinder.keymgr.conf_key_mgr.ConfKeyManager is not a stevedore based driver, trying to load it as a class: stevedore.exception.NoMatches: No 'castellan.drivers' driver found, looking for 'cinder.keymgr.conf_key_mgr.ConfKeyManager'
Sep 04 15:49:02 devstack devstack@c-api.service[87211]: DEBUG oslo_db.sqlalchemy.engines [None req-ed0bcf81-5c8a-4cfc-8375-e956155b9f7f tempest-GroupSnapshotsV319Test-80641896 tempest-GroupSnapshotsV319Test-80641896-project-member] MySQL server mode set to STRICT_TRANS_TABLES,STRICT_ALL_TABLES,NO_ZERO_IN_DATE,NO_ZERO_DATE,ERROR_FOR_DIVISION_BY_ZERO,TRADITIONAL,NO_ENGINE_SUBSTITUTION {{(pid=87211) _check_effective_sql_mode /opt/stack/data/venv/lib/python3.12/site-packages/oslo_db/sqlalchemy/engines.py:325}}
Sep 04 15:49:02 devstack devstack@c-api.service[87211]: /opt/stack/data/venv/lib/python3.12/site-packages/oslo_context/context.py:102: DeprecationWarning: Policy enforcement is depending on the value of is_admin. This key is deprecated. Please update your policy file to use the standard policy values.
Sep 04 15:49:02 devstack devstack@c-api.service[87211]: warnings.warn(
Sep 04 15:49:02 devstack devstack@c-api.service[87211]: INFO cinder.api.openstack.wsgi [None req-ed0bcf81-5c8a-4cfc-8375-e956155b9f7f tempest-GroupSnapshotsV319Test-80641896 tempest-GroupSnapshotsV319Test-80641896-project-member] http://192.168.122.48/volume/v3/volumes/598a15e2-efb8-4f06-883b-1dd864d61488 returned with HTTP 200
Sep 04 15:49:02 devstack devstack@c-api.service[87211]: [pid: 87211|app: 0|req: 51/113] 192.168.122.48 () {60 vars in 1268 bytes} [Fri Sep 4 15:49:01 2026] GET /volume/v3/volumes/598a15e2-efb8-4f06-883b-1dd864d61488 => generated 924 bytes in 439 msecs (HTTP/1.1 200) 7 headers in 286 bytes (1 switches on core 0)
Sep 04 15:49:02 devstack devstack@c-api.service[87212]: DEBUG cinder.api.middleware.request_id [None req-3b92f3d3-9e40-4d91-ba23-e91811003cec None None] RequestId filter calling following filter/app {{(pid=87212) _context_setter /opt/stack/cinder/cinder/api/middleware/request_id.py:62}}
Sep 04 15:49:02 devstack devstack@c-api.service[87212]: INFO cinder.api.openstack.wsgi [None req-3b92f3d3-9e40-4d91-ba23-e91811003cec tempest-VolumesAdminNegativeTest-964058230 tempest-VolumesAdminNegativeTest-964058230-project-member] GET http://192.168.122.48/volume/v3/volumes/e92c54ae-9be3-4753-9f92-3635731f0cce
Sep 04 15:49:02 devstack devstack@c-api.service[87212]: DEBUG cinder.api.openstack.wsgi [None req-3b92f3d3-9e40-4d91-ba23-e91811003cec tempest-VolumesAdminNegativeTest-964058230 tempest-VolumesAdminNegativeTest-964058230-project-member] Empty body provided in request {{(pid=87212) get_body /opt/stack/cinder/cinder/api/openstack/wsgi.py:725}}
Sep 04 15:49:02 devstack devstack@c-api.service[87212]: DEBUG cinder.api.openstack.wsgi [None req-3b92f3d3-9e40-4d91-ba23-e91811003cec tempest-VolumesAdminNegativeTest-964058230 tempest-VolumesAdminNegativeTest-964058230-project-member] Calling method 'show' {{(pid=87212) _process_stack /opt/stack/cinder/cinder/api/openstack/wsgi.py:878}}
Sep 04 15:49:02 devstack devstack@c-api.service[87212]: /opt/stack/cinder/cinder/objects/volume.py:315: DeprecationWarning: Passing item_cls to obj_make_list() is deprecated. The item class is now derived from the list object's field definition.
Sep 04 15:49:02 devstack devstack@c-api.service[87212]: attachments = base.obj_make_list(
Sep 04 15:49:02 devstack devstack@c-api.service[87212]: /opt/stack/data/venv/lib/python3.12/site-packages/oslo_context/context.py:102: DeprecationWarning: Policy enforcement is depending on the value of is_admin. This key is deprecated. Please update your policy file to use the standard policy values.
Sep 04 15:49:02 devstack devstack@c-api.service[87212]: warnings.warn(
Sep 04 15:49:02 devstack devstack@c-api.service[87212]: INFO cinder.volume.api [None req-3b92f3d3-9e40-4d91-ba23-e91811003cec tempest-VolumesAdminNegativeTest-964058230 tempest-VolumesAdminNegativeTest-964058230-project-member] Volume info retrieved successfully.
Sep 04 15:49:02 devstack devstack@c-api.service[87212]: INFO cinder.api.openstack.wsgi [None req-3b92f3d3-9e40-4d91-ba23-e91811003cec tempest-VolumesAdminNegativeTest-964058230 tempest-VolumesAdminNegativeTest-964058230-project-member] http://192.168.122.48/volume/v3/volumes/e92c54ae-9be3-4753-9f92-3635731f0cce returned with HTTP 200
Sep 04 15:49:02 devstack devstack@c-api.service[87212]: [pid: 87212|app: 0|req: 63/114] 192.168.122.48 () {58 vars in 1227 bytes} [Fri Sep 4 15:49:02 2026] GET /volume/v3/volumes/e92c54ae-9be3-4753-9f92-3635731f0cce => generated 853 bytes in 107 msecs (HTTP/1.1 200) 7 headers in 285 bytes (1 switches on core 0)
Sep 04 15:49:03 devstack devstack@c-api.service[87211]: DEBUG cinder.api.middleware.request_id [None req-512c42bc-ff16-4cec-9084-e30764bc5ab1 None None] RequestId filter calling following filter/app {{(pid=87211) _context_setter /opt/stack/cinder/cinder/api/middleware/request_id.py:62}}
Sep 04 15:49:03 devstack devstack@c-api.service[87211]: INFO cinder.api.openstack.wsgi [None req-512c42bc-ff16-4cec-9084-e30764bc5ab1 tempest-DeleteServersTestJSON-1212242946 tempest-DeleteServersTestJSON-1212242946-project-member] GET http://192.168.122.48/volume/v3/volumes/82f896a2-cc4e-419a-a043-bd4e41d0bd6c
Sep 04 15:49:03 devstack devstack@c-api.service[87211]: DEBUG cinder.api.openstack.wsgi [None req-512c42bc-ff16-4cec-9084-e30764bc5ab1 tempest-DeleteServersTestJSON-1212242946 tempest-DeleteServersTestJSON-1212242946-project-member] Empty body provided in request {{(pid=87211) get_body /opt/stack/cinder/cinder/api/openstack/wsgi.py:725}}
Sep 04 15:49:03 devstack devstack@c-api.service[87211]: DEBUG cinder.api.openstack.wsgi [None req-512c42bc-ff16-4cec-9084-e30764bc5ab1 tempest-DeleteServersTestJSON-1212242946 tempest-DeleteServersTestJSON-1212242946-project-member] Calling method 'show' {{(pid=87211) _process_stack /opt/stack/cinder/cinder/api/openstack/wsgi.py:878}}
Sep 04 15:49:03 devstack devstack@c-api.service[87212]: DEBUG cinder.api.middleware.request_id [None req-c822270b-e856-4719-9433-f7fbac4831e6 None None] RequestId filter calling following filter/app {{(pid=87212) _context_setter /opt/stack/cinder/cinder/api/middleware/request_id.py:62}}
Sep 04 15:49:03 devstack devstack@c-api.service[87212]: INFO cinder.api.openstack.wsgi [None req-c822270b-e856-4719-9433-f7fbac4831e6 tempest-GroupSnapshotsV319Test-80641896 tempest-GroupSnapshotsV319Test-80641896-project-member] GET http://192.168.122.48/volume/v3/volumes/598a15e2-efb8-4f06-883b-1dd864d61488
Sep 04 15:49:03 devstack devstack@c-api.service[87212]: DEBUG cinder.api.openstack.wsgi [None req-c822270b-e856-4719-9433-f7fbac4831e6 tempest-GroupSnapshotsV319Test-80641896 tempest-GroupSnapshotsV319Test-80641896-project-member] Empty body provided in request {{(pid=87212) get_body /opt/stack/cinder/cinder/api/openstack/wsgi.py:725}}
Sep 04 15:49:03 devstack devstack@c-api.service[87212]: DEBUG cinder.api.openstack.wsgi [None req-c822270b-e856-4719-9433-f7fbac4831e6 tempest-GroupSnapshotsV319Test-80641896 tempest-GroupSnapshotsV319Test-80641896-project-member] Calling method 'show' {{(pid=87212) _process_stack /opt/stack/cinder/cinder/api/openstack/wsgi.py:878}}
Sep 04 15:49:03 devstack devstack@c-api.service[87211]: /opt/stack/cinder/cinder/objects/volume.py:315: DeprecationWarning: Passing item_cls to obj_make_list() is deprecated. The item class is now derived from the list object's field definition.
Sep 04 15:49:03 devstack devstack@c-api.service[87211]: attachments = base.obj_make_list(
Sep 04 15:49:03 devstack devstack@c-api.service[87211]: /opt/stack/data/venv/lib/python3.12/site-packages/oslo_context/context.py:102: DeprecationWarning: Policy enforcement is depending on the value of is_admin. This key is deprecated. Please update your policy file to use the standard policy values.
Sep 04 15:49:03 devstack devstack@c-api.service[87211]: warnings.warn(
Sep 04 15:49:03 devstack devstack@c-api.service[87212]: INFO cinder.api.openstack.wsgi [None req-c822270b-e856-4719-9433-f7fbac4831e6 tempest-GroupSnapshotsV319Test-80641896 tempest-GroupSnapshotsV319Test-80641896-project-member] http://192.168.122.48/volume/v3/volumes/598a15e2-efb8-4f06-883b-1dd864d61488 returned with HTTP 404
Sep 04 15:49:03 devstack devstack@c-api.service[87212]: [pid: 87212|app: 0|req: 64/115] 192.168.122.48 () {60 vars in 1268 bytes} [Fri Sep 4 15:49:03 2026] GET /volume/v3/volumes/598a15e2-efb8-4f06-883b-1dd864d61488 => generated 109 bytes in 27 msecs (HTTP/1.1 404) 7 headers in 293 bytes (1 switches on core 0)
Sep 04 15:49:03 devstack devstack@c-api.service[87212]: DEBUG cinder.api.middleware.request_id [None req-955788b4-aad7-4318-8909-28135ec01abc None None] RequestId filter calling following filter/app {{(pid=87212) _context_setter /opt/stack/cinder/cinder/api/middleware/request_id.py:62}}
Sep 04 15:49:03 devstack devstack@c-api.service[87212]: INFO cinder.api.openstack.wsgi [None req-955788b4-aad7-4318-8909-28135ec01abc tempest-GroupSnapshotsV319Test-80641896 tempest-GroupSnapshotsV319Test-80641896-project-member] GET http://192.168.122.48/volume/v3/groups/53e1d47b-be97-4bee-8a19-b6c821e116ec
Sep 04 15:49:03 devstack devstack@c-api.service[87212]: DEBUG cinder.api.openstack.wsgi [None req-955788b4-aad7-4318-8909-28135ec01abc tempest-GroupSnapshotsV319Test-80641896 tempest-GroupSnapshotsV319Test-80641896-project-member] Empty body provided in request {{(pid=87212) get_body /opt/stack/cinder/cinder/api/openstack/wsgi.py:725}}
Sep 04 15:49:03 devstack devstack@c-api.service[87212]: DEBUG cinder.api.openstack.wsgi [None req-955788b4-aad7-4318-8909-28135ec01abc tempest-GroupSnapshotsV319Test-80641896 tempest-GroupSnapshotsV319Test-80641896-project-member] Calling method 'version_select' {{(pid=87212) _process_stack /opt/stack/cinder/cinder/api/openstack/wsgi.py:878}}
Sep 04 15:49:03 devstack devstack@c-api.service[87212]: DEBUG cinder.api.v3.groups [None req-955788b4-aad7-4318-8909-28135ec01abc tempest-GroupSnapshotsV319Test-80641896 tempest-GroupSnapshotsV319Test-80641896-project-member] show called for member 53e1d47b-be97-4bee-8a19-b6c821e116ec {{(pid=87212) show /opt/stack/cinder/cinder/api/v3/groups.py:58}}
Sep 04 15:49:03 devstack devstack@c-api.service[87211]: INFO cinder.volume.api [None req-512c42bc-ff16-4cec-9084-e30764bc5ab1 tempest-DeleteServersTestJSON-1212242946 tempest-DeleteServersTestJSON-1212242946-project-member] Volume info retrieved successfully.
Sep 04 15:49:03 devstack devstack@c-api.service[87212]: INFO cinder.api.openstack.wsgi [None req-955788b4-aad7-4318-8909-28135ec01abc tempest-GroupSnapshotsV319Test-80641896 tempest-GroupSnapshotsV319Test-80641896-project-member] http://192.168.122.48/volume/v3/groups/53e1d47b-be97-4bee-8a19-b6c821e116ec returned with HTTP 404
Sep 04 15:49:03 devstack devstack@c-api.service[87212]: [pid: 87212|app: 0|req: 65/116] 192.168.122.48 () {60 vars in 1265 bytes} [Fri Sep 4 15:49:03 2026] GET /volume/v3/groups/53e1d47b-be97-4bee-8a19-b6c821e116ec => generated 108 bytes in 19 msecs (HTTP/1.1 404) 7 headers in 293 bytes (1 switches on core 0)
Sep 04 15:49:03 devstack devstack@c-api.service[87212]: DEBUG cinder.api.middleware.request_id [None req-74ebb350-81a1-4e22-9e1a-f4104411ac46 None None] RequestId filter calling following filter/app {{(pid=87212) _context_setter /opt/stack/cinder/cinder/api/middleware/request_id.py:62}}
Sep 04 15:49:03 devstack devstack@c-api.service[87212]: INFO cinder.api.openstack.wsgi [None req-74ebb350-81a1-4e22-9e1a-f4104411ac46 tempest-GroupSnapshotsV319Test-1703914075 tempest-GroupSnapshotsV319Test-1703914075-project-admin] DELETE http://192.168.122.48/volume/v3/group_types/9329a973-a2a9-44dc-af96-03bb13d82fc3
Sep 04 15:49:03 devstack devstack@c-api.service[87212]: DEBUG cinder.api.openstack.wsgi [None req-74ebb350-81a1-4e22-9e1a-f4104411ac46 tempest-GroupSnapshotsV319Test-1703914075 tempest-GroupSnapshotsV319Test-1703914075-project-admin] Empty body provided in request {{(pid=87212) get_body /opt/stack/cinder/cinder/api/openstack/wsgi.py:725}}
Sep 04 15:49:03 devstack devstack@c-api.service[87212]: DEBUG cinder.api.openstack.wsgi [None req-74ebb350-81a1-4e22-9e1a-f4104411ac46 tempest-GroupSnapshotsV319Test-1703914075 tempest-GroupSnapshotsV319Test-1703914075-project-admin] Calling method 'version_select' {{(pid=87212) _process_stack /opt/stack/cinder/cinder/api/openstack/wsgi.py:878}}
Sep 04 15:49:03 devstack devstack@c-api.service[87211]: INFO cinder.api.openstack.wsgi [None req-512c42bc-ff16-4cec-9084-e30764bc5ab1 tempest-DeleteServersTestJSON-1212242946 tempest-DeleteServersTestJSON-1212242946-project-member] http://192.168.122.48/volume/v3/volumes/82f896a2-cc4e-419a-a043-bd4e41d0bd6c returned with HTTP 200
Sep 04 15:49:03 devstack devstack@c-api.service[87211]: [pid: 87211|app: 0|req: 52/117] 192.168.122.48 () {58 vars in 1227 bytes} [Fri Sep 4 15:49:03 2026] GET /volume/v3/volumes/82f896a2-cc4e-419a-a043-bd4e41d0bd6c => generated 851 bytes in 78 msecs (HTTP/1.1 200) 7 headers in 285 bytes (1 switches on core 0)
Sep 04 15:49:03 devstack devstack@c-api.service[87211]: DEBUG cinder.api.middleware.request_id [None req-6d0014e1-2b41-4100-a3bd-63a5f5a4f954 None None] RequestId filter calling following filter/app {{(pid=87211) _context_setter /opt/stack/cinder/cinder/api/middleware/request_id.py:62}}
Sep 04 15:49:03 devstack devstack@c-api.service[87211]: INFO cinder.api.openstack.wsgi [None req-6d0014e1-2b41-4100-a3bd-63a5f5a4f954 tempest-DeleteServersTestJSON-1212242946 tempest-DeleteServersTestJSON-1212242946-project-member] GET http://192.168.122.48/volume/v3/volumes/82f896a2-cc4e-419a-a043-bd4e41d0bd6c
Sep 04 15:49:03 devstack devstack@c-api.service[87211]: DEBUG cinder.api.openstack.wsgi [None req-6d0014e1-2b41-4100-a3bd-63a5f5a4f954 tempest-DeleteServersTestJSON-1212242946 tempest-DeleteServersTestJSON-1212242946-project-member] Empty body provided in request {{(pid=87211) get_body /opt/stack/cinder/cinder/api/openstack/wsgi.py:725}}
Sep 04 15:49:03 devstack devstack@c-api.service[87211]: DEBUG cinder.api.openstack.wsgi [None req-6d0014e1-2b41-4100-a3bd-63a5f5a4f954 tempest-DeleteServersTestJSON-1212242946 tempest-DeleteServersTestJSON-1212242946-project-member] Calling method 'show' {{(pid=87211) _process_stack /opt/stack/cinder/cinder/api/openstack/wsgi.py:878}}
Sep 04 15:49:03 devstack devstack@c-api.service[87211]: /opt/stack/cinder/cinder/objects/volume.py:315: DeprecationWarning: Passing item_cls to obj_make_list() is deprecated. The item class is now derived from the list object's field definition.
Sep 04 15:49:03 devstack devstack@c-api.service[87211]: attachments = base.obj_make_list(
Sep 04 15:49:03 devstack devstack@c-api.service[87211]: /opt/stack/data/venv/lib/python3.12/site-packages/oslo_context/context.py:102: DeprecationWarning: Policy enforcement is depending on the value of is_admin. This key is deprecated. Please update your policy file to use the standard policy values.
Sep 04 15:49:03 devstack devstack@c-api.service[87211]: warnings.warn(
Sep 04 15:49:03 devstack devstack@c-api.service[87212]: INFO cinder.api.openstack.wsgi [None req-74ebb350-81a1-4e22-9e1a-f4104411ac46 tempest-GroupSnapshotsV319Test-1703914075 tempest-GroupSnapshotsV319Test-1703914075-project-admin] http://192.168.122.48/volume/v3/group_types/9329a973-a2a9-44dc-af96-03bb13d82fc3 returned with HTTP 202
Sep 04 15:49:03 devstack devstack@c-api.service[87212]: [pid: 87212|app: 0|req: 66/118] 192.168.122.48 () {60 vars in 1283 bytes} [Fri Sep 4 15:49:03 2026] DELETE /volume/v3/group_types/9329a973-a2a9-44dc-af96-03bb13d82fc3 => generated 0 bytes in 79 msecs (HTTP/1.1 202) 6 headers in 234 bytes (1 switches on core 0)
Sep 04 15:49:03 devstack devstack@c-api.service[87212]: DEBUG cinder.api.middleware.request_id [None req-cd7a8c48-8857-46d6-85ab-ee5b772da7b6 None None] RequestId filter calling following filter/app {{(pid=87212) _context_setter /opt/stack/cinder/cinder/api/middleware/request_id.py:62}}
Sep 04 15:49:03 devstack devstack@c-api.service[87211]: INFO cinder.volume.api [None req-6d0014e1-2b41-4100-a3bd-63a5f5a4f954 tempest-DeleteServersTestJSON-1212242946 tempest-DeleteServersTestJSON-1212242946-project-member] Volume info retrieved successfully.
Sep 04 15:49:03 devstack devstack@c-api.service[87212]: INFO cinder.api.openstack.wsgi [None req-cd7a8c48-8857-46d6-85ab-ee5b772da7b6 tempest-GroupSnapshotsV319Test-1703914075 tempest-GroupSnapshotsV319Test-1703914075-project-admin] DELETE http://192.168.122.48/volume/v3/types/a670c3fc-2941-4e81-afd0-33f87fffc839
Sep 04 15:49:03 devstack devstack@c-api.service[87212]: DEBUG cinder.api.openstack.wsgi [None req-cd7a8c48-8857-46d6-85ab-ee5b772da7b6 tempest-GroupSnapshotsV319Test-1703914075 tempest-GroupSnapshotsV319Test-1703914075-project-admin] Empty body provided in request {{(pid=87212) get_body /opt/stack/cinder/cinder/api/openstack/wsgi.py:725}}
Sep 04 15:49:03 devstack devstack@c-api.service[87212]: DEBUG cinder.api.openstack.wsgi [None req-cd7a8c48-8857-46d6-85ab-ee5b772da7b6 tempest-GroupSnapshotsV319Test-1703914075 tempest-GroupSnapshotsV319Test-1703914075-project-admin] Calling method '_delete' {{(pid=87212) _process_stack /opt/stack/cinder/cinder/api/openstack/wsgi.py:878}}
Sep 04 15:49:03 devstack devstack@c-api.service[87211]: INFO cinder.api.openstack.wsgi [None req-6d0014e1-2b41-4100-a3bd-63a5f5a4f954 tempest-DeleteServersTestJSON-1212242946 tempest-DeleteServersTestJSON-1212242946-project-member] http://192.168.122.48/volume/v3/volumes/82f896a2-cc4e-419a-a043-bd4e41d0bd6c returned with HTTP 200
Sep 04 15:49:03 devstack devstack@c-api.service[87211]: [pid: 87211|app: 0|req: 53/119] 192.168.122.48 () {58 vars in 1227 bytes} [Fri Sep 4 15:49:03 2026] GET /volume/v3/volumes/82f896a2-cc4e-419a-a043-bd4e41d0bd6c => generated 851 bytes in 88 msecs (HTTP/1.1 200) 7 headers in 285 bytes (2 switches on core 0)
Sep 04 15:49:03 devstack devstack@c-api.service[87211]: DEBUG cinder.api.middleware.request_id [None req-33226c20-d63e-4193-8082-4ae48c1858ce None None] RequestId filter calling following filter/app {{(pid=87211) _context_setter /opt/stack/cinder/cinder/api/middleware/request_id.py:62}}
Sep 04 15:49:03 devstack devstack@c-api.service[87211]: INFO cinder.api.openstack.wsgi [None req-33226c20-d63e-4193-8082-4ae48c1858ce tempest-DeleteServersTestJSON-1212242946 tempest-DeleteServersTestJSON-1212242946-project-member] GET http://192.168.122.48/volume/v3/volumes/82f896a2-cc4e-419a-a043-bd4e41d0bd6c
Sep 04 15:49:03 devstack devstack@c-api.service[87211]: DEBUG cinder.api.openstack.wsgi [None req-33226c20-d63e-4193-8082-4ae48c1858ce tempest-DeleteServersTestJSON-1212242946 tempest-DeleteServersTestJSON-1212242946-project-member] Empty body provided in request {{(pid=87211) get_body /opt/stack/cinder/cinder/api/openstack/wsgi.py:725}}
Sep 04 15:49:03 devstack devstack@c-api.service[87211]: DEBUG cinder.api.openstack.wsgi [None req-33226c20-d63e-4193-8082-4ae48c1858ce tempest-DeleteServersTestJSON-1212242946 tempest-DeleteServersTestJSON-1212242946-project-member] Calling method 'show' {{(pid=87211) _process_stack /opt/stack/cinder/cinder/api/openstack/wsgi.py:878}}
Sep 04 15:49:03 devstack devstack@c-api.service[87211]: /opt/stack/cinder/cinder/objects/volume.py:315: DeprecationWarning: Passing item_cls to obj_make_list() is deprecated. The item class is now derived from the list object's field definition.
Sep 04 15:49:03 devstack devstack@c-api.service[87211]: attachments = base.obj_make_list(
Sep 04 15:49:03 devstack devstack@c-api.service[87211]: /opt/stack/data/venv/lib/python3.12/site-packages/oslo_context/context.py:102: DeprecationWarning: Policy enforcement is depending on the value of is_admin. This key is deprecated. Please update your policy file to use the standard policy values.
Sep 04 15:49:03 devstack devstack@c-api.service[87211]: warnings.warn(
Sep 04 15:49:03 devstack devstack@c-api.service[87212]: INFO cinder.api.openstack.wsgi [None req-cd7a8c48-8857-46d6-85ab-ee5b772da7b6 tempest-GroupSnapshotsV319Test-1703914075 tempest-GroupSnapshotsV319Test-1703914075-project-admin] http://192.168.122.48/volume/v3/types/a670c3fc-2941-4e81-afd0-33f87fffc839 returned with HTTP 202
Sep 04 15:49:03 devstack devstack@c-api.service[87211]: INFO cinder.volume.api [None req-33226c20-d63e-4193-8082-4ae48c1858ce tempest-DeleteServersTestJSON-1212242946 tempest-DeleteServersTestJSON-1212242946-project-member] Volume info retrieved successfully.
Sep 04 15:49:03 devstack devstack@c-api.service[87212]: [pid: 87212|app: 0|req: 67/120] 192.168.122.48 () {58 vars in 1224 bytes} [Fri Sep 4 15:49:03 2026] DELETE /volume/v3/types/a670c3fc-2941-4e81-afd0-33f87fffc839 => generated 0 bytes in 163 msecs (HTTP/1.1 202) 6 headers in 233 bytes (1 switches on core 0)
Sep 04 15:49:03 devstack devstack@c-api.service[87212]: DEBUG cinder.api.middleware.request_id [None req-4b39c38e-5409-486f-8a6a-a975a44d6a09 None None] RequestId filter calling following filter/app {{(pid=87212) _context_setter /opt/stack/cinder/cinder/api/middleware/request_id.py:62}}
Sep 04 15:49:03 devstack devstack@c-api.service[87212]: INFO cinder.api.openstack.wsgi [None req-4b39c38e-5409-486f-8a6a-a975a44d6a09 tempest-GroupSnapshotsV319Test-1703914075 tempest-GroupSnapshotsV319Test-1703914075-project-admin] GET http://192.168.122.48/volume/v3/types/a670c3fc-2941-4e81-afd0-33f87fffc839
Sep 04 15:49:03 devstack devstack@c-api.service[87212]: DEBUG cinder.api.openstack.wsgi [None req-4b39c38e-5409-486f-8a6a-a975a44d6a09 tempest-GroupSnapshotsV319Test-1703914075 tempest-GroupSnapshotsV319Test-1703914075-project-admin] Empty body provided in request {{(pid=87212) get_body /opt/stack/cinder/cinder/api/openstack/wsgi.py:725}}
Sep 04 15:49:03 devstack devstack@c-api.service[87212]: DEBUG cinder.api.openstack.wsgi [None req-4b39c38e-5409-486f-8a6a-a975a44d6a09 tempest-GroupSnapshotsV319Test-1703914075 tempest-GroupSnapshotsV319Test-1703914075-project-admin] Calling method 'show' {{(pid=87212) _process_stack /opt/stack/cinder/cinder/api/openstack/wsgi.py:878}}
Sep 04 15:49:03 devstack devstack@c-api.service[87211]: INFO cinder.api.openstack.wsgi [None req-33226c20-d63e-4193-8082-4ae48c1858ce tempest-DeleteServersTestJSON-1212242946 tempest-DeleteServersTestJSON-1212242946-project-member] http://192.168.122.48/volume/v3/volumes/82f896a2-cc4e-419a-a043-bd4e41d0bd6c returned with HTTP 200
Sep 04 15:49:03 devstack devstack@c-api.service[87211]: [pid: 87211|app: 0|req: 54/121] 192.168.122.48 () {58 vars in 1227 bytes} [Fri Sep 4 15:49:03 2026] GET /volume/v3/volumes/82f896a2-cc4e-419a-a043-bd4e41d0bd6c => generated 851 bytes in 62 msecs (HTTP/1.1 200) 7 headers in 285 bytes (1 switches on core 0)
Sep 04 15:49:03 devstack devstack@c-api.service[87212]: INFO cinder.api.openstack.wsgi [None req-4b39c38e-5409-486f-8a6a-a975a44d6a09 tempest-GroupSnapshotsV319Test-1703914075 tempest-GroupSnapshotsV319Test-1703914075-project-admin] http://192.168.122.48/volume/v3/types/a670c3fc-2941-4e81-afd0-33f87fffc839 returned with HTTP 404
Sep 04 15:49:03 devstack devstack@c-api.service[87212]: [pid: 87212|app: 0|req: 68/122] 192.168.122.48 () {58 vars in 1221 bytes} [Fri Sep 4 15:49:03 2026] GET /volume/v3/types/a670c3fc-2941-4e81-afd0-33f87fffc839 => generated 114 bytes in 21 msecs (HTTP/1.1 404) 7 headers in 292 bytes (1 switches on core 0)
Sep 04 15:49:03 devstack devstack@c-api.service[87211]: DEBUG cinder.api.middleware.request_id [None req-71cf5f47-6613-4ed9-8558-0c70691bbfab None None] RequestId filter calling following filter/app {{(pid=87211) _context_setter /opt/stack/cinder/cinder/api/middleware/request_id.py:62}}
Sep 04 15:49:03 devstack devstack@c-api.service[87211]: INFO cinder.api.openstack.wsgi [None req-71cf5f47-6613-4ed9-8558-0c70691bbfab tempest-DeleteServersTestJSON-1212242946 tempest-DeleteServersTestJSON-1212242946-project-member] DELETE http://192.168.122.48/volume/v3/volumes/82f896a2-cc4e-419a-a043-bd4e41d0bd6c
Sep 04 15:49:03 devstack devstack@c-api.service[87211]: DEBUG cinder.api.openstack.wsgi [None req-71cf5f47-6613-4ed9-8558-0c70691bbfab tempest-DeleteServersTestJSON-1212242946 tempest-DeleteServersTestJSON-1212242946-project-member] Empty body provided in request {{(pid=87211) get_body /opt/stack/cinder/cinder/api/openstack/wsgi.py:725}}
Sep 04 15:49:03 devstack devstack@c-api.service[87211]: DEBUG cinder.api.openstack.wsgi [None req-71cf5f47-6613-4ed9-8558-0c70691bbfab tempest-DeleteServersTestJSON-1212242946 tempest-DeleteServersTestJSON-1212242946-project-member] Calling method 'delete' {{(pid=87211) _process_stack /opt/stack/cinder/cinder/api/openstack/wsgi.py:878}}
Sep 04 15:49:03 devstack devstack@c-api.service[87211]: INFO cinder.api.v3.volumes [None req-71cf5f47-6613-4ed9-8558-0c70691bbfab tempest-DeleteServersTestJSON-1212242946 tempest-DeleteServersTestJSON-1212242946-project-member] Delete volume with id: 82f896a2-cc4e-419a-a043-bd4e41d0bd6c
Sep 04 15:49:03 devstack devstack@c-api.service[87211]: /opt/stack/cinder/cinder/objects/volume.py:315: DeprecationWarning: Passing item_cls to obj_make_list() is deprecated. The item class is now derived from the list object's field definition.
Sep 04 15:49:03 devstack devstack@c-api.service[87211]: attachments = base.obj_make_list(
Sep 04 15:49:03 devstack devstack@c-api.service[87211]: /opt/stack/data/venv/lib/python3.12/site-packages/oslo_context/context.py:102: DeprecationWarning: Policy enforcement is depending on the value of is_admin. This key is deprecated. Please update your policy file to use the standard policy values.
Sep 04 15:49:03 devstack devstack@c-api.service[87211]: warnings.warn(
Sep 04 15:49:03 devstack devstack@c-api.service[87211]: INFO cinder.volume.api [None req-71cf5f47-6613-4ed9-8558-0c70691bbfab tempest-DeleteServersTestJSON-1212242946 tempest-DeleteServersTestJSON-1212242946-project-member] Volume info retrieved successfully.
Sep 04 15:49:03 devstack devstack@c-api.service[87211]: INFO cinder.volume.api [None req-71cf5f47-6613-4ed9-8558-0c70691bbfab tempest-DeleteServersTestJSON-1212242946 tempest-DeleteServersTestJSON-1212242946-project-member] Delete volume request issued successfully.
Sep 04 15:49:03 devstack devstack@c-api.service[87211]: INFO cinder.api.openstack.wsgi [None req-71cf5f47-6613-4ed9-8558-0c70691bbfab tempest-DeleteServersTestJSON-1212242946 tempest-DeleteServersTestJSON-1212242946-project-member] http://192.168.122.48/volume/v3/volumes/82f896a2-cc4e-419a-a043-bd4e41d0bd6c returned with HTTP 202
Sep 04 15:49:03 devstack devstack@c-api.service[87211]: [pid: 87211|app: 0|req: 55/123] 192.168.122.48 () {58 vars in 1230 bytes} [Fri Sep 4 15:49:03 2026] DELETE /volume/v3/volumes/82f896a2-cc4e-419a-a043-bd4e41d0bd6c => generated 0 bytes in 88 msecs (HTTP/1.1 202) 6 headers in 233 bytes (1 switches on core 0)
Sep 04 15:49:03 devstack devstack@c-api.service[87211]: DEBUG cinder.api.middleware.request_id [None req-0fbfff80-6ac1-4b7d-9c8f-f128a5127058 None None] RequestId filter calling following filter/app {{(pid=87211) _context_setter /opt/stack/cinder/cinder/api/middleware/request_id.py:62}}
Sep 04 15:49:03 devstack devstack@c-api.service[87212]: DEBUG cinder.api.middleware.request_id [None req-7494b128-e3de-4e9a-b474-5828ee9260a7 None None] RequestId filter calling following filter/app {{(pid=87212) _context_setter /opt/stack/cinder/cinder/api/middleware/request_id.py:62}}
Sep 04 15:49:03 devstack devstack@c-api.service[87212]: INFO cinder.api.openstack.wsgi [None req-7494b128-e3de-4e9a-b474-5828ee9260a7 tempest-DeleteServersTestJSON-1212242946 tempest-DeleteServersTestJSON-1212242946-project-member] GET http://192.168.122.48/volume/v3/volumes/82f896a2-cc4e-419a-a043-bd4e41d0bd6c
Sep 04 15:49:03 devstack devstack@c-api.service[87212]: DEBUG cinder.api.openstack.wsgi [None req-7494b128-e3de-4e9a-b474-5828ee9260a7 tempest-DeleteServersTestJSON-1212242946 tempest-DeleteServersTestJSON-1212242946-project-member] Empty body provided in request {{(pid=87212) get_body /opt/stack/cinder/cinder/api/openstack/wsgi.py:725}}
Sep 04 15:49:03 devstack devstack@c-api.service[87212]: DEBUG cinder.api.openstack.wsgi [None req-7494b128-e3de-4e9a-b474-5828ee9260a7 tempest-DeleteServersTestJSON-1212242946 tempest-DeleteServersTestJSON-1212242946-project-member] Calling method 'show' {{(pid=87212) _process_stack /opt/stack/cinder/cinder/api/openstack/wsgi.py:878}}
Sep 04 15:49:03 devstack devstack@c-api.service[87211]: INFO cinder.api.openstack.wsgi [None req-0fbfff80-6ac1-4b7d-9c8f-f128a5127058 tempest-VolumesAdminNegativeTest-964058230 tempest-VolumesAdminNegativeTest-964058230-project-member] GET http://192.168.122.48/volume/v3/volumes/e92c54ae-9be3-4753-9f92-3635731f0cce
Sep 04 15:49:03 devstack devstack@c-api.service[87211]: DEBUG cinder.api.openstack.wsgi [None req-0fbfff80-6ac1-4b7d-9c8f-f128a5127058 tempest-VolumesAdminNegativeTest-964058230 tempest-VolumesAdminNegativeTest-964058230-project-member] Empty body provided in request {{(pid=87211) get_body /opt/stack/cinder/cinder/api/openstack/wsgi.py:725}}
Sep 04 15:49:03 devstack devstack@c-api.service[87211]: DEBUG cinder.api.openstack.wsgi [None req-0fbfff80-6ac1-4b7d-9c8f-f128a5127058 tempest-VolumesAdminNegativeTest-964058230 tempest-VolumesAdminNegativeTest-964058230-project-member] Calling method 'show' {{(pid=87211) _process_stack /opt/stack/cinder/cinder/api/openstack/wsgi.py:878}}
Sep 04 15:49:03 devstack devstack@c-api.service[87212]: /opt/stack/cinder/cinder/objects/volume.py:315: DeprecationWarning: Passing item_cls to obj_make_list() is deprecated. The item class is now derived from the list object's field definition.
Sep 04 15:49:03 devstack devstack@c-api.service[87212]: attachments = base.obj_make_list(
Sep 04 15:49:03 devstack devstack@c-api.service[87212]: /opt/stack/data/venv/lib/python3.12/site-packages/oslo_context/context.py:102: DeprecationWarning: Policy enforcement is depending on the value of is_admin. This key is deprecated. Please update your policy file to use the standard policy values.
Sep 04 15:49:03 devstack devstack@c-api.service[87212]: warnings.warn(
Sep 04 15:49:03 devstack devstack@c-api.service[87212]: INFO cinder.volume.api [None req-7494b128-e3de-4e9a-b474-5828ee9260a7 tempest-DeleteServersTestJSON-1212242946 tempest-DeleteServersTestJSON-1212242946-project-member] Volume info retrieved successfully.
Sep 04 15:49:03 devstack devstack@c-api.service[87212]: INFO cinder.api.openstack.wsgi [None req-7494b128-e3de-4e9a-b474-5828ee9260a7 tempest-DeleteServersTestJSON-1212242946 tempest-DeleteServersTestJSON-1212242946-project-member] http://192.168.122.48/volume/v3/volumes/82f896a2-cc4e-419a-a043-bd4e41d0bd6c returned with HTTP 200
Sep 04 15:49:03 devstack devstack@c-api.service[87212]: [pid: 87212|app: 0|req: 69/124] 192.168.122.48 () {58 vars in 1227 bytes} [Fri Sep 4 15:49:03 2026] GET /volume/v3/volumes/82f896a2-cc4e-419a-a043-bd4e41d0bd6c => generated 850 bytes in 58 msecs (HTTP/1.1 200) 7 headers in 285 bytes (1 switches on core 0)
Sep 04 15:49:03 devstack devstack@c-api.service[87211]: INFO cinder.api.openstack.wsgi [None req-0fbfff80-6ac1-4b7d-9c8f-f128a5127058 tempest-VolumesAdminNegativeTest-964058230 tempest-VolumesAdminNegativeTest-964058230-project-member] http://192.168.122.48/volume/v3/volumes/e92c54ae-9be3-4753-9f92-3635731f0cce returned with HTTP 404
Sep 04 15:49:03 devstack devstack@c-api.service[87211]: [pid: 87211|app: 0|req: 56/125] 192.168.122.48 () {58 vars in 1227 bytes} [Fri Sep 4 15:49:03 2026] GET /volume/v3/volumes/e92c54ae-9be3-4753-9f92-3635731f0cce => generated 109 bytes in 69 msecs (HTTP/1.1 404) 7 headers in 292 bytes (1 switches on core 0)
Sep 04 15:49:04 devstack devstack@c-api.service[87212]: DEBUG cinder.api.middleware.request_id [None req-2450ee27-43f6-49e3-b788-e666c64ade3b None None] RequestId filter calling following filter/app {{(pid=87212) _context_setter /opt/stack/cinder/cinder/api/middleware/request_id.py:62}}
Sep 04 15:49:04 devstack devstack@c-api.service[87212]: INFO cinder.api.openstack.wsgi [None req-2450ee27-43f6-49e3-b788-e666c64ade3b tempest-DeleteServersTestJSON-1212242946 tempest-DeleteServersTestJSON-1212242946-project-member] GET http://192.168.122.48/volume/v3/volumes/82f896a2-cc4e-419a-a043-bd4e41d0bd6c
Sep 04 15:49:04 devstack devstack@c-api.service[87212]: DEBUG cinder.api.openstack.wsgi [None req-2450ee27-43f6-49e3-b788-e666c64ade3b tempest-DeleteServersTestJSON-1212242946 tempest-DeleteServersTestJSON-1212242946-project-member] Empty body provided in request {{(pid=87212) get_body /opt/stack/cinder/cinder/api/openstack/wsgi.py:725}}
Sep 04 15:49:04 devstack devstack@c-api.service[87212]: DEBUG cinder.api.openstack.wsgi [None req-2450ee27-43f6-49e3-b788-e666c64ade3b tempest-DeleteServersTestJSON-1212242946 tempest-DeleteServersTestJSON-1212242946-project-member] Calling method 'show' {{(pid=87212) _process_stack /opt/stack/cinder/cinder/api/openstack/wsgi.py:878}}
Sep 04 15:49:04 devstack devstack@c-api.service[87212]: /opt/stack/cinder/cinder/objects/volume.py:315: DeprecationWarning: Passing item_cls to obj_make_list() is deprecated. The item class is now derived from the list object's field definition.
Sep 04 15:49:04 devstack devstack@c-api.service[87212]: attachments = base.obj_make_list(
Sep 04 15:49:04 devstack devstack@c-api.service[87212]: /opt/stack/data/venv/lib/python3.12/site-packages/oslo_context/context.py:102: DeprecationWarning: Policy enforcement is depending on the value of is_admin. This key is deprecated. Please update your policy file to use the standard policy values.
Sep 04 15:49:04 devstack devstack@c-api.service[87212]: warnings.warn(
Sep 04 15:49:05 devstack devstack@c-api.service[87212]: INFO cinder.volume.api [None req-2450ee27-43f6-49e3-b788-e666c64ade3b tempest-DeleteServersTestJSON-1212242946 tempest-DeleteServersTestJSON-1212242946-project-member] Volume info retrieved successfully.
Sep 04 15:49:05 devstack devstack@c-api.service[87212]: INFO cinder.api.openstack.wsgi [None req-2450ee27-43f6-49e3-b788-e666c64ade3b tempest-DeleteServersTestJSON-1212242946 tempest-DeleteServersTestJSON-1212242946-project-member] http://192.168.122.48/volume/v3/volumes/82f896a2-cc4e-419a-a043-bd4e41d0bd6c returned with HTTP 200
Sep 04 15:49:05 devstack devstack@c-api.service[87212]: [pid: 87212|app: 0|req: 70/126] 192.168.122.48 () {58 vars in 1227 bytes} [Fri Sep 4 15:49:04 2026] GET /volume/v3/volumes/82f896a2-cc4e-419a-a043-bd4e41d0bd6c => generated 850 bytes in 109 msecs (HTTP/1.1 200) 7 headers in 285 bytes (1 switches on core 0)
Sep 04 15:49:06 devstack devstack@c-api.service[87211]: DEBUG cinder.api.middleware.request_id [None req-46a900f6-2577-42fb-ac1a-1550fc8e0dcf None None] RequestId filter calling following filter/app {{(pid=87211) _context_setter /opt/stack/cinder/cinder/api/middleware/request_id.py:62}}
Sep 04 15:49:06 devstack devstack@c-api.service[87211]: INFO cinder.api.openstack.wsgi [None req-46a900f6-2577-42fb-ac1a-1550fc8e0dcf tempest-DeleteServersTestJSON-1212242946 tempest-DeleteServersTestJSON-1212242946-project-member] GET http://192.168.122.48/volume/v3/volumes/82f896a2-cc4e-419a-a043-bd4e41d0bd6c
Sep 04 15:49:06 devstack devstack@c-api.service[87211]: DEBUG cinder.api.openstack.wsgi [None req-46a900f6-2577-42fb-ac1a-1550fc8e0dcf tempest-DeleteServersTestJSON-1212242946 tempest-DeleteServersTestJSON-1212242946-project-member] Empty body provided in request {{(pid=87211) get_body /opt/stack/cinder/cinder/api/openstack/wsgi.py:725}}
Sep 04 15:49:06 devstack devstack@c-api.service[87211]: DEBUG cinder.api.openstack.wsgi [None req-46a900f6-2577-42fb-ac1a-1550fc8e0dcf tempest-DeleteServersTestJSON-1212242946 tempest-DeleteServersTestJSON-1212242946-project-member] Calling method 'show' {{(pid=87211) _process_stack /opt/stack/cinder/cinder/api/openstack/wsgi.py:878}}
Sep 04 15:49:06 devstack devstack@c-api.service[87211]: INFO cinder.api.openstack.wsgi [None req-46a900f6-2577-42fb-ac1a-1550fc8e0dcf tempest-DeleteServersTestJSON-1212242946 tempest-DeleteServersTestJSON-1212242946-project-member] http://192.168.122.48/volume/v3/volumes/82f896a2-cc4e-419a-a043-bd4e41d0bd6c returned with HTTP 404
Sep 04 15:49:06 devstack devstack@c-api.service[87211]: [pid: 87211|app: 0|req: 57/127] 192.168.122.48 () {58 vars in 1227 bytes} [Fri Sep 4 15:49:06 2026] GET /volume/v3/volumes/82f896a2-cc4e-419a-a043-bd4e41d0bd6c => generated 109 bytes in 30 msecs (HTTP/1.1 404) 7 headers in 292 bytes (1 switches on core 0)
Sep 04 15:49:10 devstack devstack@c-api.service[87212]: DEBUG cinder.api.middleware.request_id [None req-3a041be4-8a1c-4a67-9c69-5da1689c6dbd None None] RequestId filter calling following filter/app {{(pid=87212) _context_setter /opt/stack/cinder/cinder/api/middleware/request_id.py:62}}
Sep 04 15:49:10 devstack devstack@c-api.service[87212]: INFO cinder.api.openstack.wsgi [None req-3a041be4-8a1c-4a67-9c69-5da1689c6dbd tempest-GroupsTest-1526897036 tempest-GroupsTest-1526897036-project-admin] POST http://192.168.122.48/volume/v3/types
Sep 04 15:49:10 devstack devstack@c-api.service[87212]: DEBUG cinder.api.openstack.wsgi [None req-3a041be4-8a1c-4a67-9c69-5da1689c6dbd tempest-GroupsTest-1526897036 tempest-GroupsTest-1526897036-project-admin] Action: 'create', calling method: _create, body: {"volume_type": {"name": "tempest-GroupsTest-volume-type-287171556"}} {{(pid=87212) _process_stack /opt/stack/cinder/cinder/api/openstack/wsgi.py:876}}
Sep 04 15:49:10 devstack devstack@c-api.service[87212]: INFO cinder.api.openstack.wsgi [None req-3a041be4-8a1c-4a67-9c69-5da1689c6dbd tempest-GroupsTest-1526897036 tempest-GroupsTest-1526897036-project-admin] http://192.168.122.48/volume/v3/types returned with HTTP 200
Sep 04 15:49:10 devstack devstack@c-api.service[87212]: [pid: 87212|app: 0|req: 71/128] 192.168.122.48 () {60 vars in 1131 bytes} [Fri Sep 4 15:49:10 2026] POST /volume/v3/types => generated 215 bytes in 186 msecs (HTTP/1.1 200) 7 headers in 285 bytes (1 switches on core 0)
Sep 04 15:49:10 devstack devstack@c-api.service[87211]: DEBUG cinder.api.middleware.request_id [None req-14d28225-c91c-4f15-a718-9ccdeb18bbf7 None None] RequestId filter calling following filter/app {{(pid=87211) _context_setter /opt/stack/cinder/cinder/api/middleware/request_id.py:62}}
Sep 04 15:49:10 devstack devstack@c-api.service[87211]: INFO cinder.api.openstack.wsgi [None req-14d28225-c91c-4f15-a718-9ccdeb18bbf7 tempest-GroupsTest-1526897036 tempest-GroupsTest-1526897036-project-admin] POST http://192.168.122.48/volume/v3/group_types
Sep 04 15:49:10 devstack devstack@c-api.service[87211]: DEBUG cinder.api.openstack.wsgi [None req-14d28225-c91c-4f15-a718-9ccdeb18bbf7 tempest-GroupsTest-1526897036 tempest-GroupsTest-1526897036-project-admin] Action: 'create', calling method: version_select, body: {"group_type": {"name": "tempest-GroupsTest-group-type-2015647246"}} {{(pid=87211) _process_stack /opt/stack/cinder/cinder/api/openstack/wsgi.py:876}}
Sep 04 15:49:10 devstack devstack@c-api.service[87211]: INFO cinder.api.openstack.wsgi [None req-14d28225-c91c-4f15-a718-9ccdeb18bbf7 tempest-GroupsTest-1526897036 tempest-GroupsTest-1526897036-project-admin] http://192.168.122.48/volume/v3/group_types returned with HTTP 202
Sep 04 15:49:10 devstack devstack@c-api.service[87211]: [pid: 87211|app: 0|req: 58/129] 192.168.122.48 () {62 vars in 1190 bytes} [Fri Sep 4 15:49:10 2026] POST /volume/v3/group_types => generated 173 bytes in 79 msecs (HTTP/1.1 202) 7 headers in 292 bytes (1 switches on core 0)
Sep 04 15:49:11 devstack devstack@c-api.service[87212]: DEBUG cinder.api.middleware.request_id [None req-486d73a0-3506-4c14-a795-05c847e0b0d0 None None] RequestId filter calling following filter/app {{(pid=87212) _context_setter /opt/stack/cinder/cinder/api/middleware/request_id.py:62}}
Sep 04 15:49:11 devstack devstack@c-api.service[87212]: INFO cinder.api.openstack.wsgi [None req-486d73a0-3506-4c14-a795-05c847e0b0d0 tempest-GroupsTest-1312198782 tempest-GroupsTest-1312198782-project-member] POST http://192.168.122.48/volume/v3/groups
Sep 04 15:49:11 devstack devstack@c-api.service[87212]: DEBUG cinder.api.openstack.wsgi [None req-486d73a0-3506-4c14-a795-05c847e0b0d0 tempest-GroupsTest-1312198782 tempest-GroupsTest-1312198782-project-member] Action: 'create', calling method: version_select, body: {"group": {"group_type": "dedd1e91-f03d-41cd-bacd-beef463eb511", "volume_types": ["e873db50-6ae2-43ab-9e90-e2d38cfa2175"], "name": "tempest-Group1-1612373403"}} {{(pid=87212) _process_stack /opt/stack/cinder/cinder/api/openstack/wsgi.py:876}}
Sep 04 15:49:11 devstack devstack@c-api.service[87212]: DEBUG cinder.api.v3.groups [None req-486d73a0-3506-4c14-a795-05c847e0b0d0 tempest-GroupsTest-1312198782 tempest-GroupsTest-1312198782-project-member] Creating new group {'group': {'group_type': 'dedd1e91-f03d-41cd-bacd-beef463eb511', 'volume_types': ['e873db50-6ae2-43ab-9e90-e2d38cfa2175'], 'name': 'tempest-Group1-1612373403'}} {{(pid=87212) create /opt/stack/cinder/cinder/api/v3/groups.py:190}}
Sep 04 15:49:11 devstack devstack@c-api.service[87212]: INFO cinder.api.v3.groups [None req-486d73a0-3506-4c14-a795-05c847e0b0d0 tempest-GroupsTest-1312198782 tempest-GroupsTest-1312198782-project-member] Creating group tempest-Group1-1612373403.
Sep 04 15:49:11 devstack devstack@c-api.service[87212]: INFO cinder.volume.api [None req-486d73a0-3506-4c14-a795-05c847e0b0d0 tempest-GroupsTest-1312198782 tempest-GroupsTest-1312198782-project-member] Availability Zones retrieved successfully.
Sep 04 15:49:11 devstack devstack@c-api.service[87212]: DEBUG cinder.quota [None req-486d73a0-3506-4c14-a795-05c847e0b0d0 tempest-GroupsTest-1312198782 tempest-GroupsTest-1312198782-project-member] Created reservations ['7c34b490-16f0-4a05-8a1f-1d26c7569ebf'] {{(pid=87212) reserve /opt/stack/cinder/cinder/quota.py:752}}
Sep 04 15:49:11 devstack devstack@c-api.service[87212]: INFO cinder.api.openstack.wsgi [None req-486d73a0-3506-4c14-a795-05c847e0b0d0 tempest-GroupsTest-1312198782 tempest-GroupsTest-1312198782-project-member] http://192.168.122.48/volume/v3/groups returned with HTTP 202
Sep 04 15:49:11 devstack devstack@c-api.service[87212]: [pid: 87212|app: 0|req: 72/130] 192.168.122.48 () {62 vars in 1176 bytes} [Fri Sep 4 15:49:11 2026] POST /volume/v3/groups => generated 94 bytes in 283 msecs (HTTP/1.1 202) 7 headers in 291 bytes (1 switches on core 0)
Sep 04 15:49:11 devstack devstack@c-api.service[87211]: DEBUG cinder.api.middleware.request_id [None req-4cedf5f0-22ca-40bd-a53b-a78f440df032 None None] RequestId filter calling following filter/app {{(pid=87211) _context_setter /opt/stack/cinder/cinder/api/middleware/request_id.py:62}}
Sep 04 15:49:11 devstack devstack@c-api.service[87211]: INFO cinder.api.openstack.wsgi [None req-4cedf5f0-22ca-40bd-a53b-a78f440df032 tempest-GroupsTest-1312198782 tempest-GroupsTest-1312198782-project-member] GET http://192.168.122.48/volume/v3/groups/77355902-de5e-4c87-8db4-9e935e87feaa
Sep 04 15:49:11 devstack devstack@c-api.service[87211]: DEBUG cinder.api.openstack.wsgi [None req-4cedf5f0-22ca-40bd-a53b-a78f440df032 tempest-GroupsTest-1312198782 tempest-GroupsTest-1312198782-project-member] Empty body provided in request {{(pid=87211) get_body /opt/stack/cinder/cinder/api/openstack/wsgi.py:725}}
Sep 04 15:49:11 devstack devstack@c-api.service[87211]: DEBUG cinder.api.openstack.wsgi [None req-4cedf5f0-22ca-40bd-a53b-a78f440df032 tempest-GroupsTest-1312198782 tempest-GroupsTest-1312198782-project-member] Calling method 'version_select' {{(pid=87211) _process_stack /opt/stack/cinder/cinder/api/openstack/wsgi.py:878}}
Sep 04 15:49:11 devstack devstack@c-api.service[87211]: DEBUG cinder.api.v3.groups [None req-4cedf5f0-22ca-40bd-a53b-a78f440df032 tempest-GroupsTest-1312198782 tempest-GroupsTest-1312198782-project-member] show called for member 77355902-de5e-4c87-8db4-9e935e87feaa {{(pid=87211) show /opt/stack/cinder/cinder/api/v3/groups.py:58}}
Sep 04 15:49:11 devstack devstack@c-api.service[87211]: /opt/stack/data/venv/lib/python3.12/site-packages/oslo_context/context.py:102: DeprecationWarning: Policy enforcement is depending on the value of is_admin. This key is deprecated. Please update your policy file to use the standard policy values.
Sep 04 15:49:11 devstack devstack@c-api.service[87211]: warnings.warn(
Sep 04 15:49:11 devstack devstack@c-api.service[87211]: /opt/stack/cinder/cinder/objects/volume_type.py:195: DeprecationWarning: Passing item_cls to obj_make_list() is deprecated. The item class is now derived from the list object's field definition.
Sep 04 15:49:11 devstack devstack@c-api.service[87211]: return base.obj_make_list(context, cls(context),
Sep 04 15:49:11 devstack devstack@c-api.service[87211]: INFO cinder.api.openstack.wsgi [None req-4cedf5f0-22ca-40bd-a53b-a78f440df032 tempest-GroupsTest-1312198782 tempest-GroupsTest-1312198782-project-member] http://192.168.122.48/volume/v3/groups/77355902-de5e-4c87-8db4-9e935e87feaa returned with HTTP 200
Sep 04 15:49:11 devstack devstack@c-api.service[87211]: [pid: 87211|app: 0|req: 59/131] 192.168.122.48 () {60 vars in 1265 bytes} [Fri Sep 4 15:49:11 2026] GET /volume/v3/groups/77355902-de5e-4c87-8db4-9e935e87feaa => generated 322 bytes in 60 msecs (HTTP/1.1 200) 7 headers in 286 bytes (1 switches on core 0)
