Sep 04 05:59:51 devstack cinder-volume[87095]: DEBUG cinder.volume.manager [None req-590b70f1-bcdd-4a1b-91b0-be6772fecbf6 tempest-VolumesGetTest-948025850 None] Task 'cinder.volume.flows.manager.create_volume.ExtractVolumeRefTask;volume:create' (c3ac4b15-a026-4e8d-a6ba-1063e27a4319) transitioned into state 'SUCCESS' from state 'RUNNING' with result 'Volume(_name_id=None,admin_metadata=,attach_status='detached',availability_zone='nova',bootable=False,cluster=,cluster_name=None,consistencygroup=,consistencygroup_id=None,created_at=2026-09-04T03:59:51Z,deleted=False,deleted_at=None,display_description=None,display_name='tempest-VolumesGetTest-Volume-1784438779',ec2_id=None,encryption_key_id=None,glance_metadata=,group=,group_id=None,host='devstack@QuobyteHD#QuobyteHD',id=765456a1-106c-4022-8b4f-0c12b2357af6,launched_at=None,metadata={Type='Test'},migration_status=None,multiattach=False,previous_status=None,project_id='03d907e826514ce5858778bf447328b3',provider_auth=None,provider_geometry=None,provider_id=None,provider_location=None,replication_driver_data=None,replication_extended_status=None,replication_status=None,scheduled_at=2026-09-04T03:59:51Z,service_uuid=None,shared_targets=True,size=1,snapshot_id=None,snapshots=,source_volid=cfc61fbc-dc91-4ea5-a755-f85ed53b86cf,status='creating',terminated_at=None,updated_at=2026-09-04T03:59:51Z,use_quota=True,user_id='5750f70a5a7d421eb1e0227bcf50556a',volume_attachment=VolumeAttachmentList,volume_type=VolumeType(45402435-c652-4332-959a-241d13024315),volume_type_id=45402435-c652-4332-959a-241d13024315)' {{(pid=87095) _task_receiver /opt/stack/data/venv/lib/python3.12/site-packages/taskflow/listeners/logging.py:218}}
Sep 04 05:59:51 devstack cinder-volume[87095]: DEBUG cinder.volume.manager [None req-590b70f1-bcdd-4a1b-91b0-be6772fecbf6 tempest-VolumesGetTest-948025850 None] Task 'cinder.volume.flows.manager.create_volume.OnFailureRescheduleTask;volume:create' (f38dbba7-5eb7-4bf3-af3c-52c4d0e16af4) transitioned into state 'RUNNING' from state 'PENDING' {{(pid=87095) _task_receiver /opt/stack/data/venv/lib/python3.12/site-packages/taskflow/listeners/logging.py:242}}
Sep 04 05:59:51 devstack cinder-volume[87095]: DEBUG cinder.volume.manager [None req-590b70f1-bcdd-4a1b-91b0-be6772fecbf6 tempest-VolumesGetTest-948025850 None] Task 'cinder.volume.flows.manager.create_volume.OnFailureRescheduleTask;volume:create' (f38dbba7-5eb7-4bf3-af3c-52c4d0e16af4) transitioned into state 'SUCCESS' from state 'RUNNING' with result 'None' {{(pid=87095) _task_receiver /opt/stack/data/venv/lib/python3.12/site-packages/taskflow/listeners/logging.py:218}}
Sep 04 05:59:51 devstack cinder-volume[87095]: DEBUG cinder.volume.manager [None req-590b70f1-bcdd-4a1b-91b0-be6772fecbf6 tempest-VolumesGetTest-948025850 None] Task 'cinder.volume.flows.manager.create_volume.ExtractVolumeSpecTask;volume:create' (14c1ac73-507d-44d1-b636-1fd3fd08ad1c) transitioned into state 'RUNNING' from state 'PENDING' {{(pid=87095) _task_receiver /opt/stack/data/venv/lib/python3.12/site-packages/taskflow/listeners/logging.py:242}}
Sep 04 05:59:51 devstack cinder-volume[87095]: DEBUG cinder.volume.manager [None req-590b70f1-bcdd-4a1b-91b0-be6772fecbf6 tempest-VolumesGetTest-948025850 None] Task 'cinder.volume.flows.manager.create_volume.ExtractVolumeSpecTask;volume:create' (14c1ac73-507d-44d1-b636-1fd3fd08ad1c) transitioned into state 'SUCCESS' from state 'RUNNING' with result '{'status': 'creating', 'type': 'source_vol', 'volume_id': '765456a1-106c-4022-8b4f-0c12b2357af6', 'volume_name': 'volume-765456a1-106c-4022-8b4f-0c12b2357af6', 'volume_size': 1, 'source_volid': 'cfc61fbc-dc91-4ea5-a755-f85ed53b86cf', 'source_volstatus': 'available'}' {{(pid=87095) _task_receiver /opt/stack/data/venv/lib/python3.12/site-packages/taskflow/listeners/logging.py:218}}
Sep 04 05:59:51 devstack cinder-volume[87095]: DEBUG cinder.volume.manager [None req-590b70f1-bcdd-4a1b-91b0-be6772fecbf6 tempest-VolumesGetTest-948025850 None] Task 'cinder.volume.flows.manager.create_volume.NotifyVolumeActionTask;volume:create, create.start' (5f9873c4-6091-4b0d-9a44-0bfdc3ef14c8) transitioned into state 'RUNNING' from state 'PENDING' {{(pid=87095) _task_receiver /opt/stack/data/venv/lib/python3.12/site-packages/taskflow/listeners/logging.py:242}}
Sep 04 05:59:51 devstack cinder-volume[87095]: DEBUG cinder.volume.manager [None req-590b70f1-bcdd-4a1b-91b0-be6772fecbf6 tempest-VolumesGetTest-948025850 None] Task 'cinder.volume.flows.manager.create_volume.NotifyVolumeActionTask;volume:create, create.start' (5f9873c4-6091-4b0d-9a44-0bfdc3ef14c8) transitioned into state 'SUCCESS' from state 'RUNNING' with result 'None' {{(pid=87095) _task_receiver /opt/stack/data/venv/lib/python3.12/site-packages/taskflow/listeners/logging.py:218}}
Sep 04 05:59:51 devstack cinder-volume[87095]: DEBUG cinder.volume.manager [None req-590b70f1-bcdd-4a1b-91b0-be6772fecbf6 tempest-VolumesGetTest-948025850 None] Task 'cinder.volume.flows.manager.create_volume.CreateVolumeFromSpecTask;volume:create' (20eb5d6f-7d17-42c7-81eb-373be186c66f) transitioned into state 'RUNNING' from state 'PENDING' {{(pid=87095) _task_receiver /opt/stack/data/venv/lib/python3.12/site-packages/taskflow/listeners/logging.py:242}}
Sep 04 05:59:51 devstack cinder-volume[87095]: INFO cinder.volume.flows.manager.create_volume [None req-590b70f1-bcdd-4a1b-91b0-be6772fecbf6 tempest-VolumesGetTest-948025850 None] Volume 765456a1-106c-4022-8b4f-0c12b2357af6: being created as source_vol with specification: {'status': 'creating', 'volume_name': 'volume-765456a1-106c-4022-8b4f-0c12b2357af6', 'volume_size': 1, 'source_volid': 'cfc61fbc-dc91-4ea5-a755-f85ed53b86cf', 'source_volstatus': 'available'}
Sep 04 05:59:51 devstack cinder-volume[87095]: DEBUG oslo_concurrency.lockutils [None req-590b70f1-bcdd-4a1b-91b0-be6772fecbf6 tempest-VolumesGetTest-948025850 None] Acquiring lock "quobyte" by "cinder.volume.drivers.quobyte.QuobyteDriver.create_cloned_volume" {{(pid=87095) inner /opt/stack/data/venv/lib/python3.12/site-packages/oslo_concurrency/lockutils.py:512}}
Sep 04 05:59:51 devstack cinder-volume[87095]: DEBUG oslo_concurrency.lockutils [None req-590b70f1-bcdd-4a1b-91b0-be6772fecbf6 tempest-VolumesGetTest-948025850 None] Lock "quobyte" acquired by "cinder.volume.drivers.quobyte.QuobyteDriver.create_cloned_volume" :: waited 0.001s {{(pid=87095) inner /opt/stack/data/venv/lib/python3.12/site-packages/oslo_concurrency/lockutils.py:525}}
Sep 04 05:59:51 devstack cinder-volume[87095]: INFO cinder.volume.drivers.remotefs [None req-590b70f1-bcdd-4a1b-91b0-be6772fecbf6 tempest-VolumesGetTest-948025850 None] Cloning volume cfc61fbc-dc91-4ea5-a755-f85ed53b86cf to volume 765456a1-106c-4022-8b4f-0c12b2357af6
Sep 04 05:59:51 devstack cinder-volume[87095]: DEBUG cinder.volume.drivers.remotefs [None req-590b70f1-bcdd-4a1b-91b0-be6772fecbf6 tempest-VolumesGetTest-948025850 None] Creating offline snapshot c4699df3-e654-432e-9aa4-2250bb906ddc of volume cfc61fbc-dc91-4ea5-a755-f85ed53b86cf {{(pid=87095) _create_snapshot /opt/stack/cinder/cinder/volume/drivers/remotefs.py:1816}}
Sep 04 05:59:51 devstack cinder-volume[87095]: DEBUG oslo.privsep.daemon [-] privsep: reply[e27f8a0b-e88c-4082-8bad-4bfc9d751f95]: (4, 'qcow2') {{(pid=88806) _call_back /opt/stack/data/venv/lib/python3.12/site-packages/oslo_privsep/daemon.py:580}}
Sep 04 05:59:51 devstack cinder-volume[87095]: DEBUG oslo_concurrency.processutils [None req-590b70f1-bcdd-4a1b-91b0-be6772fecbf6 tempest-VolumesGetTest-948025850 None] Running cmd (subprocess): /opt/stack/data/venv/bin/python3.12 -m oslo_concurrency.prlimit --as=1073741824 --cpu=60 -- sudo cinder-rootwrap /etc/cinder/rootwrap.conf env LC_ALL=C qemu-img info -f qcow2 --output=json --force-share /opt/stack/data/cinder/mnt/1eb879cdaf282811bfe4b92c28bdb757/volume-cfc61fbc-dc91-4ea5-a755-f85ed53b86cf {{(pid=87095) execute /opt/stack/data/venv/lib/python3.12/site-packages/oslo_concurrency/processutils.py:440}}
Sep 04 05:59:51 devstack sudo[95970]: quobyte : PWD=/ ; USER=root ; COMMAND=/opt/stack/data/venv/bin/cinder-rootwrap /etc/cinder/rootwrap.conf env LC_ALL=C qemu-img info -f qcow2 --output=json --force-share /opt/stack/data/cinder/mnt/1eb879cdaf282811bfe4b92c28bdb757/volume-cfc61fbc-dc91-4ea5-a755-f85ed53b86cf
Sep 04 05:59:51 devstack sudo[95970]: pam_unix(sudo:session): session opened for user root(uid=0) by (uid=1000)
Sep 04 05:59:52 devstack cinder-volume[87095]: INFO cinder.volume.manager [None req-5defa4b0-c989-4eca-a9d6-1af54a08bbc1 tempest-GroupSnapshotsTest-899590123 None] Group tempest-GroupSnapshotsTest-Group-1721594587: creating
Sep 04 05:59:52 devstack cinder-volume[87095]: INFO cinder.volume.manager [None req-5defa4b0-c989-4eca-a9d6-1af54a08bbc1 tempest-GroupSnapshotsTest-899590123 None] Group tempest-GroupSnapshotsTest-Group-1721594587: created successfully
Sep 04 05:59:52 devstack cinder-volume[87095]: INFO cinder.volume.manager [None req-5defa4b0-c989-4eca-a9d6-1af54a08bbc1 tempest-GroupSnapshotsTest-899590123 None] Create group completed successfully.
Sep 04 05:59:52 devstack sudo[95970]: pam_unix(sudo:session): session closed for user root
Sep 04 05:59:52 devstack cinder-volume[87095]: DEBUG oslo_concurrency.processutils [None req-590b70f1-bcdd-4a1b-91b0-be6772fecbf6 tempest-VolumesGetTest-948025850 None] CMD "/opt/stack/data/venv/bin/python3.12 -m oslo_concurrency.prlimit --as=1073741824 --cpu=60 -- sudo cinder-rootwrap /etc/cinder/rootwrap.conf env LC_ALL=C qemu-img info -f qcow2 --output=json --force-share /opt/stack/data/cinder/mnt/1eb879cdaf282811bfe4b92c28bdb757/volume-cfc61fbc-dc91-4ea5-a755-f85ed53b86cf" returned: 0 in 0.657s {{(pid=87095) execute /opt/stack/data/venv/lib/python3.12/site-packages/oslo_concurrency/processutils.py:468}}
Sep 04 05:59:52 devstack cinder-volume[87095]: DEBUG oslo_concurrency.processutils [None req-590b70f1-bcdd-4a1b-91b0-be6772fecbf6 tempest-VolumesGetTest-948025850 None] Running cmd (subprocess): sudo cinder-rootwrap /etc/cinder/rootwrap.conf qemu-img create -f qcow2 -o backing_file=/opt/stack/data/cinder/mnt/1eb879cdaf282811bfe4b92c28bdb757/volume-cfc61fbc-dc91-4ea5-a755-f85ed53b86cf,backing_fmt=qcow2 /opt/stack/data/cinder/mnt/1eb879cdaf282811bfe4b92c28bdb757/volume-cfc61fbc-dc91-4ea5-a755-f85ed53b86cf.c4699df3-e654-432e-9aa4-2250bb906ddc 1G {{(pid=87095) execute /opt/stack/data/venv/lib/python3.12/site-packages/oslo_concurrency/processutils.py:440}}
Sep 04 05:59:52 devstack sudo[95977]: quobyte : PWD=/ ; USER=root ; COMMAND=/opt/stack/data/venv/bin/cinder-rootwrap /etc/cinder/rootwrap.conf qemu-img create -f qcow2 -o backing_file=/opt/stack/data/cinder/mnt/1eb879cdaf282811bfe4b92c28bdb757/volume-cfc61fbc-dc91-4ea5-a755-f85ed53b86cf,backing_fmt=qcow2 /opt/stack/data/cinder/mnt/1eb879cdaf282811bfe4b92c28bdb757/volume-cfc61fbc-dc91-4ea5-a755-f85ed53b86cf.c4699df3-e654-432e-9aa4-2250bb906ddc 1G
Sep 04 05:59:52 devstack sudo[95977]: pam_unix(sudo:session): session opened for user root(uid=0) by (uid=1000)
Sep 04 05:59:53 devstack sudo[95977]: pam_unix(sudo:session): session closed for user root
Sep 04 05:59:53 devstack cinder-volume[87095]: DEBUG oslo_concurrency.processutils [None req-590b70f1-bcdd-4a1b-91b0-be6772fecbf6 tempest-VolumesGetTest-948025850 None] CMD "sudo cinder-rootwrap /etc/cinder/rootwrap.conf qemu-img create -f qcow2 -o backing_file=/opt/stack/data/cinder/mnt/1eb879cdaf282811bfe4b92c28bdb757/volume-cfc61fbc-dc91-4ea5-a755-f85ed53b86cf,backing_fmt=qcow2 /opt/stack/data/cinder/mnt/1eb879cdaf282811bfe4b92c28bdb757/volume-cfc61fbc-dc91-4ea5-a755-f85ed53b86cf.c4699df3-e654-432e-9aa4-2250bb906ddc 1G" returned: 0 in 0.793s {{(pid=87095) execute /opt/stack/data/venv/lib/python3.12/site-packages/oslo_concurrency/processutils.py:468}}
Sep 04 05:59:53 devstack cinder-volume[87095]: DEBUG oslo_concurrency.processutils [None req-590b70f1-bcdd-4a1b-91b0-be6772fecbf6 tempest-VolumesGetTest-948025850 None] Running cmd (subprocess): sudo cinder-rootwrap /etc/cinder/rootwrap.conf qemu-img rebase -u -b volume-cfc61fbc-dc91-4ea5-a755-f85ed53b86cf -F qcow2 /opt/stack/data/cinder/mnt/1eb879cdaf282811bfe4b92c28bdb757/volume-cfc61fbc-dc91-4ea5-a755-f85ed53b86cf.c4699df3-e654-432e-9aa4-2250bb906ddc {{(pid=87095) execute /opt/stack/data/venv/lib/python3.12/site-packages/oslo_concurrency/processutils.py:440}}
Sep 04 05:59:53 devstack sudo[95997]: quobyte : PWD=/ ; USER=root ; COMMAND=/opt/stack/data/venv/bin/cinder-rootwrap /etc/cinder/rootwrap.conf qemu-img rebase -u -b volume-cfc61fbc-dc91-4ea5-a755-f85ed53b86cf -F qcow2 /opt/stack/data/cinder/mnt/1eb879cdaf282811bfe4b92c28bdb757/volume-cfc61fbc-dc91-4ea5-a755-f85ed53b86cf.c4699df3-e654-432e-9aa4-2250bb906ddc
Sep 04 05:59:53 devstack sudo[95997]: pam_unix(sudo:session): session opened for user root(uid=0) by (uid=1000)
Sep 04 05:59:53 devstack sudo[95997]: pam_unix(sudo:session): session closed for user root
Sep 04 05:59:53 devstack cinder-volume[87095]: DEBUG oslo_concurrency.processutils [None req-590b70f1-bcdd-4a1b-91b0-be6772fecbf6 tempest-VolumesGetTest-948025850 None] CMD "sudo cinder-rootwrap /etc/cinder/rootwrap.conf qemu-img rebase -u -b volume-cfc61fbc-dc91-4ea5-a755-f85ed53b86cf -F qcow2 /opt/stack/data/cinder/mnt/1eb879cdaf282811bfe4b92c28bdb757/volume-cfc61fbc-dc91-4ea5-a755-f85ed53b86cf.c4699df3-e654-432e-9aa4-2250bb906ddc" returned: 0 in 0.461s {{(pid=87095) execute /opt/stack/data/venv/lib/python3.12/site-packages/oslo_concurrency/processutils.py:468}}
Sep 04 05:59:53 devstack cinder-volume[87095]: WARNING cinder.volume.drivers.remotefs [None req-590b70f1-bcdd-4a1b-91b0-be6772fecbf6 tempest-VolumesGetTest-948025850 None] /opt/stack/data/cinder/mnt/1eb879cdaf282811bfe4b92c28bdb757/volume-cfc61fbc-dc91-4ea5-a755-f85ed53b86cf.c4699df3-e654-432e-9aa4-2250bb906ddc is being set with open permissions: ugo+rw
Sep 04 05:59:53 devstack cinder-volume[87095]: DEBUG oslo_concurrency.processutils [None req-590b70f1-bcdd-4a1b-91b0-be6772fecbf6 tempest-VolumesGetTest-948025850 None] Running cmd (subprocess): sudo cinder-rootwrap /etc/cinder/rootwrap.conf chmod ugo+rw /opt/stack/data/cinder/mnt/1eb879cdaf282811bfe4b92c28bdb757/volume-cfc61fbc-dc91-4ea5-a755-f85ed53b86cf.c4699df3-e654-432e-9aa4-2250bb906ddc {{(pid=87095) execute /opt/stack/data/venv/lib/python3.12/site-packages/oslo_concurrency/processutils.py:440}}
Sep 04 05:59:53 devstack sudo[96008]: quobyte : PWD=/ ; USER=root ; COMMAND=/opt/stack/data/venv/bin/cinder-rootwrap /etc/cinder/rootwrap.conf chmod ugo+rw /opt/stack/data/cinder/mnt/1eb879cdaf282811bfe4b92c28bdb757/volume-cfc61fbc-dc91-4ea5-a755-f85ed53b86cf.c4699df3-e654-432e-9aa4-2250bb906ddc
Sep 04 05:59:53 devstack sudo[96008]: pam_unix(sudo:session): session opened for user root(uid=0) by (uid=1000)
Sep 04 05:59:54 devstack sudo[96008]: pam_unix(sudo:session): session closed for user root
Sep 04 05:59:54 devstack cinder-volume[87095]: DEBUG oslo_concurrency.processutils [None req-590b70f1-bcdd-4a1b-91b0-be6772fecbf6 tempest-VolumesGetTest-948025850 None] CMD "sudo cinder-rootwrap /etc/cinder/rootwrap.conf chmod ugo+rw /opt/stack/data/cinder/mnt/1eb879cdaf282811bfe4b92c28bdb757/volume-cfc61fbc-dc91-4ea5-a755-f85ed53b86cf.c4699df3-e654-432e-9aa4-2250bb906ddc" returned: 0 in 0.716s {{(pid=87095) execute /opt/stack/data/venv/lib/python3.12/site-packages/oslo_concurrency/processutils.py:468}}
Sep 04 05:59:54 devstack cinder-volume[87095]: DEBUG oslo_concurrency.processutils [None req-590b70f1-bcdd-4a1b-91b0-be6772fecbf6 tempest-VolumesGetTest-948025850 None] Running cmd (subprocess): sudo cinder-rootwrap /etc/cinder/rootwrap.conf truncate -s0 /opt/stack/data/cinder/mnt/1eb879cdaf282811bfe4b92c28bdb757/volume-cfc61fbc-dc91-4ea5-a755-f85ed53b86cf.info {{(pid=87095) execute /opt/stack/data/venv/lib/python3.12/site-packages/oslo_concurrency/processutils.py:440}}
Sep 04 05:59:54 devstack sudo[96015]: quobyte : PWD=/ ; USER=root ; COMMAND=/opt/stack/data/venv/bin/cinder-rootwrap /etc/cinder/rootwrap.conf truncate -s0 /opt/stack/data/cinder/mnt/1eb879cdaf282811bfe4b92c28bdb757/volume-cfc61fbc-dc91-4ea5-a755-f85ed53b86cf.info
Sep 04 05:59:54 devstack sudo[96015]: pam_unix(sudo:session): session opened for user root(uid=0) by (uid=1000)
Sep 04 05:59:54 devstack cinder-volume[87095]: DEBUG cinder.volume.flows.manager.create_volume [None req-7ad3ceeb-aac7-4f71-8641-044765e0aaad tempest-GroupSnapshotsTest-899590123 None] Volume reschedule parameters: True retry: {'num_attempts': 1, 'backends': ['devstack@QuobyteHD#QuobyteHD'], 'hosts': ['devstack@QuobyteHD#QuobyteHD']} {{(pid=87095) get_flow /opt/stack/cinder/cinder/volume/flows/manager/create_volume.py:1397}}
Sep 04 05:59:54 devstack cinder-volume[87095]: DEBUG cinder.volume.manager [None req-7ad3ceeb-aac7-4f71-8641-044765e0aaad tempest-GroupSnapshotsTest-899590123 None] Flow 'volume_create_manager' (e6f3d1a6-f665-4e1a-9c29-41c79a56feeb) transitioned into state 'RUNNING' from state 'PENDING' {{(pid=87095) _flow_receiver /opt/stack/data/venv/lib/python3.12/site-packages/taskflow/listeners/logging.py:160}}
Sep 04 05:59:54 devstack cinder-volume[87095]: DEBUG cinder.volume.manager [None req-7ad3ceeb-aac7-4f71-8641-044765e0aaad tempest-GroupSnapshotsTest-899590123 None] Task 'cinder.volume.flows.manager.create_volume.ExtractVolumeRefTask;volume:create' (c438b0eb-8f3e-4590-86d0-617294eddf29) transitioned into state 'RUNNING' from state 'PENDING' {{(pid=87095) _task_receiver /opt/stack/data/venv/lib/python3.12/site-packages/taskflow/listeners/logging.py:242}}
Sep 04 05:59:54 devstack cinder-volume[87095]: DEBUG cinder.volume.manager [None req-7ad3ceeb-aac7-4f71-8641-044765e0aaad tempest-GroupSnapshotsTest-899590123 None] Task 'cinder.volume.flows.manager.create_volume.ExtractVolumeRefTask;volume:create' (c438b0eb-8f3e-4590-86d0-617294eddf29) transitioned into state 'SUCCESS' from state 'RUNNING' with result 'Volume(_name_id=None,admin_metadata=,attach_status='detached',availability_zone='nova',bootable=False,cluster=,cluster_name=None,consistencygroup=,consistencygroup_id=None,created_at=2026-09-04T03:59:54Z,deleted=False,deleted_at=None,display_description=None,display_name='tempest-volume-449104334',ec2_id=None,encryption_key_id=None,glance_metadata=,group=,group_id=56838c86-9247-4716-a1ab-53015422d089,host='devstack@QuobyteHD#QuobyteHD',id=20a918d9-6e37-490f-a9b3-c40c289438b2,launched_at=None,metadata={},migration_status=None,multiattach=False,previous_status=None,project_id='dad6c8604db34895a12bac69a9c2226b',provider_auth=None,provider_geometry=None,provider_id=None,provider_location=None,replication_driver_data=None,replication_extended_status=None,replication_status=None,scheduled_at=2026-09-04T03:59:55Z,service_uuid=None,shared_targets=True,size=1,snapshot_id=None,snapshots=,source_volid=None,status='creating',terminated_at=None,updated_at=2026-09-04T03:59:55Z,use_quota=True,user_id='46bafb490f404e018e81f700759830ce',volume_attachment=VolumeAttachmentList,volume_type=VolumeType(c32ec5dd-fb79-4675-b410-7b5287def670),volume_type_id=c32ec5dd-fb79-4675-b410-7b5287def670)' {{(pid=87095) _task_receiver /opt/stack/data/venv/lib/python3.12/site-packages/taskflow/listeners/logging.py:218}}
Sep 04 05:59:54 devstack cinder-volume[87095]: DEBUG cinder.volume.manager [None req-7ad3ceeb-aac7-4f71-8641-044765e0aaad tempest-GroupSnapshotsTest-899590123 None] Task 'cinder.volume.flows.manager.create_volume.OnFailureRescheduleTask;volume:create' (c431b5c9-4dd6-4085-a272-69e4f174c3ff) transitioned into state 'RUNNING' from state 'PENDING' {{(pid=87095) _task_receiver /opt/stack/data/venv/lib/python3.12/site-packages/taskflow/listeners/logging.py:242}}
Sep 04 05:59:54 devstack cinder-volume[87095]: DEBUG cinder.volume.manager [None req-7ad3ceeb-aac7-4f71-8641-044765e0aaad tempest-GroupSnapshotsTest-899590123 None] Task 'cinder.volume.flows.manager.create_volume.OnFailureRescheduleTask;volume:create' (c431b5c9-4dd6-4085-a272-69e4f174c3ff) transitioned into state 'SUCCESS' from state 'RUNNING' with result 'None' {{(pid=87095) _task_receiver /opt/stack/data/venv/lib/python3.12/site-packages/taskflow/listeners/logging.py:218}}
Sep 04 05:59:54 devstack cinder-volume[87095]: DEBUG cinder.volume.manager [None req-7ad3ceeb-aac7-4f71-8641-044765e0aaad tempest-GroupSnapshotsTest-899590123 None] Task 'cinder.volume.flows.manager.create_volume.ExtractVolumeSpecTask;volume:create' (d8a658b6-add5-4dae-aea0-543d385bb885) transitioned into state 'RUNNING' from state 'PENDING' {{(pid=87095) _task_receiver /opt/stack/data/venv/lib/python3.12/site-packages/taskflow/listeners/logging.py:242}}
Sep 04 05:59:54 devstack cinder-volume[87095]: DEBUG cinder.volume.manager [None req-7ad3ceeb-aac7-4f71-8641-044765e0aaad tempest-GroupSnapshotsTest-899590123 None] Task 'cinder.volume.flows.manager.create_volume.ExtractVolumeSpecTask;volume:create' (d8a658b6-add5-4dae-aea0-543d385bb885) transitioned into state 'SUCCESS' from state 'RUNNING' with result '{'status': 'creating', 'type': 'raw', 'volume_id': '20a918d9-6e37-490f-a9b3-c40c289438b2', 'volume_name': 'volume-20a918d9-6e37-490f-a9b3-c40c289438b2', 'volume_size': 1}' {{(pid=87095) _task_receiver /opt/stack/data/venv/lib/python3.12/site-packages/taskflow/listeners/logging.py:218}}
Sep 04 05:59:54 devstack cinder-volume[87095]: DEBUG cinder.volume.manager [None req-7ad3ceeb-aac7-4f71-8641-044765e0aaad tempest-GroupSnapshotsTest-899590123 None] Task 'cinder.volume.flows.manager.create_volume.NotifyVolumeActionTask;volume:create, create.start' (1f43bf26-9246-4363-9b39-d0072160b976) transitioned into state 'RUNNING' from state 'PENDING' {{(pid=87095) _task_receiver /opt/stack/data/venv/lib/python3.12/site-packages/taskflow/listeners/logging.py:242}}
Sep 04 05:59:54 devstack cinder-volume[87095]: DEBUG cinder.volume.manager [None req-7ad3ceeb-aac7-4f71-8641-044765e0aaad tempest-GroupSnapshotsTest-899590123 None] Task 'cinder.volume.flows.manager.create_volume.NotifyVolumeActionTask;volume:create, create.start' (1f43bf26-9246-4363-9b39-d0072160b976) transitioned into state 'SUCCESS' from state 'RUNNING' with result 'None' {{(pid=87095) _task_receiver /opt/stack/data/venv/lib/python3.12/site-packages/taskflow/listeners/logging.py:218}}
Sep 04 05:59:54 devstack cinder-volume[87095]: DEBUG cinder.volume.manager [None req-7ad3ceeb-aac7-4f71-8641-044765e0aaad tempest-GroupSnapshotsTest-899590123 None] Task 'cinder.volume.flows.manager.create_volume.CreateVolumeFromSpecTask;volume:create' (1adcd13c-c496-43a5-9a55-f20b8c78e7ef) transitioned into state 'RUNNING' from state 'PENDING' {{(pid=87095) _task_receiver /opt/stack/data/venv/lib/python3.12/site-packages/taskflow/listeners/logging.py:242}}
Sep 04 05:59:54 devstack cinder-volume[87095]: INFO cinder.volume.flows.manager.create_volume [None req-7ad3ceeb-aac7-4f71-8641-044765e0aaad tempest-GroupSnapshotsTest-899590123 None] Volume 20a918d9-6e37-490f-a9b3-c40c289438b2: being created as raw with specification: {'status': 'creating', 'volume_name': 'volume-20a918d9-6e37-490f-a9b3-c40c289438b2', 'volume_size': 1}
Sep 04 05:59:54 devstack cinder-volume[87095]: DEBUG oslo_concurrency.lockutils [None req-7ad3ceeb-aac7-4f71-8641-044765e0aaad tempest-GroupSnapshotsTest-899590123 None] Acquiring lock "quobyte" by "cinder.volume.drivers.quobyte.QuobyteDriver.create_volume" {{(pid=87095) inner /opt/stack/data/venv/lib/python3.12/site-packages/oslo_concurrency/lockutils.py:512}}
Sep 04 05:59:55 devstack sudo[96015]: pam_unix(sudo:session): session closed for user root
Sep 04 05:59:55 devstack cinder-volume[87095]: DEBUG oslo_concurrency.processutils [None req-590b70f1-bcdd-4a1b-91b0-be6772fecbf6 tempest-VolumesGetTest-948025850 None] CMD "sudo cinder-rootwrap /etc/cinder/rootwrap.conf truncate -s0 /opt/stack/data/cinder/mnt/1eb879cdaf282811bfe4b92c28bdb757/volume-cfc61fbc-dc91-4ea5-a755-f85ed53b86cf.info" returned: 0 in 0.666s {{(pid=87095) execute /opt/stack/data/venv/lib/python3.12/site-packages/oslo_concurrency/processutils.py:468}}
Sep 04 05:59:55 devstack cinder-volume[87095]: WARNING cinder.volume.drivers.remotefs [None req-590b70f1-bcdd-4a1b-91b0-be6772fecbf6 tempest-VolumesGetTest-948025850 None] /opt/stack/data/cinder/mnt/1eb879cdaf282811bfe4b92c28bdb757/volume-cfc61fbc-dc91-4ea5-a755-f85ed53b86cf.info is being set with open permissions: ugo+rw
Sep 04 05:59:55 devstack cinder-volume[87095]: DEBUG oslo_concurrency.processutils [None req-590b70f1-bcdd-4a1b-91b0-be6772fecbf6 tempest-VolumesGetTest-948025850 None] Running cmd (subprocess): sudo cinder-rootwrap /etc/cinder/rootwrap.conf chmod ugo+rw /opt/stack/data/cinder/mnt/1eb879cdaf282811bfe4b92c28bdb757/volume-cfc61fbc-dc91-4ea5-a755-f85ed53b86cf.info {{(pid=87095) execute /opt/stack/data/venv/lib/python3.12/site-packages/oslo_concurrency/processutils.py:440}}
Sep 04 05:59:55 devstack sudo[96027]: quobyte : PWD=/ ; USER=root ; COMMAND=/opt/stack/data/venv/bin/cinder-rootwrap /etc/cinder/rootwrap.conf chmod ugo+rw /opt/stack/data/cinder/mnt/1eb879cdaf282811bfe4b92c28bdb757/volume-cfc61fbc-dc91-4ea5-a755-f85ed53b86cf.info
Sep 04 05:59:55 devstack sudo[96027]: pam_unix(sudo:session): session opened for user root(uid=0) by (uid=1000)
Sep 04 05:59:55 devstack sudo[96027]: pam_unix(sudo:session): session closed for user root
Sep 04 05:59:55 devstack cinder-volume[87095]: DEBUG oslo_concurrency.processutils [None req-590b70f1-bcdd-4a1b-91b0-be6772fecbf6 tempest-VolumesGetTest-948025850 None] CMD "sudo cinder-rootwrap /etc/cinder/rootwrap.conf chmod ugo+rw /opt/stack/data/cinder/mnt/1eb879cdaf282811bfe4b92c28bdb757/volume-cfc61fbc-dc91-4ea5-a755-f85ed53b86cf.info" returned: 0 in 0.521s {{(pid=87095) execute /opt/stack/data/venv/lib/python3.12/site-packages/oslo_concurrency/processutils.py:468}}
Sep 04 05:59:55 devstack cinder-volume[87095]: DEBUG cinder.coordination [None req-590b70f1-bcdd-4a1b-91b0-be6772fecbf6 tempest-VolumesGetTest-948025850 None] Acquiring lock "cinder-quobyte-765456a1-106c-4022-8b4f-0c12b2357af6" by "_copy_volume_from_snapshot" {{(pid=87095) __acquire /opt/stack/cinder/cinder/coordination.py:138}}
Sep 04 05:59:55 devstack cinder-volume[87095]: DEBUG cinder.coordination [None req-590b70f1-bcdd-4a1b-91b0-be6772fecbf6 tempest-VolumesGetTest-948025850 None] Lock "cinder-quobyte-765456a1-106c-4022-8b4f-0c12b2357af6" acquired by "_copy_volume_from_snapshot" :: waited 0.033s {{(pid=87095) __acquire /opt/stack/cinder/cinder/coordination.py:141}}
Sep 04 05:59:55 devstack cinder-volume[87095]: DEBUG cinder.volume.drivers.quobyte [None req-590b70f1-bcdd-4a1b-91b0-be6772fecbf6 tempest-VolumesGetTest-948025850 None] snapshot: c4699df3-e654-432e-9aa4-2250bb906ddc, volume: 765456a1-106c-4022-8b4f-0c12b2357af6, {{(pid=87095) _copy_volume_from_snapshot /opt/stack/cinder/cinder/volume/drivers/quobyte.py:402}}
Sep 04 05:59:55 devstack cinder-volume[87095]: DEBUG oslo_concurrency.lockutils [None req-590b70f1-bcdd-4a1b-91b0-be6772fecbf6 tempest-VolumesGetTest-948025850 None] Acquiring lock "quobyte_ensure" by "cinder.volume.drivers.quobyte.QuobyteDriver._ensure_shares_mounted" {{(pid=87095) inner /opt/stack/data/venv/lib/python3.12/site-packages/oslo_concurrency/lockutils.py:512}}
Sep 04 05:59:55 devstack cinder-volume[87095]: DEBUG oslo_concurrency.lockutils [None req-590b70f1-bcdd-4a1b-91b0-be6772fecbf6 tempest-VolumesGetTest-948025850 None] Lock "quobyte_ensure" acquired by "cinder.volume.drivers.quobyte.QuobyteDriver._ensure_shares_mounted" :: waited 0.001s {{(pid=87095) inner /opt/stack/data/venv/lib/python3.12/site-packages/oslo_concurrency/lockutils.py:525}}
Sep 04 05:59:55 devstack cinder-volume[87095]: DEBUG cinder.volume.drivers.quobyte [None req-590b70f1-bcdd-4a1b-91b0-be6772fecbf6 tempest-VolumesGetTest-948025850 None] Quobyte Volume URL set to: {'osci02.corp.quobyte.com/cinder-vol-cfe07971-7754-4ef4-9704-03121831df32': None} {{(pid=87095) _load_shares_config /opt/stack/cinder/cinder/volume/drivers/quobyte.py:662}}
Sep 04 05:59:55 devstack cinder-volume[87095]: DEBUG cinder.volume.drivers.quobyte [None req-590b70f1-bcdd-4a1b-91b0-be6772fecbf6 tempest-VolumesGetTest-948025850 None] Available shares ['osci02.corp.quobyte.com/cinder-vol-cfe07971-7754-4ef4-9704-03121831df32'] {{(pid=87095) _ensure_shares_mounted /opt/stack/cinder/cinder/volume/drivers/quobyte.py:692}}
Sep 04 05:59:55 devstack cinder-volume[87095]: DEBUG oslo_concurrency.lockutils [None req-590b70f1-bcdd-4a1b-91b0-be6772fecbf6 tempest-VolumesGetTest-948025850 None] Lock "quobyte_ensure" "released" by "cinder.volume.drivers.quobyte.QuobyteDriver._ensure_shares_mounted" :: held 0.008s {{(pid=87095) inner /opt/stack/data/venv/lib/python3.12/site-packages/oslo_concurrency/lockutils.py:544}}
Sep 04 05:59:55 devstack cinder-volume[87095]: DEBUG oslo.privsep.daemon [-] privsep: reply[7a49740b-a30a-4a2c-96fc-5408d7ae9dfe]: (4, 'qcow2') {{(pid=88806) _call_back /opt/stack/data/venv/lib/python3.12/site-packages/oslo_privsep/daemon.py:580}}
Sep 04 05:59:55 devstack cinder-volume[87095]: DEBUG oslo_concurrency.processutils [None req-590b70f1-bcdd-4a1b-91b0-be6772fecbf6 tempest-VolumesGetTest-948025850 None] Running cmd (subprocess): /opt/stack/data/venv/bin/python3.12 -m oslo_concurrency.prlimit --as=1073741824 --cpu=60 -- sudo cinder-rootwrap /etc/cinder/rootwrap.conf env LC_ALL=C qemu-img info -f qcow2 --output=json --force-share /opt/stack/data/cinder/mnt/1eb879cdaf282811bfe4b92c28bdb757/volume-cfc61fbc-dc91-4ea5-a755-f85ed53b86cf.c4699df3-e654-432e-9aa4-2250bb906ddc {{(pid=87095) execute /opt/stack/data/venv/lib/python3.12/site-packages/oslo_concurrency/processutils.py:440}}
Sep 04 05:59:55 devstack sudo[96037]: quobyte : PWD=/ ; USER=root ; COMMAND=/opt/stack/data/venv/bin/cinder-rootwrap /etc/cinder/rootwrap.conf env LC_ALL=C qemu-img info -f qcow2 --output=json --force-share /opt/stack/data/cinder/mnt/1eb879cdaf282811bfe4b92c28bdb757/volume-cfc61fbc-dc91-4ea5-a755-f85ed53b86cf.c4699df3-e654-432e-9aa4-2250bb906ddc
Sep 04 05:59:55 devstack sudo[96037]: pam_unix(sudo:session): session opened for user root(uid=0) by (uid=1000)
Sep 04 05:59:56 devstack sudo[96037]: pam_unix(sudo:session): session closed for user root
Sep 04 05:59:56 devstack cinder-volume[87095]: DEBUG oslo_concurrency.processutils [None req-590b70f1-bcdd-4a1b-91b0-be6772fecbf6 tempest-VolumesGetTest-948025850 None] CMD "/opt/stack/data/venv/bin/python3.12 -m oslo_concurrency.prlimit --as=1073741824 --cpu=60 -- sudo cinder-rootwrap /etc/cinder/rootwrap.conf env LC_ALL=C qemu-img info -f qcow2 --output=json --force-share /opt/stack/data/cinder/mnt/1eb879cdaf282811bfe4b92c28bdb757/volume-cfc61fbc-dc91-4ea5-a755-f85ed53b86cf.c4699df3-e654-432e-9aa4-2250bb906ddc" returned: 0 in 0.535s {{(pid=87095) execute /opt/stack/data/venv/lib/python3.12/site-packages/oslo_concurrency/processutils.py:468}}
Sep 04 05:59:56 devstack cinder-volume[87095]: DEBUG cinder.volume.drivers.remotefs [None req-590b70f1-bcdd-4a1b-91b0-be6772fecbf6 tempest-VolumesGetTest-948025850 None] Fetching qemu-img info with special backing_file_template: (/opt/stack/data/cinder/mnt/[0-9a-f]+/)?(volume-cfc61fbc-dc91-4ea5-a755-f85ed53b86cf(.(tmp-snap-)?[0-9a-f-]+)?|volume_from_snapshot_cache/(tmp-snap-)?[0-9a-f-]+(.(child-|parent-)[0-9a-f-]+)?)$ {{(pid=87095) _qemu_img_info_base /opt/stack/cinder/cinder/volume/drivers/remotefs.py:896}}
Sep 04 05:59:56 devstack cinder-volume[87095]: DEBUG oslo.privsep.daemon [-] privsep: reply[c4961f5b-9e1a-4dd7-9451-374e831ac7f7]: (4, 'qcow2') {{(pid=88806) _call_back /opt/stack/data/venv/lib/python3.12/site-packages/oslo_privsep/daemon.py:580}}
Sep 04 05:59:56 devstack cinder-volume[87095]: DEBUG oslo_concurrency.processutils [None req-590b70f1-bcdd-4a1b-91b0-be6772fecbf6 tempest-VolumesGetTest-948025850 None] Running cmd (subprocess): /opt/stack/data/venv/bin/python3.12 -m oslo_concurrency.prlimit --as=1073741824 --cpu=60 -- sudo cinder-rootwrap /etc/cinder/rootwrap.conf env LC_ALL=C qemu-img info -f qcow2 --output=json --force-share /opt/stack/data/cinder/mnt/1eb879cdaf282811bfe4b92c28bdb757/volume-cfc61fbc-dc91-4ea5-a755-f85ed53b86cf {{(pid=87095) execute /opt/stack/data/venv/lib/python3.12/site-packages/oslo_concurrency/processutils.py:440}}
Sep 04 05:59:56 devstack sudo[96053]: quobyte : PWD=/ ; USER=root ; COMMAND=/opt/stack/data/venv/bin/cinder-rootwrap /etc/cinder/rootwrap.conf env LC_ALL=C qemu-img info -f qcow2 --output=json --force-share /opt/stack/data/cinder/mnt/1eb879cdaf282811bfe4b92c28bdb757/volume-cfc61fbc-dc91-4ea5-a755-f85ed53b86cf
Sep 04 05:59:56 devstack sudo[96053]: pam_unix(sudo:session): session opened for user root(uid=0) by (uid=1000)
Sep 04 05:59:56 devstack sudo[96053]: pam_unix(sudo:session): session closed for user root
Sep 04 05:59:56 devstack cinder-volume[87095]: DEBUG oslo_concurrency.processutils [None req-590b70f1-bcdd-4a1b-91b0-be6772fecbf6 tempest-VolumesGetTest-948025850 None] CMD "/opt/stack/data/venv/bin/python3.12 -m oslo_concurrency.prlimit --as=1073741824 --cpu=60 -- sudo cinder-rootwrap /etc/cinder/rootwrap.conf env LC_ALL=C qemu-img info -f qcow2 --output=json --force-share /opt/stack/data/cinder/mnt/1eb879cdaf282811bfe4b92c28bdb757/volume-cfc61fbc-dc91-4ea5-a755-f85ed53b86cf" returned: 0 in 0.469s {{(pid=87095) execute /opt/stack/data/venv/lib/python3.12/site-packages/oslo_concurrency/processutils.py:468}}
Sep 04 05:59:56 devstack cinder-volume[87095]: DEBUG cinder.volume.drivers.quobyte [None req-590b70f1-bcdd-4a1b-91b0-be6772fecbf6 tempest-VolumesGetTest-948025850 None] will copy from snapshot at /opt/stack/data/cinder/mnt/1eb879cdaf282811bfe4b92c28bdb757/volume-cfc61fbc-dc91-4ea5-a755-f85ed53b86cf {{(pid=87095) _copy_volume_from_snapshot /opt/stack/cinder/cinder/volume/drivers/quobyte.py:423}}
Sep 04 05:59:56 devstack cinder-volume[87095]: DEBUG cinder.volume.drivers.quobyte [None req-590b70f1-bcdd-4a1b-91b0-be6772fecbf6 tempest-VolumesGetTest-948025850 None] Creating direct copy from snapshot {{(pid=87095) _copy_volume_from_snapshot /opt/stack/cinder/cinder/volume/drivers/quobyte.py:431}}
Sep 04 05:59:56 devstack cinder-volume[87095]: DEBUG cinder.utils [None req-590b70f1-bcdd-4a1b-91b0-be6772fecbf6 tempest-VolumesGetTest-948025850 None] Path /opt/stack/data/cinder/mnt/1eb879cdaf282811bfe4b92c28bdb757/volume-765456a1-106c-4022-8b4f-0c12b2357af6 not found in is_blk_device check {{(pid=87095) is_blk_device /opt/stack/cinder/cinder/utils.py:622}}
Sep 04 05:59:56 devstack cinder-volume[87095]: DEBUG oslo_concurrency.processutils [None req-590b70f1-bcdd-4a1b-91b0-be6772fecbf6 tempest-VolumesGetTest-948025850 None] Running cmd (subprocess): sudo cinder-rootwrap /etc/cinder/rootwrap.conf qemu-img convert -O qcow2 /opt/stack/data/cinder/mnt/1eb879cdaf282811bfe4b92c28bdb757/volume-cfc61fbc-dc91-4ea5-a755-f85ed53b86cf /opt/stack/data/cinder/mnt/1eb879cdaf282811bfe4b92c28bdb757/volume-765456a1-106c-4022-8b4f-0c12b2357af6 {{(pid=87095) execute /opt/stack/data/venv/lib/python3.12/site-packages/oslo_concurrency/processutils.py:440}}
Sep 04 05:59:56 devstack sudo[96061]: quobyte : PWD=/ ; USER=root ; COMMAND=/opt/stack/data/venv/bin/cinder-rootwrap /etc/cinder/rootwrap.conf qemu-img convert -O qcow2 /opt/stack/data/cinder/mnt/1eb879cdaf282811bfe4b92c28bdb757/volume-cfc61fbc-dc91-4ea5-a755-f85ed53b86cf /opt/stack/data/cinder/mnt/1eb879cdaf282811bfe4b92c28bdb757/volume-765456a1-106c-4022-8b4f-0c12b2357af6
Sep 04 05:59:56 devstack sudo[96061]: pam_unix(sudo:session): session opened for user root(uid=0) by (uid=1000)
Sep 04 06:00:04 devstack cinder-volume[87095]: DEBUG dbcounter [-] [87095] Writing DB stats cinder:SELECT=163,cinder:DELETE=12,cinder:UPDATE=184,cinder:INSERT=40 {{(pid=87095) stat_writer /opt/stack/data/venv/lib/python3.12/site-packages/dbcounter.py:115}}
Sep 04 06:00:04 devstack cinder-volume[87095]: DEBUG dbcounter [-] [87095] Writing DB stats cinder:SELECT=155,cinder:UPDATE=160,cinder:INSERT=45,cinder:DELETE=5 {{(pid=87095) stat_writer /opt/stack/data/venv/lib/python3.12/site-packages/dbcounter.py:115}}
Sep 04 06:00:06 devstack sudo[96061]: pam_unix(sudo:session): session closed for user root
Sep 04 06:00:06 devstack cinder-volume[87095]: DEBUG oslo_concurrency.processutils [None req-590b70f1-bcdd-4a1b-91b0-be6772fecbf6 tempest-VolumesGetTest-948025850 None] CMD "sudo cinder-rootwrap /etc/cinder/rootwrap.conf qemu-img convert -O qcow2 /opt/stack/data/cinder/mnt/1eb879cdaf282811bfe4b92c28bdb757/volume-cfc61fbc-dc91-4ea5-a755-f85ed53b86cf /opt/stack/data/cinder/mnt/1eb879cdaf282811bfe4b92c28bdb757/volume-765456a1-106c-4022-8b4f-0c12b2357af6" returned: 0 in 9.686s {{(pid=87095) execute /opt/stack/data/venv/lib/python3.12/site-packages/oslo_concurrency/processutils.py:468}}
Sep 04 06:00:06 devstack cinder-volume[87095]: DEBUG cinder.image.image_utils [None req-590b70f1-bcdd-4a1b-91b0-be6772fecbf6 tempest-VolumesGetTest-948025850 None] Image conversion details: src /opt/stack/data/cinder/mnt/1eb879cdaf282811bfe4b92c28bdb757/volume-cfc61fbc-dc91-4ea5-a755-f85ed53b86cf, size 1024.00 MB, duration 9.69 sec, destination /opt/stack/data/cinder/mnt/1eb879cdaf282811bfe4b92c28bdb757/volume-765456a1-106c-4022-8b4f-0c12b2357af6 {{(pid=87095) _convert_image /opt/stack/cinder/cinder/image/image_utils.py:536}}
Sep 04 06:00:06 devstack cinder-volume[87095]: INFO cinder.image.image_utils [None req-590b70f1-bcdd-4a1b-91b0-be6772fecbf6 tempest-VolumesGetTest-948025850 None] Converted 1024.00 MB image at 105.71 MB/s
Sep 04 06:00:06 devstack cinder-volume[87095]: WARNING cinder.volume.drivers.remotefs [None req-590b70f1-bcdd-4a1b-91b0-be6772fecbf6 tempest-VolumesGetTest-948025850 None] /opt/stack/data/cinder/mnt/1eb879cdaf282811bfe4b92c28bdb757/volume-765456a1-106c-4022-8b4f-0c12b2357af6 is being set with open permissions: ugo+rw
Sep 04 06:00:06 devstack cinder-volume[87095]: DEBUG oslo_concurrency.processutils [None req-590b70f1-bcdd-4a1b-91b0-be6772fecbf6 tempest-VolumesGetTest-948025850 None] Running cmd (subprocess): sudo cinder-rootwrap /etc/cinder/rootwrap.conf chmod ugo+rw /opt/stack/data/cinder/mnt/1eb879cdaf282811bfe4b92c28bdb757/volume-765456a1-106c-4022-8b4f-0c12b2357af6 {{(pid=87095) execute /opt/stack/data/venv/lib/python3.12/site-packages/oslo_concurrency/processutils.py:440}}
Sep 04 06:00:06 devstack sudo[96217]: quobyte : PWD=/ ; USER=root ; COMMAND=/opt/stack/data/venv/bin/cinder-rootwrap /etc/cinder/rootwrap.conf chmod ugo+rw /opt/stack/data/cinder/mnt/1eb879cdaf282811bfe4b92c28bdb757/volume-765456a1-106c-4022-8b4f-0c12b2357af6
Sep 04 06:00:06 devstack sudo[96217]: pam_unix(sudo:session): session opened for user root(uid=0) by (uid=1000)
Sep 04 06:00:07 devstack sudo[96217]: pam_unix(sudo:session): session closed for user root
Sep 04 06:00:07 devstack cinder-volume[87095]: DEBUG oslo_concurrency.processutils [None req-590b70f1-bcdd-4a1b-91b0-be6772fecbf6 tempest-VolumesGetTest-948025850 None] CMD "sudo cinder-rootwrap /etc/cinder/rootwrap.conf chmod ugo+rw /opt/stack/data/cinder/mnt/1eb879cdaf282811bfe4b92c28bdb757/volume-765456a1-106c-4022-8b4f-0c12b2357af6" returned: 0 in 0.621s {{(pid=87095) execute /opt/stack/data/venv/lib/python3.12/site-packages/oslo_concurrency/processutils.py:468}}
Sep 04 06:00:07 devstack cinder-volume[87095]: DEBUG cinder.coordination [None req-590b70f1-bcdd-4a1b-91b0-be6772fecbf6 tempest-VolumesGetTest-948025850 None] Lock "cinder-quobyte-765456a1-106c-4022-8b4f-0c12b2357af6" released by "_copy_volume_from_snapshot" :: held 11.431s {{(pid=87095) __release /opt/stack/cinder/cinder/coordination.py:152}}
Sep 04 06:00:07 devstack cinder-volume[87095]: DEBUG cinder.coordination [None req-590b70f1-bcdd-4a1b-91b0-be6772fecbf6 tempest-VolumesGetTest-948025850 None] Acquiring lock "cinder-quobyte-c4699df3-e654-432e-9aa4-2250bb906ddc" by "_delete_snapshot" {{(pid=87095) __acquire /opt/stack/cinder/cinder/coordination.py:138}}
Sep 04 06:00:07 devstack cinder-volume[87095]: DEBUG cinder.coordination [None req-590b70f1-bcdd-4a1b-91b0-be6772fecbf6 tempest-VolumesGetTest-948025850 None] Lock "cinder-quobyte-c4699df3-e654-432e-9aa4-2250bb906ddc" acquired by "_delete_snapshot" :: waited 0.038s {{(pid=87095) __acquire /opt/stack/cinder/cinder/coordination.py:141}}
Sep 04 06:00:07 devstack cinder-volume[87095]: DEBUG cinder.volume.drivers.remotefs [None req-590b70f1-bcdd-4a1b-91b0-be6772fecbf6 tempest-VolumesGetTest-948025850 None] Deleting offline snapshot c4699df3-e654-432e-9aa4-2250bb906ddc of volume cfc61fbc-dc91-4ea5-a755-f85ed53b86cf {{(pid=87095) _delete_snapshot /opt/stack/cinder/cinder/volume/drivers/remotefs.py:1288}}
Sep 04 06:00:07 devstack cinder-volume[87095]: DEBUG cinder.volume.drivers.remotefs [None req-590b70f1-bcdd-4a1b-91b0-be6772fecbf6 tempest-VolumesGetTest-948025850 None] snapshot_file for this snap is: volume-cfc61fbc-dc91-4ea5-a755-f85ed53b86cf.c4699df3-e654-432e-9aa4-2250bb906ddc {{(pid=87095) _delete_snapshot /opt/stack/cinder/cinder/volume/drivers/remotefs.py:1317}}
Sep 04 06:00:07 devstack cinder-volume[87095]: DEBUG oslo.privsep.daemon [-] privsep: reply[3ca9185e-e226-4157-a69b-da396bca07d3]: (4, 'qcow2') {{(pid=88806) _call_back /opt/stack/data/venv/lib/python3.12/site-packages/oslo_privsep/daemon.py:580}}
Sep 04 06:00:07 devstack cinder-volume[87095]: DEBUG oslo_concurrency.processutils [None req-590b70f1-bcdd-4a1b-91b0-be6772fecbf6 tempest-VolumesGetTest-948025850 None] Running cmd (subprocess): /opt/stack/data/venv/bin/python3.12 -m oslo_concurrency.prlimit --as=1073741824 --cpu=60 -- sudo cinder-rootwrap /etc/cinder/rootwrap.conf env LC_ALL=C qemu-img info -f qcow2 --output=json --force-share /opt/stack/data/cinder/mnt/1eb879cdaf282811bfe4b92c28bdb757/volume-cfc61fbc-dc91-4ea5-a755-f85ed53b86cf.c4699df3-e654-432e-9aa4-2250bb906ddc {{(pid=87095) execute /opt/stack/data/venv/lib/python3.12/site-packages/oslo_concurrency/processutils.py:440}}
Sep 04 06:00:07 devstack sudo[96221]: quobyte : PWD=/ ; USER=root ; COMMAND=/opt/stack/data/venv/bin/cinder-rootwrap /etc/cinder/rootwrap.conf env LC_ALL=C qemu-img info -f qcow2 --output=json --force-share /opt/stack/data/cinder/mnt/1eb879cdaf282811bfe4b92c28bdb757/volume-cfc61fbc-dc91-4ea5-a755-f85ed53b86cf.c4699df3-e654-432e-9aa4-2250bb906ddc
Sep 04 06:00:07 devstack sudo[96221]: pam_unix(sudo:session): session opened for user root(uid=0) by (uid=1000)
Sep 04 06:00:08 devstack sudo[96221]: pam_unix(sudo:session): session closed for user root
Sep 04 06:00:08 devstack cinder-volume[87095]: DEBUG oslo_concurrency.processutils [None req-590b70f1-bcdd-4a1b-91b0-be6772fecbf6 tempest-VolumesGetTest-948025850 None] CMD "/opt/stack/data/venv/bin/python3.12 -m oslo_concurrency.prlimit --as=1073741824 --cpu=60 -- sudo cinder-rootwrap /etc/cinder/rootwrap.conf env LC_ALL=C qemu-img info -f qcow2 --output=json --force-share /opt/stack/data/cinder/mnt/1eb879cdaf282811bfe4b92c28bdb757/volume-cfc61fbc-dc91-4ea5-a755-f85ed53b86cf.c4699df3-e654-432e-9aa4-2250bb906ddc" returned: 0 in 0.914s {{(pid=87095) execute /opt/stack/data/venv/lib/python3.12/site-packages/oslo_concurrency/processutils.py:468}}
Sep 04 06:00:08 devstack cinder-volume[87095]: DEBUG cinder.volume.drivers.remotefs [None req-590b70f1-bcdd-4a1b-91b0-be6772fecbf6 tempest-VolumesGetTest-948025850 None] Fetching qemu-img info with special backing_file_template: (/opt/stack/data/cinder/mnt/[0-9a-f]+/)?(volume-cfc61fbc-dc91-4ea5-a755-f85ed53b86cf(.(tmp-snap-)?[0-9a-f-]+)?|volume_from_snapshot_cache/(tmp-snap-)?[0-9a-f-]+(.(child-|parent-)[0-9a-f-]+)?)$ {{(pid=87095) _qemu_img_info_base /opt/stack/cinder/cinder/volume/drivers/remotefs.py:896}}
Sep 04 06:00:08 devstack cinder-volume[87095]: DEBUG oslo.privsep.daemon [-] privsep: reply[27e75554-0ded-423a-888c-241f8877fd6d]: (4, 'qcow2') {{(pid=88806) _call_back /opt/stack/data/venv/lib/python3.12/site-packages/oslo_privsep/daemon.py:580}}
Sep 04 06:00:08 devstack cinder-volume[87095]: DEBUG oslo_concurrency.processutils [None req-590b70f1-bcdd-4a1b-91b0-be6772fecbf6 tempest-VolumesGetTest-948025850 None] Running cmd (subprocess): /opt/stack/data/venv/bin/python3.12 -m oslo_concurrency.prlimit --as=1073741824 --cpu=60 -- sudo cinder-rootwrap /etc/cinder/rootwrap.conf env LC_ALL=C qemu-img info -f qcow2 --output=json --force-share /opt/stack/data/cinder/mnt/1eb879cdaf282811bfe4b92c28bdb757/volume-cfc61fbc-dc91-4ea5-a755-f85ed53b86cf {{(pid=87095) execute /opt/stack/data/venv/lib/python3.12/site-packages/oslo_concurrency/processutils.py:440}}
Sep 04 06:00:08 devstack sudo[96264]: quobyte : PWD=/ ; USER=root ; COMMAND=/opt/stack/data/venv/bin/cinder-rootwrap /etc/cinder/rootwrap.conf env LC_ALL=C qemu-img info -f qcow2 --output=json --force-share /opt/stack/data/cinder/mnt/1eb879cdaf282811bfe4b92c28bdb757/volume-cfc61fbc-dc91-4ea5-a755-f85ed53b86cf
Sep 04 06:00:08 devstack sudo[96264]: pam_unix(sudo:session): session opened for user root(uid=0) by (uid=1000)
Sep 04 06:00:09 devstack sudo[96264]: pam_unix(sudo:session): session closed for user root
Sep 04 06:00:09 devstack cinder-volume[87095]: DEBUG oslo_concurrency.processutils [None req-590b70f1-bcdd-4a1b-91b0-be6772fecbf6 tempest-VolumesGetTest-948025850 None] CMD "/opt/stack/data/venv/bin/python3.12 -m oslo_concurrency.prlimit --as=1073741824 --cpu=60 -- sudo cinder-rootwrap /etc/cinder/rootwrap.conf env LC_ALL=C qemu-img info -f qcow2 --output=json --force-share /opt/stack/data/cinder/mnt/1eb879cdaf282811bfe4b92c28bdb757/volume-cfc61fbc-dc91-4ea5-a755-f85ed53b86cf" returned: 0 in 1.452s {{(pid=87095) execute /opt/stack/data/venv/lib/python3.12/site-packages/oslo_concurrency/processutils.py:468}}
Sep 04 06:00:09 devstack cinder-volume[87095]: DEBUG oslo_concurrency.processutils [None req-590b70f1-bcdd-4a1b-91b0-be6772fecbf6 tempest-VolumesGetTest-948025850 None] Running cmd (subprocess): sudo cinder-rootwrap /etc/cinder/rootwrap.conf qemu-img commit -d /opt/stack/data/cinder/mnt/1eb879cdaf282811bfe4b92c28bdb757/volume-cfc61fbc-dc91-4ea5-a755-f85ed53b86cf.c4699df3-e654-432e-9aa4-2250bb906ddc {{(pid=87095) execute /opt/stack/data/venv/lib/python3.12/site-packages/oslo_concurrency/processutils.py:440}}
Sep 04 06:00:09 devstack sudo[96275]: quobyte : PWD=/ ; USER=root ; COMMAND=/opt/stack/data/venv/bin/cinder-rootwrap /etc/cinder/rootwrap.conf qemu-img commit -d /opt/stack/data/cinder/mnt/1eb879cdaf282811bfe4b92c28bdb757/volume-cfc61fbc-dc91-4ea5-a755-f85ed53b86cf.c4699df3-e654-432e-9aa4-2250bb906ddc
Sep 04 06:00:09 devstack sudo[96275]: pam_unix(sudo:session): session opened for user root(uid=0) by (uid=1000)
Sep 04 06:00:10 devstack sudo[96275]: pam_unix(sudo:session): session closed for user root
Sep 04 06:00:10 devstack cinder-volume[87095]: DEBUG oslo_concurrency.processutils [None req-590b70f1-bcdd-4a1b-91b0-be6772fecbf6 tempest-VolumesGetTest-948025850 None] CMD "sudo cinder-rootwrap /etc/cinder/rootwrap.conf qemu-img commit -d /opt/stack/data/cinder/mnt/1eb879cdaf282811bfe4b92c28bdb757/volume-cfc61fbc-dc91-4ea5-a755-f85ed53b86cf.c4699df3-e654-432e-9aa4-2250bb906ddc" returned: 0 in 1.065s {{(pid=87095) execute /opt/stack/data/venv/lib/python3.12/site-packages/oslo_concurrency/processutils.py:468}}
Sep 04 06:00:10 devstack cinder-volume[87095]: DEBUG oslo_concurrency.processutils [None req-590b70f1-bcdd-4a1b-91b0-be6772fecbf6 tempest-VolumesGetTest-948025850 None] Running cmd (subprocess): sudo cinder-rootwrap /etc/cinder/rootwrap.conf rm -f /opt/stack/data/cinder/mnt/1eb879cdaf282811bfe4b92c28bdb757/volume-cfc61fbc-dc91-4ea5-a755-f85ed53b86cf.c4699df3-e654-432e-9aa4-2250bb906ddc {{(pid=87095) execute /opt/stack/data/venv/lib/python3.12/site-packages/oslo_concurrency/processutils.py:440}}
Sep 04 06:00:10 devstack sudo[96283]: quobyte : PWD=/ ; USER=root ; COMMAND=/opt/stack/data/venv/bin/cinder-rootwrap /etc/cinder/rootwrap.conf rm -f /opt/stack/data/cinder/mnt/1eb879cdaf282811bfe4b92c28bdb757/volume-cfc61fbc-dc91-4ea5-a755-f85ed53b86cf.c4699df3-e654-432e-9aa4-2250bb906ddc
Sep 04 06:00:10 devstack sudo[96283]: pam_unix(sudo:session): session opened for user root(uid=0) by (uid=1000)
Sep 04 06:00:11 devstack sudo[96283]: pam_unix(sudo:session): session closed for user root
Sep 04 06:00:11 devstack cinder-volume[87095]: DEBUG oslo_concurrency.processutils [None req-590b70f1-bcdd-4a1b-91b0-be6772fecbf6 tempest-VolumesGetTest-948025850 None] CMD "sudo cinder-rootwrap /etc/cinder/rootwrap.conf rm -f /opt/stack/data/cinder/mnt/1eb879cdaf282811bfe4b92c28bdb757/volume-cfc61fbc-dc91-4ea5-a755-f85ed53b86cf.c4699df3-e654-432e-9aa4-2250bb906ddc" returned: 0 in 0.447s {{(pid=87095) execute /opt/stack/data/venv/lib/python3.12/site-packages/oslo_concurrency/processutils.py:468}}
Sep 04 06:00:11 devstack cinder-volume[87095]: DEBUG cinder.coordination [None req-590b70f1-bcdd-4a1b-91b0-be6772fecbf6 tempest-VolumesGetTest-948025850 None] Lock "cinder-quobyte-c4699df3-e654-432e-9aa4-2250bb906ddc" released by "_delete_snapshot" :: held 4.153s {{(pid=87095) __release /opt/stack/cinder/cinder/coordination.py:152}}
Sep 04 06:00:11 devstack cinder-volume[87095]: DEBUG oslo_concurrency.lockutils [None req-590b70f1-bcdd-4a1b-91b0-be6772fecbf6 tempest-VolumesGetTest-948025850 None] Lock "quobyte" "released" by "cinder.volume.drivers.quobyte.QuobyteDriver.create_cloned_volume" :: held 19.800s {{(pid=87095) inner /opt/stack/data/venv/lib/python3.12/site-packages/oslo_concurrency/lockutils.py:544}}
Sep 04 06:00:11 devstack cinder-volume[87095]: DEBUG oslo_concurrency.lockutils [None req-7ad3ceeb-aac7-4f71-8641-044765e0aaad tempest-GroupSnapshotsTest-899590123 None] Lock "quobyte" acquired by "cinder.volume.drivers.quobyte.QuobyteDriver.create_volume" :: waited 16.389s {{(pid=87095) inner /opt/stack/data/venv/lib/python3.12/site-packages/oslo_concurrency/lockutils.py:525}}
