Sep 04 05:58:47 devstack sudo[94748]: pam_unix(sudo:session): session closed for user root
Sep 04 05:58:47 devstack cinder-volume[87095]: DEBUG oslo_concurrency.processutils [None req-b05fe819-2f03-48a2-99fa-8e085d6d399b tempest-VolumesDeleteCascade-1379712238 None] CMD "sudo cinder-rootwrap /etc/cinder/rootwrap.conf qemu-img create -f qcow2 -o preallocation=metadata /opt/stack/data/cinder/mnt/1eb879cdaf282811bfe4b92c28bdb757/volume-e7cf59ef-a35e-46da-9a44-a9a515d23e65 1073741824" returned: 0 in 0.679s {{(pid=87095) execute /opt/stack/data/venv/lib/python3.12/site-packages/oslo_concurrency/processutils.py:468}}
Sep 04 05:58:47 devstack cinder-volume[87095]: DEBUG oslo_concurrency.processutils [None req-b05fe819-2f03-48a2-99fa-8e085d6d399b tempest-VolumesDeleteCascade-1379712238 None] Running cmd (subprocess): sudo cinder-rootwrap /etc/cinder/rootwrap.conf chmod ugo+rw /opt/stack/data/cinder/mnt/1eb879cdaf282811bfe4b92c28bdb757/volume-e7cf59ef-a35e-46da-9a44-a9a515d23e65 {{(pid=87095) execute /opt/stack/data/venv/lib/python3.12/site-packages/oslo_concurrency/processutils.py:440}}
Sep 04 05:58:47 devstack sudo[94756]: quobyte : PWD=/ ; USER=root ; COMMAND=/opt/stack/data/venv/bin/cinder-rootwrap /etc/cinder/rootwrap.conf chmod ugo+rw /opt/stack/data/cinder/mnt/1eb879cdaf282811bfe4b92c28bdb757/volume-e7cf59ef-a35e-46da-9a44-a9a515d23e65
Sep 04 05:58:47 devstack sudo[94756]: pam_unix(sudo:session): session opened for user root(uid=0) by (uid=1000)
Sep 04 05:58:48 devstack sudo[94756]: pam_unix(sudo:session): session closed for user root
Sep 04 05:58:48 devstack cinder-volume[87095]: DEBUG oslo_concurrency.processutils [None req-b05fe819-2f03-48a2-99fa-8e085d6d399b tempest-VolumesDeleteCascade-1379712238 None] CMD "sudo cinder-rootwrap /etc/cinder/rootwrap.conf chmod ugo+rw /opt/stack/data/cinder/mnt/1eb879cdaf282811bfe4b92c28bdb757/volume-e7cf59ef-a35e-46da-9a44-a9a515d23e65" returned: 0 in 0.481s {{(pid=87095) execute /opt/stack/data/venv/lib/python3.12/site-packages/oslo_concurrency/processutils.py:468}}
Sep 04 05:58:48 devstack cinder-volume[87095]: DEBUG cinder.volume.drivers.quobyte [None req-b05fe819-2f03-48a2-99fa-8e085d6d399b tempest-VolumesDeleteCascade-1379712238 None] <== create_volume: return (1271ms) {'provider_location': 'osci02.corp.quobyte.com/cinder-vol-cfe07971-7754-4ef4-9704-03121831df32'} {{(pid=87095) trace_logging_wrapper /opt/stack/cinder/cinder/volume/volume_utils.py:1522}}
Sep 04 05:58:48 devstack cinder-volume[87095]: DEBUG oslo_concurrency.lockutils [None req-b05fe819-2f03-48a2-99fa-8e085d6d399b tempest-VolumesDeleteCascade-1379712238 None] Lock "quobyte" "released" by "cinder.volume.drivers.quobyte.QuobyteDriver.create_volume" :: held 1.277s {{(pid=87095) inner /opt/stack/data/venv/lib/python3.12/site-packages/oslo_concurrency/lockutils.py:544}}
Sep 04 05:58:48 devstack cinder-volume[87095]: DEBUG oslo_concurrency.lockutils [None req-9b4940e0-67db-4d00-bbf5-b7f2bca6bb19 tempest-GroupSnapshotsTest-899590123 None] Lock "quobyte" acquired by "cinder.volume.drivers.quobyte.QuobyteDriver.create_volume" :: waited 1.093s {{(pid=87095) inner /opt/stack/data/venv/lib/python3.12/site-packages/oslo_concurrency/lockutils.py:525}}
Sep 04 05:58:48 devstack cinder-volume[87095]: DEBUG cinder.volume.drivers.quobyte [None req-9b4940e0-67db-4d00-bbf5-b7f2bca6bb19 tempest-GroupSnapshotsTest-899590123 None] ==> create_volume: call "{'self': , 'volume': Volume(_name_id=None,admin_metadata=,attach_status='detached',availability_zone='nova',bootable=False,cluster=,cluster_name=None,consistencygroup=,consistencygroup_id=c9754f2d-3dc8-4a4f-b11f-94fa4459c5c2,created_at=2026-09-04T03:58:46Z,deleted=False,deleted_at=None,display_description=None,display_name='tempest-volume-2011848370',ec2_id=None,encryption_key_id=None,glance_metadata=,group=,group_id=c9754f2d-3dc8-4a4f-b11f-94fa4459c5c2,host='devstack@QuobyteHD#QuobyteHD',id=9359dea6-415f-4b48-a7d9-8a6f32ee14ac,launched_at=None,metadata={},migration_status=None,multiattach=False,previous_status=None,project_id='dad6c8604db34895a12bac69a9c2226b',provider_auth=None,provider_geometry=None,provider_id=None,provider_location=None,replication_driver_data=None,replication_extended_status=None,replication_status=None,scheduled_at=2026-09-04T03:58:47Z,service_uuid=None,shared_targets=True,size=1,snapshot_id=None,snapshots=,source_volid=None,status='creating',terminated_at=None,updated_at=2026-09-04T03:58:47Z,use_quota=True,user_id='46bafb490f404e018e81f700759830ce',volume_attachment=VolumeAttachmentList,volume_type=VolumeType(1448255a-9b7c-468c-8378-4d2f3240aa3c),volume_type_id=1448255a-9b7c-468c-8378-4d2f3240aa3c)}" {{(pid=87095) trace_logging_wrapper /opt/stack/cinder/cinder/volume/volume_utils.py:1497}}
Sep 04 05:58:48 devstack cinder-volume[87095]: DEBUG cinder.volume.drivers.remotefs [None req-9b4940e0-67db-4d00-bbf5-b7f2bca6bb19 tempest-GroupSnapshotsTest-899590123 None] Creating volume 9359dea6-415f-4b48-a7d9-8a6f32ee14ac {{(pid=87095) create_volume /opt/stack/cinder/cinder/volume/drivers/remotefs.py:292}}
Sep 04 05:58:48 devstack cinder-volume[87095]: DEBUG oslo_concurrency.lockutils [None req-9b4940e0-67db-4d00-bbf5-b7f2bca6bb19 tempest-GroupSnapshotsTest-899590123 None] Acquiring lock "quobyte_ensure" by "cinder.volume.drivers.quobyte.QuobyteDriver._ensure_shares_mounted" {{(pid=87095) inner /opt/stack/data/venv/lib/python3.12/site-packages/oslo_concurrency/lockutils.py:512}}
Sep 04 05:58:48 devstack cinder-volume[87095]: DEBUG oslo_concurrency.lockutils [None req-9b4940e0-67db-4d00-bbf5-b7f2bca6bb19 tempest-GroupSnapshotsTest-899590123 None] Lock "quobyte_ensure" acquired by "cinder.volume.drivers.quobyte.QuobyteDriver._ensure_shares_mounted" :: waited 0.001s {{(pid=87095) inner /opt/stack/data/venv/lib/python3.12/site-packages/oslo_concurrency/lockutils.py:525}}
Sep 04 05:58:48 devstack cinder-volume[87095]: DEBUG cinder.volume.drivers.quobyte [None req-9b4940e0-67db-4d00-bbf5-b7f2bca6bb19 tempest-GroupSnapshotsTest-899590123 None] Quobyte Volume URL set to: {'osci02.corp.quobyte.com/cinder-vol-cfe07971-7754-4ef4-9704-03121831df32': None} {{(pid=87095) _load_shares_config /opt/stack/cinder/cinder/volume/drivers/quobyte.py:662}}
Sep 04 05:58:48 devstack cinder-volume[87095]: DEBUG cinder.volume.drivers.quobyte [None req-9b4940e0-67db-4d00-bbf5-b7f2bca6bb19 tempest-GroupSnapshotsTest-899590123 None] Available shares ['osci02.corp.quobyte.com/cinder-vol-cfe07971-7754-4ef4-9704-03121831df32'] {{(pid=87095) _ensure_shares_mounted /opt/stack/cinder/cinder/volume/drivers/quobyte.py:692}}
Sep 04 05:58:48 devstack cinder-volume[87095]: DEBUG oslo_concurrency.lockutils [None req-9b4940e0-67db-4d00-bbf5-b7f2bca6bb19 tempest-GroupSnapshotsTest-899590123 None] Lock "quobyte_ensure" "released" by "cinder.volume.drivers.quobyte.QuobyteDriver._ensure_shares_mounted" :: held 0.007s {{(pid=87095) inner /opt/stack/data/venv/lib/python3.12/site-packages/oslo_concurrency/lockutils.py:544}}
Sep 04 05:58:48 devstack cinder-volume[87095]: DEBUG cinder.volume.drivers.quobyte [None req-9b4940e0-67db-4d00-bbf5-b7f2bca6bb19 tempest-GroupSnapshotsTest-899590123 None] Selected osci02.corp.quobyte.com/cinder-vol-cfe07971-7754-4ef4-9704-03121831df32 as target Quobyte volume. {{(pid=87095) _find_share /opt/stack/cinder/cinder/volume/drivers/quobyte.py:713}}
Sep 04 05:58:48 devstack cinder-volume[87095]: INFO cinder.volume.drivers.remotefs [None req-9b4940e0-67db-4d00-bbf5-b7f2bca6bb19 tempest-GroupSnapshotsTest-899590123 None] casted to osci02.corp.quobyte.com/cinder-vol-cfe07971-7754-4ef4-9704-03121831df32
Sep 04 05:58:48 devstack cinder-volume[87095]: DEBUG oslo_concurrency.processutils [None req-9b4940e0-67db-4d00-bbf5-b7f2bca6bb19 tempest-GroupSnapshotsTest-899590123 None] Running cmd (subprocess): sudo cinder-rootwrap /etc/cinder/rootwrap.conf qemu-img create -f qcow2 -o preallocation=metadata /opt/stack/data/cinder/mnt/1eb879cdaf282811bfe4b92c28bdb757/volume-9359dea6-415f-4b48-a7d9-8a6f32ee14ac 1073741824 {{(pid=87095) execute /opt/stack/data/venv/lib/python3.12/site-packages/oslo_concurrency/processutils.py:440}}
Sep 04 05:58:48 devstack cinder-volume[87095]: DEBUG cinder.volume.manager [None req-b05fe819-2f03-48a2-99fa-8e085d6d399b tempest-VolumesDeleteCascade-1379712238 None] Task 'cinder.volume.flows.manager.create_volume.CreateVolumeFromSpecTask;volume:create' (68123d91-4948-403c-a2ba-be1ac8a26f9c) transitioned into state 'SUCCESS' from state 'RUNNING' with result '{'status': 'creating', 'volume_name': 'volume-e7cf59ef-a35e-46da-9a44-a9a515d23e65', 'volume_size': 1}' {{(pid=87095) _task_receiver /opt/stack/data/venv/lib/python3.12/site-packages/taskflow/listeners/logging.py:218}}
Sep 04 05:58:48 devstack cinder-volume[87095]: DEBUG cinder.volume.manager [None req-b05fe819-2f03-48a2-99fa-8e085d6d399b tempest-VolumesDeleteCascade-1379712238 None] Task 'cinder.volume.flows.manager.create_volume.CreateVolumeOnFinishTask;volume:create, create.end' (d5c5682c-016a-4434-93ed-cbb87be7b2fb) transitioned into state 'RUNNING' from state 'PENDING' {{(pid=87095) _task_receiver /opt/stack/data/venv/lib/python3.12/site-packages/taskflow/listeners/logging.py:242}}
Sep 04 05:58:48 devstack sudo[94760]: quobyte : PWD=/ ; USER=root ; COMMAND=/opt/stack/data/venv/bin/cinder-rootwrap /etc/cinder/rootwrap.conf qemu-img create -f qcow2 -o preallocation=metadata /opt/stack/data/cinder/mnt/1eb879cdaf282811bfe4b92c28bdb757/volume-9359dea6-415f-4b48-a7d9-8a6f32ee14ac 1073741824
Sep 04 05:58:48 devstack sudo[94760]: pam_unix(sudo:session): session opened for user root(uid=0) by (uid=1000)
Sep 04 05:58:48 devstack cinder-volume[87095]: INFO cinder.volume.flows.manager.create_volume [None req-b05fe819-2f03-48a2-99fa-8e085d6d399b tempest-VolumesDeleteCascade-1379712238 None] Volume volume-e7cf59ef-a35e-46da-9a44-a9a515d23e65 (e7cf59ef-a35e-46da-9a44-a9a515d23e65): created successfully
Sep 04 05:58:48 devstack cinder-volume[87095]: DEBUG cinder.volume.manager [None req-b05fe819-2f03-48a2-99fa-8e085d6d399b tempest-VolumesDeleteCascade-1379712238 None] Task 'cinder.volume.flows.manager.create_volume.CreateVolumeOnFinishTask;volume:create, create.end' (d5c5682c-016a-4434-93ed-cbb87be7b2fb) transitioned into state 'SUCCESS' from state 'RUNNING' with result 'None' {{(pid=87095) _task_receiver /opt/stack/data/venv/lib/python3.12/site-packages/taskflow/listeners/logging.py:218}}
Sep 04 05:58:48 devstack cinder-volume[87095]: DEBUG cinder.volume.manager [None req-b05fe819-2f03-48a2-99fa-8e085d6d399b tempest-VolumesDeleteCascade-1379712238 None] Flow 'volume_create_manager' (bf2cd7de-6883-401e-8448-38458c37799f) transitioned into state 'SUCCESS' from state 'RUNNING' {{(pid=87095) _flow_receiver /opt/stack/data/venv/lib/python3.12/site-packages/taskflow/listeners/logging.py:160}}
Sep 04 05:58:48 devstack cinder-volume[87095]: INFO cinder.volume.manager [None req-b05fe819-2f03-48a2-99fa-8e085d6d399b tempest-VolumesDeleteCascade-1379712238 None] Created volume successfully.
Sep 04 05:58:49 devstack sudo[94760]: pam_unix(sudo:session): session closed for user root
Sep 04 05:58:49 devstack cinder-volume[87095]: DEBUG oslo_concurrency.processutils [None req-9b4940e0-67db-4d00-bbf5-b7f2bca6bb19 tempest-GroupSnapshotsTest-899590123 None] CMD "sudo cinder-rootwrap /etc/cinder/rootwrap.conf qemu-img create -f qcow2 -o preallocation=metadata /opt/stack/data/cinder/mnt/1eb879cdaf282811bfe4b92c28bdb757/volume-9359dea6-415f-4b48-a7d9-8a6f32ee14ac 1073741824" returned: 0 in 1.113s {{(pid=87095) execute /opt/stack/data/venv/lib/python3.12/site-packages/oslo_concurrency/processutils.py:468}}
Sep 04 05:58:49 devstack cinder-volume[87095]: DEBUG oslo_concurrency.processutils [None req-9b4940e0-67db-4d00-bbf5-b7f2bca6bb19 tempest-GroupSnapshotsTest-899590123 None] Running cmd (subprocess): sudo cinder-rootwrap /etc/cinder/rootwrap.conf chmod ugo+rw /opt/stack/data/cinder/mnt/1eb879cdaf282811bfe4b92c28bdb757/volume-9359dea6-415f-4b48-a7d9-8a6f32ee14ac {{(pid=87095) execute /opt/stack/data/venv/lib/python3.12/site-packages/oslo_concurrency/processutils.py:440}}
Sep 04 05:58:49 devstack sudo[94767]: quobyte : PWD=/ ; USER=root ; COMMAND=/opt/stack/data/venv/bin/cinder-rootwrap /etc/cinder/rootwrap.conf chmod ugo+rw /opt/stack/data/cinder/mnt/1eb879cdaf282811bfe4b92c28bdb757/volume-9359dea6-415f-4b48-a7d9-8a6f32ee14ac
Sep 04 05:58:49 devstack sudo[94767]: pam_unix(sudo:session): session opened for user root(uid=0) by (uid=1000)
Sep 04 05:58:50 devstack sudo[94767]: pam_unix(sudo:session): session closed for user root
Sep 04 05:58:50 devstack cinder-volume[87095]: DEBUG oslo_concurrency.processutils [None req-9b4940e0-67db-4d00-bbf5-b7f2bca6bb19 tempest-GroupSnapshotsTest-899590123 None] CMD "sudo cinder-rootwrap /etc/cinder/rootwrap.conf chmod ugo+rw /opt/stack/data/cinder/mnt/1eb879cdaf282811bfe4b92c28bdb757/volume-9359dea6-415f-4b48-a7d9-8a6f32ee14ac" returned: 0 in 0.800s {{(pid=87095) execute /opt/stack/data/venv/lib/python3.12/site-packages/oslo_concurrency/processutils.py:468}}
Sep 04 05:58:50 devstack cinder-volume[87095]: DEBUG cinder.volume.drivers.quobyte [None req-9b4940e0-67db-4d00-bbf5-b7f2bca6bb19 tempest-GroupSnapshotsTest-899590123 None] <== create_volume: return (1981ms) {'provider_location': 'osci02.corp.quobyte.com/cinder-vol-cfe07971-7754-4ef4-9704-03121831df32'} {{(pid=87095) trace_logging_wrapper /opt/stack/cinder/cinder/volume/volume_utils.py:1522}}
Sep 04 05:58:50 devstack cinder-volume[87095]: DEBUG oslo_concurrency.lockutils [None req-9b4940e0-67db-4d00-bbf5-b7f2bca6bb19 tempest-GroupSnapshotsTest-899590123 None] Lock "quobyte" "released" by "cinder.volume.drivers.quobyte.QuobyteDriver.create_volume" :: held 1.995s {{(pid=87095) inner /opt/stack/data/venv/lib/python3.12/site-packages/oslo_concurrency/lockutils.py:544}}
Sep 04 05:58:50 devstack cinder-volume[87095]: DEBUG cinder.volume.manager [None req-9b4940e0-67db-4d00-bbf5-b7f2bca6bb19 tempest-GroupSnapshotsTest-899590123 None] Task 'cinder.volume.flows.manager.create_volume.CreateVolumeFromSpecTask;volume:create' (c47c69c0-663a-48c4-88bb-8c3fcb808624) transitioned into state 'SUCCESS' from state 'RUNNING' with result '{'status': 'creating', 'volume_name': 'volume-9359dea6-415f-4b48-a7d9-8a6f32ee14ac', 'volume_size': 1}' {{(pid=87095) _task_receiver /opt/stack/data/venv/lib/python3.12/site-packages/taskflow/listeners/logging.py:218}}
Sep 04 05:58:50 devstack cinder-volume[87095]: DEBUG cinder.volume.manager [None req-9b4940e0-67db-4d00-bbf5-b7f2bca6bb19 tempest-GroupSnapshotsTest-899590123 None] Task 'cinder.volume.flows.manager.create_volume.CreateVolumeOnFinishTask;volume:create, create.end' (cb80bfdb-9830-496f-9a2e-c3dca1f9f3dd) transitioned into state 'RUNNING' from state 'PENDING' {{(pid=87095) _task_receiver /opt/stack/data/venv/lib/python3.12/site-packages/taskflow/listeners/logging.py:242}}
Sep 04 05:58:50 devstack cinder-volume[87095]: INFO cinder.volume.flows.manager.create_volume [None req-9b4940e0-67db-4d00-bbf5-b7f2bca6bb19 tempest-GroupSnapshotsTest-899590123 None] Volume volume-9359dea6-415f-4b48-a7d9-8a6f32ee14ac (9359dea6-415f-4b48-a7d9-8a6f32ee14ac): created successfully
Sep 04 05:58:50 devstack cinder-volume[87095]: DEBUG cinder.volume.manager [None req-9b4940e0-67db-4d00-bbf5-b7f2bca6bb19 tempest-GroupSnapshotsTest-899590123 None] Task 'cinder.volume.flows.manager.create_volume.CreateVolumeOnFinishTask;volume:create, create.end' (cb80bfdb-9830-496f-9a2e-c3dca1f9f3dd) transitioned into state 'SUCCESS' from state 'RUNNING' with result 'None' {{(pid=87095) _task_receiver /opt/stack/data/venv/lib/python3.12/site-packages/taskflow/listeners/logging.py:218}}
Sep 04 05:58:50 devstack cinder-volume[87095]: DEBUG cinder.volume.manager [None req-9b4940e0-67db-4d00-bbf5-b7f2bca6bb19 tempest-GroupSnapshotsTest-899590123 None] Flow 'volume_create_manager' (64ee4aa0-b9c7-460f-b202-5730c9463d82) transitioned into state 'SUCCESS' from state 'RUNNING' {{(pid=87095) _flow_receiver /opt/stack/data/venv/lib/python3.12/site-packages/taskflow/listeners/logging.py:160}}
Sep 04 05:58:50 devstack cinder-volume[87095]: INFO cinder.volume.manager [None req-9b4940e0-67db-4d00-bbf5-b7f2bca6bb19 tempest-GroupSnapshotsTest-899590123 None] Created volume successfully.
Sep 04 05:58:50 devstack cinder-volume[87095]: DEBUG oslo_concurrency.lockutils [None req-0a201aee-28e0-4260-b9d5-2f1a20a2d74f tempest-VolumesDeleteCascade-1379712238 None] Acquiring lock "quobyte" by "cinder.volume.drivers.quobyte.QuobyteDriver.create_snapshot" {{(pid=87095) inner /opt/stack/data/venv/lib/python3.12/site-packages/oslo_concurrency/lockutils.py:512}}
Sep 04 05:58:50 devstack cinder-volume[87095]: DEBUG oslo_concurrency.lockutils [None req-0a201aee-28e0-4260-b9d5-2f1a20a2d74f tempest-VolumesDeleteCascade-1379712238 None] Lock "quobyte" acquired by "cinder.volume.drivers.quobyte.QuobyteDriver.create_snapshot" :: waited 0.001s {{(pid=87095) inner /opt/stack/data/venv/lib/python3.12/site-packages/oslo_concurrency/lockutils.py:525}}
Sep 04 05:58:50 devstack cinder-volume[87095]: DEBUG cinder.volume.drivers.remotefs [None req-0a201aee-28e0-4260-b9d5-2f1a20a2d74f tempest-VolumesDeleteCascade-1379712238 None] Creating offline snapshot 861e7779-bb35-414d-a89d-1ad949ab7e4b of volume e7cf59ef-a35e-46da-9a44-a9a515d23e65 {{(pid=87095) _create_snapshot /opt/stack/cinder/cinder/volume/drivers/remotefs.py:1816}}
Sep 04 05:58:50 devstack cinder-volume[87095]: DEBUG oslo.privsep.daemon [-] privsep: reply[3d1c3dc3-bbe0-4659-907b-12c94e503c18]: (4, 'qcow2') {{(pid=88806) _call_back /opt/stack/data/venv/lib/python3.12/site-packages/oslo_privsep/daemon.py:580}}
Sep 04 05:58:50 devstack cinder-volume[87095]: DEBUG oslo_concurrency.processutils [None req-0a201aee-28e0-4260-b9d5-2f1a20a2d74f tempest-VolumesDeleteCascade-1379712238 None] Running cmd (subprocess): /opt/stack/data/venv/bin/python3.12 -m oslo_concurrency.prlimit --as=1073741824 --cpu=60 -- sudo cinder-rootwrap /etc/cinder/rootwrap.conf env LC_ALL=C qemu-img info -f qcow2 --output=json --force-share /opt/stack/data/cinder/mnt/1eb879cdaf282811bfe4b92c28bdb757/volume-e7cf59ef-a35e-46da-9a44-a9a515d23e65 {{(pid=87095) execute /opt/stack/data/venv/lib/python3.12/site-packages/oslo_concurrency/processutils.py:440}}
Sep 04 05:58:51 devstack sudo[94784]: quobyte : PWD=/ ; USER=root ; COMMAND=/opt/stack/data/venv/bin/cinder-rootwrap /etc/cinder/rootwrap.conf env LC_ALL=C qemu-img info -f qcow2 --output=json --force-share /opt/stack/data/cinder/mnt/1eb879cdaf282811bfe4b92c28bdb757/volume-e7cf59ef-a35e-46da-9a44-a9a515d23e65
Sep 04 05:58:51 devstack sudo[94784]: pam_unix(sudo:session): session opened for user root(uid=0) by (uid=1000)
Sep 04 05:58:51 devstack cinder-volume[87095]: INFO cinder.volume.manager [None req-4684cf7a-2a73-4660-b99f-f08c3d3912b4 tempest-GroupSnapshotsTest-899590123 None] GroupSnapshot 79544e97-b5f4-4bea-98a5-311e2d41314c: creating.
Sep 04 05:58:51 devstack cinder-volume[87095]: DEBUG cinder.volume.manager [None req-4684cf7a-2a73-4660-b99f-f08c3d3912b4 tempest-GroupSnapshotsTest-899590123 None] Group snapshot 79544e97-b5f4-4bea-98a5-311e2d41314c: creating. {{(pid=87095) create_group_snapshot /opt/stack/cinder/cinder/volume/manager.py:4175}}
Sep 04 05:58:51 devstack cinder-volume[87095]: DEBUG oslo_concurrency.lockutils [None req-4684cf7a-2a73-4660-b99f-f08c3d3912b4 tempest-GroupSnapshotsTest-899590123 None] Acquiring lock "quobyte" by "cinder.volume.drivers.quobyte.QuobyteDriver.create_snapshot" {{(pid=87095) inner /opt/stack/data/venv/lib/python3.12/site-packages/oslo_concurrency/lockutils.py:512}}
Sep 04 05:58:52 devstack sudo[94784]: pam_unix(sudo:session): session closed for user root
Sep 04 05:58:52 devstack cinder-volume[87095]: DEBUG oslo_concurrency.processutils [None req-0a201aee-28e0-4260-b9d5-2f1a20a2d74f tempest-VolumesDeleteCascade-1379712238 None] CMD "/opt/stack/data/venv/bin/python3.12 -m oslo_concurrency.prlimit --as=1073741824 --cpu=60 -- sudo cinder-rootwrap /etc/cinder/rootwrap.conf env LC_ALL=C qemu-img info -f qcow2 --output=json --force-share /opt/stack/data/cinder/mnt/1eb879cdaf282811bfe4b92c28bdb757/volume-e7cf59ef-a35e-46da-9a44-a9a515d23e65" returned: 0 in 1.263s {{(pid=87095) execute /opt/stack/data/venv/lib/python3.12/site-packages/oslo_concurrency/processutils.py:468}}
Sep 04 05:58:52 devstack cinder-volume[87095]: DEBUG oslo_concurrency.processutils [None req-0a201aee-28e0-4260-b9d5-2f1a20a2d74f tempest-VolumesDeleteCascade-1379712238 None] Running cmd (subprocess): sudo cinder-rootwrap /etc/cinder/rootwrap.conf qemu-img create -f qcow2 -o backing_file=/opt/stack/data/cinder/mnt/1eb879cdaf282811bfe4b92c28bdb757/volume-e7cf59ef-a35e-46da-9a44-a9a515d23e65,backing_fmt=qcow2 /opt/stack/data/cinder/mnt/1eb879cdaf282811bfe4b92c28bdb757/volume-e7cf59ef-a35e-46da-9a44-a9a515d23e65.861e7779-bb35-414d-a89d-1ad949ab7e4b 1G {{(pid=87095) execute /opt/stack/data/venv/lib/python3.12/site-packages/oslo_concurrency/processutils.py:440}}
Sep 04 05:58:52 devstack sudo[94792]: quobyte : PWD=/ ; USER=root ; COMMAND=/opt/stack/data/venv/bin/cinder-rootwrap /etc/cinder/rootwrap.conf qemu-img create -f qcow2 -o backing_file=/opt/stack/data/cinder/mnt/1eb879cdaf282811bfe4b92c28bdb757/volume-e7cf59ef-a35e-46da-9a44-a9a515d23e65,backing_fmt=qcow2 /opt/stack/data/cinder/mnt/1eb879cdaf282811bfe4b92c28bdb757/volume-e7cf59ef-a35e-46da-9a44-a9a515d23e65.861e7779-bb35-414d-a89d-1ad949ab7e4b 1G
Sep 04 05:58:52 devstack sudo[94792]: pam_unix(sudo:session): session opened for user root(uid=0) by (uid=1000)
Sep 04 05:58:52 devstack sudo[94792]: pam_unix(sudo:session): session closed for user root
Sep 04 05:58:52 devstack cinder-volume[87095]: DEBUG oslo_concurrency.processutils [None req-0a201aee-28e0-4260-b9d5-2f1a20a2d74f tempest-VolumesDeleteCascade-1379712238 None] CMD "sudo cinder-rootwrap /etc/cinder/rootwrap.conf qemu-img create -f qcow2 -o backing_file=/opt/stack/data/cinder/mnt/1eb879cdaf282811bfe4b92c28bdb757/volume-e7cf59ef-a35e-46da-9a44-a9a515d23e65,backing_fmt=qcow2 /opt/stack/data/cinder/mnt/1eb879cdaf282811bfe4b92c28bdb757/volume-e7cf59ef-a35e-46da-9a44-a9a515d23e65.861e7779-bb35-414d-a89d-1ad949ab7e4b 1G" returned: 0 in 0.775s {{(pid=87095) execute /opt/stack/data/venv/lib/python3.12/site-packages/oslo_concurrency/processutils.py:468}}
Sep 04 05:58:52 devstack cinder-volume[87095]: DEBUG oslo_concurrency.processutils [None req-0a201aee-28e0-4260-b9d5-2f1a20a2d74f tempest-VolumesDeleteCascade-1379712238 None] Running cmd (subprocess): sudo cinder-rootwrap /etc/cinder/rootwrap.conf qemu-img rebase -u -b volume-e7cf59ef-a35e-46da-9a44-a9a515d23e65 -F qcow2 /opt/stack/data/cinder/mnt/1eb879cdaf282811bfe4b92c28bdb757/volume-e7cf59ef-a35e-46da-9a44-a9a515d23e65.861e7779-bb35-414d-a89d-1ad949ab7e4b {{(pid=87095) execute /opt/stack/data/venv/lib/python3.12/site-packages/oslo_concurrency/processutils.py:440}}
Sep 04 05:58:52 devstack sudo[94797]: quobyte : PWD=/ ; USER=root ; COMMAND=/opt/stack/data/venv/bin/cinder-rootwrap /etc/cinder/rootwrap.conf qemu-img rebase -u -b volume-e7cf59ef-a35e-46da-9a44-a9a515d23e65 -F qcow2 /opt/stack/data/cinder/mnt/1eb879cdaf282811bfe4b92c28bdb757/volume-e7cf59ef-a35e-46da-9a44-a9a515d23e65.861e7779-bb35-414d-a89d-1ad949ab7e4b
Sep 04 05:58:52 devstack sudo[94797]: pam_unix(sudo:session): session opened for user root(uid=0) by (uid=1000)
Sep 04 05:58:53 devstack sudo[94797]: pam_unix(sudo:session): session closed for user root
Sep 04 05:58:53 devstack cinder-volume[87095]: DEBUG oslo_concurrency.processutils [None req-0a201aee-28e0-4260-b9d5-2f1a20a2d74f tempest-VolumesDeleteCascade-1379712238 None] CMD "sudo cinder-rootwrap /etc/cinder/rootwrap.conf qemu-img rebase -u -b volume-e7cf59ef-a35e-46da-9a44-a9a515d23e65 -F qcow2 /opt/stack/data/cinder/mnt/1eb879cdaf282811bfe4b92c28bdb757/volume-e7cf59ef-a35e-46da-9a44-a9a515d23e65.861e7779-bb35-414d-a89d-1ad949ab7e4b" returned: 0 in 0.344s {{(pid=87095) execute /opt/stack/data/venv/lib/python3.12/site-packages/oslo_concurrency/processutils.py:468}}
Sep 04 05:58:53 devstack cinder-volume[87095]: WARNING cinder.volume.drivers.remotefs [None req-0a201aee-28e0-4260-b9d5-2f1a20a2d74f tempest-VolumesDeleteCascade-1379712238 None] /opt/stack/data/cinder/mnt/1eb879cdaf282811bfe4b92c28bdb757/volume-e7cf59ef-a35e-46da-9a44-a9a515d23e65.861e7779-bb35-414d-a89d-1ad949ab7e4b is being set with open permissions: ugo+rw
Sep 04 05:58:53 devstack cinder-volume[87095]: DEBUG oslo_concurrency.processutils [None req-0a201aee-28e0-4260-b9d5-2f1a20a2d74f tempest-VolumesDeleteCascade-1379712238 None] Running cmd (subprocess): sudo cinder-rootwrap /etc/cinder/rootwrap.conf chmod ugo+rw /opt/stack/data/cinder/mnt/1eb879cdaf282811bfe4b92c28bdb757/volume-e7cf59ef-a35e-46da-9a44-a9a515d23e65.861e7779-bb35-414d-a89d-1ad949ab7e4b {{(pid=87095) execute /opt/stack/data/venv/lib/python3.12/site-packages/oslo_concurrency/processutils.py:440}}
Sep 04 05:58:53 devstack sudo[94802]: quobyte : PWD=/ ; USER=root ; COMMAND=/opt/stack/data/venv/bin/cinder-rootwrap /etc/cinder/rootwrap.conf chmod ugo+rw /opt/stack/data/cinder/mnt/1eb879cdaf282811bfe4b92c28bdb757/volume-e7cf59ef-a35e-46da-9a44-a9a515d23e65.861e7779-bb35-414d-a89d-1ad949ab7e4b
Sep 04 05:58:53 devstack sudo[94802]: pam_unix(sudo:session): session opened for user root(uid=0) by (uid=1000)
Sep 04 05:58:53 devstack sudo[94802]: pam_unix(sudo:session): session closed for user root
Sep 04 05:58:53 devstack cinder-volume[87095]: DEBUG oslo_concurrency.processutils [None req-0a201aee-28e0-4260-b9d5-2f1a20a2d74f tempest-VolumesDeleteCascade-1379712238 None] CMD "sudo cinder-rootwrap /etc/cinder/rootwrap.conf chmod ugo+rw /opt/stack/data/cinder/mnt/1eb879cdaf282811bfe4b92c28bdb757/volume-e7cf59ef-a35e-46da-9a44-a9a515d23e65.861e7779-bb35-414d-a89d-1ad949ab7e4b" returned: 0 in 0.371s {{(pid=87095) execute /opt/stack/data/venv/lib/python3.12/site-packages/oslo_concurrency/processutils.py:468}}
Sep 04 05:58:53 devstack cinder-volume[87095]: DEBUG oslo_concurrency.processutils [None req-0a201aee-28e0-4260-b9d5-2f1a20a2d74f tempest-VolumesDeleteCascade-1379712238 None] Running cmd (subprocess): sudo cinder-rootwrap /etc/cinder/rootwrap.conf truncate -s0 /opt/stack/data/cinder/mnt/1eb879cdaf282811bfe4b92c28bdb757/volume-e7cf59ef-a35e-46da-9a44-a9a515d23e65.info {{(pid=87095) execute /opt/stack/data/venv/lib/python3.12/site-packages/oslo_concurrency/processutils.py:440}}
Sep 04 05:58:53 devstack sudo[94806]: quobyte : PWD=/ ; USER=root ; COMMAND=/opt/stack/data/venv/bin/cinder-rootwrap /etc/cinder/rootwrap.conf truncate -s0 /opt/stack/data/cinder/mnt/1eb879cdaf282811bfe4b92c28bdb757/volume-e7cf59ef-a35e-46da-9a44-a9a515d23e65.info
Sep 04 05:58:53 devstack sudo[94806]: pam_unix(sudo:session): session opened for user root(uid=0) by (uid=1000)
Sep 04 05:58:54 devstack sudo[94806]: pam_unix(sudo:session): session closed for user root
Sep 04 05:58:54 devstack cinder-volume[87095]: DEBUG oslo_concurrency.processutils [None req-0a201aee-28e0-4260-b9d5-2f1a20a2d74f tempest-VolumesDeleteCascade-1379712238 None] CMD "sudo cinder-rootwrap /etc/cinder/rootwrap.conf truncate -s0 /opt/stack/data/cinder/mnt/1eb879cdaf282811bfe4b92c28bdb757/volume-e7cf59ef-a35e-46da-9a44-a9a515d23e65.info" returned: 0 in 0.370s {{(pid=87095) execute /opt/stack/data/venv/lib/python3.12/site-packages/oslo_concurrency/processutils.py:468}}
Sep 04 05:58:54 devstack cinder-volume[87095]: WARNING cinder.volume.drivers.remotefs [None req-0a201aee-28e0-4260-b9d5-2f1a20a2d74f tempest-VolumesDeleteCascade-1379712238 None] /opt/stack/data/cinder/mnt/1eb879cdaf282811bfe4b92c28bdb757/volume-e7cf59ef-a35e-46da-9a44-a9a515d23e65.info is being set with open permissions: ugo+rw
Sep 04 05:58:54 devstack cinder-volume[87095]: DEBUG oslo_concurrency.processutils [None req-0a201aee-28e0-4260-b9d5-2f1a20a2d74f tempest-VolumesDeleteCascade-1379712238 None] Running cmd (subprocess): sudo cinder-rootwrap /etc/cinder/rootwrap.conf chmod ugo+rw /opt/stack/data/cinder/mnt/1eb879cdaf282811bfe4b92c28bdb757/volume-e7cf59ef-a35e-46da-9a44-a9a515d23e65.info {{(pid=87095) execute /opt/stack/data/venv/lib/python3.12/site-packages/oslo_concurrency/processutils.py:440}}
Sep 04 05:58:54 devstack sudo[94809]: quobyte : PWD=/ ; USER=root ; COMMAND=/opt/stack/data/venv/bin/cinder-rootwrap /etc/cinder/rootwrap.conf chmod ugo+rw /opt/stack/data/cinder/mnt/1eb879cdaf282811bfe4b92c28bdb757/volume-e7cf59ef-a35e-46da-9a44-a9a515d23e65.info
Sep 04 05:58:54 devstack sudo[94809]: pam_unix(sudo:session): session opened for user root(uid=0) by (uid=1000)
Sep 04 05:58:54 devstack sudo[94809]: pam_unix(sudo:session): session closed for user root
Sep 04 05:58:54 devstack cinder-volume[87095]: DEBUG oslo_concurrency.processutils [None req-0a201aee-28e0-4260-b9d5-2f1a20a2d74f tempest-VolumesDeleteCascade-1379712238 None] CMD "sudo cinder-rootwrap /etc/cinder/rootwrap.conf chmod ugo+rw /opt/stack/data/cinder/mnt/1eb879cdaf282811bfe4b92c28bdb757/volume-e7cf59ef-a35e-46da-9a44-a9a515d23e65.info" returned: 0 in 0.473s {{(pid=87095) execute /opt/stack/data/venv/lib/python3.12/site-packages/oslo_concurrency/processutils.py:468}}
Sep 04 05:58:54 devstack cinder-volume[87095]: DEBUG oslo_concurrency.lockutils [None req-0a201aee-28e0-4260-b9d5-2f1a20a2d74f tempest-VolumesDeleteCascade-1379712238 None] Lock "quobyte" "released" by "cinder.volume.drivers.quobyte.QuobyteDriver.create_snapshot" :: held 3.856s {{(pid=87095) inner /opt/stack/data/venv/lib/python3.12/site-packages/oslo_concurrency/lockutils.py:544}}
Sep 04 05:58:54 devstack cinder-volume[87095]: DEBUG oslo_concurrency.lockutils [None req-4684cf7a-2a73-4660-b99f-f08c3d3912b4 tempest-GroupSnapshotsTest-899590123 None] Lock "quobyte" acquired by "cinder.volume.drivers.quobyte.QuobyteDriver.create_snapshot" :: waited 2.781s {{(pid=87095) inner /opt/stack/data/venv/lib/python3.12/site-packages/oslo_concurrency/lockutils.py:525}}
Sep 04 05:58:54 devstack cinder-volume[87095]: DEBUG cinder.volume.drivers.remotefs [None req-4684cf7a-2a73-4660-b99f-f08c3d3912b4 tempest-GroupSnapshotsTest-899590123 None] Creating offline snapshot 9261dc8b-9f74-480d-93f7-eca8938d88da of volume 9359dea6-415f-4b48-a7d9-8a6f32ee14ac {{(pid=87095) _create_snapshot /opt/stack/cinder/cinder/volume/drivers/remotefs.py:1816}}
Sep 04 05:58:54 devstack cinder-volume[87095]: DEBUG oslo.privsep.daemon [-] privsep: reply[209e4d7c-7d53-48f2-bf9b-a99233ff9fa9]: (4, 'qcow2') {{(pid=88806) _call_back /opt/stack/data/venv/lib/python3.12/site-packages/oslo_privsep/daemon.py:580}}
Sep 04 05:58:54 devstack cinder-volume[87095]: DEBUG oslo_concurrency.processutils [None req-4684cf7a-2a73-4660-b99f-f08c3d3912b4 tempest-GroupSnapshotsTest-899590123 None] Running cmd (subprocess): /opt/stack/data/venv/bin/python3.12 -m oslo_concurrency.prlimit --as=1073741824 --cpu=60 -- sudo cinder-rootwrap /etc/cinder/rootwrap.conf env LC_ALL=C qemu-img info -f qcow2 --output=json --force-share /opt/stack/data/cinder/mnt/1eb879cdaf282811bfe4b92c28bdb757/volume-9359dea6-415f-4b48-a7d9-8a6f32ee14ac {{(pid=87095) execute /opt/stack/data/venv/lib/python3.12/site-packages/oslo_concurrency/processutils.py:440}}
Sep 04 05:58:54 devstack cinder-volume[87095]: INFO cinder.volume.manager [None req-0a201aee-28e0-4260-b9d5-2f1a20a2d74f tempest-VolumesDeleteCascade-1379712238 None] Create snapshot completed successfully
Sep 04 05:58:54 devstack sudo[94835]: quobyte : PWD=/ ; USER=root ; COMMAND=/opt/stack/data/venv/bin/cinder-rootwrap /etc/cinder/rootwrap.conf env LC_ALL=C qemu-img info -f qcow2 --output=json --force-share /opt/stack/data/cinder/mnt/1eb879cdaf282811bfe4b92c28bdb757/volume-9359dea6-415f-4b48-a7d9-8a6f32ee14ac
Sep 04 05:58:54 devstack sudo[94835]: pam_unix(sudo:session): session opened for user root(uid=0) by (uid=1000)
Sep 04 05:58:55 devstack sudo[94835]: pam_unix(sudo:session): session closed for user root
Sep 04 05:58:55 devstack cinder-volume[87095]: DEBUG oslo_concurrency.processutils [None req-4684cf7a-2a73-4660-b99f-f08c3d3912b4 tempest-GroupSnapshotsTest-899590123 None] CMD "/opt/stack/data/venv/bin/python3.12 -m oslo_concurrency.prlimit --as=1073741824 --cpu=60 -- sudo cinder-rootwrap /etc/cinder/rootwrap.conf env LC_ALL=C qemu-img info -f qcow2 --output=json --force-share /opt/stack/data/cinder/mnt/1eb879cdaf282811bfe4b92c28bdb757/volume-9359dea6-415f-4b48-a7d9-8a6f32ee14ac" returned: 0 in 1.082s {{(pid=87095) execute /opt/stack/data/venv/lib/python3.12/site-packages/oslo_concurrency/processutils.py:468}}
Sep 04 05:58:55 devstack cinder-volume[87095]: DEBUG oslo_concurrency.processutils [None req-4684cf7a-2a73-4660-b99f-f08c3d3912b4 tempest-GroupSnapshotsTest-899590123 None] Running cmd (subprocess): sudo cinder-rootwrap /etc/cinder/rootwrap.conf qemu-img create -f qcow2 -o backing_file=/opt/stack/data/cinder/mnt/1eb879cdaf282811bfe4b92c28bdb757/volume-9359dea6-415f-4b48-a7d9-8a6f32ee14ac,backing_fmt=qcow2 /opt/stack/data/cinder/mnt/1eb879cdaf282811bfe4b92c28bdb757/volume-9359dea6-415f-4b48-a7d9-8a6f32ee14ac.9261dc8b-9f74-480d-93f7-eca8938d88da 1G {{(pid=87095) execute /opt/stack/data/venv/lib/python3.12/site-packages/oslo_concurrency/processutils.py:440}}
Sep 04 05:58:55 devstack cinder-volume[87095]: DEBUG oslo_concurrency.lockutils [None req-c1d463ca-0e68-42cb-a038-4b33aa52df5c tempest-VolumesDeleteCascade-1379712238 None] Acquiring lock "quobyte" by "cinder.volume.drivers.quobyte.QuobyteDriver.create_snapshot" {{(pid=87095) inner /opt/stack/data/venv/lib/python3.12/site-packages/oslo_concurrency/lockutils.py:512}}
Sep 04 05:58:55 devstack sudo[94883]: quobyte : PWD=/ ; USER=root ; COMMAND=/opt/stack/data/venv/bin/cinder-rootwrap /etc/cinder/rootwrap.conf qemu-img create -f qcow2 -o backing_file=/opt/stack/data/cinder/mnt/1eb879cdaf282811bfe4b92c28bdb757/volume-9359dea6-415f-4b48-a7d9-8a6f32ee14ac,backing_fmt=qcow2 /opt/stack/data/cinder/mnt/1eb879cdaf282811bfe4b92c28bdb757/volume-9359dea6-415f-4b48-a7d9-8a6f32ee14ac.9261dc8b-9f74-480d-93f7-eca8938d88da 1G
Sep 04 05:58:55 devstack sudo[94883]: pam_unix(sudo:session): session opened for user root(uid=0) by (uid=1000)
Sep 04 05:58:56 devstack sudo[94883]: pam_unix(sudo:session): session closed for user root
Sep 04 05:58:56 devstack cinder-volume[87095]: DEBUG oslo_concurrency.processutils [None req-4684cf7a-2a73-4660-b99f-f08c3d3912b4 tempest-GroupSnapshotsTest-899590123 None] CMD "sudo cinder-rootwrap /etc/cinder/rootwrap.conf qemu-img create -f qcow2 -o backing_file=/opt/stack/data/cinder/mnt/1eb879cdaf282811bfe4b92c28bdb757/volume-9359dea6-415f-4b48-a7d9-8a6f32ee14ac,backing_fmt=qcow2 /opt/stack/data/cinder/mnt/1eb879cdaf282811bfe4b92c28bdb757/volume-9359dea6-415f-4b48-a7d9-8a6f32ee14ac.9261dc8b-9f74-480d-93f7-eca8938d88da 1G" returned: 0 in 0.698s {{(pid=87095) execute /opt/stack/data/venv/lib/python3.12/site-packages/oslo_concurrency/processutils.py:468}}
Sep 04 05:58:56 devstack cinder-volume[87095]: DEBUG oslo_concurrency.processutils [None req-4684cf7a-2a73-4660-b99f-f08c3d3912b4 tempest-GroupSnapshotsTest-899590123 None] Running cmd (subprocess): sudo cinder-rootwrap /etc/cinder/rootwrap.conf qemu-img rebase -u -b volume-9359dea6-415f-4b48-a7d9-8a6f32ee14ac -F qcow2 /opt/stack/data/cinder/mnt/1eb879cdaf282811bfe4b92c28bdb757/volume-9359dea6-415f-4b48-a7d9-8a6f32ee14ac.9261dc8b-9f74-480d-93f7-eca8938d88da {{(pid=87095) execute /opt/stack/data/venv/lib/python3.12/site-packages/oslo_concurrency/processutils.py:440}}
Sep 04 05:58:56 devstack sudo[94892]: quobyte : PWD=/ ; USER=root ; COMMAND=/opt/stack/data/venv/bin/cinder-rootwrap /etc/cinder/rootwrap.conf qemu-img rebase -u -b volume-9359dea6-415f-4b48-a7d9-8a6f32ee14ac -F qcow2 /opt/stack/data/cinder/mnt/1eb879cdaf282811bfe4b92c28bdb757/volume-9359dea6-415f-4b48-a7d9-8a6f32ee14ac.9261dc8b-9f74-480d-93f7-eca8938d88da
Sep 04 05:58:56 devstack sudo[94892]: pam_unix(sudo:session): session opened for user root(uid=0) by (uid=1000)
Sep 04 05:58:56 devstack sudo[94892]: pam_unix(sudo:session): session closed for user root
Sep 04 05:58:56 devstack cinder-volume[87095]: DEBUG oslo_concurrency.processutils [None req-4684cf7a-2a73-4660-b99f-f08c3d3912b4 tempest-GroupSnapshotsTest-899590123 None] CMD "sudo cinder-rootwrap /etc/cinder/rootwrap.conf qemu-img rebase -u -b volume-9359dea6-415f-4b48-a7d9-8a6f32ee14ac -F qcow2 /opt/stack/data/cinder/mnt/1eb879cdaf282811bfe4b92c28bdb757/volume-9359dea6-415f-4b48-a7d9-8a6f32ee14ac.9261dc8b-9f74-480d-93f7-eca8938d88da" returned: 0 in 0.392s {{(pid=87095) execute /opt/stack/data/venv/lib/python3.12/site-packages/oslo_concurrency/processutils.py:468}}
Sep 04 05:58:56 devstack cinder-volume[87095]: WARNING cinder.volume.drivers.remotefs [None req-4684cf7a-2a73-4660-b99f-f08c3d3912b4 tempest-GroupSnapshotsTest-899590123 None] /opt/stack/data/cinder/mnt/1eb879cdaf282811bfe4b92c28bdb757/volume-9359dea6-415f-4b48-a7d9-8a6f32ee14ac.9261dc8b-9f74-480d-93f7-eca8938d88da is being set with open permissions: ugo+rw: NotImplementedError
Sep 04 05:58:56 devstack cinder-volume[87095]: DEBUG oslo_concurrency.processutils [None req-4684cf7a-2a73-4660-b99f-f08c3d3912b4 tempest-GroupSnapshotsTest-899590123 None] Running cmd (subprocess): sudo cinder-rootwrap /etc/cinder/rootwrap.conf chmod ugo+rw /opt/stack/data/cinder/mnt/1eb879cdaf282811bfe4b92c28bdb757/volume-9359dea6-415f-4b48-a7d9-8a6f32ee14ac.9261dc8b-9f74-480d-93f7-eca8938d88da {{(pid=87095) execute /opt/stack/data/venv/lib/python3.12/site-packages/oslo_concurrency/processutils.py:440}}
Sep 04 05:58:56 devstack sudo[94901]: quobyte : PWD=/ ; USER=root ; COMMAND=/opt/stack/data/venv/bin/cinder-rootwrap /etc/cinder/rootwrap.conf chmod ugo+rw /opt/stack/data/cinder/mnt/1eb879cdaf282811bfe4b92c28bdb757/volume-9359dea6-415f-4b48-a7d9-8a6f32ee14ac.9261dc8b-9f74-480d-93f7-eca8938d88da
Sep 04 05:58:56 devstack sudo[94901]: pam_unix(sudo:session): session opened for user root(uid=0) by (uid=1000)
Sep 04 05:58:57 devstack sudo[94901]: pam_unix(sudo:session): session closed for user root
Sep 04 05:58:57 devstack cinder-volume[87095]: DEBUG oslo_concurrency.processutils [None req-4684cf7a-2a73-4660-b99f-f08c3d3912b4 tempest-GroupSnapshotsTest-899590123 None] CMD "sudo cinder-rootwrap /etc/cinder/rootwrap.conf chmod ugo+rw /opt/stack/data/cinder/mnt/1eb879cdaf282811bfe4b92c28bdb757/volume-9359dea6-415f-4b48-a7d9-8a6f32ee14ac.9261dc8b-9f74-480d-93f7-eca8938d88da" returned: 0 in 0.522s {{(pid=87095) execute /opt/stack/data/venv/lib/python3.12/site-packages/oslo_concurrency/processutils.py:468}}
Sep 04 05:58:57 devstack cinder-volume[87095]: DEBUG oslo_concurrency.processutils [None req-4684cf7a-2a73-4660-b99f-f08c3d3912b4 tempest-GroupSnapshotsTest-899590123 None] Running cmd (subprocess): sudo cinder-rootwrap /etc/cinder/rootwrap.conf truncate -s0 /opt/stack/data/cinder/mnt/1eb879cdaf282811bfe4b92c28bdb757/volume-9359dea6-415f-4b48-a7d9-8a6f32ee14ac.info {{(pid=87095) execute /opt/stack/data/venv/lib/python3.12/site-packages/oslo_concurrency/processutils.py:440}}
Sep 04 05:58:57 devstack sudo[94904]: quobyte : PWD=/ ; USER=root ; COMMAND=/opt/stack/data/venv/bin/cinder-rootwrap /etc/cinder/rootwrap.conf truncate -s0 /opt/stack/data/cinder/mnt/1eb879cdaf282811bfe4b92c28bdb757/volume-9359dea6-415f-4b48-a7d9-8a6f32ee14ac.info
Sep 04 05:58:57 devstack sudo[94904]: pam_unix(sudo:session): session opened for user root(uid=0) by (uid=1000)
Sep 04 05:58:57 devstack sudo[94904]: pam_unix(sudo:session): session closed for user root
Sep 04 05:58:57 devstack cinder-volume[87095]: DEBUG oslo_concurrency.processutils [None req-4684cf7a-2a73-4660-b99f-f08c3d3912b4 tempest-GroupSnapshotsTest-899590123 None] CMD "sudo cinder-rootwrap /etc/cinder/rootwrap.conf truncate -s0 /opt/stack/data/cinder/mnt/1eb879cdaf282811bfe4b92c28bdb757/volume-9359dea6-415f-4b48-a7d9-8a6f32ee14ac.info" returned: 0 in 0.421s {{(pid=87095) execute /opt/stack/data/venv/lib/python3.12/site-packages/oslo_concurrency/processutils.py:468}}
Sep 04 05:58:57 devstack cinder-volume[87095]: WARNING cinder.volume.drivers.remotefs [None req-4684cf7a-2a73-4660-b99f-f08c3d3912b4 tempest-GroupSnapshotsTest-899590123 None] /opt/stack/data/cinder/mnt/1eb879cdaf282811bfe4b92c28bdb757/volume-9359dea6-415f-4b48-a7d9-8a6f32ee14ac.info is being set with open permissions: ugo+rw: NotImplementedError
Sep 04 05:58:57 devstack cinder-volume[87095]: DEBUG oslo_concurrency.processutils [None req-4684cf7a-2a73-4660-b99f-f08c3d3912b4 tempest-GroupSnapshotsTest-899590123 None] Running cmd (subprocess): sudo cinder-rootwrap /etc/cinder/rootwrap.conf chmod ugo+rw /opt/stack/data/cinder/mnt/1eb879cdaf282811bfe4b92c28bdb757/volume-9359dea6-415f-4b48-a7d9-8a6f32ee14ac.info {{(pid=87095) execute /opt/stack/data/venv/lib/python3.12/site-packages/oslo_concurrency/processutils.py:440}}
Sep 04 05:58:57 devstack sudo[94907]: quobyte : PWD=/ ; USER=root ; COMMAND=/opt/stack/data/venv/bin/cinder-rootwrap /etc/cinder/rootwrap.conf chmod ugo+rw /opt/stack/data/cinder/mnt/1eb879cdaf282811bfe4b92c28bdb757/volume-9359dea6-415f-4b48-a7d9-8a6f32ee14ac.info
Sep 04 05:58:57 devstack sudo[94907]: pam_unix(sudo:session): session opened for user root(uid=0) by (uid=1000)
Sep 04 05:58:58 devstack sudo[94907]: pam_unix(sudo:session): session closed for user root
Sep 04 05:58:58 devstack cinder-volume[87095]: DEBUG oslo_concurrency.processutils [None req-4684cf7a-2a73-4660-b99f-f08c3d3912b4 tempest-GroupSnapshotsTest-899590123 None] CMD "sudo cinder-rootwrap /etc/cinder/rootwrap.conf chmod ugo+rw /opt/stack/data/cinder/mnt/1eb879cdaf282811bfe4b92c28bdb757/volume-9359dea6-415f-4b48-a7d9-8a6f32ee14ac.info" returned: 0 in 0.314s {{(pid=87095) execute /opt/stack/data/venv/lib/python3.12/site-packages/oslo_concurrency/processutils.py:468}}
Sep 04 05:58:58 devstack cinder-volume[87095]: DEBUG oslo_concurrency.lockutils [None req-4684cf7a-2a73-4660-b99f-f08c3d3912b4 tempest-GroupSnapshotsTest-899590123 None] Lock "quobyte" "released" by "cinder.volume.drivers.quobyte.QuobyteDriver.create_snapshot" :: held 3.640s {{(pid=87095) inner /opt/stack/data/venv/lib/python3.12/site-packages/oslo_concurrency/lockutils.py:544}}
Sep 04 05:58:58 devstack cinder-volume[87095]: DEBUG oslo_concurrency.lockutils [None req-c1d463ca-0e68-42cb-a038-4b33aa52df5c tempest-VolumesDeleteCascade-1379712238 None] Lock "quobyte" acquired by "cinder.volume.drivers.quobyte.QuobyteDriver.create_snapshot" :: waited 2.353s {{(pid=87095) inner /opt/stack/data/venv/lib/python3.12/site-packages/oslo_concurrency/lockutils.py:525}}
Sep 04 05:58:58 devstack cinder-volume[87095]: DEBUG cinder.volume.drivers.remotefs [None req-c1d463ca-0e68-42cb-a038-4b33aa52df5c tempest-VolumesDeleteCascade-1379712238 None] Creating offline snapshot 832989e1-005e-4845-8c7b-7f1dbc120ee7 of volume e7cf59ef-a35e-46da-9a44-a9a515d23e65 {{(pid=87095) _create_snapshot /opt/stack/cinder/cinder/volume/drivers/remotefs.py:1816}}
Sep 04 05:58:58 devstack cinder-volume[87095]: DEBUG oslo.privsep.daemon [-] privsep: reply[08ccd840-4349-41d4-9b57-9530809ca075]: (4, 'qcow2') {{(pid=88806) _call_back /opt/stack/data/venv/lib/python3.12/site-packages/oslo_privsep/daemon.py:580}}
Sep 04 05:58:58 devstack cinder-volume[87095]: DEBUG oslo_concurrency.processutils [None req-c1d463ca-0e68-42cb-a038-4b33aa52df5c tempest-VolumesDeleteCascade-1379712238 None] Running cmd (subprocess): /opt/stack/data/venv/bin/python3.12 -m oslo_concurrency.prlimit --as=1073741824 --cpu=60 -- sudo cinder-rootwrap /etc/cinder/rootwrap.conf env LC_ALL=C qemu-img info -f qcow2 --output=json --force-share /opt/stack/data/cinder/mnt/1eb879cdaf282811bfe4b92c28bdb757/volume-e7cf59ef-a35e-46da-9a44-a9a515d23e65.861e7779-bb35-414d-a89d-1ad949ab7e4b {{(pid=87095) execute /opt/stack/data/venv/lib/python3.12/site-packages/oslo_concurrency/processutils.py:440}}
Sep 04 05:58:58 devstack cinder-volume[87095]: INFO cinder.volume.manager [None req-4684cf7a-2a73-4660-b99f-f08c3d3912b4 tempest-GroupSnapshotsTest-899590123 None] group_snapshot 79544e97-b5f4-4bea-98a5-311e2d41314c: created successfully
Sep 04 05:58:58 devstack sudo[94910]: quobyte : PWD=/ ; USER=root ; COMMAND=/opt/stack/data/venv/bin/cinder-rootwrap /etc/cinder/rootwrap.conf env LC_ALL=C qemu-img info -f qcow2 --output=json --force-share /opt/stack/data/cinder/mnt/1eb879cdaf282811bfe4b92c28bdb757/volume-e7cf59ef-a35e-46da-9a44-a9a515d23e65.861e7779-bb35-414d-a89d-1ad949ab7e4b
Sep 04 05:58:58 devstack sudo[94910]: pam_unix(sudo:session): session opened for user root(uid=0) by (uid=1000)
Sep 04 05:58:59 devstack sudo[94910]: pam_unix(sudo:session): session closed for user root
Sep 04 05:58:59 devstack cinder-volume[87095]: DEBUG oslo_concurrency.processutils [None req-c1d463ca-0e68-42cb-a038-4b33aa52df5c tempest-VolumesDeleteCascade-1379712238 None] CMD "/opt/stack/data/venv/bin/python3.12 -m oslo_concurrency.prlimit --as=1073741824 --cpu=60 -- sudo cinder-rootwrap /etc/cinder/rootwrap.conf env LC_ALL=C qemu-img info -f qcow2 --output=json --force-share /opt/stack/data/cinder/mnt/1eb879cdaf282811bfe4b92c28bdb757/volume-e7cf59ef-a35e-46da-9a44-a9a515d23e65.861e7779-bb35-414d-a89d-1ad949ab7e4b" returned: 0 in 0.698s {{(pid=87095) execute /opt/stack/data/venv/lib/python3.12/site-packages/oslo_concurrency/processutils.py:468}}
Sep 04 05:58:59 devstack cinder-volume[87095]: DEBUG cinder.volume.drivers.remotefs [None req-c1d463ca-0e68-42cb-a038-4b33aa52df5c tempest-VolumesDeleteCascade-1379712238 None] Fetching qemu-img info with special backing_file_template: (/opt/stack/data/cinder/mnt/[0-9a-f]+/)?(volume-e7cf59ef-a35e-46da-9a44-a9a515d23e65(.(tmp-snap-)?[0-9a-f-]+)?|volume_from_snapshot_cache/(tmp-snap-)?[0-9a-f-]+(.(child-|parent-)[0-9a-f-]+)?)$ {{(pid=87095) _qemu_img_info_base /opt/stack/cinder/cinder/volume/drivers/remotefs.py:896}}
Sep 04 05:58:59 devstack cinder-volume[87095]: DEBUG oslo_concurrency.processutils [None req-c1d463ca-0e68-42cb-a038-4b33aa52df5c tempest-VolumesDeleteCascade-1379712238 None] Running cmd (subprocess): sudo cinder-rootwrap /etc/cinder/rootwrap.conf qemu-img create -f qcow2 -o backing_file=/opt/stack/data/cinder/mnt/1eb879cdaf282811bfe4b92c28bdb757/volume-e7cf59ef-a35e-46da-9a44-a9a515d23e65.861e7779-bb35-414d-a89d-1ad949ab7e4b,backing_fmt=qcow2 /opt/stack/data/cinder/mnt/1eb879cdaf282811bfe4b92c28bdb757/volume-e7cf59ef-a35e-46da-9a44-a9a515d23e65.832989e1-005e-4845-8c7b-7f1dbc120ee7 1G {{(pid=87095) execute /opt/stack/data/venv/lib/python3.12/site-packages/oslo_concurrency/processutils.py:440}}
Sep 04 05:58:59 devstack sudo[94916]: quobyte : PWD=/ ; USER=root ; COMMAND=/opt/stack/data/venv/bin/cinder-rootwrap /etc/cinder/rootwrap.conf qemu-img create -f qcow2 -o backing_file=/opt/stack/data/cinder/mnt/1eb879cdaf282811bfe4b92c28bdb757/volume-e7cf59ef-a35e-46da-9a44-a9a515d23e65.861e7779-bb35-414d-a89d-1ad949ab7e4b,backing_fmt=qcow2 /opt/stack/data/cinder/mnt/1eb879cdaf282811bfe4b92c28bdb757/volume-e7cf59ef-a35e-46da-9a44-a9a515d23e65.832989e1-005e-4845-8c7b-7f1dbc120ee7 1G
Sep 04 05:58:59 devstack sudo[94916]: pam_unix(sudo:session): session opened for user root(uid=0) by (uid=1000)
Sep 04 05:59:00 devstack sudo[94916]: pam_unix(sudo:session): session closed for user root
Sep 04 05:59:00 devstack cinder-volume[87095]: DEBUG oslo_concurrency.processutils [None req-c1d463ca-0e68-42cb-a038-4b33aa52df5c tempest-VolumesDeleteCascade-1379712238 None] CMD "sudo cinder-rootwrap /etc/cinder/rootwrap.conf qemu-img create -f qcow2 -o backing_file=/opt/stack/data/cinder/mnt/1eb879cdaf282811bfe4b92c28bdb757/volume-e7cf59ef-a35e-46da-9a44-a9a515d23e65.861e7779-bb35-414d-a89d-1ad949ab7e4b,backing_fmt=qcow2 /opt/stack/data/cinder/mnt/1eb879cdaf282811bfe4b92c28bdb757/volume-e7cf59ef-a35e-46da-9a44-a9a515d23e65.832989e1-005e-4845-8c7b-7f1dbc120ee7 1G" returned: 0 in 1.101s {{(pid=87095) execute /opt/stack/data/venv/lib/python3.12/site-packages/oslo_concurrency/processutils.py:468}}
Sep 04 05:59:00 devstack cinder-volume[87095]: DEBUG oslo_concurrency.processutils [None req-c1d463ca-0e68-42cb-a038-4b33aa52df5c tempest-VolumesDeleteCascade-1379712238 None] Running cmd (subprocess): sudo cinder-rootwrap /etc/cinder/rootwrap.conf qemu-img rebase -u -b volume-e7cf59ef-a35e-46da-9a44-a9a515d23e65.861e7779-bb35-414d-a89d-1ad949ab7e4b -F qcow2 /opt/stack/data/cinder/mnt/1eb879cdaf282811bfe4b92c28bdb757/volume-e7cf59ef-a35e-46da-9a44-a9a515d23e65.832989e1-005e-4845-8c7b-7f1dbc120ee7 {{(pid=87095) execute /opt/stack/data/venv/lib/python3.12/site-packages/oslo_concurrency/processutils.py:440}}
Sep 04 05:59:00 devstack sudo[94924]: quobyte : PWD=/ ; USER=root ; COMMAND=/opt/stack/data/venv/bin/cinder-rootwrap /etc/cinder/rootwrap.conf qemu-img rebase -u -b volume-e7cf59ef-a35e-46da-9a44-a9a515d23e65.861e7779-bb35-414d-a89d-1ad949ab7e4b -F qcow2 /opt/stack/data/cinder/mnt/1eb879cdaf282811bfe4b92c28bdb757/volume-e7cf59ef-a35e-46da-9a44-a9a515d23e65.832989e1-005e-4845-8c7b-7f1dbc120ee7
Sep 04 05:59:00 devstack sudo[94924]: pam_unix(sudo:session): session opened for user root(uid=0) by (uid=1000)
Sep 04 05:59:00 devstack cinder-volume[87095]: DEBUG dbcounter [-] [87095] Writing DB stats cinder:SELECT=83,cinder:INSERT=30,cinder:UPDATE=66,cinder:DELETE=4 {{(pid=87095) stat_writer /opt/stack/data/venv/lib/python3.12/site-packages/dbcounter.py:115}}
Sep 04 05:59:00 devstack cinder-volume[87095]: DEBUG dbcounter [-] [87095] Writing DB stats cinder:SELECT=79,cinder:UPDATE=81,cinder:INSERT=27,cinder:DELETE=8 {{(pid=87095) stat_writer /opt/stack/data/venv/lib/python3.12/site-packages/dbcounter.py:115}}
Sep 04 05:59:00 devstack cinder-volume[87095]: DEBUG oslo_concurrency.lockutils [None req-7ae2a0fa-7735-4bb4-b1d1-f998e4fe81bc tempest-GroupSnapshotsTest-899590123 None] Acquiring lock "quobyte" by "cinder.volume.drivers.quobyte.QuobyteDriver.create_volume_from_snapshot" {{(pid=87095) inner /opt/stack/data/venv/lib/python3.12/site-packages/oslo_concurrency/lockutils.py:512}}
Sep 04 05:59:00 devstack sudo[94924]: pam_unix(sudo:session): session closed for user root
