Nov 14 09:34:40 devstack sudo[91311]: pam_unix(sudo:session): session closed for user root
Nov 14 09:34:40 devstack cinder-volume[81066]: DEBUG oslo_concurrency.processutils [None req-c27b8672-e28c-46ba-bcf9-e19ae94f159f tempest-SnapshotsActionsTest-219640506 None] CMD "sudo cinder-rootwrap /etc/cinder/rootwrap.conf qemu-img create -f qcow2 -o preallocation=metadata /opt/stack/data/cinder/mnt/b6d7da31c7b9d66594ad40ec32afff0b/volume-db0b0d54-2fdc-4087-870f-87b9a99b5d5a 1073741824" returned: 0 in 0.589s {{(pid=81066) execute /opt/stack/data/venv/lib/python3.10/site-packages/oslo_concurrency/processutils.py:372}}
Nov 14 09:34:40 devstack cinder-volume[81066]: DEBUG oslo_concurrency.processutils [None req-c27b8672-e28c-46ba-bcf9-e19ae94f159f tempest-SnapshotsActionsTest-219640506 None] Running cmd (subprocess): sudo cinder-rootwrap /etc/cinder/rootwrap.conf chmod ugo+rw /opt/stack/data/cinder/mnt/b6d7da31c7b9d66594ad40ec32afff0b/volume-db0b0d54-2fdc-4087-870f-87b9a99b5d5a {{(pid=81066) execute /opt/stack/data/venv/lib/python3.10/site-packages/oslo_concurrency/processutils.py:349}}
Nov 14 09:34:40 devstack sudo[91337]: quobyte : PWD=/ ; USER=root ; COMMAND=/opt/stack/data/venv/bin/cinder-rootwrap /etc/cinder/rootwrap.conf chmod ugo+rw /opt/stack/data/cinder/mnt/b6d7da31c7b9d66594ad40ec32afff0b/volume-db0b0d54-2fdc-4087-870f-87b9a99b5d5a
Nov 14 09:34:40 devstack sudo[91337]: pam_unix(sudo:session): session opened for user root(uid=0) by (uid=1000)
Nov 14 09:34:40 devstack cinder-volume[81066]: DEBUG cinder.coordination [None req-57519a21-2c8a-46ac-b76c-6aeb92025a07 tempest-VolumeTypesAccessTest-1020764055 None] Acquiring lock "cinder-8f094aca-afeb-420f-b5c9-7bcfa613136a-delete_volume" by "delete_volume" {{(pid=81066) __acquire /opt/stack/cinder/cinder/coordination.py:143}}
Nov 14 09:34:40 devstack cinder-volume[81066]: DEBUG cinder.coordination [None req-57519a21-2c8a-46ac-b76c-6aeb92025a07 tempest-VolumeTypesAccessTest-1020764055 None] Lock "cinder-8f094aca-afeb-420f-b5c9-7bcfa613136a-delete_volume" acquired by "delete_volume" :: waited 0.023s {{(pid=81066) __acquire /opt/stack/cinder/cinder/coordination.py:146}}
Nov 14 09:34:40 devstack cinder-volume[81066]: WARNING cinder.volume.volume_utils [None req-57519a21-2c8a-46ac-b76c-6aeb92025a07 tempest-VolumeTypesAccessTest-1020764055 None] Volume driver (QuobyteDriver 1.1.13) is currently unsupported and may be removed in the next release of OpenStack. Use at your own risk.
Nov 14 09:34:40 devstack cinder-volume[81066]: DEBUG cinder.coordination [None req-57519a21-2c8a-46ac-b76c-6aeb92025a07 tempest-VolumeTypesAccessTest-1020764055 None] Acquiring lock "cinder-quobyte-8f094aca-afeb-420f-b5c9-7bcfa613136a" by "delete_volume" {{(pid=81066) __acquire /opt/stack/cinder/cinder/coordination.py:143}}
Nov 14 09:34:40 devstack cinder-volume[81066]: DEBUG oslo_concurrency.processutils [None req-c27b8672-e28c-46ba-bcf9-e19ae94f159f tempest-SnapshotsActionsTest-219640506 None] CMD "sudo cinder-rootwrap /etc/cinder/rootwrap.conf chmod ugo+rw /opt/stack/data/cinder/mnt/b6d7da31c7b9d66594ad40ec32afff0b/volume-db0b0d54-2fdc-4087-870f-87b9a99b5d5a" returned: 0 in 0.456s {{(pid=81066) execute /opt/stack/data/venv/lib/python3.10/site-packages/oslo_concurrency/processutils.py:372}}
Nov 14 09:34:40 devstack cinder-volume[81066]: DEBUG cinder.volume.drivers.quobyte [None req-c27b8672-e28c-46ba-bcf9-e19ae94f159f tempest-SnapshotsActionsTest-219640506 None] <== create_volume: return (1053ms) {'provider_location': 'osci02.corp.quobyte.com/cinder-vol-d6743937-6b98-4280-b1d4-374bad62ad3a'} {{(pid=81066) trace_logging_wrapper /opt/stack/cinder/cinder/volume/volume_utils.py:1523}}
Nov 14 09:34:40 devstack cinder-volume[81066]: DEBUG oslo_concurrency.lockutils [None req-c27b8672-e28c-46ba-bcf9-e19ae94f159f tempest-SnapshotsActionsTest-219640506 None] Lock "quobyte" "released" by "cinder.volume.drivers.quobyte.QuobyteDriver.create_volume" :: held 1.056s {{(pid=81066) inner /opt/stack/data/venv/lib/python3.10/site-packages/oslo_concurrency/lockutils.py:424}}
Nov 14 09:34:40 devstack sudo[91337]: pam_unix(sudo:session): session closed for user root
Nov 14 09:34:40 devstack cinder-volume[81066]: DEBUG cinder.coordination [None req-57519a21-2c8a-46ac-b76c-6aeb92025a07 tempest-VolumeTypesAccessTest-1020764055 None] Lock "cinder-quobyte-8f094aca-afeb-420f-b5c9-7bcfa613136a" acquired by "delete_volume" :: waited 0.023s {{(pid=81066) __acquire /opt/stack/cinder/cinder/coordination.py:146}}
Nov 14 09:34:40 devstack cinder-volume[81066]: DEBUG cinder.volume.manager [None req-c27b8672-e28c-46ba-bcf9-e19ae94f159f tempest-SnapshotsActionsTest-219640506 None] Task 'cinder.volume.flows.manager.create_volume.CreateVolumeFromSpecTask;volume:create' (d0284278-976e-41df-9482-4ebdccf0a644) transitioned into state 'SUCCESS' from state 'RUNNING' with result '{'status': 'creating', 'volume_name': 'volume-db0b0d54-2fdc-4087-870f-87b9a99b5d5a', 'volume_size': 1}' {{(pid=81066) _task_receiver /opt/stack/data/venv/lib/python3.10/site-packages/taskflow/listeners/logging.py:182}}
Nov 14 09:34:40 devstack cinder-volume[81066]: DEBUG cinder.volume.manager [None req-c27b8672-e28c-46ba-bcf9-e19ae94f159f tempest-SnapshotsActionsTest-219640506 None] Task 'cinder.volume.flows.manager.create_volume.CreateVolumeOnFinishTask;volume:create, create.end' (9a5821b6-a9b7-4aa7-9dab-59311a1d8352) transitioned into state 'RUNNING' from state 'PENDING' {{(pid=81066) _task_receiver /opt/stack/data/venv/lib/python3.10/site-packages/taskflow/listeners/logging.py:194}}
Nov 14 09:34:40 devstack cinder-volume[81066]: DEBUG oslo.privsep.daemon [-] privsep: reply[5b9eed3e-a47f-4ac9-8e68-d7491ba08647]: (4, 'qcow2') {{(pid=81671) _call_back /opt/stack/data/venv/lib/python3.10/site-packages/oslo_privsep/daemon.py:515}}
Nov 14 09:34:40 devstack cinder-volume[81066]: DEBUG oslo_concurrency.processutils [None req-57519a21-2c8a-46ac-b76c-6aeb92025a07 tempest-VolumeTypesAccessTest-1020764055 None] Running cmd (subprocess): /opt/stack/data/venv/bin/python3.10 -m oslo_concurrency.prlimit --as=1073741824 --cpu=60 -- sudo cinder-rootwrap /etc/cinder/rootwrap.conf env LC_ALL=C qemu-img info -f qcow2 --output=json --force-share /opt/stack/data/cinder/mnt/b6d7da31c7b9d66594ad40ec32afff0b/volume-8f094aca-afeb-420f-b5c9-7bcfa613136a {{(pid=81066) execute /opt/stack/data/venv/lib/python3.10/site-packages/oslo_concurrency/processutils.py:349}}
Nov 14 09:34:40 devstack cinder-volume[81066]: INFO cinder.volume.flows.manager.create_volume [None req-c27b8672-e28c-46ba-bcf9-e19ae94f159f tempest-SnapshotsActionsTest-219640506 None] Volume volume-db0b0d54-2fdc-4087-870f-87b9a99b5d5a (db0b0d54-2fdc-4087-870f-87b9a99b5d5a): created successfully
Nov 14 09:34:40 devstack cinder-volume[81066]: DEBUG cinder.volume.manager [None req-c27b8672-e28c-46ba-bcf9-e19ae94f159f tempest-SnapshotsActionsTest-219640506 None] Task 'cinder.volume.flows.manager.create_volume.CreateVolumeOnFinishTask;volume:create, create.end' (9a5821b6-a9b7-4aa7-9dab-59311a1d8352) transitioned into state 'SUCCESS' from state 'RUNNING' with result 'None' {{(pid=81066) _task_receiver /opt/stack/data/venv/lib/python3.10/site-packages/taskflow/listeners/logging.py:182}}
Nov 14 09:34:40 devstack cinder-volume[81066]: DEBUG cinder.volume.manager [None req-c27b8672-e28c-46ba-bcf9-e19ae94f159f tempest-SnapshotsActionsTest-219640506 None] Flow 'volume_create_manager' (3eedc248-0a21-4f11-92bd-b89917d2086c) transitioned into state 'SUCCESS' from state 'RUNNING' {{(pid=81066) _flow_receiver /opt/stack/data/venv/lib/python3.10/site-packages/taskflow/listeners/logging.py:145}}
Nov 14 09:34:40 devstack cinder-volume[81066]: INFO cinder.volume.manager [None req-c27b8672-e28c-46ba-bcf9-e19ae94f159f tempest-SnapshotsActionsTest-219640506 None] Created volume successfully.
Nov 14 09:34:41 devstack sudo[91340]: quobyte : PWD=/ ; USER=root ; COMMAND=/opt/stack/data/venv/bin/cinder-rootwrap /etc/cinder/rootwrap.conf env LC_ALL=C qemu-img info -f qcow2 --output=json --force-share /opt/stack/data/cinder/mnt/b6d7da31c7b9d66594ad40ec32afff0b/volume-8f094aca-afeb-420f-b5c9-7bcfa613136a
Nov 14 09:34:41 devstack sudo[91340]: pam_unix(sudo:session): session opened for user root(uid=0) by (uid=1000)
Nov 14 09:34:41 devstack cinder-volume[81066]: WARNING cinder.volume.volume_utils [None req-92bea1c7-fc02-43ba-af4a-31ffef0e6fb5 tempest-SnapshotsActionsTest-219640506 None] Volume driver (QuobyteDriver 1.1.13) is currently unsupported and may be removed in the next release of OpenStack. Use at your own risk.
Nov 14 09:34:41 devstack cinder-volume[81066]: DEBUG oslo_concurrency.lockutils [None req-92bea1c7-fc02-43ba-af4a-31ffef0e6fb5 tempest-SnapshotsActionsTest-219640506 None] Acquiring lock "quobyte" by "cinder.volume.drivers.quobyte.QuobyteDriver.create_snapshot" {{(pid=81066) inner /opt/stack/data/venv/lib/python3.10/site-packages/oslo_concurrency/lockutils.py:405}}
Nov 14 09:34:41 devstack cinder-volume[81066]: DEBUG oslo_concurrency.lockutils [None req-92bea1c7-fc02-43ba-af4a-31ffef0e6fb5 tempest-SnapshotsActionsTest-219640506 None] Lock "quobyte" acquired by "cinder.volume.drivers.quobyte.QuobyteDriver.create_snapshot" :: waited 0.001s {{(pid=81066) inner /opt/stack/data/venv/lib/python3.10/site-packages/oslo_concurrency/lockutils.py:410}}
Nov 14 09:34:41 devstack cinder-volume[81066]: DEBUG cinder.volume.drivers.remotefs [None req-92bea1c7-fc02-43ba-af4a-31ffef0e6fb5 tempest-SnapshotsActionsTest-219640506 None] Creating offline snapshot b0c023bf-7a62-4fc3-b7ee-b9956c0c3fa3 of volume db0b0d54-2fdc-4087-870f-87b9a99b5d5a {{(pid=81066) _create_snapshot /opt/stack/cinder/cinder/volume/drivers/remotefs.py:1694}}
Nov 14 09:34:41 devstack sudo[91340]: pam_unix(sudo:session): session closed for user root
Nov 14 09:34:41 devstack cinder-volume[81066]: DEBUG oslo_concurrency.processutils [None req-57519a21-2c8a-46ac-b76c-6aeb92025a07 tempest-VolumeTypesAccessTest-1020764055 None] CMD "/opt/stack/data/venv/bin/python3.10 -m oslo_concurrency.prlimit --as=1073741824 --cpu=60 -- sudo cinder-rootwrap /etc/cinder/rootwrap.conf env LC_ALL=C qemu-img info -f qcow2 --output=json --force-share /opt/stack/data/cinder/mnt/b6d7da31c7b9d66594ad40ec32afff0b/volume-8f094aca-afeb-420f-b5c9-7bcfa613136a" returned: 0 in 0.668s {{(pid=81066) execute /opt/stack/data/venv/lib/python3.10/site-packages/oslo_concurrency/processutils.py:372}}
Nov 14 09:34:41 devstack cinder-volume[81066]: DEBUG oslo_concurrency.processutils [None req-57519a21-2c8a-46ac-b76c-6aeb92025a07 tempest-VolumeTypesAccessTest-1020764055 None] Running cmd (subprocess): sudo cinder-rootwrap /etc/cinder/rootwrap.conf rm -f /opt/stack/data/cinder/mnt/b6d7da31c7b9d66594ad40ec32afff0b/volume-8f094aca-afeb-420f-b5c9-7bcfa613136a {{(pid=81066) execute /opt/stack/data/venv/lib/python3.10/site-packages/oslo_concurrency/processutils.py:349}}
Nov 14 09:34:41 devstack cinder-volume[81066]: DEBUG oslo.privsep.daemon [-] privsep: reply[1a5bed72-ef3c-4748-ad9b-e2f237dad54a]: (4, 'qcow2') {{(pid=81671) _call_back /opt/stack/data/venv/lib/python3.10/site-packages/oslo_privsep/daemon.py:515}}
Nov 14 09:34:41 devstack cinder-volume[81066]: DEBUG oslo_concurrency.processutils [None req-92bea1c7-fc02-43ba-af4a-31ffef0e6fb5 tempest-SnapshotsActionsTest-219640506 None] Running cmd (subprocess): /opt/stack/data/venv/bin/python3.10 -m oslo_concurrency.prlimit --as=1073741824 --cpu=60 -- sudo cinder-rootwrap /etc/cinder/rootwrap.conf env LC_ALL=C qemu-img info -f qcow2 --output=json --force-share /opt/stack/data/cinder/mnt/b6d7da31c7b9d66594ad40ec32afff0b/volume-db0b0d54-2fdc-4087-870f-87b9a99b5d5a {{(pid=81066) execute /opt/stack/data/venv/lib/python3.10/site-packages/oslo_concurrency/processutils.py:349}}
Nov 14 09:34:41 devstack sudo[91345]: quobyte : PWD=/ ; USER=root ; COMMAND=/opt/stack/data/venv/bin/cinder-rootwrap /etc/cinder/rootwrap.conf rm -f /opt/stack/data/cinder/mnt/b6d7da31c7b9d66594ad40ec32afff0b/volume-8f094aca-afeb-420f-b5c9-7bcfa613136a
Nov 14 09:34:41 devstack sudo[91345]: pam_unix(sudo:session): session opened for user root(uid=0) by (uid=1000)
Nov 14 09:34:41 devstack sudo[91346]: quobyte : PWD=/ ; USER=root ; COMMAND=/opt/stack/data/venv/bin/cinder-rootwrap /etc/cinder/rootwrap.conf env LC_ALL=C qemu-img info -f qcow2 --output=json --force-share /opt/stack/data/cinder/mnt/b6d7da31c7b9d66594ad40ec32afff0b/volume-db0b0d54-2fdc-4087-870f-87b9a99b5d5a
Nov 14 09:34:41 devstack sudo[91346]: pam_unix(sudo:session): session opened for user root(uid=0) by (uid=1000)
Nov 14 09:34:42 devstack sudo[91345]: pam_unix(sudo:session): session closed for user root
Nov 14 09:34:42 devstack cinder-volume[81066]: DEBUG oslo_concurrency.processutils [None req-57519a21-2c8a-46ac-b76c-6aeb92025a07 tempest-VolumeTypesAccessTest-1020764055 None] CMD "sudo cinder-rootwrap /etc/cinder/rootwrap.conf rm -f /opt/stack/data/cinder/mnt/b6d7da31c7b9d66594ad40ec32afff0b/volume-8f094aca-afeb-420f-b5c9-7bcfa613136a" returned: 0 in 0.485s {{(pid=81066) execute /opt/stack/data/venv/lib/python3.10/site-packages/oslo_concurrency/processutils.py:372}}
Nov 14 09:34:42 devstack cinder-volume[81066]: DEBUG cinder.coordination [None req-57519a21-2c8a-46ac-b76c-6aeb92025a07 tempest-VolumeTypesAccessTest-1020764055 None] Lock "cinder-quobyte-8f094aca-afeb-420f-b5c9-7bcfa613136a" released by "delete_volume" :: held 1.204s {{(pid=81066) __release /opt/stack/cinder/cinder/coordination.py:157}}
Nov 14 09:34:42 devstack cinder-volume[81066]: WARNING cinder.quota [None req-57519a21-2c8a-46ac-b76c-6aeb92025a07 tempest-VolumeTypesAccessTest-1020764055 None] Deprecated: Default quota for resource: volumes_tempest-VolumeTypesAccessTest-volume-type-1594852471 is set by the default quota flag: quota_volumes_tempest-VolumeTypesAccessTest-volume-type-1594852471, it is now deprecated. Please use the default quota class for default quota.
Nov 14 09:34:42 devstack cinder-volume[81066]: WARNING cinder.quota [None req-57519a21-2c8a-46ac-b76c-6aeb92025a07 tempest-VolumeTypesAccessTest-1020764055 None] Deprecated: Default quota for resource: gigabytes_tempest-VolumeTypesAccessTest-volume-type-1594852471 is set by the default quota flag: quota_gigabytes_tempest-VolumeTypesAccessTest-volume-type-1594852471, it is now deprecated. Please use the default quota class for default quota.
Nov 14 09:34:42 devstack cinder-volume[81066]: DEBUG cinder.quota [None req-57519a21-2c8a-46ac-b76c-6aeb92025a07 tempest-VolumeTypesAccessTest-1020764055 None] Created reservations ['192b72f6-487b-48ba-a872-7e44d6b2e809', '52652ec8-4113-4863-bcd3-8ca873ebf736', 'fa2a93d4-75d6-4af0-84e6-98c53271676e', '8cab1099-bec1-4612-abb8-9f63f6d2a976'] {{(pid=81066) reserve /opt/stack/cinder/cinder/quota.py:752}}
Nov 14 09:34:42 devstack cinder-volume[81066]: DEBUG oslo_concurrency.lockutils [None req-57519a21-2c8a-46ac-b76c-6aeb92025a07 tempest-VolumeTypesAccessTest-1020764055 None] Acquiring lock "quobyte_ensure" by "cinder.volume.drivers.quobyte.QuobyteDriver._ensure_shares_mounted" {{(pid=81066) inner /opt/stack/data/venv/lib/python3.10/site-packages/oslo_concurrency/lockutils.py:405}}
Nov 14 09:34:42 devstack cinder-volume[81066]: DEBUG oslo_concurrency.lockutils [None req-57519a21-2c8a-46ac-b76c-6aeb92025a07 tempest-VolumeTypesAccessTest-1020764055 None] Lock "quobyte_ensure" acquired by "cinder.volume.drivers.quobyte.QuobyteDriver._ensure_shares_mounted" :: waited 0.001s {{(pid=81066) inner /opt/stack/data/venv/lib/python3.10/site-packages/oslo_concurrency/lockutils.py:410}}
Nov 14 09:34:42 devstack cinder-volume[81066]: DEBUG cinder.volume.drivers.quobyte [None req-57519a21-2c8a-46ac-b76c-6aeb92025a07 tempest-VolumeTypesAccessTest-1020764055 None] Quobyte Volume URL set to: {'osci02.corp.quobyte.com/cinder-vol-d6743937-6b98-4280-b1d4-374bad62ad3a': None} {{(pid=81066) _load_shares_config /opt/stack/cinder/cinder/volume/drivers/quobyte.py:604}}
Nov 14 09:34:42 devstack cinder-volume[81066]: DEBUG cinder.volume.drivers.quobyte [None req-57519a21-2c8a-46ac-b76c-6aeb92025a07 tempest-VolumeTypesAccessTest-1020764055 None] Available shares ['osci02.corp.quobyte.com/cinder-vol-d6743937-6b98-4280-b1d4-374bad62ad3a'] {{(pid=81066) _ensure_shares_mounted /opt/stack/cinder/cinder/volume/drivers/quobyte.py:634}}
Nov 14 09:34:42 devstack cinder-volume[81066]: DEBUG oslo_concurrency.lockutils [None req-57519a21-2c8a-46ac-b76c-6aeb92025a07 tempest-VolumeTypesAccessTest-1020764055 None] Lock "quobyte_ensure" "released" by "cinder.volume.drivers.quobyte.QuobyteDriver._ensure_shares_mounted" :: held 0.007s {{(pid=81066) inner /opt/stack/data/venv/lib/python3.10/site-packages/oslo_concurrency/lockutils.py:424}}
Nov 14 09:34:42 devstack cinder-volume[81066]: DEBUG oslo_concurrency.processutils [None req-57519a21-2c8a-46ac-b76c-6aeb92025a07 tempest-VolumeTypesAccessTest-1020764055 None] Running cmd (subprocess): sudo cinder-rootwrap /etc/cinder/rootwrap.conf df --portability --block-size 1 /opt/stack/data/cinder/mnt/b6d7da31c7b9d66594ad40ec32afff0b {{(pid=81066) execute /opt/stack/data/venv/lib/python3.10/site-packages/oslo_concurrency/processutils.py:349}}
Nov 14 09:34:42 devstack sudo[91353]: quobyte : PWD=/ ; USER=root ; COMMAND=/opt/stack/data/venv/bin/cinder-rootwrap /etc/cinder/rootwrap.conf df --portability --block-size 1 /opt/stack/data/cinder/mnt/b6d7da31c7b9d66594ad40ec32afff0b
Nov 14 09:34:42 devstack sudo[91353]: pam_unix(sudo:session): session opened for user root(uid=0) by (uid=1000)
Nov 14 09:34:42 devstack sudo[91346]: pam_unix(sudo:session): session closed for user root
Nov 14 09:34:42 devstack cinder-volume[81066]: DEBUG oslo_concurrency.processutils [None req-92bea1c7-fc02-43ba-af4a-31ffef0e6fb5 tempest-SnapshotsActionsTest-219640506 None] CMD "/opt/stack/data/venv/bin/python3.10 -m oslo_concurrency.prlimit --as=1073741824 --cpu=60 -- sudo cinder-rootwrap /etc/cinder/rootwrap.conf env LC_ALL=C qemu-img info -f qcow2 --output=json --force-share /opt/stack/data/cinder/mnt/b6d7da31c7b9d66594ad40ec32afff0b/volume-db0b0d54-2fdc-4087-870f-87b9a99b5d5a" returned: 0 in 0.730s {{(pid=81066) execute /opt/stack/data/venv/lib/python3.10/site-packages/oslo_concurrency/processutils.py:372}}
Nov 14 09:34:42 devstack cinder-volume[81066]: DEBUG oslo_concurrency.processutils [None req-92bea1c7-fc02-43ba-af4a-31ffef0e6fb5 tempest-SnapshotsActionsTest-219640506 None] Running cmd (subprocess): sudo cinder-rootwrap /etc/cinder/rootwrap.conf qemu-img create -f qcow2 -o backing_file=/opt/stack/data/cinder/mnt/b6d7da31c7b9d66594ad40ec32afff0b/volume-db0b0d54-2fdc-4087-870f-87b9a99b5d5a,backing_fmt=qcow2 /opt/stack/data/cinder/mnt/b6d7da31c7b9d66594ad40ec32afff0b/volume-db0b0d54-2fdc-4087-870f-87b9a99b5d5a.b0c023bf-7a62-4fc3-b7ee-b9956c0c3fa3 1G {{(pid=81066) execute /opt/stack/data/venv/lib/python3.10/site-packages/oslo_concurrency/processutils.py:349}}
Nov 14 09:34:42 devstack sudo[91355]: quobyte : PWD=/ ; USER=root ; COMMAND=/opt/stack/data/venv/bin/cinder-rootwrap /etc/cinder/rootwrap.conf qemu-img create -f qcow2 -o backing_file=/opt/stack/data/cinder/mnt/b6d7da31c7b9d66594ad40ec32afff0b/volume-db0b0d54-2fdc-4087-870f-87b9a99b5d5a,backing_fmt=qcow2 /opt/stack/data/cinder/mnt/b6d7da31c7b9d66594ad40ec32afff0b/volume-db0b0d54-2fdc-4087-870f-87b9a99b5d5a.b0c023bf-7a62-4fc3-b7ee-b9956c0c3fa3 1G
Nov 14 09:34:42 devstack sudo[91355]: pam_unix(sudo:session): session opened for user root(uid=0) by (uid=1000)
Nov 14 09:34:42 devstack sudo[91353]: pam_unix(sudo:session): session closed for user root
Nov 14 09:34:42 devstack cinder-volume[81066]: DEBUG oslo_concurrency.processutils [None req-57519a21-2c8a-46ac-b76c-6aeb92025a07 tempest-VolumeTypesAccessTest-1020764055 None] CMD "sudo cinder-rootwrap /etc/cinder/rootwrap.conf df --portability --block-size 1 /opt/stack/data/cinder/mnt/b6d7da31c7b9d66594ad40ec32afff0b" returned: 0 in 0.575s {{(pid=81066) execute /opt/stack/data/venv/lib/python3.10/site-packages/oslo_concurrency/processutils.py:372}}
Nov 14 09:34:42 devstack cinder-volume[81066]: DEBUG cinder.manager [None req-57519a21-2c8a-46ac-b76c-6aeb92025a07 tempest-VolumeTypesAccessTest-1020764055 None] Notifying Schedulers of capabilities ... {{(pid=81066) _publish_service_capabilities /opt/stack/cinder/cinder/manager.py:202}}
Nov 14 09:34:42 devstack cinder-volume[81066]: INFO cinder.volume.manager [None req-57519a21-2c8a-46ac-b76c-6aeb92025a07 tempest-VolumeTypesAccessTest-1020764055 None] Deleted volume successfully.
Nov 14 09:34:42 devstack cinder-volume[81066]: DEBUG cinder.coordination [None req-57519a21-2c8a-46ac-b76c-6aeb92025a07 tempest-VolumeTypesAccessTest-1020764055 None] Lock "cinder-8f094aca-afeb-420f-b5c9-7bcfa613136a-delete_volume" released by "delete_volume" :: held 1.993s {{(pid=81066) __release /opt/stack/cinder/cinder/coordination.py:157}}
Nov 14 09:34:42 devstack sudo[91355]: pam_unix(sudo:session): session closed for user root
Nov 14 09:34:42 devstack cinder-volume[81066]: DEBUG oslo_concurrency.processutils [None req-92bea1c7-fc02-43ba-af4a-31ffef0e6fb5 tempest-SnapshotsActionsTest-219640506 None] CMD "sudo cinder-rootwrap /etc/cinder/rootwrap.conf qemu-img create -f qcow2 -o backing_file=/opt/stack/data/cinder/mnt/b6d7da31c7b9d66594ad40ec32afff0b/volume-db0b0d54-2fdc-4087-870f-87b9a99b5d5a,backing_fmt=qcow2 /opt/stack/data/cinder/mnt/b6d7da31c7b9d66594ad40ec32afff0b/volume-db0b0d54-2fdc-4087-870f-87b9a99b5d5a.b0c023bf-7a62-4fc3-b7ee-b9956c0c3fa3 1G" returned: 0 in 0.558s {{(pid=81066) execute /opt/stack/data/venv/lib/python3.10/site-packages/oslo_concurrency/processutils.py:372}}
Nov 14 09:34:42 devstack cinder-volume[81066]: DEBUG oslo_concurrency.processutils [None req-92bea1c7-fc02-43ba-af4a-31ffef0e6fb5 tempest-SnapshotsActionsTest-219640506 None] Running cmd (subprocess): sudo cinder-rootwrap /etc/cinder/rootwrap.conf qemu-img rebase -u -b volume-db0b0d54-2fdc-4087-870f-87b9a99b5d5a -F qcow2 /opt/stack/data/cinder/mnt/b6d7da31c7b9d66594ad40ec32afff0b/volume-db0b0d54-2fdc-4087-870f-87b9a99b5d5a.b0c023bf-7a62-4fc3-b7ee-b9956c0c3fa3 {{(pid=81066) execute /opt/stack/data/venv/lib/python3.10/site-packages/oslo_concurrency/processutils.py:349}}
Nov 14 09:34:42 devstack sudo[91361]: quobyte : PWD=/ ; USER=root ; COMMAND=/opt/stack/data/venv/bin/cinder-rootwrap /etc/cinder/rootwrap.conf qemu-img rebase -u -b volume-db0b0d54-2fdc-4087-870f-87b9a99b5d5a -F qcow2 /opt/stack/data/cinder/mnt/b6d7da31c7b9d66594ad40ec32afff0b/volume-db0b0d54-2fdc-4087-870f-87b9a99b5d5a.b0c023bf-7a62-4fc3-b7ee-b9956c0c3fa3
Nov 14 09:34:42 devstack sudo[91361]: pam_unix(sudo:session): session opened for user root(uid=0) by (uid=1000)
Nov 14 09:34:43 devstack sudo[91361]: pam_unix(sudo:session): session closed for user root
Nov 14 09:34:43 devstack cinder-volume[81066]: DEBUG oslo_concurrency.processutils [None req-92bea1c7-fc02-43ba-af4a-31ffef0e6fb5 tempest-SnapshotsActionsTest-219640506 None] CMD "sudo cinder-rootwrap /etc/cinder/rootwrap.conf qemu-img rebase -u -b volume-db0b0d54-2fdc-4087-870f-87b9a99b5d5a -F qcow2 /opt/stack/data/cinder/mnt/b6d7da31c7b9d66594ad40ec32afff0b/volume-db0b0d54-2fdc-4087-870f-87b9a99b5d5a.b0c023bf-7a62-4fc3-b7ee-b9956c0c3fa3" returned: 0 in 0.808s {{(pid=81066) execute /opt/stack/data/venv/lib/python3.10/site-packages/oslo_concurrency/processutils.py:372}}
Nov 14 09:34:43 devstack cinder-volume[81066]: WARNING cinder.volume.drivers.remotefs [None req-92bea1c7-fc02-43ba-af4a-31ffef0e6fb5 tempest-SnapshotsActionsTest-219640506 None] /opt/stack/data/cinder/mnt/b6d7da31c7b9d66594ad40ec32afff0b/volume-db0b0d54-2fdc-4087-870f-87b9a99b5d5a.b0c023bf-7a62-4fc3-b7ee-b9956c0c3fa3 is being set with open permissions: ugo+rw
Nov 14 09:34:43 devstack cinder-volume[81066]: DEBUG oslo_concurrency.processutils [None req-92bea1c7-fc02-43ba-af4a-31ffef0e6fb5 tempest-SnapshotsActionsTest-219640506 None] Running cmd (subprocess): sudo cinder-rootwrap /etc/cinder/rootwrap.conf chmod ugo+rw /opt/stack/data/cinder/mnt/b6d7da31c7b9d66594ad40ec32afff0b/volume-db0b0d54-2fdc-4087-870f-87b9a99b5d5a.b0c023bf-7a62-4fc3-b7ee-b9956c0c3fa3 {{(pid=81066) execute /opt/stack/data/venv/lib/python3.10/site-packages/oslo_concurrency/processutils.py:349}}
Nov 14 09:34:43 devstack sudo[91367]: quobyte : PWD=/ ; USER=root ; COMMAND=/opt/stack/data/venv/bin/cinder-rootwrap /etc/cinder/rootwrap.conf chmod ugo+rw /opt/stack/data/cinder/mnt/b6d7da31c7b9d66594ad40ec32afff0b/volume-db0b0d54-2fdc-4087-870f-87b9a99b5d5a.b0c023bf-7a62-4fc3-b7ee-b9956c0c3fa3
Nov 14 09:34:43 devstack sudo[91367]: pam_unix(sudo:session): session opened for user root(uid=0) by (uid=1000)
Nov 14 09:34:44 devstack sudo[91367]: pam_unix(sudo:session): session closed for user root
Nov 14 09:34:44 devstack cinder-volume[81066]: DEBUG oslo_concurrency.processutils [None req-92bea1c7-fc02-43ba-af4a-31ffef0e6fb5 tempest-SnapshotsActionsTest-219640506 None] CMD "sudo cinder-rootwrap /etc/cinder/rootwrap.conf chmod ugo+rw /opt/stack/data/cinder/mnt/b6d7da31c7b9d66594ad40ec32afff0b/volume-db0b0d54-2fdc-4087-870f-87b9a99b5d5a.b0c023bf-7a62-4fc3-b7ee-b9956c0c3fa3" returned: 0 in 0.554s {{(pid=81066) execute /opt/stack/data/venv/lib/python3.10/site-packages/oslo_concurrency/processutils.py:372}}
Nov 14 09:34:44 devstack cinder-volume[81066]: DEBUG oslo_concurrency.processutils [None req-92bea1c7-fc02-43ba-af4a-31ffef0e6fb5 tempest-SnapshotsActionsTest-219640506 None] Running cmd (subprocess): sudo cinder-rootwrap /etc/cinder/rootwrap.conf truncate -s0 /opt/stack/data/cinder/mnt/b6d7da31c7b9d66594ad40ec32afff0b/volume-db0b0d54-2fdc-4087-870f-87b9a99b5d5a.info {{(pid=81066) execute /opt/stack/data/venv/lib/python3.10/site-packages/oslo_concurrency/processutils.py:349}}
Nov 14 09:34:44 devstack sudo[91372]: quobyte : PWD=/ ; USER=root ; COMMAND=/opt/stack/data/venv/bin/cinder-rootwrap /etc/cinder/rootwrap.conf truncate -s0 /opt/stack/data/cinder/mnt/b6d7da31c7b9d66594ad40ec32afff0b/volume-db0b0d54-2fdc-4087-870f-87b9a99b5d5a.info
Nov 14 09:34:44 devstack sudo[91372]: pam_unix(sudo:session): session opened for user root(uid=0) by (uid=1000)
Nov 14 09:34:44 devstack sudo[91372]: pam_unix(sudo:session): session closed for user root
Nov 14 09:34:44 devstack cinder-volume[81066]: DEBUG oslo_concurrency.processutils [None req-92bea1c7-fc02-43ba-af4a-31ffef0e6fb5 tempest-SnapshotsActionsTest-219640506 None] CMD "sudo cinder-rootwrap /etc/cinder/rootwrap.conf truncate -s0 /opt/stack/data/cinder/mnt/b6d7da31c7b9d66594ad40ec32afff0b/volume-db0b0d54-2fdc-4087-870f-87b9a99b5d5a.info" returned: 0 in 0.566s {{(pid=81066) execute /opt/stack/data/venv/lib/python3.10/site-packages/oslo_concurrency/processutils.py:372}}
Nov 14 09:34:44 devstack cinder-volume[81066]: WARNING cinder.volume.drivers.remotefs [None req-92bea1c7-fc02-43ba-af4a-31ffef0e6fb5 tempest-SnapshotsActionsTest-219640506 None] /opt/stack/data/cinder/mnt/b6d7da31c7b9d66594ad40ec32afff0b/volume-db0b0d54-2fdc-4087-870f-87b9a99b5d5a.info is being set with open permissions: ugo+rw
Nov 14 09:34:44 devstack cinder-volume[81066]: DEBUG oslo_concurrency.processutils [None req-92bea1c7-fc02-43ba-af4a-31ffef0e6fb5 tempest-SnapshotsActionsTest-219640506 None] Running cmd (subprocess): sudo cinder-rootwrap /etc/cinder/rootwrap.conf chmod ugo+rw /opt/stack/data/cinder/mnt/b6d7da31c7b9d66594ad40ec32afff0b/volume-db0b0d54-2fdc-4087-870f-87b9a99b5d5a.info {{(pid=81066) execute /opt/stack/data/venv/lib/python3.10/site-packages/oslo_concurrency/processutils.py:349}}
Nov 14 09:34:44 devstack sudo[91377]: quobyte : PWD=/ ; USER=root ; COMMAND=/opt/stack/data/venv/bin/cinder-rootwrap /etc/cinder/rootwrap.conf chmod ugo+rw /opt/stack/data/cinder/mnt/b6d7da31c7b9d66594ad40ec32afff0b/volume-db0b0d54-2fdc-4087-870f-87b9a99b5d5a.info
Nov 14 09:34:44 devstack sudo[91377]: pam_unix(sudo:session): session opened for user root(uid=0) by (uid=1000)
Nov 14 09:34:45 devstack sudo[91377]: pam_unix(sudo:session): session closed for user root
Nov 14 09:34:45 devstack cinder-volume[81066]: DEBUG oslo_concurrency.processutils [None req-92bea1c7-fc02-43ba-af4a-31ffef0e6fb5 tempest-SnapshotsActionsTest-219640506 None] CMD "sudo cinder-rootwrap /etc/cinder/rootwrap.conf chmod ugo+rw /opt/stack/data/cinder/mnt/b6d7da31c7b9d66594ad40ec32afff0b/volume-db0b0d54-2fdc-4087-870f-87b9a99b5d5a.info" returned: 0 in 0.565s {{(pid=81066) execute /opt/stack/data/venv/lib/python3.10/site-packages/oslo_concurrency/processutils.py:372}}
Nov 14 09:34:45 devstack cinder-volume[81066]: DEBUG oslo_concurrency.lockutils [None req-92bea1c7-fc02-43ba-af4a-31ffef0e6fb5 tempest-SnapshotsActionsTest-219640506 None] Lock "quobyte" "released" by "cinder.volume.drivers.quobyte.QuobyteDriver.create_snapshot" :: held 3.860s {{(pid=81066) inner /opt/stack/data/venv/lib/python3.10/site-packages/oslo_concurrency/lockutils.py:424}}
Nov 14 09:34:45 devstack cinder-volume[81066]: INFO cinder.volume.manager [None req-92bea1c7-fc02-43ba-af4a-31ffef0e6fb5 tempest-SnapshotsActionsTest-219640506 None] Create snapshot completed successfully
Nov 14 09:34:46 devstack cinder-volume[81066]: WARNING cinder.volume.volume_utils [None req-002dd43d-f917-4bd6-9edb-e572b51cd0bc tempest-SnapshotsActionsTest-219640506 None] Volume driver (QuobyteDriver 1.1.13) is currently unsupported and may be removed in the next release of OpenStack. Use at your own risk.
Nov 14 09:34:46 devstack cinder-volume[81066]: DEBUG oslo_concurrency.lockutils [None req-002dd43d-f917-4bd6-9edb-e572b51cd0bc tempest-SnapshotsActionsTest-219640506 None] Acquiring lock "quobyte" by "cinder.volume.drivers.quobyte.QuobyteDriver.create_snapshot" {{(pid=81066) inner /opt/stack/data/venv/lib/python3.10/site-packages/oslo_concurrency/lockutils.py:405}}
Nov 14 09:34:46 devstack cinder-volume[81066]: DEBUG oslo_concurrency.lockutils [None req-002dd43d-f917-4bd6-9edb-e572b51cd0bc tempest-SnapshotsActionsTest-219640506 None] Lock "quobyte" acquired by "cinder.volume.drivers.quobyte.QuobyteDriver.create_snapshot" :: waited 0.000s {{(pid=81066) inner /opt/stack/data/venv/lib/python3.10/site-packages/oslo_concurrency/lockutils.py:410}}
Nov 14 09:34:46 devstack cinder-volume[81066]: DEBUG cinder.volume.drivers.remotefs [None req-002dd43d-f917-4bd6-9edb-e572b51cd0bc tempest-SnapshotsActionsTest-219640506 None] Creating offline snapshot 3764f802-62f2-4391-972d-c34a0623fde9 of volume db0b0d54-2fdc-4087-870f-87b9a99b5d5a {{(pid=81066) _create_snapshot /opt/stack/cinder/cinder/volume/drivers/remotefs.py:1694}}
Nov 14 09:34:46 devstack cinder-volume[81066]: DEBUG oslo.privsep.daemon [-] privsep: reply[5c12eedc-b4eb-4038-a04a-ae6121e4a06a]: (4, 'qcow2') {{(pid=81671) _call_back /opt/stack/data/venv/lib/python3.10/site-packages/oslo_privsep/daemon.py:515}}
Nov 14 09:34:46 devstack cinder-volume[81066]: DEBUG oslo_concurrency.processutils [None req-002dd43d-f917-4bd6-9edb-e572b51cd0bc tempest-SnapshotsActionsTest-219640506 None] Running cmd (subprocess): /opt/stack/data/venv/bin/python3.10 -m oslo_concurrency.prlimit --as=1073741824 --cpu=60 -- sudo cinder-rootwrap /etc/cinder/rootwrap.conf env LC_ALL=C qemu-img info -f qcow2 --output=json --force-share /opt/stack/data/cinder/mnt/b6d7da31c7b9d66594ad40ec32afff0b/volume-db0b0d54-2fdc-4087-870f-87b9a99b5d5a.b0c023bf-7a62-4fc3-b7ee-b9956c0c3fa3 {{(pid=81066) execute /opt/stack/data/venv/lib/python3.10/site-packages/oslo_concurrency/processutils.py:349}}
Nov 14 09:34:46 devstack sudo[91386]: quobyte : PWD=/ ; USER=root ; COMMAND=/opt/stack/data/venv/bin/cinder-rootwrap /etc/cinder/rootwrap.conf env LC_ALL=C qemu-img info -f qcow2 --output=json --force-share /opt/stack/data/cinder/mnt/b6d7da31c7b9d66594ad40ec32afff0b/volume-db0b0d54-2fdc-4087-870f-87b9a99b5d5a.b0c023bf-7a62-4fc3-b7ee-b9956c0c3fa3
Nov 14 09:34:46 devstack sudo[91386]: pam_unix(sudo:session): session opened for user root(uid=0) by (uid=1000)
Nov 14 09:34:47 devstack sudo[91386]: pam_unix(sudo:session): session closed for user root
Nov 14 09:34:47 devstack cinder-volume[81066]: DEBUG oslo_concurrency.processutils [None req-002dd43d-f917-4bd6-9edb-e572b51cd0bc tempest-SnapshotsActionsTest-219640506 None] CMD "/opt/stack/data/venv/bin/python3.10 -m oslo_concurrency.prlimit --as=1073741824 --cpu=60 -- sudo cinder-rootwrap /etc/cinder/rootwrap.conf env LC_ALL=C qemu-img info -f qcow2 --output=json --force-share /opt/stack/data/cinder/mnt/b6d7da31c7b9d66594ad40ec32afff0b/volume-db0b0d54-2fdc-4087-870f-87b9a99b5d5a.b0c023bf-7a62-4fc3-b7ee-b9956c0c3fa3" returned: 0 in 0.817s {{(pid=81066) execute /opt/stack/data/venv/lib/python3.10/site-packages/oslo_concurrency/processutils.py:372}}
Nov 14 09:34:47 devstack cinder-volume[81066]: DEBUG cinder.volume.drivers.remotefs [None req-002dd43d-f917-4bd6-9edb-e572b51cd0bc tempest-SnapshotsActionsTest-219640506 None] Fetching qemu-img info with special backing_file_template: (/opt/stack/data/cinder/mnt/[0-9a-f]+/)?(volume-db0b0d54-2fdc-4087-870f-87b9a99b5d5a(.(tmp-snap-)?[0-9a-f-]+)?|volume_from_snapshot_cache/(tmp-snap-)?[0-9a-f-]+(.(child-|parent-)[0-9a-f-]+)?)$ {{(pid=81066) _qemu_img_info_base /opt/stack/cinder/cinder/volume/drivers/remotefs.py:886}}
Nov 14 09:34:47 devstack cinder-volume[81066]: DEBUG oslo_concurrency.processutils [None req-002dd43d-f917-4bd6-9edb-e572b51cd0bc tempest-SnapshotsActionsTest-219640506 None] Running cmd (subprocess): sudo cinder-rootwrap /etc/cinder/rootwrap.conf qemu-img create -f qcow2 -o backing_file=/opt/stack/data/cinder/mnt/b6d7da31c7b9d66594ad40ec32afff0b/volume-db0b0d54-2fdc-4087-870f-87b9a99b5d5a.b0c023bf-7a62-4fc3-b7ee-b9956c0c3fa3,backing_fmt=qcow2 /opt/stack/data/cinder/mnt/b6d7da31c7b9d66594ad40ec32afff0b/volume-db0b0d54-2fdc-4087-870f-87b9a99b5d5a.3764f802-62f2-4391-972d-c34a0623fde9 1G {{(pid=81066) execute /opt/stack/data/venv/lib/python3.10/site-packages/oslo_concurrency/processutils.py:349}}
Nov 14 09:34:47 devstack sudo[91445]: quobyte : PWD=/ ; USER=root ; COMMAND=/opt/stack/data/venv/bin/cinder-rootwrap /etc/cinder/rootwrap.conf qemu-img create -f qcow2 -o backing_file=/opt/stack/data/cinder/mnt/b6d7da31c7b9d66594ad40ec32afff0b/volume-db0b0d54-2fdc-4087-870f-87b9a99b5d5a.b0c023bf-7a62-4fc3-b7ee-b9956c0c3fa3,backing_fmt=qcow2 /opt/stack/data/cinder/mnt/b6d7da31c7b9d66594ad40ec32afff0b/volume-db0b0d54-2fdc-4087-870f-87b9a99b5d5a.3764f802-62f2-4391-972d-c34a0623fde9 1G
Nov 14 09:34:47 devstack sudo[91445]: pam_unix(sudo:session): session opened for user root(uid=0) by (uid=1000)
Nov 14 09:34:48 devstack sudo[91445]: pam_unix(sudo:session): session closed for user root
Nov 14 09:34:48 devstack cinder-volume[81066]: DEBUG oslo_concurrency.processutils [None req-002dd43d-f917-4bd6-9edb-e572b51cd0bc tempest-SnapshotsActionsTest-219640506 None] CMD "sudo cinder-rootwrap /etc/cinder/rootwrap.conf qemu-img create -f qcow2 -o backing_file=/opt/stack/data/cinder/mnt/b6d7da31c7b9d66594ad40ec32afff0b/volume-db0b0d54-2fdc-4087-870f-87b9a99b5d5a.b0c023bf-7a62-4fc3-b7ee-b9956c0c3fa3,backing_fmt=qcow2 /opt/stack/data/cinder/mnt/b6d7da31c7b9d66594ad40ec32afff0b/volume-db0b0d54-2fdc-4087-870f-87b9a99b5d5a.3764f802-62f2-4391-972d-c34a0623fde9 1G" returned: 0 in 0.756s {{(pid=81066) execute /opt/stack/data/venv/lib/python3.10/site-packages/oslo_concurrency/processutils.py:372}}
Nov 14 09:34:48 devstack cinder-volume[81066]: DEBUG oslo_concurrency.processutils [None req-002dd43d-f917-4bd6-9edb-e572b51cd0bc tempest-SnapshotsActionsTest-219640506 None] Running cmd (subprocess): sudo cinder-rootwrap /etc/cinder/rootwrap.conf qemu-img rebase -u -b volume-db0b0d54-2fdc-4087-870f-87b9a99b5d5a.b0c023bf-7a62-4fc3-b7ee-b9956c0c3fa3 -F qcow2 /opt/stack/data/cinder/mnt/b6d7da31c7b9d66594ad40ec32afff0b/volume-db0b0d54-2fdc-4087-870f-87b9a99b5d5a.3764f802-62f2-4391-972d-c34a0623fde9 {{(pid=81066) execute /opt/stack/data/venv/lib/python3.10/site-packages/oslo_concurrency/processutils.py:349}}
Nov 14 09:34:48 devstack sudo[91475]: quobyte : PWD=/ ; USER=root ; COMMAND=/opt/stack/data/venv/bin/cinder-rootwrap /etc/cinder/rootwrap.conf qemu-img rebase -u -b volume-db0b0d54-2fdc-4087-870f-87b9a99b5d5a.b0c023bf-7a62-4fc3-b7ee-b9956c0c3fa3 -F qcow2 /opt/stack/data/cinder/mnt/b6d7da31c7b9d66594ad40ec32afff0b/volume-db0b0d54-2fdc-4087-870f-87b9a99b5d5a.3764f802-62f2-4391-972d-c34a0623fde9
Nov 14 09:34:48 devstack sudo[91475]: pam_unix(sudo:session): session opened for user root(uid=0) by (uid=1000)
Nov 14 09:34:48 devstack sudo[91475]: pam_unix(sudo:session): session closed for user root
Nov 14 09:34:48 devstack cinder-volume[81066]: DEBUG oslo_concurrency.processutils [None req-002dd43d-f917-4bd6-9edb-e572b51cd0bc tempest-SnapshotsActionsTest-219640506 None] CMD "sudo cinder-rootwrap /etc/cinder/rootwrap.conf qemu-img rebase -u -b volume-db0b0d54-2fdc-4087-870f-87b9a99b5d5a.b0c023bf-7a62-4fc3-b7ee-b9956c0c3fa3 -F qcow2 /opt/stack/data/cinder/mnt/b6d7da31c7b9d66594ad40ec32afff0b/volume-db0b0d54-2fdc-4087-870f-87b9a99b5d5a.3764f802-62f2-4391-972d-c34a0623fde9" returned: 0 in 0.660s {{(pid=81066) execute /opt/stack/data/venv/lib/python3.10/site-packages/oslo_concurrency/processutils.py:372}}
Nov 14 09:34:48 devstack cinder-volume[81066]: WARNING cinder.volume.drivers.remotefs [None req-002dd43d-f917-4bd6-9edb-e572b51cd0bc tempest-SnapshotsActionsTest-219640506 None] /opt/stack/data/cinder/mnt/b6d7da31c7b9d66594ad40ec32afff0b/volume-db0b0d54-2fdc-4087-870f-87b9a99b5d5a.3764f802-62f2-4391-972d-c34a0623fde9 is being set with open permissions: ugo+rw
Nov 14 09:34:48 devstack cinder-volume[81066]: DEBUG oslo_concurrency.processutils [None req-002dd43d-f917-4bd6-9edb-e572b51cd0bc tempest-SnapshotsActionsTest-219640506 None] Running cmd (subprocess): sudo cinder-rootwrap /etc/cinder/rootwrap.conf chmod ugo+rw /opt/stack/data/cinder/mnt/b6d7da31c7b9d66594ad40ec32afff0b/volume-db0b0d54-2fdc-4087-870f-87b9a99b5d5a.3764f802-62f2-4391-972d-c34a0623fde9 {{(pid=81066) execute /opt/stack/data/venv/lib/python3.10/site-packages/oslo_concurrency/processutils.py:349}}
Nov 14 09:34:48 devstack sudo[91482]: quobyte : PWD=/ ; USER=root ; COMMAND=/opt/stack/data/venv/bin/cinder-rootwrap /etc/cinder/rootwrap.conf chmod ugo+rw /opt/stack/data/cinder/mnt/b6d7da31c7b9d66594ad40ec32afff0b/volume-db0b0d54-2fdc-4087-870f-87b9a99b5d5a.3764f802-62f2-4391-972d-c34a0623fde9
Nov 14 09:34:48 devstack sudo[91482]: pam_unix(sudo:session): session opened for user root(uid=0) by (uid=1000)
Nov 14 09:34:49 devstack sudo[91482]: pam_unix(sudo:session): session closed for user root
Nov 14 09:34:49 devstack cinder-volume[81066]: DEBUG oslo_concurrency.processutils [None req-002dd43d-f917-4bd6-9edb-e572b51cd0bc tempest-SnapshotsActionsTest-219640506 None] CMD "sudo cinder-rootwrap /etc/cinder/rootwrap.conf chmod ugo+rw /opt/stack/data/cinder/mnt/b6d7da31c7b9d66594ad40ec32afff0b/volume-db0b0d54-2fdc-4087-870f-87b9a99b5d5a.3764f802-62f2-4391-972d-c34a0623fde9" returned: 0 in 0.528s {{(pid=81066) execute /opt/stack/data/venv/lib/python3.10/site-packages/oslo_concurrency/processutils.py:372}}
Nov 14 09:34:49 devstack cinder-volume[81066]: DEBUG oslo_concurrency.lockutils [None req-002dd43d-f917-4bd6-9edb-e572b51cd0bc tempest-SnapshotsActionsTest-219640506 None] Lock "quobyte" "released" by "cinder.volume.drivers.quobyte.QuobyteDriver.create_snapshot" :: held 2.873s {{(pid=81066) inner /opt/stack/data/venv/lib/python3.10/site-packages/oslo_concurrency/lockutils.py:424}}
Nov 14 09:34:49 devstack cinder-volume[81066]: INFO cinder.volume.manager [None req-002dd43d-f917-4bd6-9edb-e572b51cd0bc tempest-SnapshotsActionsTest-219640506 None] Create snapshot completed successfully
Nov 14 09:34:49 devstack cinder-volume[81066]: DEBUG cinder.coordination [None req-2acb7eb2-1d4b-43fd-aa59-afbbeccb6d86 tempest-SnapshotsActionsTest-1691152111 None] Acquiring lock "cinder-3764f802-62f2-4391-972d-c34a0623fde9-delete_snapshot" by "delete_snapshot" {{(pid=81066) __acquire /opt/stack/cinder/cinder/coordination.py:143}}
Nov 14 09:34:49 devstack cinder-volume[81066]: DEBUG cinder.coordination [None req-2acb7eb2-1d4b-43fd-aa59-afbbeccb6d86 tempest-SnapshotsActionsTest-1691152111 None] Lock "cinder-3764f802-62f2-4391-972d-c34a0623fde9-delete_snapshot" acquired by "delete_snapshot" :: waited 0.008s {{(pid=81066) __acquire /opt/stack/cinder/cinder/coordination.py:146}}
Nov 14 09:34:49 devstack cinder-volume[81066]: WARNING cinder.volume.volume_utils [None req-2acb7eb2-1d4b-43fd-aa59-afbbeccb6d86 tempest-SnapshotsActionsTest-1691152111 None] Volume driver (QuobyteDriver 1.1.13) is currently unsupported and may be removed in the next release of OpenStack. Use at your own risk.
Nov 14 09:34:49 devstack cinder-volume[81066]: DEBUG cinder.coordination [None req-2acb7eb2-1d4b-43fd-aa59-afbbeccb6d86 tempest-SnapshotsActionsTest-1691152111 None] Acquiring lock "cinder-quobyte-db0b0d54-2fdc-4087-870f-87b9a99b5d5a" by "delete_snapshot" {{(pid=81066) __acquire /opt/stack/cinder/cinder/coordination.py:143}}
Nov 14 09:34:49 devstack cinder-volume[81066]: DEBUG cinder.coordination [None req-2acb7eb2-1d4b-43fd-aa59-afbbeccb6d86 tempest-SnapshotsActionsTest-1691152111 None] Lock "cinder-quobyte-db0b0d54-2fdc-4087-870f-87b9a99b5d5a" acquired by "delete_snapshot" :: waited 0.011s {{(pid=81066) __acquire /opt/stack/cinder/cinder/coordination.py:146}}
Nov 14 09:34:49 devstack cinder-volume[81066]: DEBUG cinder.coordination [None req-2acb7eb2-1d4b-43fd-aa59-afbbeccb6d86 tempest-SnapshotsActionsTest-1691152111 None] Acquiring lock "cinder-quobyte-3764f802-62f2-4391-972d-c34a0623fde9" by "_delete_snapshot" {{(pid=81066) __acquire /opt/stack/cinder/cinder/coordination.py:143}}
Nov 14 09:34:49 devstack cinder-volume[81066]: DEBUG cinder.coordination [None req-2acb7eb2-1d4b-43fd-aa59-afbbeccb6d86 tempest-SnapshotsActionsTest-1691152111 None] Lock "cinder-quobyte-3764f802-62f2-4391-972d-c34a0623fde9" acquired by "_delete_snapshot" :: waited 0.010s {{(pid=81066) __acquire /opt/stack/cinder/cinder/coordination.py:146}}
Nov 14 09:34:49 devstack cinder-volume[81066]: DEBUG cinder.volume.drivers.remotefs [None req-2acb7eb2-1d4b-43fd-aa59-afbbeccb6d86 tempest-SnapshotsActionsTest-1691152111 None] Deleting offline snapshot 3764f802-62f2-4391-972d-c34a0623fde9 of volume db0b0d54-2fdc-4087-870f-87b9a99b5d5a {{(pid=81066) _delete_snapshot /opt/stack/cinder/cinder/volume/drivers/remotefs.py:1278}}
Nov 14 09:34:49 devstack cinder-volume[81066]: DEBUG cinder.volume.drivers.remotefs [None req-2acb7eb2-1d4b-43fd-aa59-afbbeccb6d86 tempest-SnapshotsActionsTest-1691152111 None] snapshot_file for this snap is: volume-db0b0d54-2fdc-4087-870f-87b9a99b5d5a.3764f802-62f2-4391-972d-c34a0623fde9 {{(pid=81066) _delete_snapshot /opt/stack/cinder/cinder/volume/drivers/remotefs.py:1307}}
Nov 14 09:34:49 devstack cinder-volume[81066]: DEBUG oslo.privsep.daemon [-] privsep: reply[65017c54-d58e-49f5-b3f2-6a73d48865ec]: (4, 'qcow2') {{(pid=81671) _call_back /opt/stack/data/venv/lib/python3.10/site-packages/oslo_privsep/daemon.py:515}}
Nov 14 09:34:49 devstack cinder-volume[81066]: DEBUG oslo_concurrency.processutils [None req-2acb7eb2-1d4b-43fd-aa59-afbbeccb6d86 tempest-SnapshotsActionsTest-1691152111 None] Running cmd (subprocess): /opt/stack/data/venv/bin/python3.10 -m oslo_concurrency.prlimit --as=1073741824 --cpu=60 -- sudo cinder-rootwrap /etc/cinder/rootwrap.conf env LC_ALL=C qemu-img info -f qcow2 --output=json --force-share /opt/stack/data/cinder/mnt/b6d7da31c7b9d66594ad40ec32afff0b/volume-db0b0d54-2fdc-4087-870f-87b9a99b5d5a.3764f802-62f2-4391-972d-c34a0623fde9 {{(pid=81066) execute /opt/stack/data/venv/lib/python3.10/site-packages/oslo_concurrency/processutils.py:349}}
Nov 14 09:34:49 devstack sudo[91487]: quobyte : PWD=/ ; USER=root ; COMMAND=/opt/stack/data/venv/bin/cinder-rootwrap /etc/cinder/rootwrap.conf env LC_ALL=C qemu-img info -f qcow2 --output=json --force-share /opt/stack/data/cinder/mnt/b6d7da31c7b9d66594ad40ec32afff0b/volume-db0b0d54-2fdc-4087-870f-87b9a99b5d5a.3764f802-62f2-4391-972d-c34a0623fde9
Nov 14 09:34:49 devstack sudo[91487]: pam_unix(sudo:session): session opened for user root(uid=0) by (uid=1000)
Nov 14 09:34:50 devstack sudo[91487]: pam_unix(sudo:session): session closed for user root
Nov 14 09:34:50 devstack cinder-volume[81066]: DEBUG oslo_concurrency.processutils [None req-2acb7eb2-1d4b-43fd-aa59-afbbeccb6d86 tempest-SnapshotsActionsTest-1691152111 None] CMD "/opt/stack/data/venv/bin/python3.10 -m oslo_concurrency.prlimit --as=1073741824 --cpu=60 -- sudo cinder-rootwrap /etc/cinder/rootwrap.conf env LC_ALL=C qemu-img info -f qcow2 --output=json --force-share /opt/stack/data/cinder/mnt/b6d7da31c7b9d66594ad40ec32afff0b/volume-db0b0d54-2fdc-4087-870f-87b9a99b5d5a.3764f802-62f2-4391-972d-c34a0623fde9" returned: 0 in 0.706s {{(pid=81066) execute /opt/stack/data/venv/lib/python3.10/site-packages/oslo_concurrency/processutils.py:372}}
Nov 14 09:34:50 devstack cinder-volume[81066]: DEBUG cinder.volume.drivers.remotefs [None req-2acb7eb2-1d4b-43fd-aa59-afbbeccb6d86 tempest-SnapshotsActionsTest-1691152111 None] Fetching qemu-img info with special backing_file_template: (/opt/stack/data/cinder/mnt/[0-9a-f]+/)?(volume-db0b0d54-2fdc-4087-870f-87b9a99b5d5a(.(tmp-snap-)?[0-9a-f-]+)?|volume_from_snapshot_cache/(tmp-snap-)?[0-9a-f-]+(.(child-|parent-)[0-9a-f-]+)?)$ {{(pid=81066) _qemu_img_info_base /opt/stack/cinder/cinder/volume/drivers/remotefs.py:886}}
Nov 14 09:34:50 devstack cinder-volume[81066]: DEBUG oslo.privsep.daemon [-] privsep: reply[bc31190f-b912-4b17-be48-06411ae704dd]: (4, 'qcow2') {{(pid=81671) _call_back /opt/stack/data/venv/lib/python3.10/site-packages/oslo_privsep/daemon.py:515}}
Nov 14 09:34:50 devstack cinder-volume[81066]: DEBUG oslo_concurrency.processutils [None req-2acb7eb2-1d4b-43fd-aa59-afbbeccb6d86 tempest-SnapshotsActionsTest-1691152111 None] Running cmd (subprocess): /opt/stack/data/venv/bin/python3.10 -m oslo_concurrency.prlimit --as=1073741824 --cpu=60 -- sudo cinder-rootwrap /etc/cinder/rootwrap.conf env LC_ALL=C qemu-img info -f qcow2 --output=json --force-share /opt/stack/data/cinder/mnt/b6d7da31c7b9d66594ad40ec32afff0b/volume-db0b0d54-2fdc-4087-870f-87b9a99b5d5a.b0c023bf-7a62-4fc3-b7ee-b9956c0c3fa3 {{(pid=81066) execute /opt/stack/data/venv/lib/python3.10/site-packages/oslo_concurrency/processutils.py:349}}
Nov 14 09:34:50 devstack sudo[91492]: quobyte : PWD=/ ; USER=root ; COMMAND=/opt/stack/data/venv/bin/cinder-rootwrap /etc/cinder/rootwrap.conf env LC_ALL=C qemu-img info -f qcow2 --output=json --force-share /opt/stack/data/cinder/mnt/b6d7da31c7b9d66594ad40ec32afff0b/volume-db0b0d54-2fdc-4087-870f-87b9a99b5d5a.b0c023bf-7a62-4fc3-b7ee-b9956c0c3fa3
Nov 14 09:34:50 devstack sudo[91492]: pam_unix(sudo:session): session opened for user root(uid=0) by (uid=1000)
Nov 14 09:34:51 devstack sudo[91492]: pam_unix(sudo:session): session closed for user root
Nov 14 09:34:51 devstack cinder-volume[81066]: DEBUG oslo_concurrency.processutils [None req-2acb7eb2-1d4b-43fd-aa59-afbbeccb6d86 tempest-SnapshotsActionsTest-1691152111 None] CMD "/opt/stack/data/venv/bin/python3.10 -m oslo_concurrency.prlimit --as=1073741824 --cpu=60 -- sudo cinder-rootwrap /etc/cinder/rootwrap.conf env LC_ALL=C qemu-img info -f qcow2 --output=json --force-share /opt/stack/data/cinder/mnt/b6d7da31c7b9d66594ad40ec32afff0b/volume-db0b0d54-2fdc-4087-870f-87b9a99b5d5a.b0c023bf-7a62-4fc3-b7ee-b9956c0c3fa3" returned: 0 in 0.648s {{(pid=81066) execute /opt/stack/data/venv/lib/python3.10/site-packages/oslo_concurrency/processutils.py:372}}
Nov 14 09:34:51 devstack cinder-volume[81066]: DEBUG cinder.volume.drivers.remotefs [None req-2acb7eb2-1d4b-43fd-aa59-afbbeccb6d86 tempest-SnapshotsActionsTest-1691152111 None] Fetching qemu-img info with special backing_file_template: (/opt/stack/data/cinder/mnt/[0-9a-f]+/)?(volume-db0b0d54-2fdc-4087-870f-87b9a99b5d5a(.(tmp-snap-)?[0-9a-f-]+)?|volume_from_snapshot_cache/(tmp-snap-)?[0-9a-f-]+(.(child-|parent-)[0-9a-f-]+)?)$ {{(pid=81066) _qemu_img_info_base /opt/stack/cinder/cinder/volume/drivers/remotefs.py:886}}
Nov 14 09:34:51 devstack cinder-volume[81066]: DEBUG oslo_concurrency.processutils [None req-2acb7eb2-1d4b-43fd-aa59-afbbeccb6d86 tempest-SnapshotsActionsTest-1691152111 None] Running cmd (subprocess): sudo cinder-rootwrap /etc/cinder/rootwrap.conf qemu-img commit -d /opt/stack/data/cinder/mnt/b6d7da31c7b9d66594ad40ec32afff0b/volume-db0b0d54-2fdc-4087-870f-87b9a99b5d5a.3764f802-62f2-4391-972d-c34a0623fde9 {{(pid=81066) execute /opt/stack/data/venv/lib/python3.10/site-packages/oslo_concurrency/processutils.py:349}}
Nov 14 09:34:51 devstack sudo[91497]: quobyte : PWD=/ ; USER=root ; COMMAND=/opt/stack/data/venv/bin/cinder-rootwrap /etc/cinder/rootwrap.conf qemu-img commit -d /opt/stack/data/cinder/mnt/b6d7da31c7b9d66594ad40ec32afff0b/volume-db0b0d54-2fdc-4087-870f-87b9a99b5d5a.3764f802-62f2-4391-972d-c34a0623fde9
Nov 14 09:34:51 devstack sudo[91497]: pam_unix(sudo:session): session opened for user root(uid=0) by (uid=1000)
Nov 14 09:34:51 devstack sudo[91497]: pam_unix(sudo:session): session closed for user root
Nov 14 09:34:51 devstack cinder-volume[81066]: DEBUG oslo_concurrency.processutils [None req-2acb7eb2-1d4b-43fd-aa59-afbbeccb6d86 tempest-SnapshotsActionsTest-1691152111 None] CMD "sudo cinder-rootwrap /etc/cinder/rootwrap.conf qemu-img commit -d /opt/stack/data/cinder/mnt/b6d7da31c7b9d66594ad40ec32afff0b/volume-db0b0d54-2fdc-4087-870f-87b9a99b5d5a.3764f802-62f2-4391-972d-c34a0623fde9" returned: 0 in 0.889s {{(pid=81066) execute /opt/stack/data/venv/lib/python3.10/site-packages/oslo_concurrency/processutils.py:372}}
Nov 14 09:34:51 devstack cinder-volume[81066]: DEBUG oslo_concurrency.processutils [None req-2acb7eb2-1d4b-43fd-aa59-afbbeccb6d86 tempest-SnapshotsActionsTest-1691152111 None] Running cmd (subprocess): sudo cinder-rootwrap /etc/cinder/rootwrap.conf rm -f /opt/stack/data/cinder/mnt/b6d7da31c7b9d66594ad40ec32afff0b/volume-db0b0d54-2fdc-4087-870f-87b9a99b5d5a.3764f802-62f2-4391-972d-c34a0623fde9 {{(pid=81066) execute /opt/stack/data/venv/lib/python3.10/site-packages/oslo_concurrency/processutils.py:349}}
