Feb 27 21:01:55 devstack devstack@n-api.service[61884]: [pid: 61884|app: 0|req: 15/28] 192.168.122.140 () {68 vars in 1385 bytes} [Fri Feb 27 21:01:55 2026] POST /compute/v2.1/flavors => generated 414 bytes in 63 msecs (HTTP/1.1 200) 9 headers in 359 bytes (1 switches on core 0)
Feb 27 21:01:55 devstack devstack@n-api.service[61883]: DEBUG nova.api.openstack.wsgi [None req-3035d3c0-0c33-418a-97a4-4dbed66358b1 admin admin] Action: 'create', calling method: >, body: {"extra_specs": {"hw_rng:allowed": "True"}} {{(pid=61883) _process_stack /opt/stack/nova/nova/api/openstack/wsgi.py:549}}
Feb 27 21:01:55 devstack devstack@n-api.service[61883]: INFO nova.api.openstack.requestlog [None req-3035d3c0-0c33-418a-97a4-4dbed66358b1 admin admin] 192.168.122.140 "POST /compute/v2.1/flavors/3/os-extra_specs" status: 200 len: 43 microversion: 2.61 time: 0.025741
Feb 27 21:01:55 devstack devstack@n-api.service[61883]: [pid: 61883|app: 0|req: 14/29] 192.168.122.140 () {68 vars in 1435 bytes} [Fri Feb 27 21:01:55 2026] POST /compute/v2.1/flavors/3/os-extra_specs => generated 43 bytes in 27 msecs (HTTP/1.1 200) 9 headers in 358 bytes (1 switches on core 0)
Feb 27 21:01:57 devstack devstack@n-api.service[61884]: DEBUG nova.api.openstack.wsgi [None req-b54aeb95-198e-4f90-95d3-871ec80cf2f8 admin admin] Calling method '>' {{(pid=61884) _process_stack /opt/stack/nova/nova/api/openstack/wsgi.py:551}}
Feb 27 21:01:57 devstack devstack@n-api.service[61884]: INFO nova.api.openstack.requestlog [None req-b54aeb95-198e-4f90-95d3-871ec80cf2f8 admin admin] 192.168.122.140 "GET /compute/v2.1" status: 200 len: 393 microversion: 2.1 time: 0.005096
Feb 27 21:01:57 devstack devstack@n-api.service[61884]: [pid: 61884|app: 0|req: 16/30] 192.168.122.140 () {58 vars in 1033 bytes} [Fri Feb 27 21:01:57 2026] GET /compute/v2.1 => generated 393 bytes in 6 msecs (HTTP/1.1 200) 9 headers in 357 bytes (1 switches on core 0)
Feb 27 21:01:57 devstack devstack@n-api.service[61883]: DEBUG nova.api.openstack.wsgi [None req-5505c8b7-c2eb-45ef-a1b8-e1192130dac7 admin admin] Action: 'create', calling method: >, body: {"flavor": {"name": "m1.large", "swap": 0, "os-flavor-access:is_public": true, "OS-FLV-EXT-DATA:ephemeral": 0, "ram": 8192, "vcpus": 4, "rxtx_factor": 1.0, "id": "4", "disk": 80}} {{(pid=61883) _process_stack /opt/stack/nova/nova/api/openstack/wsgi.py:549}}
Feb 27 21:01:57 devstack devstack@n-api.service[61883]: INFO nova.api.openstack.requestlog [None req-5505c8b7-c2eb-45ef-a1b8-e1192130dac7 admin admin] 192.168.122.140 "POST /compute/v2.1/flavors" status: 200 len: 413 microversion: 2.61 time: 0.062418
Feb 27 21:01:57 devstack devstack@n-api.service[61883]: [pid: 61883|app: 0|req: 15/31] 192.168.122.140 () {68 vars in 1385 bytes} [Fri Feb 27 21:01:57 2026] POST /compute/v2.1/flavors => generated 413 bytes in 64 msecs (HTTP/1.1 200) 9 headers in 359 bytes (1 switches on core 0)
Feb 27 21:01:57 devstack devstack@n-api.service[61884]: DEBUG nova.api.openstack.wsgi [None req-0e0124b8-eae7-4c4d-a0de-dc2914adb90d admin admin] Action: 'create', calling method: >, body: {"extra_specs": {"hw_rng:allowed": "True"}} {{(pid=61884) _process_stack /opt/stack/nova/nova/api/openstack/wsgi.py:549}}
Feb 27 21:01:57 devstack devstack@n-api.service[61884]: INFO nova.api.openstack.requestlog [None req-0e0124b8-eae7-4c4d-a0de-dc2914adb90d admin admin] 192.168.122.140 "POST /compute/v2.1/flavors/4/os-extra_specs" status: 200 len: 43 microversion: 2.61 time: 0.031578
Feb 27 21:01:57 devstack devstack@n-api.service[61884]: [pid: 61884|app: 0|req: 17/32] 192.168.122.140 () {68 vars in 1435 bytes} [Fri Feb 27 21:01:57 2026] POST /compute/v2.1/flavors/4/os-extra_specs => generated 43 bytes in 33 msecs (HTTP/1.1 200) 9 headers in 358 bytes (1 switches on core 0)
Feb 27 21:01:59 devstack devstack@n-api.service[61883]: DEBUG nova.api.openstack.wsgi [None req-5505c8b7-c2eb-45ef-a1b8-e1192130dac7 admin admin] Calling method '>' {{(pid=61883) _process_stack /opt/stack/nova/nova/api/openstack/wsgi.py:551}}
Feb 27 21:01:59 devstack devstack@n-api.service[61883]: INFO nova.api.openstack.requestlog [None req-5505c8b7-c2eb-45ef-a1b8-e1192130dac7 admin admin] 192.168.122.140 "GET /compute/v2.1" status: 200 len: 393 microversion: 2.1 time: 0.005676
Feb 27 21:01:59 devstack devstack@n-api.service[61883]: [pid: 61883|app: 0|req: 16/33] 192.168.122.140 () {58 vars in 1033 bytes} [Fri Feb 27 21:01:59 2026] GET /compute/v2.1 => generated 393 bytes in 7 msecs (HTTP/1.1 200) 9 headers in 357 bytes (1 switches on core 0)
Feb 27 21:01:59 devstack devstack@n-api.service[61884]: DEBUG nova.api.openstack.wsgi [None req-223e61b6-4f04-4909-aa99-8b259de04dc7 admin admin] Action: 'create', calling method: >, body: {"flavor": {"name": "m1.xlarge", "swap": 0, "rxtx_factor": 1.0, "id": "5", "ram": 16384, "OS-FLV-EXT-DATA:ephemeral": 0, "vcpus": 8, "os-flavor-access:is_public": true, "disk": 160}} {{(pid=61884) _process_stack /opt/stack/nova/nova/api/openstack/wsgi.py:549}}
Feb 27 21:01:59 devstack devstack@n-api.service[61884]: INFO nova.api.openstack.requestlog [None req-223e61b6-4f04-4909-aa99-8b259de04dc7 admin admin] 192.168.122.140 "POST /compute/v2.1/flavors" status: 200 len: 416 microversion: 2.61 time: 0.058940
Feb 27 21:01:59 devstack devstack@n-api.service[61884]: [pid: 61884|app: 0|req: 18/34] 192.168.122.140 () {68 vars in 1385 bytes} [Fri Feb 27 21:01:59 2026] POST /compute/v2.1/flavors => generated 416 bytes in 60 msecs (HTTP/1.1 200) 9 headers in 359 bytes (1 switches on core 0)
Feb 27 21:01:59 devstack devstack@n-api.service[61883]: DEBUG nova.api.openstack.wsgi [None req-b6d4d10f-cdfa-4c0c-b659-44bd92e1a118 admin admin] Action: 'create', calling method: >, body: {"extra_specs": {"hw_rng:allowed": "True"}} {{(pid=61883) _process_stack /opt/stack/nova/nova/api/openstack/wsgi.py:549}}
Feb 27 21:01:59 devstack devstack@n-api.service[61883]: INFO nova.api.openstack.requestlog [None req-b6d4d10f-cdfa-4c0c-b659-44bd92e1a118 admin admin] 192.168.122.140 "POST /compute/v2.1/flavors/5/os-extra_specs" status: 200 len: 43 microversion: 2.61 time: 0.029358
Feb 27 21:01:59 devstack devstack@n-api.service[61883]: [pid: 61883|app: 0|req: 17/35] 192.168.122.140 () {68 vars in 1435 bytes} [Fri Feb 27 21:01:59 2026] POST /compute/v2.1/flavors/5/os-extra_specs => generated 43 bytes in 31 msecs (HTTP/1.1 200) 9 headers in 358 bytes (1 switches on core 0)
Feb 27 21:02:09 devstack devstack@n-api.service[61884]: DEBUG dbcounter [-] [61884] Writing DB stats nova_api:SELECT=21,nova_api:SAVEPOINT=5,nova_api:INSERT=10,nova_api:RELEASE=5 {{(pid=61884) stat_writer /opt/stack/data/venv/lib/python3.10/site-packages/dbcounter.py:115}}
Feb 27 21:02:09 devstack devstack@n-api.service[61883]: DEBUG dbcounter [-] [61883] Writing DB stats nova_api:SELECT=21,nova_api:INSERT=10,nova_api:SAVEPOINT=5,nova_api:RELEASE=5 {{(pid=61883) stat_writer /opt/stack/data/venv/lib/python3.10/site-packages/dbcounter.py:115}}
Feb 27 21:02:14 devstack devstack@n-api.service[61884]: DEBUG nova.api.openstack.wsgi [None req-223e61b6-4f04-4909-aa99-8b259de04dc7 admin admin] Calling method '>' {{(pid=61884) _process_stack /opt/stack/nova/nova/api/openstack/wsgi.py:551}}
Feb 27 21:02:14 devstack devstack@n-api.service[61884]: INFO nova.api.openstack.requestlog [None req-223e61b6-4f04-4909-aa99-8b259de04dc7 admin admin] 192.168.122.140 "GET /compute/v2.1" status: 200 len: 393 microversion: 2.1 time: 0.005412
Feb 27 21:02:14 devstack devstack@n-api.service[61884]: [pid: 61884|app: 0|req: 19/36] 192.168.122.140 () {58 vars in 1033 bytes} [Fri Feb 27 21:02:14 2026] GET /compute/v2.1 => generated 393 bytes in 7 msecs (HTTP/1.1 200) 9 headers in 357 bytes (1 switches on core 0)
Feb 27 21:02:14 devstack devstack@n-api.service[61883]: DEBUG nova.api.openstack.wsgi [None req-0e199e73-87cc-4de1-b619-252a16cf0358 admin admin] Calling method '>' {{(pid=61883) _process_stack /opt/stack/nova/nova/api/openstack/wsgi.py:551}}
Feb 27 21:02:14 devstack devstack@n-api.service[61883]: DEBUG oslo_concurrency.lockutils [None req-0e199e73-87cc-4de1-b619-252a16cf0358 admin admin] Acquiring lock "00000000-0000-0000-0000-000000000000" by "nova.context.set_target_cell..get_or_set_cached_cell_and_set_connections" {{(pid=61883) inner /opt/stack/data/venv/lib/python3.10/site-packages/oslo_concurrency/lockutils.py:506}}
Feb 27 21:02:14 devstack devstack@n-api.service[61883]: DEBUG oslo_concurrency.lockutils [None req-0e199e73-87cc-4de1-b619-252a16cf0358 admin admin] Lock "00000000-0000-0000-0000-000000000000" acquired by "nova.context.set_target_cell..get_or_set_cached_cell_and_set_connections" :: waited 0.000s {{(pid=61883) inner /opt/stack/data/venv/lib/python3.10/site-packages/oslo_concurrency/lockutils.py:519}}
Feb 27 21:02:14 devstack devstack@n-api.service[61883]: DEBUG oslo_concurrency.lockutils [None req-0e199e73-87cc-4de1-b619-252a16cf0358 admin admin] Lock "00000000-0000-0000-0000-000000000000" "released" by "nova.context.set_target_cell..get_or_set_cached_cell_and_set_connections" :: held 0.000s {{(pid=61883) inner /opt/stack/data/venv/lib/python3.10/site-packages/oslo_concurrency/lockutils.py:538}}
Feb 27 21:02:14 devstack devstack@n-api.service[61883]: DEBUG oslo_concurrency.lockutils [None req-0e199e73-87cc-4de1-b619-252a16cf0358 admin admin] Acquiring lock "f373a30f-9993-4f71-b2f1-653eb3ab37d7" by "nova.context.set_target_cell..get_or_set_cached_cell_and_set_connections" {{(pid=61883) inner /opt/stack/data/venv/lib/python3.10/site-packages/oslo_concurrency/lockutils.py:506}}
Feb 27 21:02:14 devstack devstack@n-api.service[61883]: DEBUG oslo_concurrency.lockutils [None req-0e199e73-87cc-4de1-b619-252a16cf0358 admin admin] Lock "f373a30f-9993-4f71-b2f1-653eb3ab37d7" acquired by "nova.context.set_target_cell..get_or_set_cached_cell_and_set_connections" :: waited 0.000s {{(pid=61883) inner /opt/stack/data/venv/lib/python3.10/site-packages/oslo_concurrency/lockutils.py:519}}
Feb 27 21:02:14 devstack devstack@n-api.service[61883]: DEBUG oslo_concurrency.lockutils [None req-0e199e73-87cc-4de1-b619-252a16cf0358 admin admin] Lock "f373a30f-9993-4f71-b2f1-653eb3ab37d7" "released" by "nova.context.set_target_cell..get_or_set_cached_cell_and_set_connections" :: held 0.000s {{(pid=61883) inner /opt/stack/data/venv/lib/python3.10/site-packages/oslo_concurrency/lockutils.py:538}}
Feb 27 21:02:14 devstack devstack@n-api.service[61883]: INFO nova.api.openstack.requestlog [None req-0e199e73-87cc-4de1-b619-252a16cf0358 admin admin] 192.168.122.140 "GET /compute/v2.1/os-services?binary=nova-compute&host=devstack" status: 200 len: 251 microversion: 2.69 time: 0.086691
Feb 27 21:02:14 devstack devstack@n-api.service[61883]: [pid: 61883|app: 0|req: 18/37] 192.168.122.140 () {64 vars in 1423 bytes} [Fri Feb 27 21:02:14 2026] GET /compute/v2.1/os-services?binary=nova-compute&host=devstack => generated 251 bytes in 88 msecs (HTTP/1.1 200) 9 headers in 359 bytes (1 switches on core 0)
Feb 27 21:02:24 devstack devstack@n-api.service[61883]: DEBUG dbcounter [-] [61883] Writing DB stats nova_cell0:SELECT=1 {{(pid=61883) stat_writer /opt/stack/data/venv/lib/python3.10/site-packages/dbcounter.py:115}}
Feb 27 21:02:24 devstack devstack@n-api.service[61883]: DEBUG dbcounter [-] [61883] Writing DB stats nova_cell1:SELECT=1 {{(pid=61883) stat_writer /opt/stack/data/venv/lib/python3.10/site-packages/dbcounter.py:115}}
Feb 27 21:02:24 devstack devstack@n-api.service[61883]: DEBUG dbcounter [-] [61883] Writing DB stats nova_api:SELECT=2 {{(pid=61883) stat_writer /opt/stack/data/venv/lib/python3.10/site-packages/dbcounter.py:115}}
Feb 27 21:02:42 devstack devstack@n-api.service[61884]: DEBUG nova.api.openstack.wsgi [None req-223e61b6-4f04-4909-aa99-8b259de04dc7 admin admin] Calling method '>' {{(pid=61884) _process_stack /opt/stack/nova/nova/api/openstack/wsgi.py:551}}
Feb 27 21:02:42 devstack devstack@n-api.service[61884]: INFO nova.api.openstack.requestlog [None req-223e61b6-4f04-4909-aa99-8b259de04dc7 admin admin] 192.168.122.140 "GET /compute/v2.1" status: 200 len: 393 microversion: 2.1 time: 0.004267
Feb 27 21:02:42 devstack devstack@n-api.service[61884]: [pid: 61884|app: 0|req: 20/38] 192.168.122.140 () {58 vars in 1033 bytes} [Fri Feb 27 21:02:42 2026] GET /compute/v2.1 => generated 393 bytes in 5 msecs (HTTP/1.1 200) 9 headers in 357 bytes (1 switches on core 0)
Feb 27 21:02:42 devstack devstack@n-api.service[61883]: DEBUG nova.api.openstack.wsgi [None req-663ad5bf-2daf-4bf0-a9ea-ff7db00168a5 admin admin] Calling method '>' {{(pid=61883) _process_stack /opt/stack/nova/nova/api/openstack/wsgi.py:551}}
Feb 27 21:02:42 devstack devstack@n-api.service[61883]: INFO nova.api.openstack.requestlog [None req-663ad5bf-2daf-4bf0-a9ea-ff7db00168a5 admin admin] 192.168.122.140 "GET /compute/v2.1/flavors/detail?is_public=True" status: 200 len: 4282 microversion: 2.61 time: 0.056695
Feb 27 21:02:42 devstack devstack@n-api.service[61883]: [pid: 61883|app: 0|req: 19/39] 192.168.122.140 () {64 vars in 1394 bytes} [Fri Feb 27 21:02:42 2026] GET /compute/v2.1/flavors/detail?is_public=True => generated 4282 bytes in 58 msecs (HTTP/1.1 200) 9 headers in 360 bytes (1 switches on core 0)
Feb 27 21:02:45 devstack devstack@n-api.service[61884]: DEBUG nova.api.openstack.wsgi [None req-223e61b6-4f04-4909-aa99-8b259de04dc7 admin admin] Calling method '>' {{(pid=61884) _process_stack /opt/stack/nova/nova/api/openstack/wsgi.py:551}}
Feb 27 21:02:45 devstack devstack@n-api.service[61884]: INFO nova.api.openstack.requestlog [None req-223e61b6-4f04-4909-aa99-8b259de04dc7 admin admin] 192.168.122.140 "GET /compute/v2.1" status: 200 len: 393 microversion: 2.1 time: 0.004642
Feb 27 21:02:45 devstack devstack@n-api.service[61884]: [pid: 61884|app: 0|req: 21/40] 192.168.122.140 () {58 vars in 1033 bytes} [Fri Feb 27 21:02:45 2026] GET /compute/v2.1 => generated 393 bytes in 5 msecs (HTTP/1.1 200) 9 headers in 357 bytes (1 switches on core 0)
Feb 27 21:02:45 devstack devstack@n-api.service[61883]: DEBUG nova.api.openstack.wsgi [None req-2f866c55-917c-4602-bd1d-e66d602973e9 admin admin] Action: 'create', calling method: >, body: {"flavor": {"id": "42", "OS-FLV-EXT-DATA:ephemeral": 0, "swap": 0, "rxtx_factor": 1.0, "ram": 192, "disk": 1, "vcpus": 1, "os-flavor-access:is_public": true, "name": "m1.nano"}} {{(pid=61883) _process_stack /opt/stack/nova/nova/api/openstack/wsgi.py:549}}
Feb 27 21:02:46 devstack devstack@n-api.service[61883]: INFO nova.api.openstack.requestlog [None req-2f866c55-917c-4602-bd1d-e66d602973e9 admin admin] 192.168.122.140 "POST /compute/v2.1/flavors" status: 200 len: 413 microversion: 2.61 time: 0.049343
Feb 27 21:02:46 devstack devstack@n-api.service[61883]: [pid: 61883|app: 0|req: 20/41] 192.168.122.140 () {68 vars in 1385 bytes} [Fri Feb 27 21:02:45 2026] POST /compute/v2.1/flavors => generated 413 bytes in 50 msecs (HTTP/1.1 200) 9 headers in 359 bytes (1 switches on core 0)
Feb 27 21:02:46 devstack devstack@n-api.service[61884]: DEBUG nova.api.openstack.wsgi [None req-372ef338-8591-4ea3-a615-acb480709431 admin admin] Action: 'create', calling method: >, body: {"extra_specs": {"hw_rng:allowed": "True"}} {{(pid=61884) _process_stack /opt/stack/nova/nova/api/openstack/wsgi.py:549}}
Feb 27 21:02:46 devstack devstack@n-api.service[61884]: INFO nova.api.openstack.requestlog [None req-372ef338-8591-4ea3-a615-acb480709431 admin admin] 192.168.122.140 "POST /compute/v2.1/flavors/42/os-extra_specs" status: 200 len: 43 microversion: 2.61 time: 0.023402
Feb 27 21:02:46 devstack devstack@n-api.service[61884]: [pid: 61884|app: 0|req: 22/42] 192.168.122.140 () {68 vars in 1438 bytes} [Fri Feb 27 21:02:46 2026] POST /compute/v2.1/flavors/42/os-extra_specs => generated 43 bytes in 28 msecs (HTTP/1.1 200) 9 headers in 358 bytes (1 switches on core 0)
Feb 27 21:02:49 devstack devstack@n-api.service[61883]: DEBUG nova.api.openstack.wsgi [None req-2f866c55-917c-4602-bd1d-e66d602973e9 admin admin] Calling method '>' {{(pid=61883) _process_stack /opt/stack/nova/nova/api/openstack/wsgi.py:551}}
Feb 27 21:02:49 devstack devstack@n-api.service[61883]: INFO nova.api.openstack.requestlog [None req-2f866c55-917c-4602-bd1d-e66d602973e9 admin admin] 192.168.122.140 "GET /compute/v2.1" status: 200 len: 393 microversion: 2.1 time: 0.004992
Feb 27 21:02:49 devstack devstack@n-api.service[61883]: [pid: 61883|app: 0|req: 21/43] 192.168.122.140 () {58 vars in 1033 bytes} [Fri Feb 27 21:02:49 2026] GET /compute/v2.1 => generated 393 bytes in 6 msecs (HTTP/1.1 200) 9 headers in 357 bytes (1 switches on core 0)
Feb 27 21:02:49 devstack devstack@n-api.service[61884]: DEBUG nova.api.openstack.wsgi [None req-6c86b7ed-a823-4cae-84e1-2aa3c8904757 admin admin] Action: 'create', calling method: >, body: {"flavor": {"vcpus": 1, "id": "84", "disk": 1, "OS-FLV-EXT-DATA:ephemeral": 0, "swap": 0, "ram": 256, "os-flavor-access:is_public": true, "name": "m1.micro", "rxtx_factor": 1.0}} {{(pid=61884) _process_stack /opt/stack/nova/nova/api/openstack/wsgi.py:549}}
Feb 27 21:02:49 devstack devstack@n-api.service[61884]: INFO nova.api.openstack.requestlog [None req-6c86b7ed-a823-4cae-84e1-2aa3c8904757 admin admin] 192.168.122.140 "POST /compute/v2.1/flavors" status: 200 len: 414 microversion: 2.61 time: 0.049030
Feb 27 21:02:49 devstack devstack@n-api.service[61884]: [pid: 61884|app: 0|req: 23/44] 192.168.122.140 () {68 vars in 1385 bytes} [Fri Feb 27 21:02:49 2026] POST /compute/v2.1/flavors => generated 414 bytes in 50 msecs (HTTP/1.1 200) 9 headers in 359 bytes (1 switches on core 0)
Feb 27 21:02:49 devstack devstack@n-api.service[61883]: DEBUG nova.api.openstack.wsgi [None req-81d949ef-1c38-4cef-82de-75fc68ac81ec admin admin] Action: 'create', calling method: >, body: {"extra_specs": {"hw_rng:allowed": "True"}} {{(pid=61883) _process_stack /opt/stack/nova/nova/api/openstack/wsgi.py:549}}
Feb 27 21:02:49 devstack devstack@n-api.service[61883]: INFO nova.api.openstack.requestlog [None req-81d949ef-1c38-4cef-82de-75fc68ac81ec admin admin] 192.168.122.140 "POST /compute/v2.1/flavors/84/os-extra_specs" status: 200 len: 43 microversion: 2.61 time: 0.023677
Feb 27 21:02:49 devstack devstack@n-api.service[61883]: [pid: 61883|app: 0|req: 22/45] 192.168.122.140 () {68 vars in 1438 bytes} [Fri Feb 27 21:02:49 2026] POST /compute/v2.1/flavors/84/os-extra_specs => generated 43 bytes in 25 msecs (HTTP/1.1 200) 9 headers in 358 bytes (1 switches on core 0)
Feb 27 21:02:59 devstack devstack@n-api.service[61884]: DEBUG dbcounter [-] [61884] Writing DB stats nova_api:SELECT=4,nova_api:SAVEPOINT=1,nova_api:INSERT=2,nova_api:RELEASE=1 {{(pid=61884) stat_writer /opt/stack/data/venv/lib/python3.10/site-packages/dbcounter.py:115}}
Feb 27 21:02:59 devstack devstack@n-api.service[61883]: DEBUG dbcounter [-] [61883] Writing DB stats nova_api:SELECT=5,nova_api:INSERT=2,nova_api:SAVEPOINT=1,nova_api:RELEASE=1 {{(pid=61883) stat_writer /opt/stack/data/venv/lib/python3.10/site-packages/dbcounter.py:115}}
Feb 27 21:06:25 devstack devstack@n-api.service[61884]: DEBUG nova.api.openstack.wsgi [None req-cd0d8f62-e46a-427c-8458-715ed746ac7b tempest-DeleteServersTestJSON-1938910135 tempest-DeleteServersTestJSON-1938910135-project-member] Action: 'create', calling method: >, body: {"server": {"name": "tempest-DeleteServersTestJSON-server-28096631", "imageRef": "966e1280-9a85-4fe9-aea7-997ad5f043f3", "flavorRef": "42", "networks": [{"uuid": "80e46ad9-fbec-4375-9e15-e9b237878a92"}]}} {{(pid=61884) _process_stack /opt/stack/nova/nova/api/openstack/wsgi.py:549}}
Feb 27 21:06:26 devstack devstack@n-api.service[61884]: DEBUG oslo_concurrency.lockutils [None req-cd0d8f62-e46a-427c-8458-715ed746ac7b tempest-DeleteServersTestJSON-1938910135 tempest-DeleteServersTestJSON-1938910135-project-member] Acquiring lock "00000000-0000-0000-0000-000000000000" by "nova.context.set_target_cell..get_or_set_cached_cell_and_set_connections" {{(pid=61884) inner /opt/stack/data/venv/lib/python3.10/site-packages/oslo_concurrency/lockutils.py:506}}
Feb 27 21:06:26 devstack devstack@n-api.service[61884]: DEBUG oslo_concurrency.lockutils [None req-cd0d8f62-e46a-427c-8458-715ed746ac7b tempest-DeleteServersTestJSON-1938910135 tempest-DeleteServersTestJSON-1938910135-project-member] Lock "00000000-0000-0000-0000-000000000000" acquired by "nova.context.set_target_cell..get_or_set_cached_cell_and_set_connections" :: waited 0.001s {{(pid=61884) inner /opt/stack/data/venv/lib/python3.10/site-packages/oslo_concurrency/lockutils.py:519}}
Feb 27 21:06:26 devstack devstack@n-api.service[61884]: DEBUG oslo_concurrency.lockutils [None req-cd0d8f62-e46a-427c-8458-715ed746ac7b tempest-DeleteServersTestJSON-1938910135 tempest-DeleteServersTestJSON-1938910135-project-member] Lock "00000000-0000-0000-0000-000000000000" "released" by "nova.context.set_target_cell..get_or_set_cached_cell_and_set_connections" :: held 0.000s {{(pid=61884) inner /opt/stack/data/venv/lib/python3.10/site-packages/oslo_concurrency/lockutils.py:538}}
Feb 27 21:06:26 devstack devstack@n-api.service[61884]: DEBUG oslo_concurrency.lockutils [None req-cd0d8f62-e46a-427c-8458-715ed746ac7b tempest-DeleteServersTestJSON-1938910135 tempest-DeleteServersTestJSON-1938910135-project-member] Acquiring lock "f373a30f-9993-4f71-b2f1-653eb3ab37d7" by "nova.context.set_target_cell..get_or_set_cached_cell_and_set_connections" {{(pid=61884) inner /opt/stack/data/venv/lib/python3.10/site-packages/oslo_concurrency/lockutils.py:506}}
Feb 27 21:06:26 devstack devstack@n-api.service[61884]: DEBUG oslo_concurrency.lockutils [None req-cd0d8f62-e46a-427c-8458-715ed746ac7b tempest-DeleteServersTestJSON-1938910135 tempest-DeleteServersTestJSON-1938910135-project-member] Lock "f373a30f-9993-4f71-b2f1-653eb3ab37d7" acquired by "nova.context.set_target_cell..get_or_set_cached_cell_and_set_connections" :: waited 0.000s {{(pid=61884) inner /opt/stack/data/venv/lib/python3.10/site-packages/oslo_concurrency/lockutils.py:519}}
Feb 27 21:06:26 devstack devstack@n-api.service[61884]: DEBUG oslo_concurrency.lockutils [None req-cd0d8f62-e46a-427c-8458-715ed746ac7b tempest-DeleteServersTestJSON-1938910135 tempest-DeleteServersTestJSON-1938910135-project-member] Lock "f373a30f-9993-4f71-b2f1-653eb3ab37d7" "released" by "nova.context.set_target_cell..get_or_set_cached_cell_and_set_connections" :: held 0.000s {{(pid=61884) inner /opt/stack/data/venv/lib/python3.10/site-packages/oslo_concurrency/lockutils.py:538}}
Feb 27 21:06:26 devstack devstack@n-api.service[61884]: DEBUG nova.network.neutron [None req-cd0d8f62-e46a-427c-8458-715ed746ac7b tempest-DeleteServersTestJSON-1938910135 tempest-DeleteServersTestJSON-1938910135-project-member] validate_networks() for [('80e46ad9-fbec-4375-9e15-e9b237878a92', None, None, None, None, None)] {{(pid=61884) validate_networks /opt/stack/nova/nova/network/neutron.py:2685}}
Feb 27 21:06:26 devstack devstack@n-api.service[61884]: WARNING neutronclient.v2_0.client [None req-cd0d8f62-e46a-427c-8458-715ed746ac7b tempest-DeleteServersTestJSON-1938910135 tempest-DeleteServersTestJSON-1938910135-project-member] The python binding code in neutronclient is deprecated in favor of OpenstackSDK, please use that as this will be removed in a future release.
Feb 27 21:06:29 devstack devstack@n-api.service[61883]: DEBUG nova.api.openstack.wsgi [None req-76fd8440-5986-4e44-9015-1e001c9cf297 tempest-ServerRescueNegativeTestJSON-1236957487 tempest-ServerRescueNegativeTestJSON-1236957487-project-member] Action: 'create', calling method: >, body: {"server": {"name": "tempest-ServerRescueNegativeTestJSON-server-911286364", "imageRef": "966e1280-9a85-4fe9-aea7-997ad5f043f3", "flavorRef": "42", "adminPass": "***", "networks": [{"uuid": "}]}} {{(pid=61883) _process_stack /opt/stack/nova/nova/api/openstack/wsgi.py:549}}
Feb 27 21:06:29 devstack devstack@n-api.service[61883]: DEBUG oslo_concurrency.lockutils [None req-76fd8440-5986-4e44-9015-1e001c9cf297 tempest-ServerRescueNegativeTestJSON-1236957487 tempest-ServerRescueNegativeTestJSON-1236957487-project-member] Acquiring lock "00000000-0000-0000-0000-000000000000" by "nova.context.set_target_cell..get_or_set_cached_cell_and_set_connections" {{(pid=61883) inner /opt/stack/data/venv/lib/python3.10/site-packages/oslo_concurrency/lockutils.py:506}}
Feb 27 21:06:29 devstack devstack@n-api.service[61883]: DEBUG oslo_concurrency.lockutils [None req-76fd8440-5986-4e44-9015-1e001c9cf297 tempest-ServerRescueNegativeTestJSON-1236957487 tempest-ServerRescueNegativeTestJSON-1236957487-project-member] Lock "00000000-0000-0000-0000-000000000000" acquired by "nova.context.set_target_cell..get_or_set_cached_cell_and_set_connections" :: waited 0.001s {{(pid=61883) inner /opt/stack/data/venv/lib/python3.10/site-packages/oslo_concurrency/lockutils.py:519}}
Feb 27 21:06:29 devstack devstack@n-api.service[61883]: DEBUG oslo_concurrency.lockutils [None req-76fd8440-5986-4e44-9015-1e001c9cf297 tempest-ServerRescueNegativeTestJSON-1236957487 tempest-ServerRescueNegativeTestJSON-1236957487-project-member] Lock "00000000-0000-0000-0000-000000000000" "released" by "nova.context.set_target_cell..get_or_set_cached_cell_and_set_connections" :: held 0.000s {{(pid=61883) inner /opt/stack/data/venv/lib/python3.10/site-packages/oslo_concurrency/lockutils.py:538}}
Feb 27 21:06:29 devstack devstack@n-api.service[61883]: DEBUG oslo_concurrency.lockutils [None req-76fd8440-5986-4e44-9015-1e001c9cf297 tempest-ServerRescueNegativeTestJSON-1236957487 tempest-ServerRescueNegativeTestJSON-1236957487-project-member] Acquiring lock "f373a30f-9993-4f71-b2f1-653eb3ab37d7" by "nova.context.set_target_cell..get_or_set_cached_cell_and_set_connections" {{(pid=61883) inner /opt/stack/data/venv/lib/python3.10/site-packages/oslo_concurrency/lockutils.py:506}}
Feb 27 21:06:29 devstack devstack@n-api.service[61883]: DEBUG oslo_concurrency.lockutils [None req-76fd8440-5986-4e44-9015-1e001c9cf297 tempest-ServerRescueNegativeTestJSON-1236957487 tempest-ServerRescueNegativeTestJSON-1236957487-project-member] Lock "f373a30f-9993-4f71-b2f1-653eb3ab37d7" acquired by "nova.context.set_target_cell..get_or_set_cached_cell_and_set_connections" :: waited 0.002s {{(pid=61883) inner /opt/stack/data/venv/lib/python3.10/site-packages/oslo_concurrency/lockutils.py:519}}
Feb 27 21:06:29 devstack devstack@n-api.service[61883]: DEBUG oslo_concurrency.lockutils [None req-76fd8440-5986-4e44-9015-1e001c9cf297 tempest-ServerRescueNegativeTestJSON-1236957487 tempest-ServerRescueNegativeTestJSON-1236957487-project-member] Lock "f373a30f-9993-4f71-b2f1-653eb3ab37d7" "released" by "nova.context.set_target_cell..get_or_set_cached_cell_and_set_connections" :: held 0.001s {{(pid=61883) inner /opt/stack/data/venv/lib/python3.10/site-packages/oslo_concurrency/lockutils.py:538}}
Feb 27 21:06:29 devstack devstack@n-api.service[61883]: DEBUG nova.network.neutron [None req-76fd8440-5986-4e44-9015-1e001c9cf297 tempest-ServerRescueNegativeTestJSON-1236957487 tempest-ServerRescueNegativeTestJSON-1236957487-project-member] validate_networks() for [('9fde6683-5a09-4f18-a370-61e29e21ee6a', None, None, None, None, None)] {{(pid=61883) validate_networks /opt/stack/nova/nova/network/neutron.py:2685}}
Feb 27 21:06:29 devstack devstack@n-api.service[61883]: WARNING neutronclient.v2_0.client [None req-76fd8440-5986-4e44-9015-1e001c9cf297 tempest-ServerRescueNegativeTestJSON-1236957487 tempest-ServerRescueNegativeTestJSON-1236957487-project-member] The python binding code in neutronclient is deprecated in favor of OpenstackSDK, please use that as this will be removed in a future release.
Feb 27 21:06:30 devstack devstack@n-api.service[61884]: WARNING neutronclient.v2_0.client [None req-cd0d8f62-e46a-427c-8458-715ed746ac7b tempest-DeleteServersTestJSON-1938910135 tempest-DeleteServersTestJSON-1938910135-project-member] The python binding code in neutronclient is deprecated in favor of OpenstackSDK, please use that as this will be removed in a future release.
Feb 27 21:06:32 devstack devstack@n-api.service[61883]: WARNING neutronclient.v2_0.client [None req-76fd8440-5986-4e44-9015-1e001c9cf297 tempest-ServerRescueNegativeTestJSON-1236957487 tempest-ServerRescueNegativeTestJSON-1236957487-project-member] The python binding code in neutronclient is deprecated in favor of OpenstackSDK, please use that as this will be removed in a future release.
Feb 27 21:06:34 devstack devstack@n-api.service[61884]: DEBUG nova.virt.hardware [None req-cd0d8f62-e46a-427c-8458-715ed746ac7b tempest-DeleteServersTestJSON-1938910135 tempest-DeleteServersTestJSON-1938910135-project-member] Flavor limits 0:0:0 {{(pid=61884) get_cpu_topology_constraints /opt/stack/nova/nova/virt/hardware.py:356}}
Feb 27 21:06:34 devstack devstack@n-api.service[61884]: DEBUG nova.virt.hardware [None req-cd0d8f62-e46a-427c-8458-715ed746ac7b tempest-DeleteServersTestJSON-1938910135 tempest-DeleteServersTestJSON-1938910135-project-member] Image limits 0:0:0 {{(pid=61884) get_cpu_topology_constraints /opt/stack/nova/nova/virt/hardware.py:360}}
Feb 27 21:06:34 devstack devstack@n-api.service[61884]: DEBUG nova.virt.hardware [None req-cd0d8f62-e46a-427c-8458-715ed746ac7b tempest-DeleteServersTestJSON-1938910135 tempest-DeleteServersTestJSON-1938910135-project-member] Flavor pref 0:0:0 {{(pid=61884) get_cpu_topology_constraints /opt/stack/nova/nova/virt/hardware.py:396}}
Feb 27 21:06:34 devstack devstack@n-api.service[61884]: DEBUG nova.virt.hardware [None req-cd0d8f62-e46a-427c-8458-715ed746ac7b tempest-DeleteServersTestJSON-1938910135 tempest-DeleteServersTestJSON-1938910135-project-member] Image pref 0:0:0 {{(pid=61884) get_cpu_topology_constraints /opt/stack/nova/nova/virt/hardware.py:400}}
Feb 27 21:06:34 devstack devstack@n-api.service[61884]: DEBUG nova.virt.hardware [None req-cd0d8f62-e46a-427c-8458-715ed746ac7b tempest-DeleteServersTestJSON-1938910135 tempest-DeleteServersTestJSON-1938910135-project-member] Chose sockets=0, cores=0, threads=0; limits were sockets=65536, cores=65536, threads=65536 {{(pid=61884) get_cpu_topology_constraints /opt/stack/nova/nova/virt/hardware.py:438}}
Feb 27 21:06:34 devstack devstack@n-api.service[61884]: DEBUG oslo_concurrency.lockutils [None req-cd0d8f62-e46a-427c-8458-715ed746ac7b tempest-DeleteServersTestJSON-1938910135 tempest-DeleteServersTestJSON-1938910135-project-member] Acquiring lock "00000000-0000-0000-0000-000000000000" by "nova.context.set_target_cell..get_or_set_cached_cell_and_set_connections" {{(pid=61884) inner /opt/stack/data/venv/lib/python3.10/site-packages/oslo_concurrency/lockutils.py:506}}
Feb 27 21:06:34 devstack devstack@n-api.service[61884]: DEBUG oslo_concurrency.lockutils [None req-cd0d8f62-e46a-427c-8458-715ed746ac7b tempest-DeleteServersTestJSON-1938910135 tempest-DeleteServersTestJSON-1938910135-project-member] Lock "00000000-0000-0000-0000-000000000000" acquired by "nova.context.set_target_cell..get_or_set_cached_cell_and_set_connections" :: waited 0.000s {{(pid=61884) inner /opt/stack/data/venv/lib/python3.10/site-packages/oslo_concurrency/lockutils.py:519}}
Feb 27 21:06:34 devstack devstack@n-api.service[61884]: DEBUG oslo_concurrency.lockutils [None req-cd0d8f62-e46a-427c-8458-715ed746ac7b tempest-DeleteServersTestJSON-1938910135 tempest-DeleteServersTestJSON-1938910135-project-member] Lock "00000000-0000-0000-0000-000000000000" "released" by "nova.context.set_target_cell..get_or_set_cached_cell_and_set_connections" :: held 0.001s {{(pid=61884) inner /opt/stack/data/venv/lib/python3.10/site-packages/oslo_concurrency/lockutils.py:538}}
Feb 27 21:06:34 devstack devstack@n-api.service[61884]: DEBUG oslo_concurrency.lockutils [None req-cd0d8f62-e46a-427c-8458-715ed746ac7b tempest-DeleteServersTestJSON-1938910135 tempest-DeleteServersTestJSON-1938910135-project-member] Acquiring lock "f373a30f-9993-4f71-b2f1-653eb3ab37d7" by "nova.context.set_target_cell..get_or_set_cached_cell_and_set_connections" {{(pid=61884) inner /opt/stack/data/venv/lib/python3.10/site-packages/oslo_concurrency/lockutils.py:506}}
Feb 27 21:06:34 devstack devstack@n-api.service[61884]: DEBUG oslo_concurrency.lockutils [None req-cd0d8f62-e46a-427c-8458-715ed746ac7b tempest-DeleteServersTestJSON-1938910135 tempest-DeleteServersTestJSON-1938910135-project-member] Lock "f373a30f-9993-4f71-b2f1-653eb3ab37d7" acquired by "nova.context.set_target_cell..get_or_set_cached_cell_and_set_connections" :: waited 0.003s {{(pid=61884) inner /opt/stack/data/venv/lib/python3.10/site-packages/oslo_concurrency/lockutils.py:519}}
Feb 27 21:06:34 devstack devstack@n-api.service[61884]: DEBUG oslo_concurrency.lockutils [None req-cd0d8f62-e46a-427c-8458-715ed746ac7b tempest-DeleteServersTestJSON-1938910135 tempest-DeleteServersTestJSON-1938910135-project-member] Lock "f373a30f-9993-4f71-b2f1-653eb3ab37d7" "released" by "nova.context.set_target_cell..get_or_set_cached_cell_and_set_connections" :: held 0.001s {{(pid=61884) inner /opt/stack/data/venv/lib/python3.10/site-packages/oslo_concurrency/lockutils.py:538}}
Feb 27 21:06:34 devstack devstack@n-api.service[61884]: DEBUG nova.quota [None req-cd0d8f62-e46a-427c-8458-715ed746ac7b tempest-DeleteServersTestJSON-1938910135 tempest-DeleteServersTestJSON-1938910135-project-member] Getting quotas for project faa923657d56444bbdcb0e88a52d3df4. Resources: {'ram', 'instances', 'cores'} {{(pid=61884) _get_quotas /opt/stack/nova/nova/quota.py:392}}
Feb 27 21:06:34 devstack devstack@n-api.service[61884]: DEBUG nova.quota [None req-cd0d8f62-e46a-427c-8458-715ed746ac7b tempest-DeleteServersTestJSON-1938910135 tempest-DeleteServersTestJSON-1938910135-project-member] Getting quotas for user f6ef0626eb0743b59d68303976c2744e and project faa923657d56444bbdcb0e88a52d3df4. Resources: {'ram', 'instances', 'cores'} {{(pid=61884) _get_quotas /opt/stack/nova/nova/quota.py:382}}
Feb 27 21:06:34 devstack devstack@n-api.service[61884]: DEBUG nova.compute.api [None req-cd0d8f62-e46a-427c-8458-715ed746ac7b tempest-DeleteServersTestJSON-1938910135 tempest-DeleteServersTestJSON-1938910135-project-member] Going to run 1 instances... {{(pid=61884) _provision_instances /opt/stack/nova/nova/compute/api.py:1466}}
Feb 27 21:06:34 devstack devstack@n-api.service[61884]: DEBUG nova.compute.api [None req-cd0d8f62-e46a-427c-8458-715ed746ac7b tempest-DeleteServersTestJSON-1938910135 tempest-DeleteServersTestJSON-1938910135-project-member] [instance: 99f7da64-33db-4f18-b946-1d68eb6d2166] block_device_mapping [BlockDeviceMapping(attachment_id=,boot_index=0,connection_info=None,created_at=,delete_on_termination=True,deleted=,deleted_at=,destination_type='local',device_name=None,device_type='disk',disk_bus=None,encrypted=False,encryption_format=None,encryption_options=None,encryption_secret_uuid=None,guest_format=None,id=,image_id='966e1280-9a85-4fe9-aea7-997ad5f043f3',instance=,instance_uuid=,no_device=False,snapshot_id=None,source_type='image',tag=None,updated_at=,uuid=,volume_id=None,volume_size=None,volume_type=None)] {{(pid=61884) _bdm_validate_set_size_and_instance /opt/stack/nova/nova/compute/api.py:1934}}
Feb 27 21:06:34 devstack devstack@n-api.service[61884]: INFO nova.api.openstack.requestlog [None req-cd0d8f62-e46a-427c-8458-715ed746ac7b tempest-DeleteServersTestJSON-1938910135 tempest-DeleteServersTestJSON-1938910135-project-member] 192.168.122.140 "POST /compute/v2.1/servers" status: 202 len: 388 microversion: 2.1 time: 8.675899
Feb 27 21:06:34 devstack devstack@n-api.service[61884]: [pid: 61884|app: 0|req: 24/46] 192.168.122.140 () {64 vars in 1246 bytes} [Fri Feb 27 21:06:25 2026] POST /compute/v2.1/servers => generated 388 bytes in 8678 msecs (HTTP/1.1 202) 10 headers in 455 bytes (1 switches on core 0)
Feb 27 21:06:34 devstack devstack@n-api.service[61884]: DEBUG nova.api.openstack.wsgi [None req-6c9de3ef-c664-405a-96ba-caeca9c36ac7 tempest-DeleteServersTestJSON-1938910135 tempest-DeleteServersTestJSON-1938910135-project-member] Calling method '>' {{(pid=61884) _process_stack /opt/stack/nova/nova/api/openstack/wsgi.py:551}}
Feb 27 21:06:34 devstack devstack@n-api.service[61884]: DEBUG nova.compute.api [None req-6c9de3ef-c664-405a-96ba-caeca9c36ac7 tempest-DeleteServersTestJSON-1938910135 tempest-DeleteServersTestJSON-1938910135-project-member] [instance: 99f7da64-33db-4f18-b946-1d68eb6d2166] Fetching instance by UUID {{(pid=61884) get /opt/stack/nova/nova/compute/api.py:3047}}
Feb 27 21:06:34 devstack devstack@n-api.service[61884]: WARNING neutronclient.v2_0.client [None req-6c9de3ef-c664-405a-96ba-caeca9c36ac7 tempest-DeleteServersTestJSON-1938910135 tempest-DeleteServersTestJSON-1938910135-project-member] The python binding code in neutronclient is deprecated in favor of OpenstackSDK, please use that as this will be removed in a future release.
Feb 27 21:06:36 devstack devstack@n-api.service[61884]: DEBUG nova.policy [None req-6c9de3ef-c664-405a-96ba-caeca9c36ac7 tempest-DeleteServersTestJSON-1938910135 tempest-DeleteServersTestJSON-1938910135-project-member] Policy check for os_compute_api:os-extended-server-attributes failed with credentials {'is_admin': False, 'user_id': 'f6ef0626eb0743b59d68303976c2744e', 'user_domain_id': 'default', 'system_scope': None, 'domain_id': None, 'project_id': 'faa923657d56444bbdcb0e88a52d3df4', 'project_domain_id': 'default', 'roles': ['reader', 'member'], 'is_admin_project': True, 'service_user_id': None, 'service_user_domain_id': None, 'service_project_id': None, 'service_project_domain_id': None, 'service_roles': []} {{(pid=61884) authorize /opt/stack/nova/nova/policy.py:192}}
Feb 27 21:06:36 devstack devstack@n-api.service[61883]: DEBUG nova.virt.hardware [None req-76fd8440-5986-4e44-9015-1e001c9cf297 tempest-ServerRescueNegativeTestJSON-1236957487 tempest-ServerRescueNegativeTestJSON-1236957487-project-member] Flavor limits 0:0:0 {{(pid=61883) get_cpu_topology_constraints /opt/stack/nova/nova/virt/hardware.py:356}}
Feb 27 21:06:36 devstack devstack@n-api.service[61883]: DEBUG nova.virt.hardware [None req-76fd8440-5986-4e44-9015-1e001c9cf297 tempest-ServerRescueNegativeTestJSON-1236957487 tempest-ServerRescueNegativeTestJSON-1236957487-project-member] Image limits 0:0:0 {{(pid=61883) get_cpu_topology_constraints /opt/stack/nova/nova/virt/hardware.py:360}}
Feb 27 21:06:36 devstack devstack@n-api.service[61883]: DEBUG nova.virt.hardware [None req-76fd8440-5986-4e44-9015-1e001c9cf297 tempest-ServerRescueNegativeTestJSON-1236957487 tempest-ServerRescueNegativeTestJSON-1236957487-project-member] Flavor pref 0:0:0 {{(pid=61883) get_cpu_topology_constraints /opt/stack/nova/nova/virt/hardware.py:396}}
Feb 27 21:06:36 devstack devstack@n-api.service[61883]: DEBUG nova.virt.hardware [None req-76fd8440-5986-4e44-9015-1e001c9cf297 tempest-ServerRescueNegativeTestJSON-1236957487 tempest-ServerRescueNegativeTestJSON-1236957487-project-member] Image pref 0:0:0 {{(pid=61883) get_cpu_topology_constraints /opt/stack/nova/nova/virt/hardware.py:400}}
Feb 27 21:06:36 devstack devstack@n-api.service[61883]: DEBUG nova.virt.hardware [None req-76fd8440-5986-4e44-9015-1e001c9cf297 tempest-ServerRescueNegativeTestJSON-1236957487 tempest-ServerRescueNegativeTestJSON-1236957487-project-member] Chose sockets=0, cores=0, threads=0; limits were sockets=65536, cores=65536, threads=65536 {{(pid=61883) get_cpu_topology_constraints /opt/stack/nova/nova/virt/hardware.py:438}}
Feb 27 21:06:36 devstack devstack@n-api.service[61883]: DEBUG oslo_concurrency.lockutils [None req-76fd8440-5986-4e44-9015-1e001c9cf297 tempest-ServerRescueNegativeTestJSON-1236957487 tempest-ServerRescueNegativeTestJSON-1236957487-project-member] Acquiring lock "00000000-0000-0000-0000-000000000000" by "nova.context.set_target_cell..get_or_set_cached_cell_and_set_connections" {{(pid=61883) inner /opt/stack/data/venv/lib/python3.10/site-packages/oslo_concurrency/lockutils.py:506}}
Feb 27 21:06:36 devstack devstack@n-api.service[61883]: DEBUG oslo_concurrency.lockutils [None req-76fd8440-5986-4e44-9015-1e001c9cf297 tempest-ServerRescueNegativeTestJSON-1236957487 tempest-ServerRescueNegativeTestJSON-1236957487-project-member] Lock "00000000-0000-0000-0000-000000000000" acquired by "nova.context.set_target_cell..get_or_set_cached_cell_and_set_connections" :: waited 0.000s {{(pid=61883) inner /opt/stack/data/venv/lib/python3.10/site-packages/oslo_concurrency/lockutils.py:519}}
Feb 27 21:06:36 devstack devstack@n-api.service[61883]: DEBUG oslo_concurrency.lockutils [None req-76fd8440-5986-4e44-9015-1e001c9cf297 tempest-ServerRescueNegativeTestJSON-1236957487 tempest-ServerRescueNegativeTestJSON-1236957487-project-member] Lock "00000000-0000-0000-0000-000000000000" "released" by "nova.context.set_target_cell..get_or_set_cached_cell_and_set_connections" :: held 0.000s {{(pid=61883) inner /opt/stack/data/venv/lib/python3.10/site-packages/oslo_concurrency/lockutils.py:538}}
Feb 27 21:06:36 devstack devstack@n-api.service[61883]: DEBUG oslo_concurrency.lockutils [None req-76fd8440-5986-4e44-9015-1e001c9cf297 tempest-ServerRescueNegativeTestJSON-1236957487 tempest-ServerRescueNegativeTestJSON-1236957487-project-member] Acquiring lock "f373a30f-9993-4f71-b2f1-653eb3ab37d7" by "nova.context.set_target_cell..get_or_set_cached_cell_and_set_connections" {{(pid=61883) inner /opt/stack/data/venv/lib/python3.10/site-packages/oslo_concurrency/lockutils.py:506}}
Feb 27 21:06:37 devstack devstack@n-api.service[61883]: DEBUG oslo_concurrency.lockutils [None req-76fd8440-5986-4e44-9015-1e001c9cf297 tempest-ServerRescueNegativeTestJSON-1236957487 tempest-ServerRescueNegativeTestJSON-1236957487-project-member] Lock "f373a30f-9993-4f71-b2f1-653eb3ab37d7" acquired by "nova.context.set_target_cell..get_or_set_cached_cell_and_set_connections" :: waited 0.002s {{(pid=61883) inner /opt/stack/data/venv/lib/python3.10/site-packages/oslo_concurrency/lockutils.py:519}}
Feb 27 21:06:37 devstack devstack@n-api.service[61883]: DEBUG oslo_concurrency.lockutils [None req-76fd8440-5986-4e44-9015-1e001c9cf297 tempest-ServerRescueNegativeTestJSON-1236957487 tempest-ServerRescueNegativeTestJSON-1236957487-project-member] Lock "f373a30f-9993-4f71-b2f1-653eb3ab37d7" "released" by "nova.context.set_target_cell..get_or_set_cached_cell_and_set_connections" :: held 0.020s {{(pid=61883) inner /opt/stack/data/venv/lib/python3.10/site-packages/oslo_concurrency/lockutils.py:538}}
Feb 27 21:06:37 devstack devstack@n-api.service[61883]: DEBUG nova.quota [None req-76fd8440-5986-4e44-9015-1e001c9cf297 tempest-ServerRescueNegativeTestJSON-1236957487 tempest-ServerRescueNegativeTestJSON-1236957487-project-member] Getting quotas for project 74f1558c4af846a0b1a4c7fd53efbb57. Resources: {'ram', 'instances', 'cores'} {{(pid=61883) _get_quotas /opt/stack/nova/nova/quota.py:392}}
Feb 27 21:06:37 devstack devstack@n-api.service[61883]: DEBUG nova.quota [None req-76fd8440-5986-4e44-9015-1e001c9cf297 tempest-ServerRescueNegativeTestJSON-1236957487 tempest-ServerRescueNegativeTestJSON-1236957487-project-member] Getting quotas for user 9e4d69440d2e49ca91dca71a69d993d7 and project 74f1558c4af846a0b1a4c7fd53efbb57. Resources: {'ram', 'instances', 'cores'} {{(pid=61883) _get_quotas /opt/stack/nova/nova/quota.py:382}}
Feb 27 21:06:37 devstack devstack@n-api.service[61883]: DEBUG nova.compute.api [None req-76fd8440-5986-4e44-9015-1e001c9cf297 tempest-ServerRescueNegativeTestJSON-1236957487 tempest-ServerRescueNegativeTestJSON-1236957487-project-member] Going to run 1 instances... {{(pid=61883) _provision_instances /opt/stack/nova/nova/compute/api.py:1466}}
Feb 27 21:06:37 devstack devstack@n-api.service[61883]: DEBUG nova.compute.api [None req-76fd8440-5986-4e44-9015-1e001c9cf297 tempest-ServerRescueNegativeTestJSON-1236957487 tempest-ServerRescueNegativeTestJSON-1236957487-project-member] [instance: 6b8e345e-6cc2-4516-a630-aeb1fd29124b] block_device_mapping [BlockDeviceMapping(attachment_id=,boot_index=0,connection_info=None,created_at=,delete_on_termination=True,deleted=,deleted_at=,destination_type='local',device_name=None,device_type='disk',disk_bus=None,encrypted=False,encryption_format=None,encryption_options=None,encryption_secret_uuid=None,guest_format=None,id=,image_id='966e1280-9a85-4fe9-aea7-997ad5f043f3',instance=,instance_uuid=,no_device=False,snapshot_id=None,source_type='image',tag=None,updated_at=,uuid=,volume_id=None,volume_size=None,volume_type=None)] {{(pid=61883) _bdm_validate_set_size_and_instance /opt/stack/nova/nova/compute/api.py:1934}}
Feb 27 21:06:37 devstack devstack@n-api.service[61884]: INFO nova.api.openstack.requestlog [None req-6c9de3ef-c664-405a-96ba-caeca9c36ac7 tempest-DeleteServersTestJSON-1938910135 tempest-DeleteServersTestJSON-1938910135-project-member] 192.168.122.140 "GET /compute/v2.1/servers/99f7da64-33db-4f18-b946-1d68eb6d2166" status: 200 len: 1227 microversion: 2.1 time: 2.804483
Feb 27 21:06:37 devstack devstack@n-api.service[61884]: [pid: 61884|app: 0|req: 25/47] 192.168.122.140 () {62 vars in 1335 bytes} [Fri Feb 27 21:06:34 2026] GET /compute/v2.1/servers/99f7da64-33db-4f18-b946-1d68eb6d2166 => generated 1227 bytes in 2806 msecs (HTTP/1.1 200) 9 headers in 358 bytes (1 switches on core 0)
Feb 27 21:06:37 devstack devstack@n-api.service[61883]: INFO nova.api.openstack.requestlog [None req-76fd8440-5986-4e44-9015-1e001c9cf297 tempest-ServerRescueNegativeTestJSON-1236957487 tempest-ServerRescueNegativeTestJSON-1236957487-project-member] 192.168.122.140 "POST /compute/v2.1/servers" status: 202 len: 391 microversion: 2.1 time: 7.850207
Feb 27 21:06:37 devstack devstack@n-api.service[61883]: [pid: 61883|app: 0|req: 23/48] 192.168.122.140 () {64 vars in 1246 bytes} [Fri Feb 27 21:06:29 2026] POST /compute/v2.1/servers => generated 391 bytes in 7852 msecs (HTTP/1.1 202) 10 headers in 455 bytes (1 switches on core 0)
Feb 27 21:06:37 devstack devstack@n-api.service[61884]: DEBUG nova.api.openstack.wsgi [None req-04bb2669-2632-4332-a1b9-1ad2616026bd tempest-ServerRescueNegativeTestJSON-1236957487 tempest-ServerRescueNegativeTestJSON-1236957487-project-member] Calling method '>' {{(pid=61884) _process_stack /opt/stack/nova/nova/api/openstack/wsgi.py:551}}
Feb 27 21:06:37 devstack devstack@n-api.service[61884]: DEBUG nova.compute.api [None req-04bb2669-2632-4332-a1b9-1ad2616026bd tempest-ServerRescueNegativeTestJSON-1236957487 tempest-ServerRescueNegativeTestJSON-1236957487-project-member] [instance: 6b8e345e-6cc2-4516-a630-aeb1fd29124b] Fetching instance by UUID {{(pid=61884) get /opt/stack/nova/nova/compute/api.py:3047}}
Feb 27 21:06:37 devstack devstack@n-api.service[61884]: WARNING neutronclient.v2_0.client [None req-04bb2669-2632-4332-a1b9-1ad2616026bd tempest-ServerRescueNegativeTestJSON-1236957487 tempest-ServerRescueNegativeTestJSON-1236957487-project-member] The python binding code in neutronclient is deprecated in favor of OpenstackSDK, please use that as this will be removed in a future release.
Feb 27 21:06:37 devstack devstack@n-api.service[61884]: DEBUG nova.policy [None req-04bb2669-2632-4332-a1b9-1ad2616026bd tempest-ServerRescueNegativeTestJSON-1236957487 tempest-ServerRescueNegativeTestJSON-1236957487-project-member] Policy check for os_compute_api:os-extended-server-attributes failed with credentials {'is_admin': False, 'user_id': '9e4d69440d2e49ca91dca71a69d993d7', 'user_domain_id': 'default', 'system_scope': None, 'domain_id': None, 'project_id': '74f1558c4af846a0b1a4c7fd53efbb57', 'project_domain_id': 'default', 'roles': ['reader', 'member'], 'is_admin_project': True, 'service_user_id': None, 'service_user_domain_id': None, 'service_project_id': None, 'service_project_domain_id': None, 'service_roles': []} {{(pid=61884) authorize /opt/stack/nova/nova/policy.py:192}}
Feb 27 21:06:37 devstack devstack@n-api.service[61884]: INFO nova.api.openstack.requestlog [None req-04bb2669-2632-4332-a1b9-1ad2616026bd tempest-ServerRescueNegativeTestJSON-1236957487 tempest-ServerRescueNegativeTestJSON-1236957487-project-member] 192.168.122.140 "GET /compute/v2.1/servers/6b8e345e-6cc2-4516-a630-aeb1fd29124b" status: 200 len: 1235 microversion: 2.1 time: 0.095686
Feb 27 21:06:37 devstack devstack@n-api.service[61884]: [pid: 61884|app: 0|req: 26/49] 192.168.122.140 () {62 vars in 1335 bytes} [Fri Feb 27 21:06:37 2026] GET /compute/v2.1/servers/6b8e345e-6cc2-4516-a630-aeb1fd29124b => generated 1235 bytes in 97 msecs (HTTP/1.1 200) 9 headers in 358 bytes (1 switches on core 0)
Feb 27 21:06:37 devstack devstack@n-api.service[61883]: DEBUG nova.api.openstack.wsgi [None req-04ae67e4-78d3-403c-bbff-124a3873e1a1 tempest-ServerRescueNegativeTestJSON-1236957487 tempest-ServerRescueNegativeTestJSON-1236957487-project-member] Action: 'create', calling method: >, body: {"server": {"name": "tempest-ServerRescueNegativeTestJSON-server-354926060", "imageRef": "966e1280-9a85-4fe9-aea7-997ad5f043f3", "flavorRef": "42", "adminPass": "***", "networks": [{"uuid": "}]}} {{(pid=61883) _process_stack /opt/stack/nova/nova/api/openstack/wsgi.py:549}}
Feb 27 21:06:37 devstack devstack@n-api.service[61883]: DEBUG oslo_concurrency.lockutils [None req-04ae67e4-78d3-403c-bbff-124a3873e1a1 tempest-ServerRescueNegativeTestJSON-1236957487 tempest-ServerRescueNegativeTestJSON-1236957487-project-member] Acquiring lock "00000000-0000-0000-0000-000000000000" by "nova.context.set_target_cell..get_or_set_cached_cell_and_set_connections" {{(pid=61883) inner /opt/stack/data/venv/lib/python3.10/site-packages/oslo_concurrency/lockutils.py:506}}
Feb 27 21:06:37 devstack devstack@n-api.service[61883]: DEBUG oslo_concurrency.lockutils [None req-04ae67e4-78d3-403c-bbff-124a3873e1a1 tempest-ServerRescueNegativeTestJSON-1236957487 tempest-ServerRescueNegativeTestJSON-1236957487-project-member] Lock "00000000-0000-0000-0000-000000000000" acquired by "nova.context.set_target_cell..get_or_set_cached_cell_and_set_connections" :: waited 0.001s {{(pid=61883) inner /opt/stack/data/venv/lib/python3.10/site-packages/oslo_concurrency/lockutils.py:519}}
