Nov 17 14:54:08 devstack devstack@keystone.service[40607]: DEBUG keystone.server.flask.common [-] Adding resource routes to API users: ['/users//application_credentials' {}] {{(pid=40607) _add_mapped_resources /opt/stack/keystone/keystone/server/flask/common.py:483}}
Nov 17 14:54:08 devstack devstack@keystone.service[40607]: DEBUG keystone.server.flask.common [-] Adding resource routes to API users: ['/users//application_credentials/' {}] {{(pid=40607) _add_mapped_resources /opt/stack/keystone/keystone/server/flask/common.py:483}}
Nov 17 14:54:08 devstack devstack@keystone.service[40607]: DEBUG keystone.server.flask.common [-] Adding resource routes to API users: ['/users//access_rules' {}] {{(pid=40607) _add_mapped_resources /opt/stack/keystone/keystone/server/flask/common.py:483}}
Nov 17 14:54:08 devstack devstack@keystone.service[40607]: DEBUG keystone.server.flask.common [-] Adding resource routes to API users: ['/users//access_rules/' {}] {{(pid=40607) _add_mapped_resources /opt/stack/keystone/keystone/server/flask/common.py:483}}
Nov 17 14:54:08 devstack devstack@keystone.service[40606]: WSGI app 0 (mountpoint='') ready in 4 seconds on interpreter 0x5654baa9b1c0 pid: 40606 (default app)
Nov 17 14:54:08 devstack devstack@keystone.service[40606]: DEBUG keystone.server.flask.request_processing.req_logging [None req-bc081b04-b074-4ee7-85bf-b8da28763939 None None] REQUEST_METHOD: `GET` {{(pid=40606) log_request_info /opt/stack/keystone/keystone/server/flask/request_processing/req_logging.py:26}}
Nov 17 14:54:08 devstack devstack@keystone.service[40606]: DEBUG keystone.server.flask.request_processing.req_logging [None req-bc081b04-b074-4ee7-85bf-b8da28763939 None None] SCRIPT_NAME: `/identity` {{(pid=40606) log_request_info /opt/stack/keystone/keystone/server/flask/request_processing/req_logging.py:27}}
Nov 17 14:54:08 devstack devstack@keystone.service[40606]: DEBUG keystone.server.flask.request_processing.req_logging [None req-bc081b04-b074-4ee7-85bf-b8da28763939 None None] PATH_INFO: `/v3` {{(pid=40606) log_request_info /opt/stack/keystone/keystone/server/flask/request_processing/req_logging.py:28}}
Nov 17 14:54:08 devstack devstack@keystone.service[40606]: [pid: 40606|app: 0|req: 1/1] 192.168.122.167 () {50 vars in 803 bytes} [Mon Nov 17 14:54:08 2025] GET /identity/v3/ => generated 259 bytes in 5 msecs (HTTP/1.1 200) 5 headers in 177 bytes (1 switches on core 0)
Nov 17 14:54:08 devstack devstack@keystone.service[40607]: WSGI app 0 (mountpoint='') ready in 4 seconds on interpreter 0x5654baa9b1c0 pid: 40607 (default app)
Nov 17 14:54:15 devstack devstack@keystone.service[40606]: DEBUG keystone.server.flask.request_processing.req_logging [None req-ca739098-da61-4928-a9c9-758dd94f5189 None None] REQUEST_METHOD: `GET` {{(pid=40606) log_request_info /opt/stack/keystone/keystone/server/flask/request_processing/req_logging.py:26}}
Nov 17 14:54:15 devstack devstack@keystone.service[40606]: DEBUG keystone.server.flask.request_processing.req_logging [None req-ca739098-da61-4928-a9c9-758dd94f5189 None None] SCRIPT_NAME: `/identity` {{(pid=40606) log_request_info /opt/stack/keystone/keystone/server/flask/request_processing/req_logging.py:27}}
Nov 17 14:54:15 devstack devstack@keystone.service[40606]: DEBUG keystone.server.flask.request_processing.req_logging [None req-ca739098-da61-4928-a9c9-758dd94f5189 None None] PATH_INFO: `/` {{(pid=40606) log_request_info /opt/stack/keystone/keystone/server/flask/request_processing/req_logging.py:28}}
Nov 17 14:54:15 devstack devstack@keystone.service[40606]: [pid: 40606|app: 0|req: 2/2] 192.168.122.167 () {54 vars in 939 bytes} [Mon Nov 17 14:54:15 2025] GET /identity => generated 274 bytes in 4 msecs (HTTP/1.1 300) 6 headers in 238 bytes (1 switches on core 0)
Nov 17 14:54:15 devstack devstack@keystone.service[40607]: DEBUG keystone.server.flask.request_processing.req_logging [None req-b1488f04-ed2a-4c45-8df7-d104f3e7581f None None] REQUEST_METHOD: `POST` {{(pid=40607) log_request_info /opt/stack/keystone/keystone/server/flask/request_processing/req_logging.py:26}}
Nov 17 14:54:15 devstack devstack@keystone.service[40607]: DEBUG keystone.server.flask.request_processing.req_logging [None req-b1488f04-ed2a-4c45-8df7-d104f3e7581f None None] SCRIPT_NAME: `/identity` {{(pid=40607) log_request_info /opt/stack/keystone/keystone/server/flask/request_processing/req_logging.py:27}}
Nov 17 14:54:15 devstack devstack@keystone.service[40607]: DEBUG keystone.server.flask.request_processing.req_logging [None req-b1488f04-ed2a-4c45-8df7-d104f3e7581f None None] PATH_INFO: `/v3/auth/tokens` {{(pid=40607) log_request_info /opt/stack/keystone/keystone/server/flask/request_processing/req_logging.py:28}}
Nov 17 14:54:15 devstack devstack@keystone.service[40607]: INFO dbcounter [None req-b1488f04-ed2a-4c45-8df7-d104f3e7581f None None] Registered counter for database keystone
Nov 17 14:54:15 devstack devstack@keystone.service[40607]: DEBUG oslo_db.sqlalchemy.engines [None req-b1488f04-ed2a-4c45-8df7-d104f3e7581f None None] MySQL server mode set to STRICT_TRANS_TABLES,STRICT_ALL_TABLES,NO_ZERO_IN_DATE,NO_ZERO_DATE,ERROR_FOR_DIVISION_BY_ZERO,TRADITIONAL,NO_ENGINE_SUBSTITUTION {{(pid=40607) _check_effective_sql_mode /opt/stack/data/venv/lib/python3.10/site-packages/oslo_db/sqlalchemy/engines.py:397}}
Nov 17 14:54:15 devstack devstack@keystone.service[40607]: DEBUG dbcounter [-] [40607] Writer thread running {{(pid=40607) stat_writer /opt/stack/data/venv/lib/python3.10/site-packages/dbcounter.py:102}}
Nov 17 14:54:15 devstack devstack@keystone.service[40607]: WARNING keystone.common.password_hashing [None req-b1488f04-ed2a-4c45-8df7-d104f3e7581f None None] Truncating password to algorithm specific maximum length 72 characters.
Nov 17 14:54:15 devstack devstack@keystone.service[40607]: DEBUG keystone.auth.core [None req-b1488f04-ed2a-4c45-8df7-d104f3e7581f None None] MFA Rules not processed for user `a99ec0876f3b43a7aa74f6b0e5a1592e`. Rule list: `[]` (Enabled: `True`). {{(pid=40607) check_auth_methods_against_rules /opt/stack/keystone/keystone/auth/core.py:476}}
Nov 17 14:54:15 devstack devstack@keystone.service[40607]: DEBUG keystone.common.fernet_utils [None req-b1488f04-ed2a-4c45-8df7-d104f3e7581f None None] Loaded 2 Fernet keys from /etc/keystone/fernet-keys/, but `[fernet_tokens] max_active_keys = 3`; perhaps there have not been enough key rotations to reach `max_active_keys` yet? {{(pid=40607) load_keys /opt/stack/keystone/keystone/common/fernet_utils.py:297}}
Nov 17 14:54:15 devstack devstack@keystone.service[40607]: [pid: 40607|app: 0|req: 1/3] 192.168.122.167 () {58 vars in 1036 bytes} [Mon Nov 17 14:54:15 2025] POST /identity/v3/auth/tokens => generated 981 bytes in 454 msecs (HTTP/1.1 201) 6 headers in 384 bytes (1 switches on core 0)
Nov 17 14:54:15 devstack devstack@keystone.service[40606]: DEBUG keystone.server.flask.request_processing.middleware.auth_context [None req-ca739098-da61-4928-a9c9-758dd94f5189 None None] Authenticating user token {{(pid=40606) process_request /opt/stack/data/venv/lib/python3.10/site-packages/keystonemiddleware/auth_token/__init__.py:407}}
Nov 17 14:54:15 devstack devstack@keystone.service[40606]: INFO dbcounter [None req-ca739098-da61-4928-a9c9-758dd94f5189 None None] Registered counter for database keystone
Nov 17 14:54:15 devstack devstack@keystone.service[40606]: DEBUG oslo_db.sqlalchemy.engines [None req-ca739098-da61-4928-a9c9-758dd94f5189 None None] MySQL server mode set to STRICT_TRANS_TABLES,STRICT_ALL_TABLES,NO_ZERO_IN_DATE,NO_ZERO_DATE,ERROR_FOR_DIVISION_BY_ZERO,TRADITIONAL,NO_ENGINE_SUBSTITUTION {{(pid=40606) _check_effective_sql_mode /opt/stack/data/venv/lib/python3.10/site-packages/oslo_db/sqlalchemy/engines.py:397}}
Nov 17 14:54:15 devstack devstack@keystone.service[40606]: DEBUG dbcounter [-] [40606] Writer thread running {{(pid=40606) stat_writer /opt/stack/data/venv/lib/python3.10/site-packages/dbcounter.py:102}}
Nov 17 14:54:15 devstack devstack@keystone.service[40606]: DEBUG keystone.server.flask.request_processing.middleware.auth_context [None req-ca739098-da61-4928-a9c9-758dd94f5189 None None] Validating token access rules against request {{(pid=40606) validate_allowed_request /opt/stack/data/venv/lib/python3.10/site-packages/keystonemiddleware/auth_token/__init__.py:545}}
Nov 17 14:54:15 devstack devstack@keystone.service[40606]: DEBUG keystone.server.flask.request_processing.middleware.auth_context [None req-0646ff22-366f-49ab-9d34-a8c7a307a14c admin admin] RBAC: auth_context: {'token': , 'domain_id': None, 'trust_id': None, 'trustor_id': None, 'trustee_id': None, 'domain_name': None, 'group_ids': [], 'user_id': 'a99ec0876f3b43a7aa74f6b0e5a1592e', 'user_domain_id': 'default', 'system_scope': None, 'project_id': 'bac81b5ccfb14a939461c86ad0ad1a66', 'project_domain_id': 'default', 'roles': ['member', 'reader', 'admin', 'manager'], 'is_admin_project': True, 'service_user_id': None, 'service_user_domain_id': None, 'service_project_id': None, 'service_project_domain_id': None, 'service_roles': []} {{(pid=40606) fill_context /opt/stack/keystone/keystone/server/flask/request_processing/middleware/auth_context.py:509}}
Nov 17 14:54:15 devstack devstack@keystone.service[40606]: DEBUG keystone.server.flask.request_processing.req_logging [None req-0646ff22-366f-49ab-9d34-a8c7a307a14c admin admin] REQUEST_METHOD: `GET` {{(pid=40606) log_request_info /opt/stack/keystone/keystone/server/flask/request_processing/req_logging.py:26}}
Nov 17 14:54:15 devstack devstack@keystone.service[40606]: DEBUG keystone.server.flask.request_processing.req_logging [None req-0646ff22-366f-49ab-9d34-a8c7a307a14c admin admin] SCRIPT_NAME: `/identity` {{(pid=40606) log_request_info /opt/stack/keystone/keystone/server/flask/request_processing/req_logging.py:27}}
Nov 17 14:54:15 devstack devstack@keystone.service[40606]: DEBUG keystone.server.flask.request_processing.req_logging [None req-0646ff22-366f-49ab-9d34-a8c7a307a14c admin admin] PATH_INFO: `/v3/auth/tokens` {{(pid=40606) log_request_info /opt/stack/keystone/keystone/server/flask/request_processing/req_logging.py:28}}
Nov 17 14:54:15 devstack devstack@keystone.service[40606]: DEBUG keystone.common.rbac_enforcer.enforcer [None req-0646ff22-366f-49ab-9d34-a8c7a307a14c admin admin] RBAC: Authorizing `identity:validate_token()` {{(pid=40606) enforce_call /opt/stack/keystone/keystone/common/rbac_enforcer/enforcer.py:494}}
Nov 17 14:54:15 devstack devstack@keystone.service[40606]: WARNING keystone.common.rbac_enforcer.enforcer [None req-0646ff22-366f-49ab-9d34-a8c7a307a14c admin admin] Deprecated policy rules found. Use oslopolicy-policy-generator and oslopolicy-policy-upgrade to detect and resolve deprecated policies in your configuration.
Nov 17 14:54:15 devstack devstack@keystone.service[40606]: DEBUG keystone.common.rbac_enforcer.enforcer [None req-0646ff22-366f-49ab-9d34-a8c7a307a14c admin admin] RBAC: Authorization granted {{(pid=40606) enforce_call /opt/stack/keystone/keystone/common/rbac_enforcer/enforcer.py:505}}
Nov 17 14:54:15 devstack devstack@keystone.service[40606]: [pid: 40606|app: 0|req: 3/4] 192.168.122.167 () {58 vars in 1336 bytes} [Mon Nov 17 14:54:15 2025] GET /identity/v3/auth/tokens => generated 981 bytes in 290 msecs (HTTP/1.1 200) 6 headers in 379 bytes (1 switches on core 0)
Nov 17 14:54:15 devstack devstack@keystone.service[40607]: DEBUG keystone.server.flask.request_processing.middleware.auth_context [None req-b1488f04-ed2a-4c45-8df7-d104f3e7581f None None] Authenticating user token {{(pid=40607) process_request /opt/stack/data/venv/lib/python3.10/site-packages/keystonemiddleware/auth_token/__init__.py:407}}
Nov 17 14:54:16 devstack devstack@keystone.service[40607]: DEBUG keystone.server.flask.request_processing.middleware.auth_context [None req-b1488f04-ed2a-4c45-8df7-d104f3e7581f None None] Validating token access rules against request {{(pid=40607) validate_allowed_request /opt/stack/data/venv/lib/python3.10/site-packages/keystonemiddleware/auth_token/__init__.py:545}}
Nov 17 14:54:16 devstack devstack@keystone.service[40607]: DEBUG keystone.server.flask.request_processing.middleware.auth_context [None req-4c041305-6527-4243-959f-f44208708072 admin admin] RBAC: auth_context: {'token': , 'domain_id': None, 'trust_id': None, 'trustor_id': None, 'trustee_id': None, 'domain_name': None, 'group_ids': [], 'user_id': 'a99ec0876f3b43a7aa74f6b0e5a1592e', 'user_domain_id': 'default', 'system_scope': None, 'project_id': 'bac81b5ccfb14a939461c86ad0ad1a66', 'project_domain_id': 'default', 'roles': ['member', 'reader', 'admin', 'manager'], 'is_admin_project': True, 'service_user_id': None, 'service_user_domain_id': None, 'service_project_id': None, 'service_project_domain_id': None, 'service_roles': []} {{(pid=40607) fill_context /opt/stack/keystone/keystone/server/flask/request_processing/middleware/auth_context.py:509}}
Nov 17 14:54:16 devstack devstack@keystone.service[40607]: DEBUG keystone.server.flask.request_processing.req_logging [None req-4c041305-6527-4243-959f-f44208708072 admin admin] REQUEST_METHOD: `GET` {{(pid=40607) log_request_info /opt/stack/keystone/keystone/server/flask/request_processing/req_logging.py:26}}
Nov 17 14:54:16 devstack devstack@keystone.service[40607]: DEBUG keystone.server.flask.request_processing.req_logging [None req-4c041305-6527-4243-959f-f44208708072 admin admin] SCRIPT_NAME: `/identity` {{(pid=40607) log_request_info /opt/stack/keystone/keystone/server/flask/request_processing/req_logging.py:27}}
Nov 17 14:54:16 devstack devstack@keystone.service[40607]: DEBUG keystone.server.flask.request_processing.req_logging [None req-4c041305-6527-4243-959f-f44208708072 admin admin] PATH_INFO: `/v3/projects/bac81b5ccfb14a939461c86ad0ad1a66` {{(pid=40607) log_request_info /opt/stack/keystone/keystone/server/flask/request_processing/req_logging.py:28}}
Nov 17 14:54:16 devstack devstack@keystone.service[40607]: DEBUG keystone.common.rbac_enforcer.enforcer [None req-4c041305-6527-4243-959f-f44208708072 admin admin] RBAC: Authorizing `identity:get_project(project_id=bac81b5ccfb14a939461c86ad0ad1a66)` {{(pid=40607) enforce_call /opt/stack/keystone/keystone/common/rbac_enforcer/enforcer.py:494}}
Nov 17 14:54:16 devstack devstack@keystone.service[40607]: WARNING keystone.common.rbac_enforcer.enforcer [None req-4c041305-6527-4243-959f-f44208708072 admin admin] Deprecated policy rules found. Use oslopolicy-policy-generator and oslopolicy-policy-upgrade to detect and resolve deprecated policies in your configuration.
Nov 17 14:54:16 devstack devstack@keystone.service[40607]: DEBUG keystone.common.rbac_enforcer.enforcer [None req-4c041305-6527-4243-959f-f44208708072 admin admin] RBAC: Authorization granted {{(pid=40607) enforce_call /opt/stack/keystone/keystone/common/rbac_enforcer/enforcer.py:505}}
Nov 17 14:54:16 devstack devstack@keystone.service[40607]: [pid: 40607|app: 0|req: 2/5] 192.168.122.167 () {56 vars in 1219 bytes} [Mon Nov 17 14:54:15 2025] GET /identity/v3/projects/bac81b5ccfb14a939461c86ad0ad1a66 => generated 348 bytes in 60 msecs (HTTP/1.1 200) 5 headers in 177 bytes (1 switches on core 0)
Nov 17 14:54:17 devstack devstack@keystone.service[40606]: DEBUG keystone.server.flask.request_processing.req_logging [None req-3bb7f2f8-8c2b-480c-8833-2a573918ff97 None None] REQUEST_METHOD: `GET` {{(pid=40606) log_request_info /opt/stack/keystone/keystone/server/flask/request_processing/req_logging.py:26}}
Nov 17 14:54:17 devstack devstack@keystone.service[40606]: DEBUG keystone.server.flask.request_processing.req_logging [None req-3bb7f2f8-8c2b-480c-8833-2a573918ff97 None None] SCRIPT_NAME: `/identity` {{(pid=40606) log_request_info /opt/stack/keystone/keystone/server/flask/request_processing/req_logging.py:27}}
Nov 17 14:54:17 devstack devstack@keystone.service[40606]: DEBUG keystone.server.flask.request_processing.req_logging [None req-3bb7f2f8-8c2b-480c-8833-2a573918ff97 None None] PATH_INFO: `/` {{(pid=40606) log_request_info /opt/stack/keystone/keystone/server/flask/request_processing/req_logging.py:28}}
Nov 17 14:54:17 devstack devstack@keystone.service[40606]: [pid: 40606|app: 0|req: 4/6] 192.168.122.167 () {54 vars in 939 bytes} [Mon Nov 17 14:54:17 2025] GET /identity => generated 274 bytes in 3 msecs (HTTP/1.1 300) 6 headers in 238 bytes (1 switches on core 0)
Nov 17 14:54:17 devstack devstack@keystone.service[40607]: DEBUG keystone.server.flask.request_processing.req_logging [None req-07d63795-06b7-4aca-90a2-cabacf7925c2 None None] REQUEST_METHOD: `POST` {{(pid=40607) log_request_info /opt/stack/keystone/keystone/server/flask/request_processing/req_logging.py:26}}
Nov 17 14:54:17 devstack devstack@keystone.service[40607]: DEBUG keystone.server.flask.request_processing.req_logging [None req-07d63795-06b7-4aca-90a2-cabacf7925c2 None None] SCRIPT_NAME: `/identity` {{(pid=40607) log_request_info /opt/stack/keystone/keystone/server/flask/request_processing/req_logging.py:27}}
Nov 17 14:54:17 devstack devstack@keystone.service[40607]: DEBUG keystone.server.flask.request_processing.req_logging [None req-07d63795-06b7-4aca-90a2-cabacf7925c2 None None] PATH_INFO: `/v3/auth/tokens` {{(pid=40607) log_request_info /opt/stack/keystone/keystone/server/flask/request_processing/req_logging.py:28}}
Nov 17 14:54:17 devstack devstack@keystone.service[40607]: WARNING keystone.common.password_hashing [None req-07d63795-06b7-4aca-90a2-cabacf7925c2 None None] Truncating password to algorithm specific maximum length 72 characters.
Nov 17 14:54:17 devstack devstack@keystone.service[40607]: DEBUG keystone.auth.core [None req-07d63795-06b7-4aca-90a2-cabacf7925c2 None None] MFA Rules not processed for user `a99ec0876f3b43a7aa74f6b0e5a1592e`. Rule list: `[]` (Enabled: `True`). {{(pid=40607) check_auth_methods_against_rules /opt/stack/keystone/keystone/auth/core.py:476}}
Nov 17 14:54:17 devstack devstack@keystone.service[40607]: DEBUG keystone.common.fernet_utils [None req-07d63795-06b7-4aca-90a2-cabacf7925c2 None None] Loaded 2 Fernet keys from /etc/keystone/fernet-keys/, but `[fernet_tokens] max_active_keys = 3`; perhaps there have not been enough key rotations to reach `max_active_keys` yet? {{(pid=40607) load_keys /opt/stack/keystone/keystone/common/fernet_utils.py:297}}
Nov 17 14:54:17 devstack devstack@keystone.service[40607]: [pid: 40607|app: 0|req: 3/7] 192.168.122.167 () {58 vars in 1036 bytes} [Mon Nov 17 14:54:17 2025] POST /identity/v3/auth/tokens => generated 981 bytes in 40 msecs (HTTP/1.1 201) 6 headers in 384 bytes (1 switches on core 0)
Nov 17 14:54:17 devstack devstack@keystone.service[40606]: DEBUG keystone.server.flask.request_processing.middleware.auth_context [None req-3bb7f2f8-8c2b-480c-8833-2a573918ff97 None None] Authenticating user token {{(pid=40606) process_request /opt/stack/data/venv/lib/python3.10/site-packages/keystonemiddleware/auth_token/__init__.py:407}}
Nov 17 14:54:17 devstack devstack@keystone.service[40606]: DEBUG keystone.server.flask.request_processing.middleware.auth_context [None req-3bb7f2f8-8c2b-480c-8833-2a573918ff97 None None] Validating token access rules against request {{(pid=40606) validate_allowed_request /opt/stack/data/venv/lib/python3.10/site-packages/keystonemiddleware/auth_token/__init__.py:545}}
Nov 17 14:54:17 devstack devstack@keystone.service[40606]: DEBUG keystone.server.flask.request_processing.middleware.auth_context [None req-a583180e-ae42-4365-b5c0-6848e95cb72a admin admin] RBAC: auth_context: {'token': , 'domain_id': None, 'trust_id': None, 'trustor_id': None, 'trustee_id': None, 'domain_name': None, 'group_ids': [], 'user_id': 'a99ec0876f3b43a7aa74f6b0e5a1592e', 'user_domain_id': 'default', 'system_scope': None, 'project_id': 'bac81b5ccfb14a939461c86ad0ad1a66', 'project_domain_id': 'default', 'roles': ['member', 'reader', 'admin', 'manager'], 'is_admin_project': True, 'service_user_id': None, 'service_user_domain_id': None, 'service_project_id': None, 'service_project_domain_id': None, 'service_roles': []} {{(pid=40606) fill_context /opt/stack/keystone/keystone/server/flask/request_processing/middleware/auth_context.py:509}}
Nov 17 14:54:17 devstack devstack@keystone.service[40606]: DEBUG keystone.server.flask.request_processing.req_logging [None req-a583180e-ae42-4365-b5c0-6848e95cb72a admin admin] REQUEST_METHOD: `GET` {{(pid=40606) log_request_info /opt/stack/keystone/keystone/server/flask/request_processing/req_logging.py:26}}
Nov 17 14:54:17 devstack devstack@keystone.service[40606]: DEBUG keystone.server.flask.request_processing.req_logging [None req-a583180e-ae42-4365-b5c0-6848e95cb72a admin admin] SCRIPT_NAME: `/identity` {{(pid=40606) log_request_info /opt/stack/keystone/keystone/server/flask/request_processing/req_logging.py:27}}
Nov 17 14:54:17 devstack devstack@keystone.service[40606]: DEBUG keystone.server.flask.request_processing.req_logging [None req-a583180e-ae42-4365-b5c0-6848e95cb72a admin admin] PATH_INFO: `/v3/users/admin` {{(pid=40606) log_request_info /opt/stack/keystone/keystone/server/flask/request_processing/req_logging.py:28}}
Nov 17 14:54:17 devstack devstack@keystone.service[40606]: DEBUG keystone.common.rbac_enforcer.enforcer [None req-a583180e-ae42-4365-b5c0-6848e95cb72a admin admin] RBAC: Authorizing `identity:get_user(user_id=admin)` {{(pid=40606) enforce_call /opt/stack/keystone/keystone/common/rbac_enforcer/enforcer.py:494}}
Nov 17 14:54:17 devstack devstack@keystone.service[40606]: DEBUG keystone.common.rbac_enforcer.enforcer [None req-a583180e-ae42-4365-b5c0-6848e95cb72a admin admin] RBAC: Authorization granted {{(pid=40606) enforce_call /opt/stack/keystone/keystone/common/rbac_enforcer/enforcer.py:505}}
Nov 17 14:54:17 devstack devstack@keystone.service[40606]: DEBUG keystone.server.flask.application [None req-a583180e-ae42-4365-b5c0-6848e95cb72a admin admin] Could not find user: admin. {{(pid=40606) _handle_keystone_exception /opt/stack/keystone/keystone/server/flask/application.py:146}}
Nov 17 14:54:17 devstack devstack@keystone.service[40606]: [pid: 40606|app: 0|req: 5/8] 192.168.122.167 () {56 vars in 1173 bytes} [Mon Nov 17 14:54:17 2025] GET /identity/v3/users/admin => generated 83 bytes in 59 msecs (HTTP/1.1 404) 5 headers in 183 bytes (1 switches on core 0)
Nov 17 14:54:17 devstack devstack@keystone.service[40607]: DEBUG keystone.server.flask.request_processing.middleware.auth_context [None req-07d63795-06b7-4aca-90a2-cabacf7925c2 None None] Authenticating user token {{(pid=40607) process_request /opt/stack/data/venv/lib/python3.10/site-packages/keystonemiddleware/auth_token/__init__.py:407}}
Nov 17 14:54:17 devstack devstack@keystone.service[40607]: DEBUG keystone.server.flask.request_processing.middleware.auth_context [None req-07d63795-06b7-4aca-90a2-cabacf7925c2 None None] Validating token access rules against request {{(pid=40607) validate_allowed_request /opt/stack/data/venv/lib/python3.10/site-packages/keystonemiddleware/auth_token/__init__.py:545}}
Nov 17 14:54:17 devstack devstack@keystone.service[40607]: DEBUG keystone.server.flask.request_processing.middleware.auth_context [None req-7ff27cc3-56b7-4c61-9917-d1d204460e1e admin admin] RBAC: auth_context: {'token': , 'domain_id': None, 'trust_id': None, 'trustor_id': None, 'trustee_id': None, 'domain_name': None, 'group_ids': [], 'user_id': 'a99ec0876f3b43a7aa74f6b0e5a1592e', 'user_domain_id': 'default', 'system_scope': None, 'project_id': 'bac81b5ccfb14a939461c86ad0ad1a66', 'project_domain_id': 'default', 'roles': ['member', 'reader', 'admin', 'manager'], 'is_admin_project': True, 'service_user_id': None, 'service_user_domain_id': None, 'service_project_id': None, 'service_project_domain_id': None, 'service_roles': []} {{(pid=40607) fill_context /opt/stack/keystone/keystone/server/flask/request_processing/middleware/auth_context.py:509}}
Nov 17 14:54:17 devstack devstack@keystone.service[40607]: DEBUG keystone.server.flask.request_processing.req_logging [None req-7ff27cc3-56b7-4c61-9917-d1d204460e1e admin admin] REQUEST_METHOD: `GET` {{(pid=40607) log_request_info /opt/stack/keystone/keystone/server/flask/request_processing/req_logging.py:26}}
Nov 17 14:54:17 devstack devstack@keystone.service[40607]: DEBUG keystone.server.flask.request_processing.req_logging [None req-7ff27cc3-56b7-4c61-9917-d1d204460e1e admin admin] SCRIPT_NAME: `/identity` {{(pid=40607) log_request_info /opt/stack/keystone/keystone/server/flask/request_processing/req_logging.py:27}}
Nov 17 14:54:17 devstack devstack@keystone.service[40607]: DEBUG keystone.server.flask.request_processing.req_logging [None req-7ff27cc3-56b7-4c61-9917-d1d204460e1e admin admin] PATH_INFO: `/v3/users` {{(pid=40607) log_request_info /opt/stack/keystone/keystone/server/flask/request_processing/req_logging.py:28}}
Nov 17 14:54:17 devstack devstack@keystone.service[40607]: DEBUG keystone.common.rbac_enforcer.enforcer [None req-7ff27cc3-56b7-4c61-9917-d1d204460e1e admin admin] RBAC: Adding query filter params (name=admin) {{(pid=40607) _extract_filter_values /opt/stack/keystone/keystone/common/rbac_enforcer/enforcer.py:176}}
Nov 17 14:54:17 devstack devstack@keystone.service[40607]: DEBUG keystone.common.rbac_enforcer.enforcer [None req-7ff27cc3-56b7-4c61-9917-d1d204460e1e admin admin] RBAC: Authorizing `identity:list_users()` {{(pid=40607) enforce_call /opt/stack/keystone/keystone/common/rbac_enforcer/enforcer.py:494}}
Nov 17 14:54:17 devstack devstack@keystone.service[40607]: DEBUG keystone.common.rbac_enforcer.enforcer [None req-7ff27cc3-56b7-4c61-9917-d1d204460e1e admin admin] RBAC: Authorization granted {{(pid=40607) enforce_call /opt/stack/keystone/keystone/common/rbac_enforcer/enforcer.py:505}}
Nov 17 14:54:18 devstack devstack@keystone.service[40607]: [pid: 40607|app: 0|req: 4/9] 192.168.122.167 () {56 vars in 1189 bytes} [Mon Nov 17 14:54:17 2025] GET /identity/v3/users?name=admin => generated 360 bytes in 66 msecs (HTTP/1.1 200) 5 headers in 177 bytes (1 switches on core 0)
Nov 17 14:54:19 devstack devstack@keystone.service[40606]: DEBUG keystone.server.flask.request_processing.req_logging [None req-e969b0cd-e33a-4f0a-bdc8-4bb501880224 None None] REQUEST_METHOD: `GET` {{(pid=40606) log_request_info /opt/stack/keystone/keystone/server/flask/request_processing/req_logging.py:26}}
Nov 17 14:54:19 devstack devstack@keystone.service[40606]: DEBUG keystone.server.flask.request_processing.req_logging [None req-e969b0cd-e33a-4f0a-bdc8-4bb501880224 None None] SCRIPT_NAME: `/identity` {{(pid=40606) log_request_info /opt/stack/keystone/keystone/server/flask/request_processing/req_logging.py:27}}
Nov 17 14:54:19 devstack devstack@keystone.service[40606]: DEBUG keystone.server.flask.request_processing.req_logging [None req-e969b0cd-e33a-4f0a-bdc8-4bb501880224 None None] PATH_INFO: `/` {{(pid=40606) log_request_info /opt/stack/keystone/keystone/server/flask/request_processing/req_logging.py:28}}
Nov 17 14:54:19 devstack devstack@keystone.service[40606]: [pid: 40606|app: 0|req: 6/10] 192.168.122.167 () {54 vars in 939 bytes} [Mon Nov 17 14:54:19 2025] GET /identity => generated 274 bytes in 3 msecs (HTTP/1.1 300) 6 headers in 238 bytes (1 switches on core 0)
Nov 17 14:54:19 devstack devstack@keystone.service[40607]: DEBUG keystone.server.flask.request_processing.req_logging [None req-f778db13-727d-484d-8ec9-8d3a0e172f9c None None] REQUEST_METHOD: `POST` {{(pid=40607) log_request_info /opt/stack/keystone/keystone/server/flask/request_processing/req_logging.py:26}}
Nov 17 14:54:19 devstack devstack@keystone.service[40607]: DEBUG keystone.server.flask.request_processing.req_logging [None req-f778db13-727d-484d-8ec9-8d3a0e172f9c None None] SCRIPT_NAME: `/identity` {{(pid=40607) log_request_info /opt/stack/keystone/keystone/server/flask/request_processing/req_logging.py:27}}
Nov 17 14:54:19 devstack devstack@keystone.service[40607]: DEBUG keystone.server.flask.request_processing.req_logging [None req-f778db13-727d-484d-8ec9-8d3a0e172f9c None None] PATH_INFO: `/v3/auth/tokens` {{(pid=40607) log_request_info /opt/stack/keystone/keystone/server/flask/request_processing/req_logging.py:28}}
Nov 17 14:54:19 devstack devstack@keystone.service[40607]: WARNING keystone.common.password_hashing [None req-f778db13-727d-484d-8ec9-8d3a0e172f9c None None] Truncating password to algorithm specific maximum length 72 characters.
Nov 17 14:54:19 devstack devstack@keystone.service[40606]: DEBUG keystone.server.flask.request_processing.req_logging [None req-45a583c7-4c27-4aed-a58b-d8f68f79cc2a None None] REQUEST_METHOD: `GET` {{(pid=40606) log_request_info /opt/stack/keystone/keystone/server/flask/request_processing/req_logging.py:26}}
Nov 17 14:54:19 devstack devstack@keystone.service[40606]: DEBUG keystone.server.flask.request_processing.req_logging [None req-45a583c7-4c27-4aed-a58b-d8f68f79cc2a None None] SCRIPT_NAME: `/identity` {{(pid=40606) log_request_info /opt/stack/keystone/keystone/server/flask/request_processing/req_logging.py:27}}
Nov 17 14:54:19 devstack devstack@keystone.service[40606]: DEBUG keystone.server.flask.request_processing.req_logging [None req-45a583c7-4c27-4aed-a58b-d8f68f79cc2a None None] PATH_INFO: `/` {{(pid=40606) log_request_info /opt/stack/keystone/keystone/server/flask/request_processing/req_logging.py:28}}
Nov 17 14:54:19 devstack devstack@keystone.service[40606]: [pid: 40606|app: 0|req: 7/11] 192.168.122.167 () {54 vars in 939 bytes} [Mon Nov 17 14:54:19 2025] GET /identity => generated 274 bytes in 3 msecs (HTTP/1.1 300) 6 headers in 238 bytes (1 switches on core 0)
Nov 17 14:54:19 devstack devstack@keystone.service[40607]: DEBUG keystone.auth.core [None req-f778db13-727d-484d-8ec9-8d3a0e172f9c None None] MFA Rules not processed for user `a99ec0876f3b43a7aa74f6b0e5a1592e`. Rule list: `[]` (Enabled: `True`). {{(pid=40607) check_auth_methods_against_rules /opt/stack/keystone/keystone/auth/core.py:476}}
Nov 17 14:54:19 devstack devstack@keystone.service[40606]: DEBUG keystone.server.flask.request_processing.req_logging [None req-feaecc31-5381-4487-93fd-da67c69fa811 None None] REQUEST_METHOD: `POST` {{(pid=40606) log_request_info /opt/stack/keystone/keystone/server/flask/request_processing/req_logging.py:26}}
Nov 17 14:54:19 devstack devstack@keystone.service[40607]: DEBUG keystone.common.fernet_utils [None req-f778db13-727d-484d-8ec9-8d3a0e172f9c None None] Loaded 2 Fernet keys from /etc/keystone/fernet-keys/, but `[fernet_tokens] max_active_keys = 3`; perhaps there have not been enough key rotations to reach `max_active_keys` yet? {{(pid=40607) load_keys /opt/stack/keystone/keystone/common/fernet_utils.py:297}}
Nov 17 14:54:19 devstack devstack@keystone.service[40606]: DEBUG keystone.server.flask.request_processing.req_logging [None req-feaecc31-5381-4487-93fd-da67c69fa811 None None] SCRIPT_NAME: `/identity` {{(pid=40606) log_request_info /opt/stack/keystone/keystone/server/flask/request_processing/req_logging.py:27}}
Nov 17 14:54:19 devstack devstack@keystone.service[40606]: DEBUG keystone.server.flask.request_processing.req_logging [None req-feaecc31-5381-4487-93fd-da67c69fa811 None None] PATH_INFO: `/v3/auth/tokens` {{(pid=40606) log_request_info /opt/stack/keystone/keystone/server/flask/request_processing/req_logging.py:28}}
Nov 17 14:54:19 devstack devstack@keystone.service[40606]: WARNING keystone.common.password_hashing [None req-feaecc31-5381-4487-93fd-da67c69fa811 None None] Truncating password to algorithm specific maximum length 72 characters.
Nov 17 14:54:19 devstack devstack@keystone.service[40606]: DEBUG keystone.auth.core [None req-feaecc31-5381-4487-93fd-da67c69fa811 None None] MFA Rules not processed for user `a99ec0876f3b43a7aa74f6b0e5a1592e`. Rule list: `[]` (Enabled: `True`). {{(pid=40606) check_auth_methods_against_rules /opt/stack/keystone/keystone/auth/core.py:476}}
Nov 17 14:54:19 devstack devstack@keystone.service[40606]: DEBUG keystone.common.fernet_utils [None req-feaecc31-5381-4487-93fd-da67c69fa811 None None] Loaded 2 Fernet keys from /etc/keystone/fernet-keys/, but `[fernet_tokens] max_active_keys = 3`; perhaps there have not been enough key rotations to reach `max_active_keys` yet? {{(pid=40606) load_keys /opt/stack/keystone/keystone/common/fernet_utils.py:297}}
Nov 17 14:54:19 devstack devstack@keystone.service[40607]: [pid: 40607|app: 0|req: 5/12] 192.168.122.167 () {58 vars in 1036 bytes} [Mon Nov 17 14:54:19 2025] POST /identity/v3/auth/tokens => generated 866 bytes in 107 msecs (HTTP/1.1 201) 6 headers in 363 bytes (1 switches on core 0)
Nov 17 14:54:19 devstack devstack@keystone.service[40606]: [pid: 40606|app: 0|req: 8/13] 192.168.122.167 () {58 vars in 1036 bytes} [Mon Nov 17 14:54:19 2025] POST /identity/v3/auth/tokens => generated 866 bytes in 115 msecs (HTTP/1.1 201) 6 headers in 363 bytes (1 switches on core 0)
Nov 17 14:54:19 devstack devstack@keystone.service[40607]: DEBUG keystone.server.flask.request_processing.middleware.auth_context [None req-f778db13-727d-484d-8ec9-8d3a0e172f9c None None] Authenticating user token {{(pid=40607) process_request /opt/stack/data/venv/lib/python3.10/site-packages/keystonemiddleware/auth_token/__init__.py:407}}
Nov 17 14:54:19 devstack devstack@keystone.service[40606]: DEBUG keystone.server.flask.request_processing.middleware.auth_context [None req-feaecc31-5381-4487-93fd-da67c69fa811 None None] Authenticating user token {{(pid=40606) process_request /opt/stack/data/venv/lib/python3.10/site-packages/keystonemiddleware/auth_token/__init__.py:407}}
Nov 17 14:54:20 devstack devstack@keystone.service[40607]: DEBUG keystone.server.flask.request_processing.middleware.auth_context [None req-f778db13-727d-484d-8ec9-8d3a0e172f9c None None] Validating token access rules against request {{(pid=40607) validate_allowed_request /opt/stack/data/venv/lib/python3.10/site-packages/keystonemiddleware/auth_token/__init__.py:545}}
Nov 17 14:54:20 devstack devstack@keystone.service[40606]: DEBUG keystone.server.flask.request_processing.middleware.auth_context [None req-feaecc31-5381-4487-93fd-da67c69fa811 None None] Validating token access rules against request {{(pid=40606) validate_allowed_request /opt/stack/data/venv/lib/python3.10/site-packages/keystonemiddleware/auth_token/__init__.py:545}}
Nov 17 14:54:20 devstack devstack@keystone.service[40607]: DEBUG keystone.server.flask.request_processing.middleware.auth_context [None req-9dccb2cf-b70d-4569-97bd-189a0610f377 None admin] RBAC: auth_context: {'token': , 'domain_id': None, 'trust_id': None, 'trustor_id': None, 'trustee_id': None, 'domain_name': None, 'group_ids': [], 'user_id': 'a99ec0876f3b43a7aa74f6b0e5a1592e', 'user_domain_id': 'default', 'system_scope': 'all', 'project_id': None, 'project_domain_id': None, 'roles': ['admin', 'manager', 'member', 'reader'], 'is_admin_project': True, 'service_user_id': None, 'service_user_domain_id': None, 'service_project_id': None, 'service_project_domain_id': None, 'service_roles': []} {{(pid=40607) fill_context /opt/stack/keystone/keystone/server/flask/request_processing/middleware/auth_context.py:509}}
Nov 17 14:54:20 devstack devstack@keystone.service[40607]: DEBUG keystone.server.flask.request_processing.req_logging [None req-9dccb2cf-b70d-4569-97bd-189a0610f377 None admin] REQUEST_METHOD: `GET` {{(pid=40607) log_request_info /opt/stack/keystone/keystone/server/flask/request_processing/req_logging.py:26}}
Nov 17 14:54:20 devstack devstack@keystone.service[40607]: DEBUG keystone.server.flask.request_processing.req_logging [None req-9dccb2cf-b70d-4569-97bd-189a0610f377 None admin] SCRIPT_NAME: `/identity` {{(pid=40607) log_request_info /opt/stack/keystone/keystone/server/flask/request_processing/req_logging.py:27}}
Nov 17 14:54:20 devstack devstack@keystone.service[40607]: DEBUG keystone.server.flask.request_processing.req_logging [None req-9dccb2cf-b70d-4569-97bd-189a0610f377 None admin] PATH_INFO: `/v3/roles/admin` {{(pid=40607) log_request_info /opt/stack/keystone/keystone/server/flask/request_processing/req_logging.py:28}}
Nov 17 14:54:20 devstack devstack@keystone.service[40606]: DEBUG keystone.server.flask.request_processing.middleware.auth_context [None req-cc7ec7e5-924e-4f33-8e15-6d56631e0bb1 None admin] RBAC: auth_context: {'token': , 'domain_id': None, 'trust_id': None, 'trustor_id': None, 'trustee_id': None, 'domain_name': None, 'group_ids': [], 'user_id': 'a99ec0876f3b43a7aa74f6b0e5a1592e', 'user_domain_id': 'default', 'system_scope': 'all', 'project_id': None, 'project_domain_id': None, 'roles': ['admin', 'manager', 'member', 'reader'], 'is_admin_project': True, 'service_user_id': None, 'service_user_domain_id': None, 'service_project_id': None, 'service_project_domain_id': None, 'service_roles': []} {{(pid=40606) fill_context /opt/stack/keystone/keystone/server/flask/request_processing/middleware/auth_context.py:509}}
Nov 17 14:54:20 devstack devstack@keystone.service[40606]: DEBUG keystone.server.flask.request_processing.req_logging [None req-cc7ec7e5-924e-4f33-8e15-6d56631e0bb1 None admin] REQUEST_METHOD: `POST` {{(pid=40606) log_request_info /opt/stack/keystone/keystone/server/flask/request_processing/req_logging.py:26}}
Nov 17 14:54:20 devstack devstack@keystone.service[40606]: DEBUG keystone.server.flask.request_processing.req_logging [None req-cc7ec7e5-924e-4f33-8e15-6d56631e0bb1 None admin] SCRIPT_NAME: `/identity` {{(pid=40606) log_request_info /opt/stack/keystone/keystone/server/flask/request_processing/req_logging.py:27}}
Nov 17 14:54:20 devstack devstack@keystone.service[40606]: DEBUG keystone.server.flask.request_processing.req_logging [None req-cc7ec7e5-924e-4f33-8e15-6d56631e0bb1 None admin] PATH_INFO: `/v3/domains` {{(pid=40606) log_request_info /opt/stack/keystone/keystone/server/flask/request_processing/req_logging.py:28}}
Nov 17 14:54:20 devstack devstack@keystone.service[40607]: DEBUG keystone.common.rbac_enforcer.enforcer [None req-9dccb2cf-b70d-4569-97bd-189a0610f377 None admin] Extracting inferred target data resulted in "NOT FOUND (404)". {{(pid=40607) enforce_call /opt/stack/keystone/keystone/common/rbac_enforcer/enforcer.py:445}}
Nov 17 14:54:20 devstack devstack@keystone.service[40606]: DEBUG keystone.common.rbac_enforcer.enforcer [None req-cc7ec7e5-924e-4f33-8e15-6d56631e0bb1 None admin] RBAC: Authorizing `identity:create_domain()` {{(pid=40606) enforce_call /opt/stack/keystone/keystone/common/rbac_enforcer/enforcer.py:494}}
Nov 17 14:54:20 devstack devstack@keystone.service[40606]: DEBUG keystone.common.rbac_enforcer.enforcer [None req-cc7ec7e5-924e-4f33-8e15-6d56631e0bb1 None admin] RBAC: Authorization granted {{(pid=40606) enforce_call /opt/stack/keystone/keystone/common/rbac_enforcer/enforcer.py:505}}
Nov 17 14:54:20 devstack devstack@keystone.service[40607]: DEBUG keystone.server.flask.application [None req-9dccb2cf-b70d-4569-97bd-189a0610f377 None admin] Could not find role: admin. {{(pid=40607) _handle_keystone_exception /opt/stack/keystone/keystone/server/flask/application.py:146}}
Nov 17 14:54:20 devstack devstack@keystone.service[40607]: [pid: 40607|app: 0|req: 6/14] 192.168.122.167 () {56 vars in 1152 bytes} [Mon Nov 17 14:54:19 2025] GET /identity/v3/roles/admin => generated 83 bytes in 148 msecs (HTTP/1.1 404) 5 headers in 183 bytes (1 switches on core 0)
Nov 17 14:54:20 devstack devstack@keystone.service[40607]: DEBUG keystone.server.flask.request_processing.middleware.auth_context [None req-9dccb2cf-b70d-4569-97bd-189a0610f377 None admin] Authenticating user token {{(pid=40607) process_request /opt/stack/data/venv/lib/python3.10/site-packages/keystonemiddleware/auth_token/__init__.py:407}}
Nov 17 14:54:20 devstack devstack@keystone.service[40607]: DEBUG keystone.server.flask.request_processing.middleware.auth_context [None req-9dccb2cf-b70d-4569-97bd-189a0610f377 None admin] Validating token access rules against request {{(pid=40607) validate_allowed_request /opt/stack/data/venv/lib/python3.10/site-packages/keystonemiddleware/auth_token/__init__.py:545}}
Nov 17 14:54:20 devstack devstack@keystone.service[40606]: DEBUG keystone.common.sql.core [None req-cc7ec7e5-924e-4f33-8e15-6d56631e0bb1 None admin] Conflict project: (pymysql.err.IntegrityError) (1062, "Duplicate entry '<>-Default' for key 'project.ixu_project_name_domain_id'")
Nov 17 14:54:20 devstack devstack@keystone.service[40606]: [SQL: INSERT INTO project (id, name, domain_id, description, enabled, extra, parent_id, is_domain) VALUES (%(id)s, %(name)s, %(domain_id)s, %(description)s, %(enabled)s, %(extra)s, %(parent_id)s, %(is_domain)s)]
Nov 17 14:54:20 devstack devstack@keystone.service[40606]: [parameters: {'id': '6bc46ab927b54dcca022450b84fc8e8b', 'name': 'Default', 'domain_id': '<>', 'description': '', 'enabled': 1, 'extra': '{}', 'parent_id': None, 'is_domain': 1}]
Nov 17 14:54:20 devstack devstack@keystone.service[40606]: (Background on this error at: https://sqlalche.me/e/20/gkpj) {{(pid=40606) wrapper /opt/stack/keystone/keystone/common/sql/core.py:580}}
Nov 17 14:54:20 devstack devstack@keystone.service[40606]: ERROR keystone.server.flask.application [None req-cc7ec7e5-924e-4f33-8e15-6d56631e0bb1 None admin] Conflict occurred attempting to store project - it is not permitted to have two projects acting as domains with the same name: Default.: keystone.exception.Conflict: Conflict occurred attempting to store project - it is not permitted to have two projects acting as domains with the same name: Default.
Nov 17 14:54:20 devstack devstack@keystone.service[40606]: ERROR keystone.server.flask.application
Traceback (most recent call last):
Nov 17 14:54:20 devstack devstack@keystone.service[40606]: ERROR keystone.server.flask.application
File "/opt/stack/data/venv/lib/python3.10/site-packages/sqlalchemy/engine/base.py", line 1967, in _exec_single_context
Nov 17 14:54:20 devstack devstack@keystone.service[40606]: ERROR keystone.server.flask.application self.dialect.do_execute(
Nov 17 14:54:20 devstack devstack@keystone.service[40606]: ERROR keystone.server.flask.application
File "/opt/stack/data/venv/lib/python3.10/site-packages/sqlalchemy/engine/default.py", line 951, in do_execute
Nov 17 14:54:20 devstack devstack@keystone.service[40606]: ERROR keystone.server.flask.application cursor.execute(statement, parameters)
Nov 17 14:54:20 devstack devstack@keystone.service[40606]: ERROR keystone.server.flask.application
File "/opt/stack/data/venv/lib/python3.10/site-packages/pymysql/cursors.py", line 153, in execute
Nov 17 14:54:20 devstack devstack@keystone.service[40606]: ERROR keystone.server.flask.application result = self._query(query)
Nov 17 14:54:20 devstack devstack@keystone.service[40606]: ERROR keystone.server.flask.application
File "/opt/stack/data/venv/lib/python3.10/site-packages/pymysql/cursors.py", line 322, in _query
Nov 17 14:54:20 devstack devstack@keystone.service[40606]: ERROR keystone.server.flask.application conn.query(q)
Nov 17 14:54:20 devstack devstack@keystone.service[40606]: ERROR keystone.server.flask.application
File "/opt/stack/data/venv/lib/python3.10/site-packages/pymysql/connections.py", line 575, in query
Nov 17 14:54:20 devstack devstack@keystone.service[40606]: ERROR keystone.server.flask.application self._affected_rows = self._read_query_result(unbuffered=unbuffered)
Nov 17 14:54:20 devstack devstack@keystone.service[40606]: ERROR keystone.server.flask.application
File "/opt/stack/data/venv/lib/python3.10/site-packages/pymysql/connections.py", line 826, in _read_query_result
Nov 17 14:54:20 devstack devstack@keystone.service[40606]: ERROR keystone.server.flask.application result.read()
Nov 17 14:54:20 devstack devstack@keystone.service[40606]: ERROR keystone.server.flask.application
File "/opt/stack/data/venv/lib/python3.10/site-packages/pymysql/connections.py", line 1203, in read
Nov 17 14:54:20 devstack devstack@keystone.service[40606]: ERROR keystone.server.flask.application first_packet = self.connection._read_packet()
Nov 17 14:54:20 devstack devstack@keystone.service[40606]: ERROR keystone.server.flask.application
File "/opt/stack/data/venv/lib/python3.10/site-packages/pymysql/connections.py", line 782, in _read_packet
Nov 17 14:54:20 devstack devstack@keystone.service[40606]: ERROR keystone.server.flask.application packet.raise_for_error()
Nov 17 14:54:20 devstack devstack@keystone.service[40606]: ERROR keystone.server.flask.application
File "/opt/stack/data/venv/lib/python3.10/site-packages/pymysql/protocol.py", line 219, in raise_for_error
Nov 17 14:54:20 devstack devstack@keystone.service[40606]: ERROR keystone.server.flask.application err.raise_mysql_exception(self._data)
Nov 17 14:54:20 devstack devstack@keystone.service[40606]: ERROR keystone.server.flask.application
File "/opt/stack/data/venv/lib/python3.10/site-packages/pymysql/err.py", line 150, in raise_mysql_exception
Nov 17 14:54:20 devstack devstack@keystone.service[40606]: ERROR keystone.server.flask.application raise errorclass(errno, errval)
Nov 17 14:54:20 devstack devstack@keystone.service[40606]: ERROR keystone.server.flask.application pymysql.err.IntegrityError: (1062, "Duplicate entry '<>-Default' for key 'project.ixu_project_name_domain_id'")
Nov 17 14:54:20 devstack devstack@keystone.service[40606]: ERROR keystone.server.flask.application
Nov 17 14:54:20 devstack devstack@keystone.service[40606]: ERROR keystone.server.flask.application The above exception was the direct cause of the following exception:
Nov 17 14:54:20 devstack devstack@keystone.service[40606]: ERROR keystone.server.flask.application
Nov 17 14:54:20 devstack devstack@keystone.service[40606]: ERROR keystone.server.flask.application
Traceback (most recent call last):
Nov 17 14:54:20 devstack devstack@keystone.service[40606]: ERROR keystone.server.flask.application
File "/opt/stack/keystone/keystone/common/sql/core.py", line 575, in wrapper
Nov 17 14:54:20 devstack devstack@keystone.service[40606]: ERROR keystone.server.flask.application return method(*args, **kwargs)
Nov 17 14:54:20 devstack devstack@keystone.service[40606]: ERROR keystone.server.flask.application
File "/opt/stack/keystone/keystone/resource/backends/sql.py", line 278, in create_project
Nov 17 14:54:20 devstack devstack@keystone.service[40606]: ERROR keystone.server.flask.application with sql.session_for_write() as session:
Nov 17 14:54:20 devstack devstack@keystone.service[40606]: ERROR keystone.server.flask.application
File "/usr/lib/python3.10/contextlib.py", line 142, in __exit__
Nov 17 14:54:20 devstack devstack@keystone.service[40606]: ERROR keystone.server.flask.application next(self.gen)
Nov 17 14:54:20 devstack devstack@keystone.service[40606]: ERROR keystone.server.flask.application
File "/opt/stack/data/venv/lib/python3.10/site-packages/oslo_db/sqlalchemy/enginefacade.py", line 1199, in _transaction_scope
Nov 17 14:54:20 devstack devstack@keystone.service[40606]: ERROR keystone.server.flask.application with current._produce_block(
Nov 17 14:54:20 devstack devstack@keystone.service[40606]: ERROR keystone.server.flask.application
File "/usr/lib/python3.10/contextlib.py", line 142, in __exit__
Nov 17 14:54:20 devstack devstack@keystone.service[40606]: ERROR keystone.server.flask.application next(self.gen)
Nov 17 14:54:20 devstack devstack@keystone.service[40606]: ERROR keystone.server.flask.application
File "/opt/stack/data/venv/lib/python3.10/site-packages/oslo_db/sqlalchemy/enginefacade.py", line 850, in _session
Nov 17 14:54:20 devstack devstack@keystone.service[40606]: ERROR keystone.server.flask.application with excutils.save_and_reraise_exception():
Nov 17 14:54:20 devstack devstack@keystone.service[40606]: ERROR keystone.server.flask.application
File "/opt/stack/data/venv/lib/python3.10/site-packages/oslo_utils/excutils.py", line 227, in __exit__
Nov 17 14:54:20 devstack devstack@keystone.service[40606]: ERROR keystone.server.flask.application self.force_reraise()
Nov 17 14:54:20 devstack devstack@keystone.service[40606]: ERROR keystone.server.flask.application
File "/opt/stack/data/venv/lib/python3.10/site-packages/oslo_utils/excutils.py", line 200, in force_reraise
Nov 17 14:54:20 devstack devstack@keystone.service[40606]: ERROR keystone.server.flask.application raise self.value
Nov 17 14:54:20 devstack devstack@keystone.service[40606]: ERROR keystone.server.flask.application
File "/opt/stack/data/venv/lib/python3.10/site-packages/oslo_db/sqlalchemy/enginefacade.py", line 848, in _session
Nov 17 14:54:20 devstack devstack@keystone.service[40606]: ERROR keystone.server.flask.application self._end_session_transaction(self.session)
Nov 17 14:54:20 devstack devstack@keystone.service[40606]: ERROR keystone.server.flask.application
File "/opt/stack/data/venv/lib/python3.10/site-packages/oslo_db/sqlalchemy/enginefacade.py", line 761, in _end_session_transaction
Nov 17 14:54:20 devstack devstack@keystone.service[40606]: ERROR keystone.server.flask.application session.commit()
Nov 17 14:54:20 devstack devstack@keystone.service[40606]: ERROR keystone.server.flask.application
File "/opt/stack/data/venv/lib/python3.10/site-packages/sqlalchemy/orm/session.py", line 2030, in commit
Nov 17 14:54:20 devstack devstack@keystone.service[40606]: ERROR keystone.server.flask.application trans.commit(_to_root=True)
Nov 17 14:54:20 devstack devstack@keystone.service[40606]: ERROR keystone.server.flask.application File "", line 2, in commit
Nov 17 14:54:20 devstack devstack@keystone.service[40606]: ERROR keystone.server.flask.application
File "/opt/stack/data/venv/lib/python3.10/site-packages/sqlalchemy/orm/state_changes.py", line 137, in _go
Nov 17 14:54:20 devstack devstack@keystone.service[40606]: ERROR keystone.server.flask.application ret_value = fn(self, *arg, **kw)
Nov 17 14:54:20 devstack devstack@keystone.service[40606]: ERROR keystone.server.flask.application
File "/opt/stack/data/venv/lib/python3.10/site-packages/sqlalchemy/orm/session.py", line 1311, in commit
Nov 17 14:54:20 devstack devstack@keystone.service[40606]: ERROR keystone.server.flask.application self._prepare_impl()
