Apr 14 21:10:09 devstack cinder-volume[82148]: DEBUG oslo_concurrency.processutils [req-6fe45534-5fac-4a51-96ff-14646a917e1f req-40c374b1-dc32-4f5b-9e58-932d05e4f0e7 tempest-VolumesGetTestJSON-333136918 None] CMD "sudo cinder-rootwrap /etc/cinder/rootwrap.conf df --portability --block-size 1 /opt/stack/data/cinder/mnt/b0ef1f009f4fb1b3f964feddf1ee9c15" returned: 0 in 0.506s {{(pid=82148) execute /opt/stack/data/venv/lib/python3.10/site-packages/oslo_concurrency/processutils.py:468}}
Apr 14 21:10:09 devstack cinder-volume[82148]: DEBUG cinder.manager [req-6fe45534-5fac-4a51-96ff-14646a917e1f req-40c374b1-dc32-4f5b-9e58-932d05e4f0e7 tempest-VolumesGetTestJSON-333136918 None] Notifying Schedulers of capabilities ... {{(pid=82148) _publish_service_capabilities /opt/stack/cinder/cinder/manager.py:202}}
Apr 14 21:10:09 devstack cinder-volume[82148]: INFO cinder.volume.manager [req-6fe45534-5fac-4a51-96ff-14646a917e1f req-40c374b1-dc32-4f5b-9e58-932d05e4f0e7 tempest-VolumesGetTestJSON-333136918 None] Deleted volume successfully.
Apr 14 21:10:09 devstack cinder-volume[82148]: DEBUG cinder.coordination [req-6fe45534-5fac-4a51-96ff-14646a917e1f req-40c374b1-dc32-4f5b-9e58-932d05e4f0e7 tempest-VolumesGetTestJSON-333136918 None] Lock "cinder-9fb0c21e-966a-4b88-9ae8-645d8767abc8-delete_volume" released by "delete_volume" :: held 1.839s {{(pid=82148) __release /opt/stack/cinder/cinder/coordination.py:152}}
Apr 14 21:10:09 devstack cinder-volume[82148]: INFO cinder.volume.manager [None req-57d6ff24-00f3-43f5-9734-52c38e2fecad tempest-GroupSnapshotsTest-1886520446 None] Update group completed successfully.
Apr 14 21:10:10 devstack cinder-volume[82148]: DEBUG cinder.coordination [None req-1abe94c0-d656-4707-bfc1-f087bd60c862 tempest-DeleteServersTestJSON-1451653691 None] Acquiring lock "cinder-fe4c9ce8-01a5-44b3-b00a-7cd0b98f4228-delete_volume" by "delete_volume" {{(pid=82148) __acquire /opt/stack/cinder/cinder/coordination.py:138}}
Apr 14 21:10:10 devstack cinder-volume[82148]: DEBUG cinder.coordination [None req-1abe94c0-d656-4707-bfc1-f087bd60c862 tempest-DeleteServersTestJSON-1451653691 None] Lock "cinder-fe4c9ce8-01a5-44b3-b00a-7cd0b98f4228-delete_volume" acquired by "delete_volume" :: waited 0.014s {{(pid=82148) __acquire /opt/stack/cinder/cinder/coordination.py:141}}
Apr 14 21:10:10 devstack cinder-volume[82148]: DEBUG cinder.coordination [None req-1abe94c0-d656-4707-bfc1-f087bd60c862 tempest-DeleteServersTestJSON-1451653691 None] Acquiring lock "cinder-quobyte-fe4c9ce8-01a5-44b3-b00a-7cd0b98f4228" by "delete_volume" {{(pid=82148) __acquire /opt/stack/cinder/cinder/coordination.py:138}}
Apr 14 21:10:10 devstack cinder-volume[82148]: DEBUG cinder.coordination [None req-1abe94c0-d656-4707-bfc1-f087bd60c862 tempest-DeleteServersTestJSON-1451653691 None] Lock "cinder-quobyte-fe4c9ce8-01a5-44b3-b00a-7cd0b98f4228" acquired by "delete_volume" :: waited 0.007s {{(pid=82148) __acquire /opt/stack/cinder/cinder/coordination.py:141}}
Apr 14 21:10:10 devstack cinder-volume[82148]: DEBUG oslo.privsep.daemon [-] privsep: reply[67812126-def2-4c90-8d20-bdc5d239d166]: (4, 'qcow2') {{(pid=83127) _call_back /opt/stack/data/venv/lib/python3.10/site-packages/oslo_privsep/daemon.py:573}}
Apr 14 21:10:10 devstack cinder-volume[82148]: DEBUG oslo_concurrency.processutils [None req-1abe94c0-d656-4707-bfc1-f087bd60c862 tempest-DeleteServersTestJSON-1451653691 None] Running cmd (subprocess): /opt/stack/data/venv/bin/python3.10 -m oslo_concurrency.prlimit --as=1073741824 --cpu=60 -- sudo cinder-rootwrap /etc/cinder/rootwrap.conf env LC_ALL=C qemu-img info -f qcow2 --output=json --force-share /opt/stack/data/cinder/mnt/b0ef1f009f4fb1b3f964feddf1ee9c15/volume-fe4c9ce8-01a5-44b3-b00a-7cd0b98f4228 {{(pid=82148) execute /opt/stack/data/venv/lib/python3.10/site-packages/oslo_concurrency/processutils.py:440}}
Apr 14 21:10:11 devstack sudo[84006]: quobyte : PWD=/ ; USER=root ; COMMAND=/opt/stack/data/venv/bin/cinder-rootwrap /etc/cinder/rootwrap.conf env LC_ALL=C qemu-img info -f qcow2 --output=json --force-share /opt/stack/data/cinder/mnt/b0ef1f009f4fb1b3f964feddf1ee9c15/volume-fe4c9ce8-01a5-44b3-b00a-7cd0b98f4228
Apr 14 21:10:11 devstack sudo[84006]: pam_unix(sudo:session): session opened for user root(uid=0) by (uid=1000)
Apr 14 21:10:11 devstack cinder-volume[82148]: INFO cinder.volume.manager [None req-ded49a63-bfe7-408e-88a7-c559d2accbc9 tempest-GroupSnapshotsTest-1886520446 None] Update group completed successfully.
Apr 14 21:10:11 devstack sudo[84006]: pam_unix(sudo:session): session closed for user root
Apr 14 21:10:11 devstack cinder-volume[82148]: DEBUG oslo_concurrency.processutils [None req-1abe94c0-d656-4707-bfc1-f087bd60c862 tempest-DeleteServersTestJSON-1451653691 None] CMD "/opt/stack/data/venv/bin/python3.10 -m oslo_concurrency.prlimit --as=1073741824 --cpu=60 -- sudo cinder-rootwrap /etc/cinder/rootwrap.conf env LC_ALL=C qemu-img info -f qcow2 --output=json --force-share /opt/stack/data/cinder/mnt/b0ef1f009f4fb1b3f964feddf1ee9c15/volume-fe4c9ce8-01a5-44b3-b00a-7cd0b98f4228" returned: 0 in 0.554s {{(pid=82148) execute /opt/stack/data/venv/lib/python3.10/site-packages/oslo_concurrency/processutils.py:468}}
Apr 14 21:10:11 devstack cinder-volume[82148]: DEBUG oslo_concurrency.processutils [None req-1abe94c0-d656-4707-bfc1-f087bd60c862 tempest-DeleteServersTestJSON-1451653691 None] Running cmd (subprocess): sudo cinder-rootwrap /etc/cinder/rootwrap.conf rm -f /opt/stack/data/cinder/mnt/b0ef1f009f4fb1b3f964feddf1ee9c15/volume-fe4c9ce8-01a5-44b3-b00a-7cd0b98f4228 {{(pid=82148) execute /opt/stack/data/venv/lib/python3.10/site-packages/oslo_concurrency/processutils.py:440}}
Apr 14 21:10:11 devstack sudo[84011]: quobyte : PWD=/ ; USER=root ; COMMAND=/opt/stack/data/venv/bin/cinder-rootwrap /etc/cinder/rootwrap.conf rm -f /opt/stack/data/cinder/mnt/b0ef1f009f4fb1b3f964feddf1ee9c15/volume-fe4c9ce8-01a5-44b3-b00a-7cd0b98f4228
Apr 14 21:10:11 devstack sudo[84011]: pam_unix(sudo:session): session opened for user root(uid=0) by (uid=1000)
Apr 14 21:10:11 devstack sudo[84011]: pam_unix(sudo:session): session closed for user root
Apr 14 21:10:11 devstack cinder-volume[82148]: DEBUG oslo_concurrency.processutils [None req-1abe94c0-d656-4707-bfc1-f087bd60c862 tempest-DeleteServersTestJSON-1451653691 None] CMD "sudo cinder-rootwrap /etc/cinder/rootwrap.conf rm -f /opt/stack/data/cinder/mnt/b0ef1f009f4fb1b3f964feddf1ee9c15/volume-fe4c9ce8-01a5-44b3-b00a-7cd0b98f4228" returned: 0 in 0.437s {{(pid=82148) execute /opt/stack/data/venv/lib/python3.10/site-packages/oslo_concurrency/processutils.py:468}}
Apr 14 21:10:11 devstack cinder-volume[82148]: DEBUG cinder.coordination [None req-1abe94c0-d656-4707-bfc1-f087bd60c862 tempest-DeleteServersTestJSON-1451653691 None] Lock "cinder-quobyte-fe4c9ce8-01a5-44b3-b00a-7cd0b98f4228" released by "delete_volume" :: held 1.017s {{(pid=82148) __release /opt/stack/cinder/cinder/coordination.py:152}}
Apr 14 21:10:11 devstack cinder-volume[82148]: DEBUG cinder.quota [None req-1abe94c0-d656-4707-bfc1-f087bd60c862 tempest-DeleteServersTestJSON-1451653691 None] Created reservations ['20650cc2-8df8-4b70-8ab0-631ce352044f', 'ba741a6f-d496-4c44-b2be-44dbac9f5121', '4c108ead-79a3-40e7-8ed6-dd3a86089477', '3ae996b2-aae1-401a-b23f-2a28145150f6'] {{(pid=82148) reserve /opt/stack/cinder/cinder/quota.py:752}}
Apr 14 21:10:12 devstack cinder-volume[82148]: DEBUG oslo_concurrency.lockutils [None req-1abe94c0-d656-4707-bfc1-f087bd60c862 tempest-DeleteServersTestJSON-1451653691 None] Acquiring lock "quobyte_ensure" by "cinder.volume.drivers.quobyte.QuobyteDriver._ensure_shares_mounted" {{(pid=82148) inner /opt/stack/data/venv/lib/python3.10/site-packages/oslo_concurrency/lockutils.py:506}}
Apr 14 21:10:12 devstack cinder-volume[82148]: DEBUG oslo_concurrency.lockutils [None req-1abe94c0-d656-4707-bfc1-f087bd60c862 tempest-DeleteServersTestJSON-1451653691 None] Lock "quobyte_ensure" acquired by "cinder.volume.drivers.quobyte.QuobyteDriver._ensure_shares_mounted" :: waited 0.001s {{(pid=82148) inner /opt/stack/data/venv/lib/python3.10/site-packages/oslo_concurrency/lockutils.py:519}}
Apr 14 21:10:12 devstack cinder-volume[82148]: DEBUG cinder.volume.drivers.quobyte [None req-1abe94c0-d656-4707-bfc1-f087bd60c862 tempest-DeleteServersTestJSON-1451653691 None] Quobyte Volume URL set to: {'osci02.corp.quobyte.com/cinder-vol-a22eb3b6-024f-48a9-8f4b-8c4ff9639898': None} {{(pid=82148) _load_shares_config /opt/stack/cinder/cinder/volume/drivers/quobyte.py:617}}
Apr 14 21:10:12 devstack cinder-volume[82148]: DEBUG cinder.volume.drivers.quobyte [None req-1abe94c0-d656-4707-bfc1-f087bd60c862 tempest-DeleteServersTestJSON-1451653691 None] Available shares ['osci02.corp.quobyte.com/cinder-vol-a22eb3b6-024f-48a9-8f4b-8c4ff9639898'] {{(pid=82148) _ensure_shares_mounted /opt/stack/cinder/cinder/volume/drivers/quobyte.py:647}}
Apr 14 21:10:12 devstack cinder-volume[82148]: DEBUG oslo_concurrency.lockutils [None req-1abe94c0-d656-4707-bfc1-f087bd60c862 tempest-DeleteServersTestJSON-1451653691 None] Lock "quobyte_ensure" "released" by "cinder.volume.drivers.quobyte.QuobyteDriver._ensure_shares_mounted" :: held 0.004s {{(pid=82148) inner /opt/stack/data/venv/lib/python3.10/site-packages/oslo_concurrency/lockutils.py:538}}
Apr 14 21:10:12 devstack cinder-volume[82148]: DEBUG oslo_concurrency.processutils [None req-1abe94c0-d656-4707-bfc1-f087bd60c862 tempest-DeleteServersTestJSON-1451653691 None] Running cmd (subprocess): sudo cinder-rootwrap /etc/cinder/rootwrap.conf df --portability --block-size 1 /opt/stack/data/cinder/mnt/b0ef1f009f4fb1b3f964feddf1ee9c15 {{(pid=82148) execute /opt/stack/data/venv/lib/python3.10/site-packages/oslo_concurrency/processutils.py:440}}
Apr 14 21:10:12 devstack sudo[84016]: quobyte : PWD=/ ; USER=root ; COMMAND=/opt/stack/data/venv/bin/cinder-rootwrap /etc/cinder/rootwrap.conf df --portability --block-size 1 /opt/stack/data/cinder/mnt/b0ef1f009f4fb1b3f964feddf1ee9c15
Apr 14 21:10:12 devstack sudo[84016]: pam_unix(sudo:session): session opened for user root(uid=0) by (uid=1000)
Apr 14 21:10:12 devstack cinder-volume[82148]: INFO cinder.volume.manager [None req-35a07ad5-c225-4a3c-93e4-bc2774a80eb4 tempest-GroupSnapshotsTest-1886520446 None] Update group completed successfully.
Apr 14 21:10:12 devstack sudo[84016]: pam_unix(sudo:session): session closed for user root
Apr 14 21:10:12 devstack cinder-volume[82148]: DEBUG oslo_concurrency.processutils [None req-1abe94c0-d656-4707-bfc1-f087bd60c862 tempest-DeleteServersTestJSON-1451653691 None] CMD "sudo cinder-rootwrap /etc/cinder/rootwrap.conf df --portability --block-size 1 /opt/stack/data/cinder/mnt/b0ef1f009f4fb1b3f964feddf1ee9c15" returned: 0 in 0.433s {{(pid=82148) execute /opt/stack/data/venv/lib/python3.10/site-packages/oslo_concurrency/processutils.py:468}}
Apr 14 21:10:12 devstack cinder-volume[82148]: DEBUG cinder.manager [None req-1abe94c0-d656-4707-bfc1-f087bd60c862 tempest-DeleteServersTestJSON-1451653691 None] Notifying Schedulers of capabilities ... {{(pid=82148) _publish_service_capabilities /opt/stack/cinder/cinder/manager.py:202}}
Apr 14 21:10:12 devstack cinder-volume[82148]: INFO cinder.volume.manager [None req-1abe94c0-d656-4707-bfc1-f087bd60c862 tempest-DeleteServersTestJSON-1451653691 None] Deleted volume successfully.
Apr 14 21:10:12 devstack cinder-volume[82148]: DEBUG cinder.coordination [None req-1abe94c0-d656-4707-bfc1-f087bd60c862 tempest-DeleteServersTestJSON-1451653691 None] Lock "cinder-fe4c9ce8-01a5-44b3-b00a-7cd0b98f4228-delete_volume" released by "delete_volume" :: held 1.578s {{(pid=82148) __release /opt/stack/cinder/cinder/coordination.py:152}}
Apr 14 21:10:13 devstack cinder-volume[82148]: DEBUG cinder.volume.manager [None req-d8f5b2dd-44bb-486c-8b17-d6068594f1a6 tempest-BackendsCapabilitiesAdminTestsJSON-320811115 None] Obtained capabilities list: {'volume_backend_name': 'QuobyteHD', 'vendor_name': 'Open Source', 'driver_version': '1.1.14', 'storage_protocol': 'quobyte', 'total_capacity_gb': 1775.757999420166, 'free_capacity_gb': 1775.757999420166, 'reserved_percentage': 0, 'QoS_support': False, 'properties': {'thin_provisioning': {'title': 'Thin Provisioning', 'description': 'Sets thin provisioning.', 'type': 'boolean'}, 'compression': {'title': 'Compression', 'description': 'Enables compression.', 'type': 'boolean'}, 'qos': {'title': 'QoS', 'description': 'Enables QoS.', 'type': 'boolean'}, 'replication_enabled': {'title': 'Replication', 'description': 'Enables replication.', 'type': 'boolean'}}}. {{(pid=82148) get_capabilities /opt/stack/cinder/cinder/volume/manager.py:4830}}
Apr 14 21:10:13 devstack cinder-volume[82148]: INFO cinder.volume.manager [None req-e7822a33-832f-4c1c-84b7-0940aceb326a tempest-GroupSnapshotsTest-1886520446 None] GroupSnapshot deb77366-d798-4e7f-a4dc-3023d7a0c10f: creating.
Apr 14 21:10:13 devstack cinder-volume[82148]: DEBUG cinder.volume.manager [None req-e7822a33-832f-4c1c-84b7-0940aceb326a tempest-GroupSnapshotsTest-1886520446 None] Group snapshot deb77366-d798-4e7f-a4dc-3023d7a0c10f: creating. {{(pid=82148) create_group_snapshot /opt/stack/cinder/cinder/volume/manager.py:4175}}
Apr 14 21:10:13 devstack cinder-volume[82148]: DEBUG oslo_concurrency.lockutils [None req-e7822a33-832f-4c1c-84b7-0940aceb326a tempest-GroupSnapshotsTest-1886520446 None] Acquiring lock "quobyte" by "cinder.volume.drivers.quobyte.QuobyteDriver.create_snapshot" {{(pid=82148) inner /opt/stack/data/venv/lib/python3.10/site-packages/oslo_concurrency/lockutils.py:506}}
Apr 14 21:10:13 devstack cinder-volume[82148]: DEBUG oslo_concurrency.lockutils [None req-e7822a33-832f-4c1c-84b7-0940aceb326a tempest-GroupSnapshotsTest-1886520446 None] Lock "quobyte" acquired by "cinder.volume.drivers.quobyte.QuobyteDriver.create_snapshot" :: waited 0.001s {{(pid=82148) inner /opt/stack/data/venv/lib/python3.10/site-packages/oslo_concurrency/lockutils.py:519}}
Apr 14 21:10:13 devstack cinder-volume[82148]: DEBUG cinder.volume.drivers.remotefs [None req-e7822a33-832f-4c1c-84b7-0940aceb326a tempest-GroupSnapshotsTest-1886520446 None] Creating offline snapshot c4e0cb12-1654-4a8c-86ef-a2128bc83865 of volume b204a61a-7f29-495d-b37f-a7c1b15badd9 {{(pid=82148) _create_snapshot /opt/stack/cinder/cinder/volume/drivers/remotefs.py:1815}}
Apr 14 21:10:13 devstack cinder-volume[82148]: DEBUG oslo.privsep.daemon [-] privsep: reply[deb336ef-1d5e-493c-9abe-bf0b4924a8d2]: (4, 'qcow2') {{(pid=83127) _call_back /opt/stack/data/venv/lib/python3.10/site-packages/oslo_privsep/daemon.py:573}}
Apr 14 21:10:13 devstack cinder-volume[82148]: DEBUG oslo_concurrency.processutils [None req-e7822a33-832f-4c1c-84b7-0940aceb326a tempest-GroupSnapshotsTest-1886520446 None] Running cmd (subprocess): /opt/stack/data/venv/bin/python3.10 -m oslo_concurrency.prlimit --as=1073741824 --cpu=60 -- sudo cinder-rootwrap /etc/cinder/rootwrap.conf env LC_ALL=C qemu-img info -f qcow2 --output=json --force-share /opt/stack/data/cinder/mnt/b0ef1f009f4fb1b3f964feddf1ee9c15/volume-b204a61a-7f29-495d-b37f-a7c1b15badd9 {{(pid=82148) execute /opt/stack/data/venv/lib/python3.10/site-packages/oslo_concurrency/processutils.py:440}}
Apr 14 21:10:13 devstack sudo[84020]: quobyte : PWD=/ ; USER=root ; COMMAND=/opt/stack/data/venv/bin/cinder-rootwrap /etc/cinder/rootwrap.conf env LC_ALL=C qemu-img info -f qcow2 --output=json --force-share /opt/stack/data/cinder/mnt/b0ef1f009f4fb1b3f964feddf1ee9c15/volume-b204a61a-7f29-495d-b37f-a7c1b15badd9
Apr 14 21:10:13 devstack sudo[84020]: pam_unix(sudo:session): session opened for user root(uid=0) by (uid=1000)
Apr 14 21:10:13 devstack cinder-volume[82148]: DEBUG cinder.volume.manager [None req-abd76131-25f6-4f74-ace9-45ed1d91b7a2 tempest-BackendsCapabilitiesAdminTestsJSON-320811115 None] Obtained capabilities list: {'volume_backend_name': 'QuobyteHD', 'vendor_name': 'Open Source', 'driver_version': '1.1.14', 'storage_protocol': 'quobyte', 'total_capacity_gb': 1775.757999420166, 'free_capacity_gb': 1775.757999420166, 'reserved_percentage': 0, 'QoS_support': False, 'properties': {'thin_provisioning': {'title': 'Thin Provisioning', 'description': 'Sets thin provisioning.', 'type': 'boolean'}, 'compression': {'title': 'Compression', 'description': 'Enables compression.', 'type': 'boolean'}, 'qos': {'title': 'QoS', 'description': 'Enables QoS.', 'type': 'boolean'}, 'replication_enabled': {'title': 'Replication', 'description': 'Enables replication.', 'type': 'boolean'}}}. {{(pid=82148) get_capabilities /opt/stack/cinder/cinder/volume/manager.py:4830}}
Apr 14 21:10:13 devstack sudo[84020]: pam_unix(sudo:session): session closed for user root
Apr 14 21:10:13 devstack cinder-volume[82148]: DEBUG oslo_concurrency.processutils [None req-e7822a33-832f-4c1c-84b7-0940aceb326a tempest-GroupSnapshotsTest-1886520446 None] CMD "/opt/stack/data/venv/bin/python3.10 -m oslo_concurrency.prlimit --as=1073741824 --cpu=60 -- sudo cinder-rootwrap /etc/cinder/rootwrap.conf env LC_ALL=C qemu-img info -f qcow2 --output=json --force-share /opt/stack/data/cinder/mnt/b0ef1f009f4fb1b3f964feddf1ee9c15/volume-b204a61a-7f29-495d-b37f-a7c1b15badd9" returned: 0 in 0.532s {{(pid=82148) execute /opt/stack/data/venv/lib/python3.10/site-packages/oslo_concurrency/processutils.py:468}}
Apr 14 21:10:14 devstack cinder-volume[82148]: DEBUG oslo_concurrency.processutils [None req-e7822a33-832f-4c1c-84b7-0940aceb326a tempest-GroupSnapshotsTest-1886520446 None] Running cmd (subprocess): sudo cinder-rootwrap /etc/cinder/rootwrap.conf qemu-img create -f qcow2 -o backing_file=/opt/stack/data/cinder/mnt/b0ef1f009f4fb1b3f964feddf1ee9c15/volume-b204a61a-7f29-495d-b37f-a7c1b15badd9,backing_fmt=qcow2 /opt/stack/data/cinder/mnt/b0ef1f009f4fb1b3f964feddf1ee9c15/volume-b204a61a-7f29-495d-b37f-a7c1b15badd9.c4e0cb12-1654-4a8c-86ef-a2128bc83865 1G {{(pid=82148) execute /opt/stack/data/venv/lib/python3.10/site-packages/oslo_concurrency/processutils.py:440}}
Apr 14 21:10:14 devstack sudo[84026]: quobyte : PWD=/ ; USER=root ; COMMAND=/opt/stack/data/venv/bin/cinder-rootwrap /etc/cinder/rootwrap.conf qemu-img create -f qcow2 -o backing_file=/opt/stack/data/cinder/mnt/b0ef1f009f4fb1b3f964feddf1ee9c15/volume-b204a61a-7f29-495d-b37f-a7c1b15badd9,backing_fmt=qcow2 /opt/stack/data/cinder/mnt/b0ef1f009f4fb1b3f964feddf1ee9c15/volume-b204a61a-7f29-495d-b37f-a7c1b15badd9.c4e0cb12-1654-4a8c-86ef-a2128bc83865 1G
Apr 14 21:10:14 devstack sudo[84026]: pam_unix(sudo:session): session opened for user root(uid=0) by (uid=1000)
Apr 14 21:10:14 devstack sudo[84026]: pam_unix(sudo:session): session closed for user root
Apr 14 21:10:14 devstack cinder-volume[82148]: DEBUG oslo_concurrency.processutils [None req-e7822a33-832f-4c1c-84b7-0940aceb326a tempest-GroupSnapshotsTest-1886520446 None] CMD "sudo cinder-rootwrap /etc/cinder/rootwrap.conf qemu-img create -f qcow2 -o backing_file=/opt/stack/data/cinder/mnt/b0ef1f009f4fb1b3f964feddf1ee9c15/volume-b204a61a-7f29-495d-b37f-a7c1b15badd9,backing_fmt=qcow2 /opt/stack/data/cinder/mnt/b0ef1f009f4fb1b3f964feddf1ee9c15/volume-b204a61a-7f29-495d-b37f-a7c1b15badd9.c4e0cb12-1654-4a8c-86ef-a2128bc83865 1G" returned: 0 in 0.629s {{(pid=82148) execute /opt/stack/data/venv/lib/python3.10/site-packages/oslo_concurrency/processutils.py:468}}
Apr 14 21:10:14 devstack cinder-volume[82148]: DEBUG oslo_concurrency.processutils [None req-e7822a33-832f-4c1c-84b7-0940aceb326a tempest-GroupSnapshotsTest-1886520446 None] Running cmd (subprocess): sudo cinder-rootwrap /etc/cinder/rootwrap.conf qemu-img rebase -u -b volume-b204a61a-7f29-495d-b37f-a7c1b15badd9 -F qcow2 /opt/stack/data/cinder/mnt/b0ef1f009f4fb1b3f964feddf1ee9c15/volume-b204a61a-7f29-495d-b37f-a7c1b15badd9.c4e0cb12-1654-4a8c-86ef-a2128bc83865 {{(pid=82148) execute /opt/stack/data/venv/lib/python3.10/site-packages/oslo_concurrency/processutils.py:440}}
Apr 14 21:10:14 devstack sudo[84032]: quobyte : PWD=/ ; USER=root ; COMMAND=/opt/stack/data/venv/bin/cinder-rootwrap /etc/cinder/rootwrap.conf qemu-img rebase -u -b volume-b204a61a-7f29-495d-b37f-a7c1b15badd9 -F qcow2 /opt/stack/data/cinder/mnt/b0ef1f009f4fb1b3f964feddf1ee9c15/volume-b204a61a-7f29-495d-b37f-a7c1b15badd9.c4e0cb12-1654-4a8c-86ef-a2128bc83865
Apr 14 21:10:14 devstack sudo[84032]: pam_unix(sudo:session): session opened for user root(uid=0) by (uid=1000)
Apr 14 21:10:15 devstack sudo[84032]: pam_unix(sudo:session): session closed for user root
Apr 14 21:10:15 devstack cinder-volume[82148]: DEBUG oslo_concurrency.processutils [None req-e7822a33-832f-4c1c-84b7-0940aceb326a tempest-GroupSnapshotsTest-1886520446 None] CMD "sudo cinder-rootwrap /etc/cinder/rootwrap.conf qemu-img rebase -u -b volume-b204a61a-7f29-495d-b37f-a7c1b15badd9 -F qcow2 /opt/stack/data/cinder/mnt/b0ef1f009f4fb1b3f964feddf1ee9c15/volume-b204a61a-7f29-495d-b37f-a7c1b15badd9.c4e0cb12-1654-4a8c-86ef-a2128bc83865" returned: 0 in 0.584s {{(pid=82148) execute /opt/stack/data/venv/lib/python3.10/site-packages/oslo_concurrency/processutils.py:468}}
Apr 14 21:10:15 devstack cinder-volume[82148]: WARNING cinder.volume.drivers.remotefs [None req-e7822a33-832f-4c1c-84b7-0940aceb326a tempest-GroupSnapshotsTest-1886520446 None] /opt/stack/data/cinder/mnt/b0ef1f009f4fb1b3f964feddf1ee9c15/volume-b204a61a-7f29-495d-b37f-a7c1b15badd9.c4e0cb12-1654-4a8c-86ef-a2128bc83865 is being set with open permissions: ugo+rw: NotImplementedError
Apr 14 21:10:15 devstack cinder-volume[82148]: DEBUG oslo_concurrency.processutils [None req-e7822a33-832f-4c1c-84b7-0940aceb326a tempest-GroupSnapshotsTest-1886520446 None] Running cmd (subprocess): sudo cinder-rootwrap /etc/cinder/rootwrap.conf chmod ugo+rw /opt/stack/data/cinder/mnt/b0ef1f009f4fb1b3f964feddf1ee9c15/volume-b204a61a-7f29-495d-b37f-a7c1b15badd9.c4e0cb12-1654-4a8c-86ef-a2128bc83865 {{(pid=82148) execute /opt/stack/data/venv/lib/python3.10/site-packages/oslo_concurrency/processutils.py:440}}
Apr 14 21:10:15 devstack sudo[84039]: quobyte : PWD=/ ; USER=root ; COMMAND=/opt/stack/data/venv/bin/cinder-rootwrap /etc/cinder/rootwrap.conf chmod ugo+rw /opt/stack/data/cinder/mnt/b0ef1f009f4fb1b3f964feddf1ee9c15/volume-b204a61a-7f29-495d-b37f-a7c1b15badd9.c4e0cb12-1654-4a8c-86ef-a2128bc83865
Apr 14 21:10:15 devstack sudo[84039]: pam_unix(sudo:session): session opened for user root(uid=0) by (uid=1000)
Apr 14 21:10:15 devstack sudo[84039]: pam_unix(sudo:session): session closed for user root
Apr 14 21:10:15 devstack cinder-volume[82148]: DEBUG oslo_concurrency.processutils [None req-e7822a33-832f-4c1c-84b7-0940aceb326a tempest-GroupSnapshotsTest-1886520446 None] CMD "sudo cinder-rootwrap /etc/cinder/rootwrap.conf chmod ugo+rw /opt/stack/data/cinder/mnt/b0ef1f009f4fb1b3f964feddf1ee9c15/volume-b204a61a-7f29-495d-b37f-a7c1b15badd9.c4e0cb12-1654-4a8c-86ef-a2128bc83865" returned: 0 in 0.525s {{(pid=82148) execute /opt/stack/data/venv/lib/python3.10/site-packages/oslo_concurrency/processutils.py:468}}
Apr 14 21:10:15 devstack cinder-volume[82148]: DEBUG oslo_concurrency.processutils [None req-e7822a33-832f-4c1c-84b7-0940aceb326a tempest-GroupSnapshotsTest-1886520446 None] Running cmd (subprocess): sudo cinder-rootwrap /etc/cinder/rootwrap.conf truncate -s0 /opt/stack/data/cinder/mnt/b0ef1f009f4fb1b3f964feddf1ee9c15/volume-b204a61a-7f29-495d-b37f-a7c1b15badd9.info {{(pid=82148) execute /opt/stack/data/venv/lib/python3.10/site-packages/oslo_concurrency/processutils.py:440}}
Apr 14 21:10:15 devstack sudo[84046]: quobyte : PWD=/ ; USER=root ; COMMAND=/opt/stack/data/venv/bin/cinder-rootwrap /etc/cinder/rootwrap.conf truncate -s0 /opt/stack/data/cinder/mnt/b0ef1f009f4fb1b3f964feddf1ee9c15/volume-b204a61a-7f29-495d-b37f-a7c1b15badd9.info
Apr 14 21:10:15 devstack sudo[84046]: pam_unix(sudo:session): session opened for user root(uid=0) by (uid=1000)
Apr 14 21:10:16 devstack sudo[84046]: pam_unix(sudo:session): session closed for user root
Apr 14 21:10:16 devstack cinder-volume[82148]: DEBUG oslo_concurrency.processutils [None req-e7822a33-832f-4c1c-84b7-0940aceb326a tempest-GroupSnapshotsTest-1886520446 None] CMD "sudo cinder-rootwrap /etc/cinder/rootwrap.conf truncate -s0 /opt/stack/data/cinder/mnt/b0ef1f009f4fb1b3f964feddf1ee9c15/volume-b204a61a-7f29-495d-b37f-a7c1b15badd9.info" returned: 0 in 0.609s {{(pid=82148) execute /opt/stack/data/venv/lib/python3.10/site-packages/oslo_concurrency/processutils.py:468}}
Apr 14 21:10:16 devstack cinder-volume[82148]: WARNING cinder.volume.drivers.remotefs [None req-e7822a33-832f-4c1c-84b7-0940aceb326a tempest-GroupSnapshotsTest-1886520446 None] /opt/stack/data/cinder/mnt/b0ef1f009f4fb1b3f964feddf1ee9c15/volume-b204a61a-7f29-495d-b37f-a7c1b15badd9.info is being set with open permissions: ugo+rw: NotImplementedError
Apr 14 21:10:16 devstack cinder-volume[82148]: DEBUG oslo_concurrency.processutils [None req-e7822a33-832f-4c1c-84b7-0940aceb326a tempest-GroupSnapshotsTest-1886520446 None] Running cmd (subprocess): sudo cinder-rootwrap /etc/cinder/rootwrap.conf chmod ugo+rw /opt/stack/data/cinder/mnt/b0ef1f009f4fb1b3f964feddf1ee9c15/volume-b204a61a-7f29-495d-b37f-a7c1b15badd9.info {{(pid=82148) execute /opt/stack/data/venv/lib/python3.10/site-packages/oslo_concurrency/processutils.py:440}}
Apr 14 21:10:16 devstack sudo[84062]: quobyte : PWD=/ ; USER=root ; COMMAND=/opt/stack/data/venv/bin/cinder-rootwrap /etc/cinder/rootwrap.conf chmod ugo+rw /opt/stack/data/cinder/mnt/b0ef1f009f4fb1b3f964feddf1ee9c15/volume-b204a61a-7f29-495d-b37f-a7c1b15badd9.info
Apr 14 21:10:16 devstack sudo[84062]: pam_unix(sudo:session): session opened for user root(uid=0) by (uid=1000)
Apr 14 21:10:16 devstack sudo[84062]: pam_unix(sudo:session): session closed for user root
Apr 14 21:10:16 devstack cinder-volume[82148]: DEBUG oslo_concurrency.processutils [None req-e7822a33-832f-4c1c-84b7-0940aceb326a tempest-GroupSnapshotsTest-1886520446 None] CMD "sudo cinder-rootwrap /etc/cinder/rootwrap.conf chmod ugo+rw /opt/stack/data/cinder/mnt/b0ef1f009f4fb1b3f964feddf1ee9c15/volume-b204a61a-7f29-495d-b37f-a7c1b15badd9.info" returned: 0 in 0.528s {{(pid=82148) execute /opt/stack/data/venv/lib/python3.10/site-packages/oslo_concurrency/processutils.py:468}}
Apr 14 21:10:16 devstack cinder-volume[82148]: DEBUG oslo_concurrency.lockutils [None req-e7822a33-832f-4c1c-84b7-0940aceb326a tempest-GroupSnapshotsTest-1886520446 None] Lock "quobyte" "released" by "cinder.volume.drivers.quobyte.QuobyteDriver.create_snapshot" :: held 3.476s {{(pid=82148) inner /opt/stack/data/venv/lib/python3.10/site-packages/oslo_concurrency/lockutils.py:538}}
Apr 14 21:10:16 devstack cinder-volume[82148]: DEBUG oslo_concurrency.lockutils [None req-e7822a33-832f-4c1c-84b7-0940aceb326a tempest-GroupSnapshotsTest-1886520446 None] Acquiring lock "quobyte" by "cinder.volume.drivers.quobyte.QuobyteDriver.create_snapshot" {{(pid=82148) inner /opt/stack/data/venv/lib/python3.10/site-packages/oslo_concurrency/lockutils.py:506}}
Apr 14 21:10:16 devstack cinder-volume[82148]: DEBUG oslo_concurrency.lockutils [None req-e7822a33-832f-4c1c-84b7-0940aceb326a tempest-GroupSnapshotsTest-1886520446 None] Lock "quobyte" acquired by "cinder.volume.drivers.quobyte.QuobyteDriver.create_snapshot" :: waited 0.001s {{(pid=82148) inner /opt/stack/data/venv/lib/python3.10/site-packages/oslo_concurrency/lockutils.py:519}}
Apr 14 21:10:16 devstack cinder-volume[82148]: DEBUG cinder.volume.drivers.remotefs [None req-e7822a33-832f-4c1c-84b7-0940aceb326a tempest-GroupSnapshotsTest-1886520446 None] Creating offline snapshot e08a6940-90cc-4f82-bf5e-983fa7ab50bc of volume 6d957b64-6295-43ba-b45e-d43311259529 {{(pid=82148) _create_snapshot /opt/stack/cinder/cinder/volume/drivers/remotefs.py:1815}}
Apr 14 21:10:16 devstack cinder-volume[82148]: DEBUG oslo.privsep.daemon [-] privsep: reply[d5bf077c-873d-4f40-be07-fd4a6008ed5c]: (4, 'qcow2') {{(pid=83127) _call_back /opt/stack/data/venv/lib/python3.10/site-packages/oslo_privsep/daemon.py:573}}
Apr 14 21:10:16 devstack cinder-volume[82148]: DEBUG oslo_concurrency.processutils [None req-e7822a33-832f-4c1c-84b7-0940aceb326a tempest-GroupSnapshotsTest-1886520446 None] Running cmd (subprocess): /opt/stack/data/venv/bin/python3.10 -m oslo_concurrency.prlimit --as=1073741824 --cpu=60 -- sudo cinder-rootwrap /etc/cinder/rootwrap.conf env LC_ALL=C qemu-img info -f qcow2 --output=json --force-share /opt/stack/data/cinder/mnt/b0ef1f009f4fb1b3f964feddf1ee9c15/volume-6d957b64-6295-43ba-b45e-d43311259529 {{(pid=82148) execute /opt/stack/data/venv/lib/python3.10/site-packages/oslo_concurrency/processutils.py:440}}
Apr 14 21:10:17 devstack sudo[84065]: quobyte : PWD=/ ; USER=root ; COMMAND=/opt/stack/data/venv/bin/cinder-rootwrap /etc/cinder/rootwrap.conf env LC_ALL=C qemu-img info -f qcow2 --output=json --force-share /opt/stack/data/cinder/mnt/b0ef1f009f4fb1b3f964feddf1ee9c15/volume-6d957b64-6295-43ba-b45e-d43311259529
Apr 14 21:10:17 devstack sudo[84065]: pam_unix(sudo:session): session opened for user root(uid=0) by (uid=1000)
Apr 14 21:10:17 devstack sudo[84065]: pam_unix(sudo:session): session closed for user root
Apr 14 21:10:17 devstack cinder-volume[82148]: DEBUG oslo_concurrency.processutils [None req-e7822a33-832f-4c1c-84b7-0940aceb326a tempest-GroupSnapshotsTest-1886520446 None] CMD "/opt/stack/data/venv/bin/python3.10 -m oslo_concurrency.prlimit --as=1073741824 --cpu=60 -- sudo cinder-rootwrap /etc/cinder/rootwrap.conf env LC_ALL=C qemu-img info -f qcow2 --output=json --force-share /opt/stack/data/cinder/mnt/b0ef1f009f4fb1b3f964feddf1ee9c15/volume-6d957b64-6295-43ba-b45e-d43311259529" returned: 0 in 0.593s {{(pid=82148) execute /opt/stack/data/venv/lib/python3.10/site-packages/oslo_concurrency/processutils.py:468}}
Apr 14 21:10:17 devstack cinder-volume[82148]: DEBUG oslo_concurrency.processutils [None req-e7822a33-832f-4c1c-84b7-0940aceb326a tempest-GroupSnapshotsTest-1886520446 None] Running cmd (subprocess): sudo cinder-rootwrap /etc/cinder/rootwrap.conf qemu-img create -f qcow2 -o backing_file=/opt/stack/data/cinder/mnt/b0ef1f009f4fb1b3f964feddf1ee9c15/volume-6d957b64-6295-43ba-b45e-d43311259529,backing_fmt=qcow2 /opt/stack/data/cinder/mnt/b0ef1f009f4fb1b3f964feddf1ee9c15/volume-6d957b64-6295-43ba-b45e-d43311259529.e08a6940-90cc-4f82-bf5e-983fa7ab50bc 1G {{(pid=82148) execute /opt/stack/data/venv/lib/python3.10/site-packages/oslo_concurrency/processutils.py:440}}
Apr 14 21:10:17 devstack sudo[84070]: quobyte : PWD=/ ; USER=root ; COMMAND=/opt/stack/data/venv/bin/cinder-rootwrap /etc/cinder/rootwrap.conf qemu-img create -f qcow2 -o backing_file=/opt/stack/data/cinder/mnt/b0ef1f009f4fb1b3f964feddf1ee9c15/volume-6d957b64-6295-43ba-b45e-d43311259529,backing_fmt=qcow2 /opt/stack/data/cinder/mnt/b0ef1f009f4fb1b3f964feddf1ee9c15/volume-6d957b64-6295-43ba-b45e-d43311259529.e08a6940-90cc-4f82-bf5e-983fa7ab50bc 1G
Apr 14 21:10:17 devstack sudo[84070]: pam_unix(sudo:session): session opened for user root(uid=0) by (uid=1000)
Apr 14 21:10:18 devstack sudo[84070]: pam_unix(sudo:session): session closed for user root
Apr 14 21:10:18 devstack cinder-volume[82148]: DEBUG oslo_concurrency.processutils [None req-e7822a33-832f-4c1c-84b7-0940aceb326a tempest-GroupSnapshotsTest-1886520446 None] CMD "sudo cinder-rootwrap /etc/cinder/rootwrap.conf qemu-img create -f qcow2 -o backing_file=/opt/stack/data/cinder/mnt/b0ef1f009f4fb1b3f964feddf1ee9c15/volume-6d957b64-6295-43ba-b45e-d43311259529,backing_fmt=qcow2 /opt/stack/data/cinder/mnt/b0ef1f009f4fb1b3f964feddf1ee9c15/volume-6d957b64-6295-43ba-b45e-d43311259529.e08a6940-90cc-4f82-bf5e-983fa7ab50bc 1G" returned: 0 in 0.631s {{(pid=82148) execute /opt/stack/data/venv/lib/python3.10/site-packages/oslo_concurrency/processutils.py:468}}
Apr 14 21:10:18 devstack cinder-volume[82148]: DEBUG oslo_concurrency.processutils [None req-e7822a33-832f-4c1c-84b7-0940aceb326a tempest-GroupSnapshotsTest-1886520446 None] Running cmd (subprocess): sudo cinder-rootwrap /etc/cinder/rootwrap.conf qemu-img rebase -u -b volume-6d957b64-6295-43ba-b45e-d43311259529 -F qcow2 /opt/stack/data/cinder/mnt/b0ef1f009f4fb1b3f964feddf1ee9c15/volume-6d957b64-6295-43ba-b45e-d43311259529.e08a6940-90cc-4f82-bf5e-983fa7ab50bc {{(pid=82148) execute /opt/stack/data/venv/lib/python3.10/site-packages/oslo_concurrency/processutils.py:440}}
Apr 14 21:10:18 devstack sudo[84075]: quobyte : PWD=/ ; USER=root ; COMMAND=/opt/stack/data/venv/bin/cinder-rootwrap /etc/cinder/rootwrap.conf qemu-img rebase -u -b volume-6d957b64-6295-43ba-b45e-d43311259529 -F qcow2 /opt/stack/data/cinder/mnt/b0ef1f009f4fb1b3f964feddf1ee9c15/volume-6d957b64-6295-43ba-b45e-d43311259529.e08a6940-90cc-4f82-bf5e-983fa7ab50bc
Apr 14 21:10:18 devstack sudo[84075]: pam_unix(sudo:session): session opened for user root(uid=0) by (uid=1000)
Apr 14 21:10:18 devstack sudo[84075]: pam_unix(sudo:session): session closed for user root
Apr 14 21:10:18 devstack cinder-volume[82148]: DEBUG oslo_concurrency.processutils [None req-e7822a33-832f-4c1c-84b7-0940aceb326a tempest-GroupSnapshotsTest-1886520446 None] CMD "sudo cinder-rootwrap /etc/cinder/rootwrap.conf qemu-img rebase -u -b volume-6d957b64-6295-43ba-b45e-d43311259529 -F qcow2 /opt/stack/data/cinder/mnt/b0ef1f009f4fb1b3f964feddf1ee9c15/volume-6d957b64-6295-43ba-b45e-d43311259529.e08a6940-90cc-4f82-bf5e-983fa7ab50bc" returned: 0 in 0.468s {{(pid=82148) execute /opt/stack/data/venv/lib/python3.10/site-packages/oslo_concurrency/processutils.py:468}}
Apr 14 21:10:18 devstack cinder-volume[82148]: WARNING cinder.volume.drivers.remotefs [None req-e7822a33-832f-4c1c-84b7-0940aceb326a tempest-GroupSnapshotsTest-1886520446 None] /opt/stack/data/cinder/mnt/b0ef1f009f4fb1b3f964feddf1ee9c15/volume-6d957b64-6295-43ba-b45e-d43311259529.e08a6940-90cc-4f82-bf5e-983fa7ab50bc is being set with open permissions: ugo+rw: NotImplementedError
Apr 14 21:10:18 devstack cinder-volume[82148]: DEBUG oslo_concurrency.processutils [None req-e7822a33-832f-4c1c-84b7-0940aceb326a tempest-GroupSnapshotsTest-1886520446 None] Running cmd (subprocess): sudo cinder-rootwrap /etc/cinder/rootwrap.conf chmod ugo+rw /opt/stack/data/cinder/mnt/b0ef1f009f4fb1b3f964feddf1ee9c15/volume-6d957b64-6295-43ba-b45e-d43311259529.e08a6940-90cc-4f82-bf5e-983fa7ab50bc {{(pid=82148) execute /opt/stack/data/venv/lib/python3.10/site-packages/oslo_concurrency/processutils.py:440}}
Apr 14 21:10:18 devstack sudo[84083]: quobyte : PWD=/ ; USER=root ; COMMAND=/opt/stack/data/venv/bin/cinder-rootwrap /etc/cinder/rootwrap.conf chmod ugo+rw /opt/stack/data/cinder/mnt/b0ef1f009f4fb1b3f964feddf1ee9c15/volume-6d957b64-6295-43ba-b45e-d43311259529.e08a6940-90cc-4f82-bf5e-983fa7ab50bc
Apr 14 21:10:18 devstack sudo[84083]: pam_unix(sudo:session): session opened for user root(uid=0) by (uid=1000)
Apr 14 21:10:19 devstack sudo[84083]: pam_unix(sudo:session): session closed for user root
Apr 14 21:10:19 devstack cinder-volume[82148]: DEBUG oslo_concurrency.processutils [None req-e7822a33-832f-4c1c-84b7-0940aceb326a tempest-GroupSnapshotsTest-1886520446 None] CMD "sudo cinder-rootwrap /etc/cinder/rootwrap.conf chmod ugo+rw /opt/stack/data/cinder/mnt/b0ef1f009f4fb1b3f964feddf1ee9c15/volume-6d957b64-6295-43ba-b45e-d43311259529.e08a6940-90cc-4f82-bf5e-983fa7ab50bc" returned: 0 in 0.460s {{(pid=82148) execute /opt/stack/data/venv/lib/python3.10/site-packages/oslo_concurrency/processutils.py:468}}
Apr 14 21:10:19 devstack cinder-volume[82148]: DEBUG oslo_concurrency.processutils [None req-e7822a33-832f-4c1c-84b7-0940aceb326a tempest-GroupSnapshotsTest-1886520446 None] Running cmd (subprocess): sudo cinder-rootwrap /etc/cinder/rootwrap.conf truncate -s0 /opt/stack/data/cinder/mnt/b0ef1f009f4fb1b3f964feddf1ee9c15/volume-6d957b64-6295-43ba-b45e-d43311259529.info {{(pid=82148) execute /opt/stack/data/venv/lib/python3.10/site-packages/oslo_concurrency/processutils.py:440}}
Apr 14 21:10:19 devstack sudo[84086]: quobyte : PWD=/ ; USER=root ; COMMAND=/opt/stack/data/venv/bin/cinder-rootwrap /etc/cinder/rootwrap.conf truncate -s0 /opt/stack/data/cinder/mnt/b0ef1f009f4fb1b3f964feddf1ee9c15/volume-6d957b64-6295-43ba-b45e-d43311259529.info
Apr 14 21:10:19 devstack sudo[84086]: pam_unix(sudo:session): session opened for user root(uid=0) by (uid=1000)
Apr 14 21:10:19 devstack sudo[84086]: pam_unix(sudo:session): session closed for user root
Apr 14 21:10:19 devstack cinder-volume[82148]: DEBUG oslo_concurrency.processutils [None req-e7822a33-832f-4c1c-84b7-0940aceb326a tempest-GroupSnapshotsTest-1886520446 None] CMD "sudo cinder-rootwrap /etc/cinder/rootwrap.conf truncate -s0 /opt/stack/data/cinder/mnt/b0ef1f009f4fb1b3f964feddf1ee9c15/volume-6d957b64-6295-43ba-b45e-d43311259529.info" returned: 0 in 0.465s {{(pid=82148) execute /opt/stack/data/venv/lib/python3.10/site-packages/oslo_concurrency/processutils.py:468}}
Apr 14 21:10:19 devstack cinder-volume[82148]: WARNING cinder.volume.drivers.remotefs [None req-e7822a33-832f-4c1c-84b7-0940aceb326a tempest-GroupSnapshotsTest-1886520446 None] /opt/stack/data/cinder/mnt/b0ef1f009f4fb1b3f964feddf1ee9c15/volume-6d957b64-6295-43ba-b45e-d43311259529.info is being set with open permissions: ugo+rw: NotImplementedError
Apr 14 21:10:19 devstack cinder-volume[82148]: DEBUG oslo_concurrency.processutils [None req-e7822a33-832f-4c1c-84b7-0940aceb326a tempest-GroupSnapshotsTest-1886520446 None] Running cmd (subprocess): sudo cinder-rootwrap /etc/cinder/rootwrap.conf chmod ugo+rw /opt/stack/data/cinder/mnt/b0ef1f009f4fb1b3f964feddf1ee9c15/volume-6d957b64-6295-43ba-b45e-d43311259529.info {{(pid=82148) execute /opt/stack/data/venv/lib/python3.10/site-packages/oslo_concurrency/processutils.py:440}}
Apr 14 21:10:19 devstack sudo[84089]: quobyte : PWD=/ ; USER=root ; COMMAND=/opt/stack/data/venv/bin/cinder-rootwrap /etc/cinder/rootwrap.conf chmod ugo+rw /opt/stack/data/cinder/mnt/b0ef1f009f4fb1b3f964feddf1ee9c15/volume-6d957b64-6295-43ba-b45e-d43311259529.info
Apr 14 21:10:19 devstack sudo[84089]: pam_unix(sudo:session): session opened for user root(uid=0) by (uid=1000)
Apr 14 21:10:20 devstack sudo[84089]: pam_unix(sudo:session): session closed for user root
Apr 14 21:10:20 devstack cinder-volume[82148]: DEBUG oslo_concurrency.processutils [None req-e7822a33-832f-4c1c-84b7-0940aceb326a tempest-GroupSnapshotsTest-1886520446 None] CMD "sudo cinder-rootwrap /etc/cinder/rootwrap.conf chmod ugo+rw /opt/stack/data/cinder/mnt/b0ef1f009f4fb1b3f964feddf1ee9c15/volume-6d957b64-6295-43ba-b45e-d43311259529.info" returned: 0 in 0.582s {{(pid=82148) execute /opt/stack/data/venv/lib/python3.10/site-packages/oslo_concurrency/processutils.py:468}}
Apr 14 21:10:20 devstack cinder-volume[82148]: DEBUG oslo_concurrency.lockutils [None req-e7822a33-832f-4c1c-84b7-0940aceb326a tempest-GroupSnapshotsTest-1886520446 None] Lock "quobyte" "released" by "cinder.volume.drivers.quobyte.QuobyteDriver.create_snapshot" :: held 3.268s {{(pid=82148) inner /opt/stack/data/venv/lib/python3.10/site-packages/oslo_concurrency/lockutils.py:538}}
Apr 14 21:10:20 devstack cinder-volume[82148]: INFO cinder.volume.manager [None req-e7822a33-832f-4c1c-84b7-0940aceb326a tempest-GroupSnapshotsTest-1886520446 None] group_snapshot deb77366-d798-4e7f-a4dc-3023d7a0c10f: created successfully
Apr 14 21:10:20 devstack cinder-volume[82148]: INFO cinder.volume.manager [None req-6933da44-5af6-4593-98bc-919e21709b26 tempest-GroupSnapshotsTest-1886520446 None] group_snapshot deb77366-d798-4e7f-a4dc-3023d7a0c10f: deleting
Apr 14 21:10:20 devstack cinder-volume[82148]: DEBUG cinder.volume.manager [None req-6933da44-5af6-4593-98bc-919e21709b26 tempest-GroupSnapshotsTest-1886520446 None] group_snapshot deb77366-d798-4e7f-a4dc-3023d7a0c10f: deleting {{(pid=82148) delete_group_snapshot /opt/stack/cinder/cinder/volume/manager.py:4350}}
Apr 14 21:10:20 devstack cinder-volume[82148]: DEBUG cinder.coordination [None req-6933da44-5af6-4593-98bc-919e21709b26 tempest-GroupSnapshotsTest-1886520446 None] Acquiring lock "cinder-quobyte-b204a61a-7f29-495d-b37f-a7c1b15badd9" by "delete_snapshot" {{(pid=82148) __acquire /opt/stack/cinder/cinder/coordination.py:138}}
Apr 14 21:10:20 devstack cinder-volume[82148]: DEBUG cinder.coordination [None req-6933da44-5af6-4593-98bc-919e21709b26 tempest-GroupSnapshotsTest-1886520446 None] Lock "cinder-quobyte-b204a61a-7f29-495d-b37f-a7c1b15badd9" acquired by "delete_snapshot" :: waited 0.014s {{(pid=82148) __acquire /opt/stack/cinder/cinder/coordination.py:141}}
Apr 14 21:10:20 devstack cinder-volume[82148]: DEBUG cinder.coordination [None req-6933da44-5af6-4593-98bc-919e21709b26 tempest-GroupSnapshotsTest-1886520446 None] Acquiring lock "cinder-quobyte-c4e0cb12-1654-4a8c-86ef-a2128bc83865" by "_delete_snapshot" {{(pid=82148) __acquire /opt/stack/cinder/cinder/coordination.py:138}}
Apr 14 21:10:20 devstack cinder-volume[82148]: DEBUG cinder.coordination [None req-6933da44-5af6-4593-98bc-919e21709b26 tempest-GroupSnapshotsTest-1886520446 None] Lock "cinder-quobyte-c4e0cb12-1654-4a8c-86ef-a2128bc83865" acquired by "_delete_snapshot" :: waited 0.011s {{(pid=82148) __acquire /opt/stack/cinder/cinder/coordination.py:141}}
Apr 14 21:10:20 devstack cinder-volume[82148]: DEBUG cinder.volume.drivers.remotefs [None req-6933da44-5af6-4593-98bc-919e21709b26 tempest-GroupSnapshotsTest-1886520446 None] Deleting offline snapshot c4e0cb12-1654-4a8c-86ef-a2128bc83865 of volume b204a61a-7f29-495d-b37f-a7c1b15badd9 {{(pid=82148) _delete_snapshot /opt/stack/cinder/cinder/volume/drivers/remotefs.py:1288}}
Apr 14 21:10:20 devstack cinder-volume[82148]: DEBUG cinder.volume.drivers.remotefs [None req-6933da44-5af6-4593-98bc-919e21709b26 tempest-GroupSnapshotsTest-1886520446 None] snapshot_file for this snap is: volume-b204a61a-7f29-495d-b37f-a7c1b15badd9.c4e0cb12-1654-4a8c-86ef-a2128bc83865 {{(pid=82148) _delete_snapshot /opt/stack/cinder/cinder/volume/drivers/remotefs.py:1317}}
Apr 14 21:10:20 devstack cinder-volume[82148]: DEBUG oslo.privsep.daemon [-] privsep: reply[8406324a-a373-4e60-9beb-1fdbe02b0c2e]: (4, 'qcow2') {{(pid=83127) _call_back /opt/stack/data/venv/lib/python3.10/site-packages/oslo_privsep/daemon.py:573}}
Apr 14 21:10:20 devstack cinder-volume[82148]: DEBUG oslo_concurrency.processutils [None req-6933da44-5af6-4593-98bc-919e21709b26 tempest-GroupSnapshotsTest-1886520446 None] Running cmd (subprocess): /opt/stack/data/venv/bin/python3.10 -m oslo_concurrency.prlimit --as=1073741824 --cpu=60 -- sudo cinder-rootwrap /etc/cinder/rootwrap.conf env LC_ALL=C qemu-img info -f qcow2 --output=json --force-share /opt/stack/data/cinder/mnt/b0ef1f009f4fb1b3f964feddf1ee9c15/volume-b204a61a-7f29-495d-b37f-a7c1b15badd9.c4e0cb12-1654-4a8c-86ef-a2128bc83865 {{(pid=82148) execute /opt/stack/data/venv/lib/python3.10/site-packages/oslo_concurrency/processutils.py:440}}
Apr 14 21:10:21 devstack sudo[84121]: quobyte : PWD=/ ; USER=root ; COMMAND=/opt/stack/data/venv/bin/cinder-rootwrap /etc/cinder/rootwrap.conf env LC_ALL=C qemu-img info -f qcow2 --output=json --force-share /opt/stack/data/cinder/mnt/b0ef1f009f4fb1b3f964feddf1ee9c15/volume-b204a61a-7f29-495d-b37f-a7c1b15badd9.c4e0cb12-1654-4a8c-86ef-a2128bc83865
Apr 14 21:10:21 devstack sudo[84121]: pam_unix(sudo:session): session opened for user root(uid=0) by (uid=1000)
Apr 14 21:10:21 devstack sudo[84121]: pam_unix(sudo:session): session closed for user root
Apr 14 21:10:21 devstack cinder-volume[82148]: DEBUG oslo_concurrency.processutils [None req-6933da44-5af6-4593-98bc-919e21709b26 tempest-GroupSnapshotsTest-1886520446 None] CMD "/opt/stack/data/venv/bin/python3.10 -m oslo_concurrency.prlimit --as=1073741824 --cpu=60 -- sudo cinder-rootwrap /etc/cinder/rootwrap.conf env LC_ALL=C qemu-img info -f qcow2 --output=json --force-share /opt/stack/data/cinder/mnt/b0ef1f009f4fb1b3f964feddf1ee9c15/volume-b204a61a-7f29-495d-b37f-a7c1b15badd9.c4e0cb12-1654-4a8c-86ef-a2128bc83865" returned: 0 in 0.714s {{(pid=82148) execute /opt/stack/data/venv/lib/python3.10/site-packages/oslo_concurrency/processutils.py:468}}
Apr 14 21:10:21 devstack cinder-volume[82148]: DEBUG cinder.volume.drivers.remotefs [None req-6933da44-5af6-4593-98bc-919e21709b26 tempest-GroupSnapshotsTest-1886520446 None] Fetching qemu-img info with special backing_file_template: (/opt/stack/data/cinder/mnt/[0-9a-f]+/)?(volume-b204a61a-7f29-495d-b37f-a7c1b15badd9(.(tmp-snap-)?[0-9a-f-]+)?|volume_from_snapshot_cache/(tmp-snap-)?[0-9a-f-]+(.(child-|parent-)[0-9a-f-]+)?)$ {{(pid=82148) _qemu_img_info_base /opt/stack/cinder/cinder/volume/drivers/remotefs.py:896}}
Apr 14 21:10:21 devstack cinder-volume[82148]: DEBUG oslo.privsep.daemon [-] privsep: reply[28cc1efb-2158-4ca6-9acb-41103ebcbdcc]: (4, 'qcow2') {{(pid=83127) _call_back /opt/stack/data/venv/lib/python3.10/site-packages/oslo_privsep/daemon.py:573}}
Apr 14 21:10:21 devstack cinder-volume[82148]: DEBUG oslo_concurrency.processutils [None req-6933da44-5af6-4593-98bc-919e21709b26 tempest-GroupSnapshotsTest-1886520446 None] Running cmd (subprocess): /opt/stack/data/venv/bin/python3.10 -m oslo_concurrency.prlimit --as=1073741824 --cpu=60 -- sudo cinder-rootwrap /etc/cinder/rootwrap.conf env LC_ALL=C qemu-img info -f qcow2 --output=json --force-share /opt/stack/data/cinder/mnt/b0ef1f009f4fb1b3f964feddf1ee9c15/volume-b204a61a-7f29-495d-b37f-a7c1b15badd9 {{(pid=82148) execute /opt/stack/data/venv/lib/python3.10/site-packages/oslo_concurrency/processutils.py:440}}
Apr 14 21:10:21 devstack sudo[84127]: quobyte : PWD=/ ; USER=root ; COMMAND=/opt/stack/data/venv/bin/cinder-rootwrap /etc/cinder/rootwrap.conf env LC_ALL=C qemu-img info -f qcow2 --output=json --force-share /opt/stack/data/cinder/mnt/b0ef1f009f4fb1b3f964feddf1ee9c15/volume-b204a61a-7f29-495d-b37f-a7c1b15badd9
Apr 14 21:10:21 devstack sudo[84127]: pam_unix(sudo:session): session opened for user root(uid=0) by (uid=1000)
Apr 14 21:10:22 devstack sudo[84127]: pam_unix(sudo:session): session closed for user root
Apr 14 21:10:22 devstack cinder-volume[82148]: DEBUG oslo_concurrency.processutils [None req-6933da44-5af6-4593-98bc-919e21709b26 tempest-GroupSnapshotsTest-1886520446 None] CMD "/opt/stack/data/venv/bin/python3.10 -m oslo_concurrency.prlimit --as=1073741824 --cpu=60 -- sudo cinder-rootwrap /etc/cinder/rootwrap.conf env LC_ALL=C qemu-img info -f qcow2 --output=json --force-share /opt/stack/data/cinder/mnt/b0ef1f009f4fb1b3f964feddf1ee9c15/volume-b204a61a-7f29-495d-b37f-a7c1b15badd9" returned: 0 in 0.954s {{(pid=82148) execute /opt/stack/data/venv/lib/python3.10/site-packages/oslo_concurrency/processutils.py:468}}
Apr 14 21:10:22 devstack cinder-volume[82148]: DEBUG oslo_concurrency.processutils [None req-6933da44-5af6-4593-98bc-919e21709b26 tempest-GroupSnapshotsTest-1886520446 None] Running cmd (subprocess): sudo cinder-rootwrap /etc/cinder/rootwrap.conf qemu-img commit -d /opt/stack/data/cinder/mnt/b0ef1f009f4fb1b3f964feddf1ee9c15/volume-b204a61a-7f29-495d-b37f-a7c1b15badd9.c4e0cb12-1654-4a8c-86ef-a2128bc83865 {{(pid=82148) execute /opt/stack/data/venv/lib/python3.10/site-packages/oslo_concurrency/processutils.py:440}}
Apr 14 21:10:22 devstack sudo[84133]: quobyte : PWD=/ ; USER=root ; COMMAND=/opt/stack/data/venv/bin/cinder-rootwrap /etc/cinder/rootwrap.conf qemu-img commit -d /opt/stack/data/cinder/mnt/b0ef1f009f4fb1b3f964feddf1ee9c15/volume-b204a61a-7f29-495d-b37f-a7c1b15badd9.c4e0cb12-1654-4a8c-86ef-a2128bc83865
Apr 14 21:10:22 devstack sudo[84133]: pam_unix(sudo:session): session opened for user root(uid=0) by (uid=1000)
Apr 14 21:10:23 devstack sudo[84133]: pam_unix(sudo:session): session closed for user root
Apr 14 21:10:23 devstack cinder-volume[82148]: DEBUG oslo_concurrency.processutils [None req-6933da44-5af6-4593-98bc-919e21709b26 tempest-GroupSnapshotsTest-1886520446 None] CMD "sudo cinder-rootwrap /etc/cinder/rootwrap.conf qemu-img commit -d /opt/stack/data/cinder/mnt/b0ef1f009f4fb1b3f964feddf1ee9c15/volume-b204a61a-7f29-495d-b37f-a7c1b15badd9.c4e0cb12-1654-4a8c-86ef-a2128bc83865" returned: 0 in 0.910s {{(pid=82148) execute /opt/stack/data/venv/lib/python3.10/site-packages/oslo_concurrency/processutils.py:468}}
Apr 14 21:10:23 devstack cinder-volume[82148]: DEBUG oslo_concurrency.processutils [None req-6933da44-5af6-4593-98bc-919e21709b26 tempest-GroupSnapshotsTest-1886520446 None] Running cmd (subprocess): sudo cinder-rootwrap /etc/cinder/rootwrap.conf rm -f /opt/stack/data/cinder/mnt/b0ef1f009f4fb1b3f964feddf1ee9c15/volume-b204a61a-7f29-495d-b37f-a7c1b15badd9.c4e0cb12-1654-4a8c-86ef-a2128bc83865 {{(pid=82148) execute /opt/stack/data/venv/lib/python3.10/site-packages/oslo_concurrency/processutils.py:440}}
Apr 14 21:10:23 devstack sudo[84138]: quobyte : PWD=/ ; USER=root ; COMMAND=/opt/stack/data/venv/bin/cinder-rootwrap /etc/cinder/rootwrap.conf rm -f /opt/stack/data/cinder/mnt/b0ef1f009f4fb1b3f964feddf1ee9c15/volume-b204a61a-7f29-495d-b37f-a7c1b15badd9.c4e0cb12-1654-4a8c-86ef-a2128bc83865
Apr 14 21:10:23 devstack sudo[84138]: pam_unix(sudo:session): session opened for user root(uid=0) by (uid=1000)
Apr 14 21:10:23 devstack sudo[84138]: pam_unix(sudo:session): session closed for user root
Apr 14 21:10:23 devstack cinder-volume[82148]: DEBUG oslo_concurrency.processutils [None req-6933da44-5af6-4593-98bc-919e21709b26 tempest-GroupSnapshotsTest-1886520446 None] CMD "sudo cinder-rootwrap /etc/cinder/rootwrap.conf rm -f /opt/stack/data/cinder/mnt/b0ef1f009f4fb1b3f964feddf1ee9c15/volume-b204a61a-7f29-495d-b37f-a7c1b15badd9.c4e0cb12-1654-4a8c-86ef-a2128bc83865" returned: 0 in 0.420s {{(pid=82148) execute /opt/stack/data/venv/lib/python3.10/site-packages/oslo_concurrency/processutils.py:468}}
Apr 14 21:10:23 devstack cinder-volume[82148]: DEBUG cinder.coordination [None req-6933da44-5af6-4593-98bc-919e21709b26 tempest-GroupSnapshotsTest-1886520446 None] Lock "cinder-quobyte-c4e0cb12-1654-4a8c-86ef-a2128bc83865" released by "_delete_snapshot" :: held 3.095s {{(pid=82148) __release /opt/stack/cinder/cinder/coordination.py:152}}
Apr 14 21:10:23 devstack cinder-volume[82148]: DEBUG cinder.coordination [None req-6933da44-5af6-4593-98bc-919e21709b26 tempest-GroupSnapshotsTest-1886520446 None] Lock "cinder-quobyte-b204a61a-7f29-495d-b37f-a7c1b15badd9" released by "delete_snapshot" :: held 3.110s {{(pid=82148) __release /opt/stack/cinder/cinder/coordination.py:152}}
