Apr 14 21:11:52 devstack sudo[85502]: pam_unix(sudo:session): session closed for user root
Apr 14 21:11:52 devstack cinder-volume[82148]: DEBUG oslo_concurrency.processutils [None req-1be11f64-f653-46d0-be5d-04ef73493ff4 tempest-GroupsV314Test-346124050 None] CMD "/opt/stack/data/venv/bin/python3.10 -m oslo_concurrency.prlimit --as=1073741824 --cpu=60 -- sudo cinder-rootwrap /etc/cinder/rootwrap.conf env LC_ALL=C qemu-img info -f qcow2 --output=json --force-share /opt/stack/data/cinder/mnt/b0ef1f009f4fb1b3f964feddf1ee9c15/volume-41f57f0d-88a7-4854-bc92-c0a5ee4928d4.3e39f477-93a2-4752-a684-1e3956412670" returned: 0 in 0.557s {{(pid=82148) execute /opt/stack/data/venv/lib/python3.10/site-packages/oslo_concurrency/processutils.py:468}}
Apr 14 21:11:52 devstack cinder-volume[82148]: DEBUG cinder.volume.drivers.remotefs [None req-1be11f64-f653-46d0-be5d-04ef73493ff4 tempest-GroupsV314Test-346124050 None] Fetching qemu-img info with special backing_file_template: (/opt/stack/data/cinder/mnt/[0-9a-f]+/)?(volume-41f57f0d-88a7-4854-bc92-c0a5ee4928d4(.(tmp-snap-)?[0-9a-f-]+)?|volume_from_snapshot_cache/(tmp-snap-)?[0-9a-f-]+(.(child-|parent-)[0-9a-f-]+)?)$ {{(pid=82148) _qemu_img_info_base /opt/stack/cinder/cinder/volume/drivers/remotefs.py:896}}
Apr 14 21:11:52 devstack cinder-volume[82148]: DEBUG cinder.volume.drivers.quobyte [None req-1be11f64-f653-46d0-be5d-04ef73493ff4 tempest-GroupsV314Test-346124050 None] will copy from snapshot at /opt/stack/data/cinder/mnt/b0ef1f009f4fb1b3f964feddf1ee9c15/volume-41f57f0d-88a7-4854-bc92-c0a5ee4928d4 {{(pid=82148) _copy_volume_from_snapshot /opt/stack/cinder/cinder/volume/drivers/quobyte.py:420}}
Apr 14 21:11:52 devstack cinder-volume[82148]: DEBUG cinder.volume.drivers.quobyte [None req-1be11f64-f653-46d0-be5d-04ef73493ff4 tempest-GroupsV314Test-346124050 None] Creating direct copy from snapshot {{(pid=82148) _copy_volume_from_snapshot /opt/stack/cinder/cinder/volume/drivers/quobyte.py:428}}
Apr 14 21:11:52 devstack cinder-volume[82148]: DEBUG oslo.privsep.daemon [-] privsep: reply[1bcf6e2e-98d0-4f8a-881e-3f21f4333972]: (4, 'qcow2') {{(pid=83127) _call_back /opt/stack/data/venv/lib/python3.10/site-packages/oslo_privsep/daemon.py:573}}
Apr 14 21:11:52 devstack cinder-volume[82148]: DEBUG oslo_concurrency.processutils [None req-1be11f64-f653-46d0-be5d-04ef73493ff4 tempest-GroupsV314Test-346124050 None] Running cmd (subprocess): /opt/stack/data/venv/bin/python3.10 -m oslo_concurrency.prlimit --as=1073741824 --cpu=60 -- sudo cinder-rootwrap /etc/cinder/rootwrap.conf env LC_ALL=C qemu-img info -f qcow2 --output=json /opt/stack/data/cinder/mnt/b0ef1f009f4fb1b3f964feddf1ee9c15/volume-41f57f0d-88a7-4854-bc92-c0a5ee4928d4 {{(pid=82148) execute /opt/stack/data/venv/lib/python3.10/site-packages/oslo_concurrency/processutils.py:440}}
Apr 14 21:11:52 devstack sudo[85534]: quobyte : PWD=/ ; USER=root ; COMMAND=/opt/stack/data/venv/bin/cinder-rootwrap /etc/cinder/rootwrap.conf env LC_ALL=C qemu-img info -f qcow2 --output=json /opt/stack/data/cinder/mnt/b0ef1f009f4fb1b3f964feddf1ee9c15/volume-41f57f0d-88a7-4854-bc92-c0a5ee4928d4
Apr 14 21:11:52 devstack sudo[85534]: pam_unix(sudo:session): session opened for user root(uid=0) by (uid=1000)
Apr 14 21:11:52 devstack sudo[85534]: pam_unix(sudo:session): session closed for user root
Apr 14 21:11:52 devstack cinder-volume[82148]: DEBUG oslo_concurrency.processutils [None req-1be11f64-f653-46d0-be5d-04ef73493ff4 tempest-GroupsV314Test-346124050 None] CMD "/opt/stack/data/venv/bin/python3.10 -m oslo_concurrency.prlimit --as=1073741824 --cpu=60 -- sudo cinder-rootwrap /etc/cinder/rootwrap.conf env LC_ALL=C qemu-img info -f qcow2 --output=json /opt/stack/data/cinder/mnt/b0ef1f009f4fb1b3f964feddf1ee9c15/volume-41f57f0d-88a7-4854-bc92-c0a5ee4928d4" returned: 0 in 0.540s {{(pid=82148) execute /opt/stack/data/venv/lib/python3.10/site-packages/oslo_concurrency/processutils.py:468}}
Apr 14 21:11:52 devstack cinder-volume[82148]: DEBUG cinder.utils [None req-1be11f64-f653-46d0-be5d-04ef73493ff4 tempest-GroupsV314Test-346124050 None] Path /opt/stack/data/cinder/mnt/b0ef1f009f4fb1b3f964feddf1ee9c15/volume-071c68d6-d9a7-4607-a1b4-83c3d6c66890 not found in is_blk_device check {{(pid=82148) is_blk_device /opt/stack/cinder/cinder/utils.py:602}}
Apr 14 21:11:52 devstack cinder-volume[82148]: DEBUG oslo_concurrency.processutils [None req-1be11f64-f653-46d0-be5d-04ef73493ff4 tempest-GroupsV314Test-346124050 None] Running cmd (subprocess): sudo cinder-rootwrap /etc/cinder/rootwrap.conf qemu-img convert -O qcow2 /opt/stack/data/cinder/mnt/b0ef1f009f4fb1b3f964feddf1ee9c15/volume-41f57f0d-88a7-4854-bc92-c0a5ee4928d4 /opt/stack/data/cinder/mnt/b0ef1f009f4fb1b3f964feddf1ee9c15/volume-071c68d6-d9a7-4607-a1b4-83c3d6c66890 {{(pid=82148) execute /opt/stack/data/venv/lib/python3.10/site-packages/oslo_concurrency/processutils.py:440}}
Apr 14 21:11:52 devstack sudo[85540]: quobyte : PWD=/ ; USER=root ; COMMAND=/opt/stack/data/venv/bin/cinder-rootwrap /etc/cinder/rootwrap.conf qemu-img convert -O qcow2 /opt/stack/data/cinder/mnt/b0ef1f009f4fb1b3f964feddf1ee9c15/volume-41f57f0d-88a7-4854-bc92-c0a5ee4928d4 /opt/stack/data/cinder/mnt/b0ef1f009f4fb1b3f964feddf1ee9c15/volume-071c68d6-d9a7-4607-a1b4-83c3d6c66890
Apr 14 21:11:52 devstack sudo[85540]: pam_unix(sudo:session): session opened for user root(uid=0) by (uid=1000)
Apr 14 21:11:54 devstack sudo[85540]: pam_unix(sudo:session): session closed for user root
Apr 14 21:11:54 devstack cinder-volume[82148]: DEBUG oslo_concurrency.processutils [None req-1be11f64-f653-46d0-be5d-04ef73493ff4 tempest-GroupsV314Test-346124050 None] CMD "sudo cinder-rootwrap /etc/cinder/rootwrap.conf qemu-img convert -O qcow2 /opt/stack/data/cinder/mnt/b0ef1f009f4fb1b3f964feddf1ee9c15/volume-41f57f0d-88a7-4854-bc92-c0a5ee4928d4 /opt/stack/data/cinder/mnt/b0ef1f009f4fb1b3f964feddf1ee9c15/volume-071c68d6-d9a7-4607-a1b4-83c3d6c66890" returned: 0 in 2.122s {{(pid=82148) execute /opt/stack/data/venv/lib/python3.10/site-packages/oslo_concurrency/processutils.py:468}}
Apr 14 21:11:54 devstack cinder-volume[82148]: DEBUG oslo.privsep.daemon [-] privsep: reply[cb9a6d83-4035-4a7c-af2e-e58db854be4a]: (4, 'qcow2') {{(pid=83127) _call_back /opt/stack/data/venv/lib/python3.10/site-packages/oslo_privsep/daemon.py:573}}
Apr 14 21:11:54 devstack cinder-volume[82148]: DEBUG oslo_concurrency.processutils [None req-1be11f64-f653-46d0-be5d-04ef73493ff4 tempest-GroupsV314Test-346124050 None] Running cmd (subprocess): /opt/stack/data/venv/bin/python3.10 -m oslo_concurrency.prlimit --as=1073741824 --cpu=60 -- sudo cinder-rootwrap /etc/cinder/rootwrap.conf env LC_ALL=C qemu-img info -f qcow2 --output=json /opt/stack/data/cinder/mnt/b0ef1f009f4fb1b3f964feddf1ee9c15/volume-41f57f0d-88a7-4854-bc92-c0a5ee4928d4 {{(pid=82148) execute /opt/stack/data/venv/lib/python3.10/site-packages/oslo_concurrency/processutils.py:440}}
Apr 14 21:11:54 devstack sudo[85557]: quobyte : PWD=/ ; USER=root ; COMMAND=/opt/stack/data/venv/bin/cinder-rootwrap /etc/cinder/rootwrap.conf env LC_ALL=C qemu-img info -f qcow2 --output=json /opt/stack/data/cinder/mnt/b0ef1f009f4fb1b3f964feddf1ee9c15/volume-41f57f0d-88a7-4854-bc92-c0a5ee4928d4
Apr 14 21:11:54 devstack sudo[85557]: pam_unix(sudo:session): session opened for user root(uid=0) by (uid=1000)
Apr 14 21:11:55 devstack sudo[85557]: pam_unix(sudo:session): session closed for user root
Apr 14 21:11:55 devstack cinder-volume[82148]: DEBUG oslo_concurrency.processutils [None req-1be11f64-f653-46d0-be5d-04ef73493ff4 tempest-GroupsV314Test-346124050 None] CMD "/opt/stack/data/venv/bin/python3.10 -m oslo_concurrency.prlimit --as=1073741824 --cpu=60 -- sudo cinder-rootwrap /etc/cinder/rootwrap.conf env LC_ALL=C qemu-img info -f qcow2 --output=json /opt/stack/data/cinder/mnt/b0ef1f009f4fb1b3f964feddf1ee9c15/volume-41f57f0d-88a7-4854-bc92-c0a5ee4928d4" returned: 0 in 0.608s {{(pid=82148) execute /opt/stack/data/venv/lib/python3.10/site-packages/oslo_concurrency/processutils.py:468}}
Apr 14 21:11:55 devstack cinder-volume[82148]: DEBUG cinder.image.image_utils [None req-1be11f64-f653-46d0-be5d-04ef73493ff4 tempest-GroupsV314Test-346124050 None] Image conversion details: src /opt/stack/data/cinder/mnt/b0ef1f009f4fb1b3f964feddf1ee9c15/volume-41f57f0d-88a7-4854-bc92-c0a5ee4928d4, size 1024.00 MB, duration 2.12 sec, destination /opt/stack/data/cinder/mnt/b0ef1f009f4fb1b3f964feddf1ee9c15/volume-071c68d6-d9a7-4607-a1b4-83c3d6c66890 {{(pid=82148) _convert_image /opt/stack/cinder/cinder/image/image_utils.py:533}}
Apr 14 21:11:55 devstack cinder-volume[82148]: INFO cinder.image.image_utils [None req-1be11f64-f653-46d0-be5d-04ef73493ff4 tempest-GroupsV314Test-346124050 None] Converted 1024.00 MB image at 482.36 MB/s
Apr 14 21:11:55 devstack cinder-volume[82148]: WARNING cinder.volume.drivers.remotefs [None req-1be11f64-f653-46d0-be5d-04ef73493ff4 tempest-GroupsV314Test-346124050 None] /opt/stack/data/cinder/mnt/b0ef1f009f4fb1b3f964feddf1ee9c15/volume-071c68d6-d9a7-4607-a1b4-83c3d6c66890 is being set with open permissions: ugo+rw: NotImplementedError
Apr 14 21:11:55 devstack cinder-volume[82148]: DEBUG oslo_concurrency.processutils [None req-1be11f64-f653-46d0-be5d-04ef73493ff4 tempest-GroupsV314Test-346124050 None] Running cmd (subprocess): sudo cinder-rootwrap /etc/cinder/rootwrap.conf chmod ugo+rw /opt/stack/data/cinder/mnt/b0ef1f009f4fb1b3f964feddf1ee9c15/volume-071c68d6-d9a7-4607-a1b4-83c3d6c66890 {{(pid=82148) execute /opt/stack/data/venv/lib/python3.10/site-packages/oslo_concurrency/processutils.py:440}}
Apr 14 21:11:55 devstack sudo[85562]: quobyte : PWD=/ ; USER=root ; COMMAND=/opt/stack/data/venv/bin/cinder-rootwrap /etc/cinder/rootwrap.conf chmod ugo+rw /opt/stack/data/cinder/mnt/b0ef1f009f4fb1b3f964feddf1ee9c15/volume-071c68d6-d9a7-4607-a1b4-83c3d6c66890
Apr 14 21:11:55 devstack sudo[85562]: pam_unix(sudo:session): session opened for user root(uid=0) by (uid=1000)
Apr 14 21:11:55 devstack sudo[85562]: pam_unix(sudo:session): session closed for user root
Apr 14 21:11:55 devstack cinder-volume[82148]: DEBUG oslo_concurrency.processutils [None req-1be11f64-f653-46d0-be5d-04ef73493ff4 tempest-GroupsV314Test-346124050 None] CMD "sudo cinder-rootwrap /etc/cinder/rootwrap.conf chmod ugo+rw /opt/stack/data/cinder/mnt/b0ef1f009f4fb1b3f964feddf1ee9c15/volume-071c68d6-d9a7-4607-a1b4-83c3d6c66890" returned: 0 in 0.416s {{(pid=82148) execute /opt/stack/data/venv/lib/python3.10/site-packages/oslo_concurrency/processutils.py:468}}
Apr 14 21:11:55 devstack cinder-volume[82148]: DEBUG cinder.coordination [None req-1be11f64-f653-46d0-be5d-04ef73493ff4 tempest-GroupsV314Test-346124050 None] Lock "cinder-quobyte-071c68d6-d9a7-4607-a1b4-83c3d6c66890" released by "_copy_volume_from_snapshot" :: held 4.295s {{(pid=82148) __release /opt/stack/cinder/cinder/coordination.py:152}}
Apr 14 21:11:55 devstack cinder-volume[82148]: DEBUG cinder.coordination [None req-1be11f64-f653-46d0-be5d-04ef73493ff4 tempest-GroupsV314Test-346124050 None] Acquiring lock "cinder-quobyte-3e39f477-93a2-4752-a684-1e3956412670" by "_delete_snapshot" {{(pid=82148) __acquire /opt/stack/cinder/cinder/coordination.py:138}}
Apr 14 21:11:55 devstack cinder-volume[82148]: DEBUG cinder.coordination [None req-1be11f64-f653-46d0-be5d-04ef73493ff4 tempest-GroupsV314Test-346124050 None] Lock "cinder-quobyte-3e39f477-93a2-4752-a684-1e3956412670" acquired by "_delete_snapshot" :: waited 0.007s {{(pid=82148) __acquire /opt/stack/cinder/cinder/coordination.py:141}}
Apr 14 21:11:55 devstack cinder-volume[82148]: DEBUG cinder.volume.drivers.remotefs [None req-1be11f64-f653-46d0-be5d-04ef73493ff4 tempest-GroupsV314Test-346124050 None] Deleting offline snapshot 3e39f477-93a2-4752-a684-1e3956412670 of volume 41f57f0d-88a7-4854-bc92-c0a5ee4928d4 {{(pid=82148) _delete_snapshot /opt/stack/cinder/cinder/volume/drivers/remotefs.py:1288}}
Apr 14 21:11:55 devstack cinder-volume[82148]: DEBUG cinder.volume.drivers.remotefs [None req-1be11f64-f653-46d0-be5d-04ef73493ff4 tempest-GroupsV314Test-346124050 None] snapshot_file for this snap is: volume-41f57f0d-88a7-4854-bc92-c0a5ee4928d4.3e39f477-93a2-4752-a684-1e3956412670 {{(pid=82148) _delete_snapshot /opt/stack/cinder/cinder/volume/drivers/remotefs.py:1317}}
Apr 14 21:11:55 devstack cinder-volume[82148]: DEBUG oslo.privsep.daemon [-] privsep: reply[9dd5b3e5-87cb-42e5-97ad-fdc33be15992]: (4, 'qcow2') {{(pid=83127) _call_back /opt/stack/data/venv/lib/python3.10/site-packages/oslo_privsep/daemon.py:573}}
Apr 14 21:11:55 devstack cinder-volume[82148]: DEBUG oslo_concurrency.processutils [None req-1be11f64-f653-46d0-be5d-04ef73493ff4 tempest-GroupsV314Test-346124050 None] Running cmd (subprocess): /opt/stack/data/venv/bin/python3.10 -m oslo_concurrency.prlimit --as=1073741824 --cpu=60 -- sudo cinder-rootwrap /etc/cinder/rootwrap.conf env LC_ALL=C qemu-img info -f qcow2 --output=json --force-share /opt/stack/data/cinder/mnt/b0ef1f009f4fb1b3f964feddf1ee9c15/volume-41f57f0d-88a7-4854-bc92-c0a5ee4928d4.3e39f477-93a2-4752-a684-1e3956412670 {{(pid=82148) execute /opt/stack/data/venv/lib/python3.10/site-packages/oslo_concurrency/processutils.py:440}}
Apr 14 21:11:56 devstack sudo[85565]: quobyte : PWD=/ ; USER=root ; COMMAND=/opt/stack/data/venv/bin/cinder-rootwrap /etc/cinder/rootwrap.conf env LC_ALL=C qemu-img info -f qcow2 --output=json --force-share /opt/stack/data/cinder/mnt/b0ef1f009f4fb1b3f964feddf1ee9c15/volume-41f57f0d-88a7-4854-bc92-c0a5ee4928d4.3e39f477-93a2-4752-a684-1e3956412670
Apr 14 21:11:56 devstack sudo[85565]: pam_unix(sudo:session): session opened for user root(uid=0) by (uid=1000)
Apr 14 21:11:56 devstack sudo[85565]: pam_unix(sudo:session): session closed for user root
Apr 14 21:11:56 devstack cinder-volume[82148]: DEBUG oslo_concurrency.processutils [None req-1be11f64-f653-46d0-be5d-04ef73493ff4 tempest-GroupsV314Test-346124050 None] CMD "/opt/stack/data/venv/bin/python3.10 -m oslo_concurrency.prlimit --as=1073741824 --cpu=60 -- sudo cinder-rootwrap /etc/cinder/rootwrap.conf env LC_ALL=C qemu-img info -f qcow2 --output=json --force-share /opt/stack/data/cinder/mnt/b0ef1f009f4fb1b3f964feddf1ee9c15/volume-41f57f0d-88a7-4854-bc92-c0a5ee4928d4.3e39f477-93a2-4752-a684-1e3956412670" returned: 0 in 0.506s {{(pid=82148) execute /opt/stack/data/venv/lib/python3.10/site-packages/oslo_concurrency/processutils.py:468}}
Apr 14 21:11:56 devstack cinder-volume[82148]: DEBUG cinder.volume.drivers.remotefs [None req-1be11f64-f653-46d0-be5d-04ef73493ff4 tempest-GroupsV314Test-346124050 None] Fetching qemu-img info with special backing_file_template: (/opt/stack/data/cinder/mnt/[0-9a-f]+/)?(volume-41f57f0d-88a7-4854-bc92-c0a5ee4928d4(.(tmp-snap-)?[0-9a-f-]+)?|volume_from_snapshot_cache/(tmp-snap-)?[0-9a-f-]+(.(child-|parent-)[0-9a-f-]+)?)$ {{(pid=82148) _qemu_img_info_base /opt/stack/cinder/cinder/volume/drivers/remotefs.py:896}}
Apr 14 21:11:56 devstack cinder-volume[82148]: DEBUG oslo.privsep.daemon [-] privsep: reply[2c3d6143-cc4e-42ee-bce0-4ffb139f0086]: (4, 'qcow2') {{(pid=83127) _call_back /opt/stack/data/venv/lib/python3.10/site-packages/oslo_privsep/daemon.py:573}}
Apr 14 21:11:56 devstack cinder-volume[82148]: DEBUG oslo_concurrency.processutils [None req-1be11f64-f653-46d0-be5d-04ef73493ff4 tempest-GroupsV314Test-346124050 None] Running cmd (subprocess): /opt/stack/data/venv/bin/python3.10 -m oslo_concurrency.prlimit --as=1073741824 --cpu=60 -- sudo cinder-rootwrap /etc/cinder/rootwrap.conf env LC_ALL=C qemu-img info -f qcow2 --output=json --force-share /opt/stack/data/cinder/mnt/b0ef1f009f4fb1b3f964feddf1ee9c15/volume-41f57f0d-88a7-4854-bc92-c0a5ee4928d4 {{(pid=82148) execute /opt/stack/data/venv/lib/python3.10/site-packages/oslo_concurrency/processutils.py:440}}
Apr 14 21:11:56 devstack sudo[85571]: quobyte : PWD=/ ; USER=root ; COMMAND=/opt/stack/data/venv/bin/cinder-rootwrap /etc/cinder/rootwrap.conf env LC_ALL=C qemu-img info -f qcow2 --output=json --force-share /opt/stack/data/cinder/mnt/b0ef1f009f4fb1b3f964feddf1ee9c15/volume-41f57f0d-88a7-4854-bc92-c0a5ee4928d4
Apr 14 21:11:56 devstack sudo[85571]: pam_unix(sudo:session): session opened for user root(uid=0) by (uid=1000)
Apr 14 21:11:56 devstack sudo[85571]: pam_unix(sudo:session): session closed for user root
Apr 14 21:11:56 devstack cinder-volume[82148]: DEBUG oslo_concurrency.processutils [None req-1be11f64-f653-46d0-be5d-04ef73493ff4 tempest-GroupsV314Test-346124050 None] CMD "/opt/stack/data/venv/bin/python3.10 -m oslo_concurrency.prlimit --as=1073741824 --cpu=60 -- sudo cinder-rootwrap /etc/cinder/rootwrap.conf env LC_ALL=C qemu-img info -f qcow2 --output=json --force-share /opt/stack/data/cinder/mnt/b0ef1f009f4fb1b3f964feddf1ee9c15/volume-41f57f0d-88a7-4854-bc92-c0a5ee4928d4" returned: 0 in 0.482s {{(pid=82148) execute /opt/stack/data/venv/lib/python3.10/site-packages/oslo_concurrency/processutils.py:468}}
Apr 14 21:11:56 devstack cinder-volume[82148]: DEBUG oslo_concurrency.processutils [None req-1be11f64-f653-46d0-be5d-04ef73493ff4 tempest-GroupsV314Test-346124050 None] Running cmd (subprocess): sudo cinder-rootwrap /etc/cinder/rootwrap.conf qemu-img commit -d /opt/stack/data/cinder/mnt/b0ef1f009f4fb1b3f964feddf1ee9c15/volume-41f57f0d-88a7-4854-bc92-c0a5ee4928d4.3e39f477-93a2-4752-a684-1e3956412670 {{(pid=82148) execute /opt/stack/data/venv/lib/python3.10/site-packages/oslo_concurrency/processutils.py:440}}
Apr 14 21:11:56 devstack sudo[85576]: quobyte : PWD=/ ; USER=root ; COMMAND=/opt/stack/data/venv/bin/cinder-rootwrap /etc/cinder/rootwrap.conf qemu-img commit -d /opt/stack/data/cinder/mnt/b0ef1f009f4fb1b3f964feddf1ee9c15/volume-41f57f0d-88a7-4854-bc92-c0a5ee4928d4.3e39f477-93a2-4752-a684-1e3956412670
Apr 14 21:11:56 devstack sudo[85576]: pam_unix(sudo:session): session opened for user root(uid=0) by (uid=1000)
Apr 14 21:11:57 devstack sudo[85576]: pam_unix(sudo:session): session closed for user root
Apr 14 21:11:57 devstack cinder-volume[82148]: DEBUG oslo_concurrency.processutils [None req-1be11f64-f653-46d0-be5d-04ef73493ff4 tempest-GroupsV314Test-346124050 None] CMD "sudo cinder-rootwrap /etc/cinder/rootwrap.conf qemu-img commit -d /opt/stack/data/cinder/mnt/b0ef1f009f4fb1b3f964feddf1ee9c15/volume-41f57f0d-88a7-4854-bc92-c0a5ee4928d4.3e39f477-93a2-4752-a684-1e3956412670" returned: 0 in 0.499s {{(pid=82148) execute /opt/stack/data/venv/lib/python3.10/site-packages/oslo_concurrency/processutils.py:468}}
Apr 14 21:11:57 devstack cinder-volume[82148]: DEBUG oslo_concurrency.processutils [None req-1be11f64-f653-46d0-be5d-04ef73493ff4 tempest-GroupsV314Test-346124050 None] Running cmd (subprocess): sudo cinder-rootwrap /etc/cinder/rootwrap.conf rm -f /opt/stack/data/cinder/mnt/b0ef1f009f4fb1b3f964feddf1ee9c15/volume-41f57f0d-88a7-4854-bc92-c0a5ee4928d4.3e39f477-93a2-4752-a684-1e3956412670 {{(pid=82148) execute /opt/stack/data/venv/lib/python3.10/site-packages/oslo_concurrency/processutils.py:440}}
Apr 14 21:11:57 devstack sudo[85581]: quobyte : PWD=/ ; USER=root ; COMMAND=/opt/stack/data/venv/bin/cinder-rootwrap /etc/cinder/rootwrap.conf rm -f /opt/stack/data/cinder/mnt/b0ef1f009f4fb1b3f964feddf1ee9c15/volume-41f57f0d-88a7-4854-bc92-c0a5ee4928d4.3e39f477-93a2-4752-a684-1e3956412670
Apr 14 21:11:57 devstack sudo[85581]: pam_unix(sudo:session): session opened for user root(uid=0) by (uid=1000)
Apr 14 21:11:57 devstack sudo[85581]: pam_unix(sudo:session): session closed for user root
Apr 14 21:11:57 devstack cinder-volume[82148]: DEBUG oslo_concurrency.processutils [None req-1be11f64-f653-46d0-be5d-04ef73493ff4 tempest-GroupsV314Test-346124050 None] CMD "sudo cinder-rootwrap /etc/cinder/rootwrap.conf rm -f /opt/stack/data/cinder/mnt/b0ef1f009f4fb1b3f964feddf1ee9c15/volume-41f57f0d-88a7-4854-bc92-c0a5ee4928d4.3e39f477-93a2-4752-a684-1e3956412670" returned: 0 in 0.424s {{(pid=82148) execute /opt/stack/data/venv/lib/python3.10/site-packages/oslo_concurrency/processutils.py:468}}
Apr 14 21:11:57 devstack cinder-volume[82148]: DEBUG cinder.coordination [None req-1be11f64-f653-46d0-be5d-04ef73493ff4 tempest-GroupsV314Test-346124050 None] Lock "cinder-quobyte-3e39f477-93a2-4752-a684-1e3956412670" released by "_delete_snapshot" :: held 1.962s {{(pid=82148) __release /opt/stack/cinder/cinder/coordination.py:152}}
Apr 14 21:11:57 devstack cinder-volume[82148]: DEBUG oslo_concurrency.lockutils [None req-1be11f64-f653-46d0-be5d-04ef73493ff4 tempest-GroupsV314Test-346124050 None] Lock "quobyte" "released" by "cinder.volume.drivers.quobyte.QuobyteDriver.create_cloned_volume" :: held 9.613s {{(pid=82148) inner /opt/stack/data/venv/lib/python3.10/site-packages/oslo_concurrency/lockutils.py:538}}
Apr 14 21:11:57 devstack cinder-volume[82148]: DEBUG oslo_concurrency.lockutils [None req-9bbc08ed-d80d-4bb2-be8c-67ae6307aa8e tempest-GroupsTest-1937723995 None] Lock "quobyte" acquired by "cinder.volume.drivers.quobyte.QuobyteDriver.create_volume" :: waited 9.537s {{(pid=82148) inner /opt/stack/data/venv/lib/python3.10/site-packages/oslo_concurrency/lockutils.py:519}}
Apr 14 21:11:57 devstack cinder-volume[82148]: DEBUG cinder.volume.drivers.quobyte [None req-9bbc08ed-d80d-4bb2-be8c-67ae6307aa8e tempest-GroupsTest-1937723995 None] ==> create_volume: call "{'self': , 'volume': Volume(_name_id=None,admin_metadata=,attach_status='detached',availability_zone='nova',bootable=False,cluster=,cluster_name=None,consistencygroup=,consistencygroup_id=07036e10-5d44-45c2-aff6-8d85bb2ab802,created_at=2026-04-14T19:11:48Z,deleted=False,deleted_at=None,display_description=None,display_name='tempest-volume-1791136026',ec2_id=None,encryption_key_id=None,glance_metadata=,group=,group_id=07036e10-5d44-45c2-aff6-8d85bb2ab802,host='devstack@QuobyteHD#QuobyteHD',id=7df611ff-3e16-4c3c-91e8-43a3cb4be438,launched_at=None,metadata={},migration_status=None,multiattach=False,previous_status=None,project_id='7ca1ff0f141d4978b59b8596c1557da7',provider_auth=None,provider_geometry=None,provider_id=None,provider_location=None,replication_driver_data=None,replication_extended_status=None,replication_status=None,scheduled_at=2026-04-14T19:11:48Z,service_uuid=None,shared_targets=True,size=1,snapshot_id=None,snapshots=,source_volid=None,status='creating',terminated_at=None,updated_at=2026-04-14T19:11:48Z,use_quota=True,user_id='2a57de68c4304521ba24c9db79df476a',volume_attachment=VolumeAttachmentList,volume_type=VolumeType(42d11067-e2ea-4aa5-926d-3808785a077d),volume_type_id=42d11067-e2ea-4aa5-926d-3808785a077d)}" {{(pid=82148) trace_logging_wrapper /opt/stack/cinder/cinder/volume/volume_utils.py:1498}}
Apr 14 21:11:57 devstack cinder-volume[82148]: DEBUG cinder.volume.drivers.remotefs [None req-9bbc08ed-d80d-4bb2-be8c-67ae6307aa8e tempest-GroupsTest-1937723995 None] Creating volume 7df611ff-3e16-4c3c-91e8-43a3cb4be438 {{(pid=82148) create_volume /opt/stack/cinder/cinder/volume/drivers/remotefs.py:292}}
Apr 14 21:11:57 devstack cinder-volume[82148]: DEBUG oslo_concurrency.lockutils [None req-9bbc08ed-d80d-4bb2-be8c-67ae6307aa8e tempest-GroupsTest-1937723995 None] Acquiring lock "quobyte_ensure" by "cinder.volume.drivers.quobyte.QuobyteDriver._ensure_shares_mounted" {{(pid=82148) inner /opt/stack/data/venv/lib/python3.10/site-packages/oslo_concurrency/lockutils.py:506}}
Apr 14 21:11:57 devstack cinder-volume[82148]: DEBUG oslo_concurrency.lockutils [None req-9bbc08ed-d80d-4bb2-be8c-67ae6307aa8e tempest-GroupsTest-1937723995 None] Lock "quobyte_ensure" acquired by "cinder.volume.drivers.quobyte.QuobyteDriver._ensure_shares_mounted" :: waited 0.000s {{(pid=82148) inner /opt/stack/data/venv/lib/python3.10/site-packages/oslo_concurrency/lockutils.py:519}}
Apr 14 21:11:57 devstack cinder-volume[82148]: DEBUG cinder.volume.drivers.quobyte [None req-9bbc08ed-d80d-4bb2-be8c-67ae6307aa8e tempest-GroupsTest-1937723995 None] Quobyte Volume URL set to: {'osci02.corp.quobyte.com/cinder-vol-a22eb3b6-024f-48a9-8f4b-8c4ff9639898': None} {{(pid=82148) _load_shares_config /opt/stack/cinder/cinder/volume/drivers/quobyte.py:617}}
Apr 14 21:11:57 devstack cinder-volume[82148]: DEBUG cinder.volume.drivers.quobyte [None req-9bbc08ed-d80d-4bb2-be8c-67ae6307aa8e tempest-GroupsTest-1937723995 None] Available shares ['osci02.corp.quobyte.com/cinder-vol-a22eb3b6-024f-48a9-8f4b-8c4ff9639898'] {{(pid=82148) _ensure_shares_mounted /opt/stack/cinder/cinder/volume/drivers/quobyte.py:647}}
Apr 14 21:11:57 devstack cinder-volume[82148]: DEBUG oslo_concurrency.lockutils [None req-9bbc08ed-d80d-4bb2-be8c-67ae6307aa8e tempest-GroupsTest-1937723995 None] Lock "quobyte_ensure" "released" by "cinder.volume.drivers.quobyte.QuobyteDriver._ensure_shares_mounted" :: held 0.003s {{(pid=82148) inner /opt/stack/data/venv/lib/python3.10/site-packages/oslo_concurrency/lockutils.py:538}}
Apr 14 21:11:57 devstack cinder-volume[82148]: DEBUG cinder.volume.drivers.quobyte [None req-9bbc08ed-d80d-4bb2-be8c-67ae6307aa8e tempest-GroupsTest-1937723995 None] Selected osci02.corp.quobyte.com/cinder-vol-a22eb3b6-024f-48a9-8f4b-8c4ff9639898 as target Quobyte volume. {{(pid=82148) _find_share /opt/stack/cinder/cinder/volume/drivers/quobyte.py:668}}
Apr 14 21:11:57 devstack cinder-volume[82148]: INFO cinder.volume.drivers.remotefs [None req-9bbc08ed-d80d-4bb2-be8c-67ae6307aa8e tempest-GroupsTest-1937723995 None] casted to osci02.corp.quobyte.com/cinder-vol-a22eb3b6-024f-48a9-8f4b-8c4ff9639898
Apr 14 21:11:57 devstack cinder-volume[82148]: DEBUG oslo_concurrency.processutils [None req-9bbc08ed-d80d-4bb2-be8c-67ae6307aa8e tempest-GroupsTest-1937723995 None] Running cmd (subprocess): sudo cinder-rootwrap /etc/cinder/rootwrap.conf qemu-img create -f qcow2 -o preallocation=metadata /opt/stack/data/cinder/mnt/b0ef1f009f4fb1b3f964feddf1ee9c15/volume-7df611ff-3e16-4c3c-91e8-43a3cb4be438 1073741824 {{(pid=82148) execute /opt/stack/data/venv/lib/python3.10/site-packages/oslo_concurrency/processutils.py:440}}
Apr 14 21:11:57 devstack sudo[85584]: quobyte : PWD=/ ; USER=root ; COMMAND=/opt/stack/data/venv/bin/cinder-rootwrap /etc/cinder/rootwrap.conf qemu-img create -f qcow2 -o preallocation=metadata /opt/stack/data/cinder/mnt/b0ef1f009f4fb1b3f964feddf1ee9c15/volume-7df611ff-3e16-4c3c-91e8-43a3cb4be438 1073741824
Apr 14 21:11:57 devstack sudo[85584]: pam_unix(sudo:session): session opened for user root(uid=0) by (uid=1000)
Apr 14 21:11:57 devstack cinder-volume[82148]: INFO cinder.volume.manager [None req-1be11f64-f653-46d0-be5d-04ef73493ff4 tempest-GroupsV314Test-346124050 None] Create group from source-group-fa916c5f-62cd-4a85-af3a-99fc3ffd75f5 completed successfully.
Apr 14 21:11:58 devstack cinder-volume[82148]: DEBUG cinder.coordination [None req-6062b864-cf6d-4a85-b9de-ff1a5aa55225 tempest-GroupsV314Test-346124050 None] Acquiring lock "cinder-quobyte-071c68d6-d9a7-4607-a1b4-83c3d6c66890" by "delete_volume" {{(pid=82148) __acquire /opt/stack/cinder/cinder/coordination.py:138}}
Apr 14 21:11:58 devstack cinder-volume[82148]: DEBUG cinder.coordination [None req-6062b864-cf6d-4a85-b9de-ff1a5aa55225 tempest-GroupsV314Test-346124050 None] Lock "cinder-quobyte-071c68d6-d9a7-4607-a1b4-83c3d6c66890" acquired by "delete_volume" :: waited 0.009s {{(pid=82148) __acquire /opt/stack/cinder/cinder/coordination.py:141}}
Apr 14 21:11:58 devstack cinder-volume[82148]: DEBUG oslo.privsep.daemon [-] privsep: reply[1f3ed5a6-7aae-44ac-9338-32581a162985]: (4, 'qcow2') {{(pid=83127) _call_back /opt/stack/data/venv/lib/python3.10/site-packages/oslo_privsep/daemon.py:573}}
Apr 14 21:11:58 devstack cinder-volume[82148]: DEBUG oslo_concurrency.processutils [None req-6062b864-cf6d-4a85-b9de-ff1a5aa55225 tempest-GroupsV314Test-346124050 None] Running cmd (subprocess): /opt/stack/data/venv/bin/python3.10 -m oslo_concurrency.prlimit --as=1073741824 --cpu=60 -- sudo cinder-rootwrap /etc/cinder/rootwrap.conf env LC_ALL=C qemu-img info -f qcow2 --output=json --force-share /opt/stack/data/cinder/mnt/b0ef1f009f4fb1b3f964feddf1ee9c15/volume-071c68d6-d9a7-4607-a1b4-83c3d6c66890 {{(pid=82148) execute /opt/stack/data/venv/lib/python3.10/site-packages/oslo_concurrency/processutils.py:440}}
Apr 14 21:11:58 devstack sudo[85584]: pam_unix(sudo:session): session closed for user root
Apr 14 21:11:58 devstack cinder-volume[82148]: DEBUG oslo_concurrency.processutils [None req-9bbc08ed-d80d-4bb2-be8c-67ae6307aa8e tempest-GroupsTest-1937723995 None] CMD "sudo cinder-rootwrap /etc/cinder/rootwrap.conf qemu-img create -f qcow2 -o preallocation=metadata /opt/stack/data/cinder/mnt/b0ef1f009f4fb1b3f964feddf1ee9c15/volume-7df611ff-3e16-4c3c-91e8-43a3cb4be438 1073741824" returned: 0 in 0.514s {{(pid=82148) execute /opt/stack/data/venv/lib/python3.10/site-packages/oslo_concurrency/processutils.py:468}}
Apr 14 21:11:58 devstack cinder-volume[82148]: DEBUG oslo_concurrency.processutils [None req-9bbc08ed-d80d-4bb2-be8c-67ae6307aa8e tempest-GroupsTest-1937723995 None] Running cmd (subprocess): sudo cinder-rootwrap /etc/cinder/rootwrap.conf chmod ugo+rw /opt/stack/data/cinder/mnt/b0ef1f009f4fb1b3f964feddf1ee9c15/volume-7df611ff-3e16-4c3c-91e8-43a3cb4be438 {{(pid=82148) execute /opt/stack/data/venv/lib/python3.10/site-packages/oslo_concurrency/processutils.py:440}}
Apr 14 21:11:58 devstack sudo[85590]: quobyte : PWD=/ ; USER=root ; COMMAND=/opt/stack/data/venv/bin/cinder-rootwrap /etc/cinder/rootwrap.conf chmod ugo+rw /opt/stack/data/cinder/mnt/b0ef1f009f4fb1b3f964feddf1ee9c15/volume-7df611ff-3e16-4c3c-91e8-43a3cb4be438
Apr 14 21:11:58 devstack sudo[85590]: pam_unix(sudo:session): session opened for user root(uid=0) by (uid=1000)
Apr 14 21:11:58 devstack sudo[85589]: quobyte : PWD=/ ; USER=root ; COMMAND=/opt/stack/data/venv/bin/cinder-rootwrap /etc/cinder/rootwrap.conf env LC_ALL=C qemu-img info -f qcow2 --output=json --force-share /opt/stack/data/cinder/mnt/b0ef1f009f4fb1b3f964feddf1ee9c15/volume-071c68d6-d9a7-4607-a1b4-83c3d6c66890
Apr 14 21:11:58 devstack sudo[85589]: pam_unix(sudo:session): session opened for user root(uid=0) by (uid=1000)
Apr 14 21:11:58 devstack sudo[85590]: pam_unix(sudo:session): session closed for user root
Apr 14 21:11:58 devstack cinder-volume[82148]: DEBUG oslo_concurrency.processutils [None req-9bbc08ed-d80d-4bb2-be8c-67ae6307aa8e tempest-GroupsTest-1937723995 None] CMD "sudo cinder-rootwrap /etc/cinder/rootwrap.conf chmod ugo+rw /opt/stack/data/cinder/mnt/b0ef1f009f4fb1b3f964feddf1ee9c15/volume-7df611ff-3e16-4c3c-91e8-43a3cb4be438" returned: 0 in 0.431s {{(pid=82148) execute /opt/stack/data/venv/lib/python3.10/site-packages/oslo_concurrency/processutils.py:468}}
Apr 14 21:11:58 devstack cinder-volume[82148]: DEBUG cinder.volume.drivers.quobyte [None req-9bbc08ed-d80d-4bb2-be8c-67ae6307aa8e tempest-GroupsTest-1937723995 None] <== create_volume: return (969ms) {'provider_location': 'osci02.corp.quobyte.com/cinder-vol-a22eb3b6-024f-48a9-8f4b-8c4ff9639898'} {{(pid=82148) trace_logging_wrapper /opt/stack/cinder/cinder/volume/volume_utils.py:1523}}
Apr 14 21:11:58 devstack cinder-volume[82148]: DEBUG oslo_concurrency.lockutils [None req-9bbc08ed-d80d-4bb2-be8c-67ae6307aa8e tempest-GroupsTest-1937723995 None] Lock "quobyte" "released" by "cinder.volume.drivers.quobyte.QuobyteDriver.create_volume" :: held 0.972s {{(pid=82148) inner /opt/stack/data/venv/lib/python3.10/site-packages/oslo_concurrency/lockutils.py:538}}
Apr 14 21:11:58 devstack cinder-volume[82148]: DEBUG oslo_concurrency.lockutils [None req-13fef865-400d-42fe-a8f6-dd7e8ef00be6 tempest-VolumesTransfersV355Test-1229894286 None] Lock "quobyte" acquired by "cinder.volume.drivers.quobyte.QuobyteDriver.create_volume" :: waited 7.144s {{(pid=82148) inner /opt/stack/data/venv/lib/python3.10/site-packages/oslo_concurrency/lockutils.py:519}}
Apr 14 21:11:58 devstack cinder-volume[82148]: DEBUG cinder.volume.drivers.quobyte [None req-13fef865-400d-42fe-a8f6-dd7e8ef00be6 tempest-VolumesTransfersV355Test-1229894286 None] ==> create_volume: call "{'self': , 'volume': Volume(_name_id=None,admin_metadata=,attach_status='detached',availability_zone='nova',bootable=False,cluster=,cluster_name=None,consistencygroup=,consistencygroup_id=None,created_at=2026-04-14T19:11:51Z,deleted=False,deleted_at=None,display_description=None,display_name='tempest-VolumesTransfersV355Test-Volume-1690149908',ec2_id=None,encryption_key_id=None,glance_metadata=,group=,group_id=None,host='devstack@QuobyteHD#QuobyteHD',id=d6584888-b3bc-448b-8f8e-07417a241eb2,launched_at=None,metadata={},migration_status=None,multiattach=False,previous_status=None,project_id='c23a01163aa644e996c8d76faf3fcd2a',provider_auth=None,provider_geometry=None,provider_id=None,provider_location=None,replication_driver_data=None,replication_extended_status=None,replication_status=None,scheduled_at=2026-04-14T19:11:52Z,service_uuid=None,shared_targets=True,size=1,snapshot_id=None,snapshots=,source_volid=None,status='creating',terminated_at=None,updated_at=2026-04-14T19:11:52Z,use_quota=True,user_id='de4443d5c83b4b7dae0de6d2012753ec',volume_attachment=VolumeAttachmentList,volume_type=VolumeType(2f4bd839-3c7d-4b73-99a5-ac793caa41e7),volume_type_id=2f4bd839-3c7d-4b73-99a5-ac793caa41e7)}" {{(pid=82148) trace_logging_wrapper /opt/stack/cinder/cinder/volume/volume_utils.py:1498}}
Apr 14 21:11:58 devstack cinder-volume[82148]: DEBUG cinder.volume.drivers.remotefs [None req-13fef865-400d-42fe-a8f6-dd7e8ef00be6 tempest-VolumesTransfersV355Test-1229894286 None] Creating volume d6584888-b3bc-448b-8f8e-07417a241eb2 {{(pid=82148) create_volume /opt/stack/cinder/cinder/volume/drivers/remotefs.py:292}}
Apr 14 21:11:58 devstack cinder-volume[82148]: DEBUG oslo_concurrency.lockutils [None req-13fef865-400d-42fe-a8f6-dd7e8ef00be6 tempest-VolumesTransfersV355Test-1229894286 None] Acquiring lock "quobyte_ensure" by "cinder.volume.drivers.quobyte.QuobyteDriver._ensure_shares_mounted" {{(pid=82148) inner /opt/stack/data/venv/lib/python3.10/site-packages/oslo_concurrency/lockutils.py:506}}
Apr 14 21:11:58 devstack cinder-volume[82148]: DEBUG oslo_concurrency.lockutils [None req-13fef865-400d-42fe-a8f6-dd7e8ef00be6 tempest-VolumesTransfersV355Test-1229894286 None] Lock "quobyte_ensure" acquired by "cinder.volume.drivers.quobyte.QuobyteDriver._ensure_shares_mounted" :: waited 0.001s {{(pid=82148) inner /opt/stack/data/venv/lib/python3.10/site-packages/oslo_concurrency/lockutils.py:519}}
Apr 14 21:11:58 devstack cinder-volume[82148]: DEBUG cinder.volume.drivers.quobyte [None req-13fef865-400d-42fe-a8f6-dd7e8ef00be6 tempest-VolumesTransfersV355Test-1229894286 None] Quobyte Volume URL set to: {'osci02.corp.quobyte.com/cinder-vol-a22eb3b6-024f-48a9-8f4b-8c4ff9639898': None} {{(pid=82148) _load_shares_config /opt/stack/cinder/cinder/volume/drivers/quobyte.py:617}}
Apr 14 21:11:58 devstack cinder-volume[82148]: DEBUG cinder.volume.drivers.quobyte [None req-13fef865-400d-42fe-a8f6-dd7e8ef00be6 tempest-VolumesTransfersV355Test-1229894286 None] Available shares ['osci02.corp.quobyte.com/cinder-vol-a22eb3b6-024f-48a9-8f4b-8c4ff9639898'] {{(pid=82148) _ensure_shares_mounted /opt/stack/cinder/cinder/volume/drivers/quobyte.py:647}}
Apr 14 21:11:58 devstack cinder-volume[82148]: DEBUG oslo_concurrency.lockutils [None req-13fef865-400d-42fe-a8f6-dd7e8ef00be6 tempest-VolumesTransfersV355Test-1229894286 None] Lock "quobyte_ensure" "released" by "cinder.volume.drivers.quobyte.QuobyteDriver._ensure_shares_mounted" :: held 0.004s {{(pid=82148) inner /opt/stack/data/venv/lib/python3.10/site-packages/oslo_concurrency/lockutils.py:538}}
Apr 14 21:11:58 devstack cinder-volume[82148]: DEBUG cinder.volume.drivers.quobyte [None req-13fef865-400d-42fe-a8f6-dd7e8ef00be6 tempest-VolumesTransfersV355Test-1229894286 None] Selected osci02.corp.quobyte.com/cinder-vol-a22eb3b6-024f-48a9-8f4b-8c4ff9639898 as target Quobyte volume. {{(pid=82148) _find_share /opt/stack/cinder/cinder/volume/drivers/quobyte.py:668}}
Apr 14 21:11:58 devstack cinder-volume[82148]: INFO cinder.volume.drivers.remotefs [None req-13fef865-400d-42fe-a8f6-dd7e8ef00be6 tempest-VolumesTransfersV355Test-1229894286 None] casted to osci02.corp.quobyte.com/cinder-vol-a22eb3b6-024f-48a9-8f4b-8c4ff9639898
Apr 14 21:11:58 devstack cinder-volume[82148]: DEBUG oslo_concurrency.processutils [None req-13fef865-400d-42fe-a8f6-dd7e8ef00be6 tempest-VolumesTransfersV355Test-1229894286 None] Running cmd (subprocess): sudo cinder-rootwrap /etc/cinder/rootwrap.conf qemu-img create -f qcow2 -o preallocation=metadata /opt/stack/data/cinder/mnt/b0ef1f009f4fb1b3f964feddf1ee9c15/volume-d6584888-b3bc-448b-8f8e-07417a241eb2 1073741824 {{(pid=82148) execute /opt/stack/data/venv/lib/python3.10/site-packages/oslo_concurrency/processutils.py:440}}
Apr 14 21:11:58 devstack cinder-volume[82148]: DEBUG cinder.volume.manager [None req-9bbc08ed-d80d-4bb2-be8c-67ae6307aa8e tempest-GroupsTest-1937723995 None] Task 'cinder.volume.flows.manager.create_volume.CreateVolumeFromSpecTask;volume:create' (372f48d0-8fb0-4728-a493-8f8ab67d4d9d) transitioned into state 'SUCCESS' from state 'RUNNING' with result '{'status': 'creating', 'volume_name': 'volume-7df611ff-3e16-4c3c-91e8-43a3cb4be438', 'volume_size': 1}' {{(pid=82148) _task_receiver /opt/stack/data/venv/lib/python3.10/site-packages/taskflow/listeners/logging.py:182}}
Apr 14 21:11:58 devstack cinder-volume[82148]: DEBUG cinder.volume.manager [None req-9bbc08ed-d80d-4bb2-be8c-67ae6307aa8e tempest-GroupsTest-1937723995 None] Task 'cinder.volume.flows.manager.create_volume.CreateVolumeOnFinishTask;volume:create, create.end' (de8564f6-8bde-4319-b0bb-e23d8e059234) transitioned into state 'RUNNING' from state 'PENDING' {{(pid=82148) _task_receiver /opt/stack/data/venv/lib/python3.10/site-packages/taskflow/listeners/logging.py:194}}
Apr 14 21:11:58 devstack sudo[85589]: pam_unix(sudo:session): session closed for user root
Apr 14 21:11:58 devstack sudo[85597]: quobyte : PWD=/ ; USER=root ; COMMAND=/opt/stack/data/venv/bin/cinder-rootwrap /etc/cinder/rootwrap.conf qemu-img create -f qcow2 -o preallocation=metadata /opt/stack/data/cinder/mnt/b0ef1f009f4fb1b3f964feddf1ee9c15/volume-d6584888-b3bc-448b-8f8e-07417a241eb2 1073741824
Apr 14 21:11:58 devstack sudo[85597]: pam_unix(sudo:session): session opened for user root(uid=0) by (uid=1000)
Apr 14 21:11:58 devstack cinder-volume[82148]: DEBUG oslo_concurrency.processutils [None req-6062b864-cf6d-4a85-b9de-ff1a5aa55225 tempest-GroupsV314Test-346124050 None] CMD "/opt/stack/data/venv/bin/python3.10 -m oslo_concurrency.prlimit --as=1073741824 --cpu=60 -- sudo cinder-rootwrap /etc/cinder/rootwrap.conf env LC_ALL=C qemu-img info -f qcow2 --output=json --force-share /opt/stack/data/cinder/mnt/b0ef1f009f4fb1b3f964feddf1ee9c15/volume-071c68d6-d9a7-4607-a1b4-83c3d6c66890" returned: 0 in 0.519s {{(pid=82148) execute /opt/stack/data/venv/lib/python3.10/site-packages/oslo_concurrency/processutils.py:468}}
Apr 14 21:11:58 devstack cinder-volume[82148]: DEBUG oslo_concurrency.processutils [None req-6062b864-cf6d-4a85-b9de-ff1a5aa55225 tempest-GroupsV314Test-346124050 None] Running cmd (subprocess): sudo cinder-rootwrap /etc/cinder/rootwrap.conf rm -f /opt/stack/data/cinder/mnt/b0ef1f009f4fb1b3f964feddf1ee9c15/volume-071c68d6-d9a7-4607-a1b4-83c3d6c66890 {{(pid=82148) execute /opt/stack/data/venv/lib/python3.10/site-packages/oslo_concurrency/processutils.py:440}}
Apr 14 21:11:58 devstack cinder-volume[82148]: INFO cinder.volume.flows.manager.create_volume [None req-9bbc08ed-d80d-4bb2-be8c-67ae6307aa8e tempest-GroupsTest-1937723995 None] Volume volume-7df611ff-3e16-4c3c-91e8-43a3cb4be438 (7df611ff-3e16-4c3c-91e8-43a3cb4be438): created successfully
Apr 14 21:11:58 devstack cinder-volume[82148]: DEBUG cinder.volume.manager [None req-9bbc08ed-d80d-4bb2-be8c-67ae6307aa8e tempest-GroupsTest-1937723995 None] Task 'cinder.volume.flows.manager.create_volume.CreateVolumeOnFinishTask;volume:create, create.end' (de8564f6-8bde-4319-b0bb-e23d8e059234) transitioned into state 'SUCCESS' from state 'RUNNING' with result 'None' {{(pid=82148) _task_receiver /opt/stack/data/venv/lib/python3.10/site-packages/taskflow/listeners/logging.py:182}}
Apr 14 21:11:58 devstack cinder-volume[82148]: DEBUG cinder.volume.manager [None req-9bbc08ed-d80d-4bb2-be8c-67ae6307aa8e tempest-GroupsTest-1937723995 None] Flow 'volume_create_manager' (d1895e77-e52a-421b-8a4e-873ce3c89e8d) transitioned into state 'SUCCESS' from state 'RUNNING' {{(pid=82148) _flow_receiver /opt/stack/data/venv/lib/python3.10/site-packages/taskflow/listeners/logging.py:145}}
Apr 14 21:11:58 devstack sudo[85599]: quobyte : PWD=/ ; USER=root ; COMMAND=/opt/stack/data/venv/bin/cinder-rootwrap /etc/cinder/rootwrap.conf rm -f /opt/stack/data/cinder/mnt/b0ef1f009f4fb1b3f964feddf1ee9c15/volume-071c68d6-d9a7-4607-a1b4-83c3d6c66890
Apr 14 21:11:58 devstack sudo[85599]: pam_unix(sudo:session): session opened for user root(uid=0) by (uid=1000)
Apr 14 21:11:58 devstack cinder-volume[82148]: INFO cinder.volume.manager [None req-9bbc08ed-d80d-4bb2-be8c-67ae6307aa8e tempest-GroupsTest-1937723995 None] Created volume successfully.
Apr 14 21:11:59 devstack sudo[85599]: pam_unix(sudo:session): session closed for user root
Apr 14 21:11:59 devstack cinder-volume[82148]: DEBUG oslo_concurrency.processutils [None req-6062b864-cf6d-4a85-b9de-ff1a5aa55225 tempest-GroupsV314Test-346124050 None] CMD "sudo cinder-rootwrap /etc/cinder/rootwrap.conf rm -f /opt/stack/data/cinder/mnt/b0ef1f009f4fb1b3f964feddf1ee9c15/volume-071c68d6-d9a7-4607-a1b4-83c3d6c66890" returned: 0 in 0.464s {{(pid=82148) execute /opt/stack/data/venv/lib/python3.10/site-packages/oslo_concurrency/processutils.py:468}}
Apr 14 21:11:59 devstack cinder-volume[82148]: DEBUG cinder.coordination [None req-6062b864-cf6d-4a85-b9de-ff1a5aa55225 tempest-GroupsV314Test-346124050 None] Lock "cinder-quobyte-071c68d6-d9a7-4607-a1b4-83c3d6c66890" released by "delete_volume" :: held 1.009s {{(pid=82148) __release /opt/stack/cinder/cinder/coordination.py:152}}
Apr 14 21:11:59 devstack sudo[85597]: pam_unix(sudo:session): session closed for user root
Apr 14 21:11:59 devstack cinder-volume[82148]: DEBUG oslo_concurrency.processutils [None req-13fef865-400d-42fe-a8f6-dd7e8ef00be6 tempest-VolumesTransfersV355Test-1229894286 None] CMD "sudo cinder-rootwrap /etc/cinder/rootwrap.conf qemu-img create -f qcow2 -o preallocation=metadata /opt/stack/data/cinder/mnt/b0ef1f009f4fb1b3f964feddf1ee9c15/volume-d6584888-b3bc-448b-8f8e-07417a241eb2 1073741824" returned: 0 in 0.595s {{(pid=82148) execute /opt/stack/data/venv/lib/python3.10/site-packages/oslo_concurrency/processutils.py:468}}
Apr 14 21:11:59 devstack cinder-volume[82148]: DEBUG cinder.volume.flows.manager.create_volume [None req-393bec69-8e89-4c8b-b682-05fdb5ed1704 tempest-GroupsTest-1937723995 None] Volume reschedule parameters: True retry: {'num_attempts': 1, 'backends': ['devstack@QuobyteHD#QuobyteHD'], 'hosts': ['devstack@QuobyteHD#QuobyteHD']} {{(pid=82148) get_flow /opt/stack/cinder/cinder/volume/flows/manager/create_volume.py:1395}}
Apr 14 21:11:59 devstack cinder-volume[82148]: DEBUG cinder.volume.manager [None req-393bec69-8e89-4c8b-b682-05fdb5ed1704 tempest-GroupsTest-1937723995 None] Flow 'volume_create_manager' (a261071c-6e6a-49ca-b742-bb98b7f43a15) transitioned into state 'RUNNING' from state 'PENDING' {{(pid=82148) _flow_receiver /opt/stack/data/venv/lib/python3.10/site-packages/taskflow/listeners/logging.py:145}}
Apr 14 21:11:59 devstack cinder-volume[82148]: DEBUG cinder.volume.manager [None req-393bec69-8e89-4c8b-b682-05fdb5ed1704 tempest-GroupsTest-1937723995 None] Task 'cinder.volume.flows.manager.create_volume.ExtractVolumeRefTask;volume:create' (a6dbe8e3-3d23-4351-a92a-03f6b86dd111) transitioned into state 'RUNNING' from state 'PENDING' {{(pid=82148) _task_receiver /opt/stack/data/venv/lib/python3.10/site-packages/taskflow/listeners/logging.py:194}}
Apr 14 21:11:59 devstack cinder-volume[82148]: DEBUG cinder.volume.manager [None req-393bec69-8e89-4c8b-b682-05fdb5ed1704 tempest-GroupsTest-1937723995 None] Task 'cinder.volume.flows.manager.create_volume.ExtractVolumeRefTask;volume:create' (a6dbe8e3-3d23-4351-a92a-03f6b86dd111) transitioned into state 'SUCCESS' from state 'RUNNING' with result 'Volume(_name_id=None,admin_metadata=,attach_status='detached',availability_zone='nova',bootable=False,cluster=,cluster_name=None,consistencygroup=,consistencygroup_id=None,created_at=2026-04-14T19:11:59Z,deleted=False,deleted_at=None,display_description=None,display_name='tempest-volume-870878843',ec2_id=None,encryption_key_id=None,glance_metadata=,group=,group_id=07036e10-5d44-45c2-aff6-8d85bb2ab802,host='devstack@QuobyteHD#QuobyteHD',id=89ac9903-76d0-4e49-9377-d3b0b899544f,launched_at=None,metadata={},migration_status=None,multiattach=False,previous_status=None,project_id='7ca1ff0f141d4978b59b8596c1557da7',provider_auth=None,provider_geometry=None,provider_id=None,provider_location=None,replication_driver_data=None,replication_extended_status=None,replication_status=None,scheduled_at=2026-04-14T19:11:59Z,service_uuid=None,shared_targets=True,size=1,snapshot_id=None,snapshots=,source_volid=None,status='creating',terminated_at=None,updated_at=2026-04-14T19:11:59Z,use_quota=True,user_id='2a57de68c4304521ba24c9db79df476a',volume_attachment=VolumeAttachmentList,volume_type=VolumeType(42d11067-e2ea-4aa5-926d-3808785a077d),volume_type_id=42d11067-e2ea-4aa5-926d-3808785a077d)' {{(pid=82148) _task_receiver /opt/stack/data/venv/lib/python3.10/site-packages/taskflow/listeners/logging.py:182}}
Apr 14 21:11:59 devstack cinder-volume[82148]: DEBUG cinder.volume.manager [None req-393bec69-8e89-4c8b-b682-05fdb5ed1704 tempest-GroupsTest-1937723995 None] Task 'cinder.volume.flows.manager.create_volume.OnFailureRescheduleTask;volume:create' (d05724be-cd12-41b6-923d-461cc61a65d4) transitioned into state 'RUNNING' from state 'PENDING' {{(pid=82148) _task_receiver /opt/stack/data/venv/lib/python3.10/site-packages/taskflow/listeners/logging.py:194}}
Apr 14 21:11:59 devstack cinder-volume[82148]: DEBUG cinder.volume.manager [None req-393bec69-8e89-4c8b-b682-05fdb5ed1704 tempest-GroupsTest-1937723995 None] Task 'cinder.volume.flows.manager.create_volume.OnFailureRescheduleTask;volume:create' (d05724be-cd12-41b6-923d-461cc61a65d4) transitioned into state 'SUCCESS' from state 'RUNNING' with result 'None' {{(pid=82148) _task_receiver /opt/stack/data/venv/lib/python3.10/site-packages/taskflow/listeners/logging.py:182}}
Apr 14 21:11:59 devstack cinder-volume[82148]: DEBUG cinder.volume.manager [None req-393bec69-8e89-4c8b-b682-05fdb5ed1704 tempest-GroupsTest-1937723995 None] Task 'cinder.volume.flows.manager.create_volume.ExtractVolumeSpecTask;volume:create' (53f6412d-ba1c-4f4f-b1ac-bf631f4c4aba) transitioned into state 'RUNNING' from state 'PENDING' {{(pid=82148) _task_receiver /opt/stack/data/venv/lib/python3.10/site-packages/taskflow/listeners/logging.py:194}}
Apr 14 21:11:59 devstack cinder-volume[82148]: DEBUG cinder.volume.manager [None req-393bec69-8e89-4c8b-b682-05fdb5ed1704 tempest-GroupsTest-1937723995 None] Task 'cinder.volume.flows.manager.create_volume.ExtractVolumeSpecTask;volume:create' (53f6412d-ba1c-4f4f-b1ac-bf631f4c4aba) transitioned into state 'SUCCESS' from state 'RUNNING' with result '{'status': 'creating', 'type': 'raw', 'volume_id': '89ac9903-76d0-4e49-9377-d3b0b899544f', 'volume_name': 'volume-89ac9903-76d0-4e49-9377-d3b0b899544f', 'volume_size': 1}' {{(pid=82148) _task_receiver /opt/stack/data/venv/lib/python3.10/site-packages/taskflow/listeners/logging.py:182}}
Apr 14 21:11:59 devstack cinder-volume[82148]: DEBUG cinder.volume.manager [None req-393bec69-8e89-4c8b-b682-05fdb5ed1704 tempest-GroupsTest-1937723995 None] Task 'cinder.volume.flows.manager.create_volume.NotifyVolumeActionTask;volume:create, create.start' (1a610f9a-8b63-4696-8d01-7c3f18dabf11) transitioned into state 'RUNNING' from state 'PENDING' {{(pid=82148) _task_receiver /opt/stack/data/venv/lib/python3.10/site-packages/taskflow/listeners/logging.py:194}}
Apr 14 21:11:59 devstack cinder-volume[82148]: DEBUG cinder.volume.manager [None req-393bec69-8e89-4c8b-b682-05fdb5ed1704 tempest-GroupsTest-1937723995 None] Task 'cinder.volume.flows.manager.create_volume.NotifyVolumeActionTask;volume:create, create.start' (1a610f9a-8b63-4696-8d01-7c3f18dabf11) transitioned into state 'SUCCESS' from state 'RUNNING' with result 'None' {{(pid=82148) _task_receiver /opt/stack/data/venv/lib/python3.10/site-packages/taskflow/listeners/logging.py:182}}
Apr 14 21:11:59 devstack cinder-volume[82148]: DEBUG cinder.volume.manager [None req-393bec69-8e89-4c8b-b682-05fdb5ed1704 tempest-GroupsTest-1937723995 None] Task 'cinder.volume.flows.manager.create_volume.CreateVolumeFromSpecTask;volume:create' (1d915849-308a-48a4-b443-4aae0c38d2d2) transitioned into state 'RUNNING' from state 'PENDING' {{(pid=82148) _task_receiver /opt/stack/data/venv/lib/python3.10/site-packages/taskflow/listeners/logging.py:194}}
Apr 14 21:11:59 devstack cinder-volume[82148]: INFO cinder.volume.flows.manager.create_volume [None req-393bec69-8e89-4c8b-b682-05fdb5ed1704 tempest-GroupsTest-1937723995 None] Volume 89ac9903-76d0-4e49-9377-d3b0b899544f: being created as raw with specification: {'status': 'creating', 'volume_name': 'volume-89ac9903-76d0-4e49-9377-d3b0b899544f', 'volume_size': 1}
Apr 14 21:11:59 devstack cinder-volume[82148]: DEBUG oslo_concurrency.lockutils [None req-393bec69-8e89-4c8b-b682-05fdb5ed1704 tempest-GroupsTest-1937723995 None] Acquiring lock "quobyte" by "cinder.volume.drivers.quobyte.QuobyteDriver.create_volume" {{(pid=82148) inner /opt/stack/data/venv/lib/python3.10/site-packages/oslo_concurrency/lockutils.py:506}}
Apr 14 21:11:59 devstack cinder-volume[82148]: DEBUG oslo_concurrency.processutils [None req-13fef865-400d-42fe-a8f6-dd7e8ef00be6 tempest-VolumesTransfersV355Test-1229894286 None] Running cmd (subprocess): sudo cinder-rootwrap /etc/cinder/rootwrap.conf chmod ugo+rw /opt/stack/data/cinder/mnt/b0ef1f009f4fb1b3f964feddf1ee9c15/volume-d6584888-b3bc-448b-8f8e-07417a241eb2 {{(pid=82148) execute /opt/stack/data/venv/lib/python3.10/site-packages/oslo_concurrency/processutils.py:440}}
