Jan 09 14:18:22 devstack devstack@keystone.service[41425]: DEBUG keystone.server.flask.common [-] Adding resource routes to API users: ['/users//application_credentials/' {}] {{(pid=41425) _add_mapped_resources /opt/stack/keystone/keystone/server/flask/common.py:483}}
Jan 09 14:18:22 devstack devstack@keystone.service[41425]: DEBUG keystone.server.flask.common [-] Adding resource routes to API users: ['/users//access_rules' {}] {{(pid=41425) _add_mapped_resources /opt/stack/keystone/keystone/server/flask/common.py:483}}
Jan 09 14:18:22 devstack devstack@keystone.service[41425]: DEBUG keystone.server.flask.common [-] Adding resource routes to API users: ['/users//access_rules/' {}] {{(pid=41425) _add_mapped_resources /opt/stack/keystone/keystone/server/flask/common.py:483}}
Jan 09 14:18:22 devstack devstack@keystone.service[41424]: WSGI app 0 (mountpoint='') ready in 5 seconds on interpreter 0x55ffb15b71c0 pid: 41424 (default app)
Jan 09 14:18:22 devstack devstack@keystone.service[41425]: WSGI app 0 (mountpoint='') ready in 5 seconds on interpreter 0x55ffb15b71c0 pid: 41425 (default app)
Jan 09 14:18:22 devstack devstack@keystone.service[41424]: DEBUG keystone.server.flask.request_processing.req_logging [None req-90dc00f0-4867-432b-a9a2-2bfe2cb497f4 None None] REQUEST_METHOD: `GET` {{(pid=41424) log_request_info /opt/stack/keystone/keystone/server/flask/request_processing/req_logging.py:26}}
Jan 09 14:18:22 devstack devstack@keystone.service[41424]: DEBUG keystone.server.flask.request_processing.req_logging [None req-90dc00f0-4867-432b-a9a2-2bfe2cb497f4 None None] SCRIPT_NAME: `/identity` {{(pid=41424) log_request_info /opt/stack/keystone/keystone/server/flask/request_processing/req_logging.py:27}}
Jan 09 14:18:22 devstack devstack@keystone.service[41424]: DEBUG keystone.server.flask.request_processing.req_logging [None req-90dc00f0-4867-432b-a9a2-2bfe2cb497f4 None None] PATH_INFO: `/v3` {{(pid=41424) log_request_info /opt/stack/keystone/keystone/server/flask/request_processing/req_logging.py:28}}
Jan 09 14:18:22 devstack devstack@keystone.service[41424]: [pid: 41424|app: 0|req: 1/1] 192.168.122.223 () {50 vars in 803 bytes} [Fri Jan 9 14:18:22 2026] GET /identity/v3/ => generated 259 bytes in 4 msecs (HTTP/1.1 200) 5 headers in 177 bytes (1 switches on core 0)
Jan 09 14:18:30 devstack devstack@keystone.service[41425]: DEBUG keystone.server.flask.request_processing.req_logging [None req-cb1cd50a-b3cf-4fb0-89c7-d5db2dc30b9d None None] REQUEST_METHOD: `GET` {{(pid=41425) log_request_info /opt/stack/keystone/keystone/server/flask/request_processing/req_logging.py:26}}
Jan 09 14:18:30 devstack devstack@keystone.service[41425]: DEBUG keystone.server.flask.request_processing.req_logging [None req-cb1cd50a-b3cf-4fb0-89c7-d5db2dc30b9d None None] SCRIPT_NAME: `/identity` {{(pid=41425) log_request_info /opt/stack/keystone/keystone/server/flask/request_processing/req_logging.py:27}}
Jan 09 14:18:30 devstack devstack@keystone.service[41425]: DEBUG keystone.server.flask.request_processing.req_logging [None req-cb1cd50a-b3cf-4fb0-89c7-d5db2dc30b9d None None] PATH_INFO: `/` {{(pid=41425) log_request_info /opt/stack/keystone/keystone/server/flask/request_processing/req_logging.py:28}}
Jan 09 14:18:30 devstack devstack@keystone.service[41425]: [pid: 41425|app: 0|req: 1/2] 192.168.122.223 () {54 vars in 939 bytes} [Fri Jan 9 14:18:30 2026] GET /identity => generated 274 bytes in 6 msecs (HTTP/1.1 300) 6 headers in 238 bytes (1 switches on core 0)
Jan 09 14:18:30 devstack devstack@keystone.service[41424]: DEBUG keystone.server.flask.request_processing.req_logging [None req-18d6b86f-331c-41ef-b8ea-cd49430142ab None None] REQUEST_METHOD: `POST` {{(pid=41424) log_request_info /opt/stack/keystone/keystone/server/flask/request_processing/req_logging.py:26}}
Jan 09 14:18:30 devstack devstack@keystone.service[41424]: DEBUG keystone.server.flask.request_processing.req_logging [None req-18d6b86f-331c-41ef-b8ea-cd49430142ab None None] SCRIPT_NAME: `/identity` {{(pid=41424) log_request_info /opt/stack/keystone/keystone/server/flask/request_processing/req_logging.py:27}}
Jan 09 14:18:30 devstack devstack@keystone.service[41424]: DEBUG keystone.server.flask.request_processing.req_logging [None req-18d6b86f-331c-41ef-b8ea-cd49430142ab None None] PATH_INFO: `/v3/auth/tokens` {{(pid=41424) log_request_info /opt/stack/keystone/keystone/server/flask/request_processing/req_logging.py:28}}
Jan 09 14:18:30 devstack devstack@keystone.service[41424]: INFO dbcounter [None req-18d6b86f-331c-41ef-b8ea-cd49430142ab None None] Registered counter for database keystone
Jan 09 14:18:30 devstack devstack@keystone.service[41424]: DEBUG oslo_db.sqlalchemy.engines [None req-18d6b86f-331c-41ef-b8ea-cd49430142ab None None] MySQL server mode set to STRICT_TRANS_TABLES,STRICT_ALL_TABLES,NO_ZERO_IN_DATE,NO_ZERO_DATE,ERROR_FOR_DIVISION_BY_ZERO,TRADITIONAL,NO_ENGINE_SUBSTITUTION {{(pid=41424) _check_effective_sql_mode /opt/stack/data/venv/lib/python3.10/site-packages/oslo_db/sqlalchemy/engines.py:397}}
Jan 09 14:18:30 devstack devstack@keystone.service[41424]: DEBUG dbcounter [-] [41424] Writer thread running {{(pid=41424) stat_writer /opt/stack/data/venv/lib/python3.10/site-packages/dbcounter.py:102}}
Jan 09 14:18:30 devstack devstack@keystone.service[41424]: WARNING keystone.common.password_hashing [None req-18d6b86f-331c-41ef-b8ea-cd49430142ab None None] Truncating password to algorithm specific maximum length 72 characters.
Jan 09 14:18:30 devstack devstack@keystone.service[41424]: DEBUG keystone.auth.core [None req-18d6b86f-331c-41ef-b8ea-cd49430142ab None None] MFA Rules not processed for user `9a7f6fb512784d2fae90542976fc1edb`. Rule list: `[]` (Enabled: `True`). {{(pid=41424) check_auth_methods_against_rules /opt/stack/keystone/keystone/auth/core.py:476}}
Jan 09 14:18:30 devstack devstack@keystone.service[41424]: DEBUG keystone.common.fernet_utils [None req-18d6b86f-331c-41ef-b8ea-cd49430142ab None None] Loaded 2 Fernet keys from /etc/keystone/fernet-keys/, but `[fernet_tokens] max_active_keys = 3`; perhaps there have not been enough key rotations to reach `max_active_keys` yet? {{(pid=41424) load_keys /opt/stack/keystone/keystone/common/fernet_utils.py:297}}
Jan 09 14:18:30 devstack devstack@keystone.service[41424]: [pid: 41424|app: 0|req: 2/3] 192.168.122.223 () {58 vars in 1036 bytes} [Fri Jan 9 14:18:30 2026] POST /identity/v3/auth/tokens => generated 981 bytes in 407 msecs (HTTP/1.1 201) 6 headers in 384 bytes (1 switches on core 0)
Jan 09 14:18:30 devstack devstack@keystone.service[41425]: DEBUG keystone.server.flask.request_processing.middleware.auth_context [None req-cb1cd50a-b3cf-4fb0-89c7-d5db2dc30b9d None None] Authenticating user token {{(pid=41425) process_request /opt/stack/data/venv/lib/python3.10/site-packages/keystonemiddleware/auth_token/__init__.py:407}}
Jan 09 14:18:30 devstack devstack@keystone.service[41425]: INFO dbcounter [None req-cb1cd50a-b3cf-4fb0-89c7-d5db2dc30b9d None None] Registered counter for database keystone
Jan 09 14:18:30 devstack devstack@keystone.service[41425]: DEBUG oslo_db.sqlalchemy.engines [None req-cb1cd50a-b3cf-4fb0-89c7-d5db2dc30b9d None None] MySQL server mode set to STRICT_TRANS_TABLES,STRICT_ALL_TABLES,NO_ZERO_IN_DATE,NO_ZERO_DATE,ERROR_FOR_DIVISION_BY_ZERO,TRADITIONAL,NO_ENGINE_SUBSTITUTION {{(pid=41425) _check_effective_sql_mode /opt/stack/data/venv/lib/python3.10/site-packages/oslo_db/sqlalchemy/engines.py:397}}
Jan 09 14:18:30 devstack devstack@keystone.service[41425]: DEBUG dbcounter [-] [41425] Writer thread running {{(pid=41425) stat_writer /opt/stack/data/venv/lib/python3.10/site-packages/dbcounter.py:102}}
Jan 09 14:18:30 devstack devstack@keystone.service[41425]: DEBUG keystone.server.flask.request_processing.middleware.auth_context [None req-cb1cd50a-b3cf-4fb0-89c7-d5db2dc30b9d None None] Validating token access rules against request {{(pid=41425) validate_allowed_request /opt/stack/data/venv/lib/python3.10/site-packages/keystonemiddleware/auth_token/__init__.py:545}}
Jan 09 14:18:30 devstack devstack@keystone.service[41425]: DEBUG keystone.server.flask.request_processing.middleware.auth_context [None req-63a92810-8bdc-457e-976d-822b27cadc4b admin admin] RBAC: auth_context: {'token': , 'domain_id': None, 'trust_id': None, 'trustor_id': None, 'trustee_id': None, 'domain_name': None, 'group_ids': [], 'user_id': '9a7f6fb512784d2fae90542976fc1edb', 'user_domain_id': 'default', 'system_scope': None, 'project_id': '32965fc0d9014e32ae772f832902285e', 'project_domain_id': 'default', 'roles': ['admin', 'member', 'reader', 'manager'], 'is_admin_project': True, 'service_user_id': None, 'service_user_domain_id': None, 'service_project_id': None, 'service_project_domain_id': None, 'service_roles': []} {{(pid=41425) fill_context /opt/stack/keystone/keystone/server/flask/request_processing/middleware/auth_context.py:509}}
Jan 09 14:18:30 devstack devstack@keystone.service[41425]: DEBUG keystone.server.flask.request_processing.req_logging [None req-63a92810-8bdc-457e-976d-822b27cadc4b admin admin] REQUEST_METHOD: `GET` {{(pid=41425) log_request_info /opt/stack/keystone/keystone/server/flask/request_processing/req_logging.py:26}}
Jan 09 14:18:30 devstack devstack@keystone.service[41425]: DEBUG keystone.server.flask.request_processing.req_logging [None req-63a92810-8bdc-457e-976d-822b27cadc4b admin admin] SCRIPT_NAME: `/identity` {{(pid=41425) log_request_info /opt/stack/keystone/keystone/server/flask/request_processing/req_logging.py:27}}
Jan 09 14:18:30 devstack devstack@keystone.service[41425]: DEBUG keystone.server.flask.request_processing.req_logging [None req-63a92810-8bdc-457e-976d-822b27cadc4b admin admin] PATH_INFO: `/v3/auth/tokens` {{(pid=41425) log_request_info /opt/stack/keystone/keystone/server/flask/request_processing/req_logging.py:28}}
Jan 09 14:18:30 devstack devstack@keystone.service[41425]: DEBUG keystone.common.rbac_enforcer.enforcer [None req-63a92810-8bdc-457e-976d-822b27cadc4b admin admin] RBAC: Authorizing `identity:validate_token()` {{(pid=41425) enforce_call /opt/stack/keystone/keystone/common/rbac_enforcer/enforcer.py:494}}
Jan 09 14:18:30 devstack devstack@keystone.service[41425]: WARNING keystone.common.rbac_enforcer.enforcer [None req-63a92810-8bdc-457e-976d-822b27cadc4b admin admin] Deprecated policy rules found. Use oslopolicy-policy-generator and oslopolicy-policy-upgrade to detect and resolve deprecated policies in your configuration.
Jan 09 14:18:30 devstack devstack@keystone.service[41425]: DEBUG keystone.common.rbac_enforcer.enforcer [None req-63a92810-8bdc-457e-976d-822b27cadc4b admin admin] RBAC: Authorization granted {{(pid=41425) enforce_call /opt/stack/keystone/keystone/common/rbac_enforcer/enforcer.py:505}}
Jan 09 14:18:30 devstack devstack@keystone.service[41425]: [pid: 41425|app: 0|req: 2/4] 192.168.122.223 () {58 vars in 1336 bytes} [Fri Jan 9 14:18:30 2026] GET /identity/v3/auth/tokens => generated 981 bytes in 282 msecs (HTTP/1.1 200) 6 headers in 379 bytes (1 switches on core 0)
Jan 09 14:18:30 devstack devstack@keystone.service[41424]: DEBUG keystone.server.flask.request_processing.middleware.auth_context [None req-18d6b86f-331c-41ef-b8ea-cd49430142ab None None] Authenticating user token {{(pid=41424) process_request /opt/stack/data/venv/lib/python3.10/site-packages/keystonemiddleware/auth_token/__init__.py:407}}
Jan 09 14:18:30 devstack devstack@keystone.service[41424]: DEBUG keystone.server.flask.request_processing.middleware.auth_context [None req-18d6b86f-331c-41ef-b8ea-cd49430142ab None None] Validating token access rules against request {{(pid=41424) validate_allowed_request /opt/stack/data/venv/lib/python3.10/site-packages/keystonemiddleware/auth_token/__init__.py:545}}
Jan 09 14:18:30 devstack devstack@keystone.service[41424]: DEBUG keystone.server.flask.request_processing.middleware.auth_context [None req-34ca9af3-28af-4b84-b52f-f0f65b6d26c1 admin admin] RBAC: auth_context: {'token': , 'domain_id': None, 'trust_id': None, 'trustor_id': None, 'trustee_id': None, 'domain_name': None, 'group_ids': [], 'user_id': '9a7f6fb512784d2fae90542976fc1edb', 'user_domain_id': 'default', 'system_scope': None, 'project_id': '32965fc0d9014e32ae772f832902285e', 'project_domain_id': 'default', 'roles': ['admin', 'member', 'reader', 'manager'], 'is_admin_project': True, 'service_user_id': None, 'service_user_domain_id': None, 'service_project_id': None, 'service_project_domain_id': None, 'service_roles': []} {{(pid=41424) fill_context /opt/stack/keystone/keystone/server/flask/request_processing/middleware/auth_context.py:509}}
Jan 09 14:18:30 devstack devstack@keystone.service[41424]: DEBUG keystone.server.flask.request_processing.req_logging [None req-34ca9af3-28af-4b84-b52f-f0f65b6d26c1 admin admin] REQUEST_METHOD: `GET` {{(pid=41424) log_request_info /opt/stack/keystone/keystone/server/flask/request_processing/req_logging.py:26}}
Jan 09 14:18:30 devstack devstack@keystone.service[41424]: DEBUG keystone.server.flask.request_processing.req_logging [None req-34ca9af3-28af-4b84-b52f-f0f65b6d26c1 admin admin] SCRIPT_NAME: `/identity` {{(pid=41424) log_request_info /opt/stack/keystone/keystone/server/flask/request_processing/req_logging.py:27}}
Jan 09 14:18:30 devstack devstack@keystone.service[41424]: DEBUG keystone.server.flask.request_processing.req_logging [None req-34ca9af3-28af-4b84-b52f-f0f65b6d26c1 admin admin] PATH_INFO: `/v3/projects/32965fc0d9014e32ae772f832902285e` {{(pid=41424) log_request_info /opt/stack/keystone/keystone/server/flask/request_processing/req_logging.py:28}}
Jan 09 14:18:30 devstack devstack@keystone.service[41424]: DEBUG keystone.common.rbac_enforcer.enforcer [None req-34ca9af3-28af-4b84-b52f-f0f65b6d26c1 admin admin] RBAC: Authorizing `identity:get_project(project_id=32965fc0d9014e32ae772f832902285e)` {{(pid=41424) enforce_call /opt/stack/keystone/keystone/common/rbac_enforcer/enforcer.py:494}}
Jan 09 14:18:31 devstack devstack@keystone.service[41424]: WARNING keystone.common.rbac_enforcer.enforcer [None req-34ca9af3-28af-4b84-b52f-f0f65b6d26c1 admin admin] Deprecated policy rules found. Use oslopolicy-policy-generator and oslopolicy-policy-upgrade to detect and resolve deprecated policies in your configuration.
Jan 09 14:18:31 devstack devstack@keystone.service[41424]: DEBUG keystone.common.rbac_enforcer.enforcer [None req-34ca9af3-28af-4b84-b52f-f0f65b6d26c1 admin admin] RBAC: Authorization granted {{(pid=41424) enforce_call /opt/stack/keystone/keystone/common/rbac_enforcer/enforcer.py:505}}
Jan 09 14:18:31 devstack devstack@keystone.service[41424]: [pid: 41424|app: 0|req: 3/5] 192.168.122.223 () {56 vars in 1219 bytes} [Fri Jan 9 14:18:30 2026] GET /identity/v3/projects/32965fc0d9014e32ae772f832902285e => generated 348 bytes in 55 msecs (HTTP/1.1 200) 5 headers in 177 bytes (1 switches on core 0)
Jan 09 14:18:32 devstack devstack@keystone.service[41425]: DEBUG keystone.server.flask.request_processing.req_logging [None req-c952f3a4-e69f-42b2-a634-13dde2d45bd3 None None] REQUEST_METHOD: `GET` {{(pid=41425) log_request_info /opt/stack/keystone/keystone/server/flask/request_processing/req_logging.py:26}}
Jan 09 14:18:32 devstack devstack@keystone.service[41425]: DEBUG keystone.server.flask.request_processing.req_logging [None req-c952f3a4-e69f-42b2-a634-13dde2d45bd3 None None] SCRIPT_NAME: `/identity` {{(pid=41425) log_request_info /opt/stack/keystone/keystone/server/flask/request_processing/req_logging.py:27}}
Jan 09 14:18:32 devstack devstack@keystone.service[41425]: DEBUG keystone.server.flask.request_processing.req_logging [None req-c952f3a4-e69f-42b2-a634-13dde2d45bd3 None None] PATH_INFO: `/` {{(pid=41425) log_request_info /opt/stack/keystone/keystone/server/flask/request_processing/req_logging.py:28}}
Jan 09 14:18:32 devstack devstack@keystone.service[41425]: [pid: 41425|app: 0|req: 3/6] 192.168.122.223 () {54 vars in 939 bytes} [Fri Jan 9 14:18:32 2026] GET /identity => generated 274 bytes in 3 msecs (HTTP/1.1 300) 6 headers in 238 bytes (1 switches on core 0)
Jan 09 14:18:32 devstack devstack@keystone.service[41424]: DEBUG keystone.server.flask.request_processing.req_logging [None req-15245c9d-d7ea-4f18-92ca-58b3d8421677 None None] REQUEST_METHOD: `POST` {{(pid=41424) log_request_info /opt/stack/keystone/keystone/server/flask/request_processing/req_logging.py:26}}
Jan 09 14:18:32 devstack devstack@keystone.service[41424]: DEBUG keystone.server.flask.request_processing.req_logging [None req-15245c9d-d7ea-4f18-92ca-58b3d8421677 None None] SCRIPT_NAME: `/identity` {{(pid=41424) log_request_info /opt/stack/keystone/keystone/server/flask/request_processing/req_logging.py:27}}
Jan 09 14:18:32 devstack devstack@keystone.service[41424]: DEBUG keystone.server.flask.request_processing.req_logging [None req-15245c9d-d7ea-4f18-92ca-58b3d8421677 None None] PATH_INFO: `/v3/auth/tokens` {{(pid=41424) log_request_info /opt/stack/keystone/keystone/server/flask/request_processing/req_logging.py:28}}
Jan 09 14:18:32 devstack devstack@keystone.service[41424]: WARNING keystone.common.password_hashing [None req-15245c9d-d7ea-4f18-92ca-58b3d8421677 None None] Truncating password to algorithm specific maximum length 72 characters.
Jan 09 14:18:32 devstack devstack@keystone.service[41424]: DEBUG keystone.auth.core [None req-15245c9d-d7ea-4f18-92ca-58b3d8421677 None None] MFA Rules not processed for user `9a7f6fb512784d2fae90542976fc1edb`. Rule list: `[]` (Enabled: `True`). {{(pid=41424) check_auth_methods_against_rules /opt/stack/keystone/keystone/auth/core.py:476}}
Jan 09 14:18:32 devstack devstack@keystone.service[41424]: DEBUG keystone.common.fernet_utils [None req-15245c9d-d7ea-4f18-92ca-58b3d8421677 None None] Loaded 2 Fernet keys from /etc/keystone/fernet-keys/, but `[fernet_tokens] max_active_keys = 3`; perhaps there have not been enough key rotations to reach `max_active_keys` yet? {{(pid=41424) load_keys /opt/stack/keystone/keystone/common/fernet_utils.py:297}}
Jan 09 14:18:32 devstack devstack@keystone.service[41424]: [pid: 41424|app: 0|req: 4/7] 192.168.122.223 () {58 vars in 1036 bytes} [Fri Jan 9 14:18:32 2026] POST /identity/v3/auth/tokens => generated 981 bytes in 34 msecs (HTTP/1.1 201) 6 headers in 384 bytes (1 switches on core 0)
Jan 09 14:18:32 devstack devstack@keystone.service[41425]: DEBUG keystone.server.flask.request_processing.middleware.auth_context [None req-c952f3a4-e69f-42b2-a634-13dde2d45bd3 None None] Authenticating user token {{(pid=41425) process_request /opt/stack/data/venv/lib/python3.10/site-packages/keystonemiddleware/auth_token/__init__.py:407}}
Jan 09 14:18:32 devstack devstack@keystone.service[41425]: DEBUG keystone.server.flask.request_processing.middleware.auth_context [None req-c952f3a4-e69f-42b2-a634-13dde2d45bd3 None None] Validating token access rules against request {{(pid=41425) validate_allowed_request /opt/stack/data/venv/lib/python3.10/site-packages/keystonemiddleware/auth_token/__init__.py:545}}
Jan 09 14:18:32 devstack devstack@keystone.service[41425]: DEBUG keystone.server.flask.request_processing.middleware.auth_context [None req-9ff06091-85e8-4035-8f62-37dcb477c8a4 admin admin] RBAC: auth_context: {'token': , 'domain_id': None, 'trust_id': None, 'trustor_id': None, 'trustee_id': None, 'domain_name': None, 'group_ids': [], 'user_id': '9a7f6fb512784d2fae90542976fc1edb', 'user_domain_id': 'default', 'system_scope': None, 'project_id': '32965fc0d9014e32ae772f832902285e', 'project_domain_id': 'default', 'roles': ['admin', 'member', 'reader', 'manager'], 'is_admin_project': True, 'service_user_id': None, 'service_user_domain_id': None, 'service_project_id': None, 'service_project_domain_id': None, 'service_roles': []} {{(pid=41425) fill_context /opt/stack/keystone/keystone/server/flask/request_processing/middleware/auth_context.py:509}}
Jan 09 14:18:32 devstack devstack@keystone.service[41425]: DEBUG keystone.server.flask.request_processing.req_logging [None req-9ff06091-85e8-4035-8f62-37dcb477c8a4 admin admin] REQUEST_METHOD: `GET` {{(pid=41425) log_request_info /opt/stack/keystone/keystone/server/flask/request_processing/req_logging.py:26}}
Jan 09 14:18:32 devstack devstack@keystone.service[41425]: DEBUG keystone.server.flask.request_processing.req_logging [None req-9ff06091-85e8-4035-8f62-37dcb477c8a4 admin admin] SCRIPT_NAME: `/identity` {{(pid=41425) log_request_info /opt/stack/keystone/keystone/server/flask/request_processing/req_logging.py:27}}
Jan 09 14:18:32 devstack devstack@keystone.service[41425]: DEBUG keystone.server.flask.request_processing.req_logging [None req-9ff06091-85e8-4035-8f62-37dcb477c8a4 admin admin] PATH_INFO: `/v3/users/admin` {{(pid=41425) log_request_info /opt/stack/keystone/keystone/server/flask/request_processing/req_logging.py:28}}
Jan 09 14:18:32 devstack devstack@keystone.service[41425]: DEBUG keystone.common.rbac_enforcer.enforcer [None req-9ff06091-85e8-4035-8f62-37dcb477c8a4 admin admin] RBAC: Authorizing `identity:get_user(user_id=admin)` {{(pid=41425) enforce_call /opt/stack/keystone/keystone/common/rbac_enforcer/enforcer.py:494}}
Jan 09 14:18:32 devstack devstack@keystone.service[41425]: DEBUG keystone.common.rbac_enforcer.enforcer [None req-9ff06091-85e8-4035-8f62-37dcb477c8a4 admin admin] RBAC: Authorization granted {{(pid=41425) enforce_call /opt/stack/keystone/keystone/common/rbac_enforcer/enforcer.py:505}}
Jan 09 14:18:32 devstack devstack@keystone.service[41425]: DEBUG keystone.server.flask.application [None req-9ff06091-85e8-4035-8f62-37dcb477c8a4 admin admin] Could not find user: admin. {{(pid=41425) _handle_keystone_exception /opt/stack/keystone/keystone/server/flask/application.py:146}}
Jan 09 14:18:32 devstack devstack@keystone.service[41425]: [pid: 41425|app: 0|req: 4/8] 192.168.122.223 () {56 vars in 1173 bytes} [Fri Jan 9 14:18:32 2026] GET /identity/v3/users/admin => generated 83 bytes in 52 msecs (HTTP/1.1 404) 5 headers in 183 bytes (1 switches on core 0)
Jan 09 14:18:32 devstack devstack@keystone.service[41424]: DEBUG keystone.server.flask.request_processing.middleware.auth_context [None req-15245c9d-d7ea-4f18-92ca-58b3d8421677 None None] Authenticating user token {{(pid=41424) process_request /opt/stack/data/venv/lib/python3.10/site-packages/keystonemiddleware/auth_token/__init__.py:407}}
Jan 09 14:18:32 devstack devstack@keystone.service[41424]: DEBUG keystone.server.flask.request_processing.middleware.auth_context [None req-15245c9d-d7ea-4f18-92ca-58b3d8421677 None None] Validating token access rules against request {{(pid=41424) validate_allowed_request /opt/stack/data/venv/lib/python3.10/site-packages/keystonemiddleware/auth_token/__init__.py:545}}
Jan 09 14:18:32 devstack devstack@keystone.service[41424]: DEBUG keystone.server.flask.request_processing.middleware.auth_context [None req-decb861e-7404-47b8-ab14-ac92963963ba admin admin] RBAC: auth_context: {'token': , 'domain_id': None, 'trust_id': None, 'trustor_id': None, 'trustee_id': None, 'domain_name': None, 'group_ids': [], 'user_id': '9a7f6fb512784d2fae90542976fc1edb', 'user_domain_id': 'default', 'system_scope': None, 'project_id': '32965fc0d9014e32ae772f832902285e', 'project_domain_id': 'default', 'roles': ['admin', 'member', 'reader', 'manager'], 'is_admin_project': True, 'service_user_id': None, 'service_user_domain_id': None, 'service_project_id': None, 'service_project_domain_id': None, 'service_roles': []} {{(pid=41424) fill_context /opt/stack/keystone/keystone/server/flask/request_processing/middleware/auth_context.py:509}}
Jan 09 14:18:32 devstack devstack@keystone.service[41424]: DEBUG keystone.server.flask.request_processing.req_logging [None req-decb861e-7404-47b8-ab14-ac92963963ba admin admin] REQUEST_METHOD: `GET` {{(pid=41424) log_request_info /opt/stack/keystone/keystone/server/flask/request_processing/req_logging.py:26}}
Jan 09 14:18:32 devstack devstack@keystone.service[41424]: DEBUG keystone.server.flask.request_processing.req_logging [None req-decb861e-7404-47b8-ab14-ac92963963ba admin admin] SCRIPT_NAME: `/identity` {{(pid=41424) log_request_info /opt/stack/keystone/keystone/server/flask/request_processing/req_logging.py:27}}
Jan 09 14:18:32 devstack devstack@keystone.service[41424]: DEBUG keystone.server.flask.request_processing.req_logging [None req-decb861e-7404-47b8-ab14-ac92963963ba admin admin] PATH_INFO: `/v3/users` {{(pid=41424) log_request_info /opt/stack/keystone/keystone/server/flask/request_processing/req_logging.py:28}}
Jan 09 14:18:32 devstack devstack@keystone.service[41424]: DEBUG keystone.common.rbac_enforcer.enforcer [None req-decb861e-7404-47b8-ab14-ac92963963ba admin admin] RBAC: Adding query filter params (name=admin) {{(pid=41424) _extract_filter_values /opt/stack/keystone/keystone/common/rbac_enforcer/enforcer.py:176}}
Jan 09 14:18:32 devstack devstack@keystone.service[41424]: DEBUG keystone.common.rbac_enforcer.enforcer [None req-decb861e-7404-47b8-ab14-ac92963963ba admin admin] RBAC: Authorizing `identity:list_users()` {{(pid=41424) enforce_call /opt/stack/keystone/keystone/common/rbac_enforcer/enforcer.py:494}}
Jan 09 14:18:32 devstack devstack@keystone.service[41424]: DEBUG keystone.common.rbac_enforcer.enforcer [None req-decb861e-7404-47b8-ab14-ac92963963ba admin admin] RBAC: Authorization granted {{(pid=41424) enforce_call /opt/stack/keystone/keystone/common/rbac_enforcer/enforcer.py:505}}
Jan 09 14:18:32 devstack devstack@keystone.service[41424]: [pid: 41424|app: 0|req: 5/9] 192.168.122.223 () {56 vars in 1189 bytes} [Fri Jan 9 14:18:32 2026] GET /identity/v3/users?name=admin => generated 360 bytes in 60 msecs (HTTP/1.1 200) 5 headers in 177 bytes (1 switches on core 0)
Jan 09 14:18:34 devstack devstack@keystone.service[41425]: DEBUG keystone.server.flask.request_processing.req_logging [None req-bb709d7d-3cc5-4a44-a3db-d344b1075719 None None] REQUEST_METHOD: `GET` {{(pid=41425) log_request_info /opt/stack/keystone/keystone/server/flask/request_processing/req_logging.py:26}}
Jan 09 14:18:34 devstack devstack@keystone.service[41425]: DEBUG keystone.server.flask.request_processing.req_logging [None req-bb709d7d-3cc5-4a44-a3db-d344b1075719 None None] SCRIPT_NAME: `/identity` {{(pid=41425) log_request_info /opt/stack/keystone/keystone/server/flask/request_processing/req_logging.py:27}}
Jan 09 14:18:34 devstack devstack@keystone.service[41425]: DEBUG keystone.server.flask.request_processing.req_logging [None req-bb709d7d-3cc5-4a44-a3db-d344b1075719 None None] PATH_INFO: `/` {{(pid=41425) log_request_info /opt/stack/keystone/keystone/server/flask/request_processing/req_logging.py:28}}
Jan 09 14:18:34 devstack devstack@keystone.service[41425]: [pid: 41425|app: 0|req: 5/10] 192.168.122.223 () {54 vars in 939 bytes} [Fri Jan 9 14:18:34 2026] GET /identity => generated 274 bytes in 3 msecs (HTTP/1.1 300) 6 headers in 238 bytes (1 switches on core 0)
Jan 09 14:18:34 devstack devstack@keystone.service[41424]: DEBUG keystone.server.flask.request_processing.req_logging [None req-d1809a04-79a8-4021-97dc-f08e7d9ba05d None None] REQUEST_METHOD: `POST` {{(pid=41424) log_request_info /opt/stack/keystone/keystone/server/flask/request_processing/req_logging.py:26}}
Jan 09 14:18:34 devstack devstack@keystone.service[41424]: DEBUG keystone.server.flask.request_processing.req_logging [None req-d1809a04-79a8-4021-97dc-f08e7d9ba05d None None] SCRIPT_NAME: `/identity` {{(pid=41424) log_request_info /opt/stack/keystone/keystone/server/flask/request_processing/req_logging.py:27}}
Jan 09 14:18:34 devstack devstack@keystone.service[41424]: DEBUG keystone.server.flask.request_processing.req_logging [None req-d1809a04-79a8-4021-97dc-f08e7d9ba05d None None] PATH_INFO: `/v3/auth/tokens` {{(pid=41424) log_request_info /opt/stack/keystone/keystone/server/flask/request_processing/req_logging.py:28}}
Jan 09 14:18:34 devstack devstack@keystone.service[41424]: WARNING keystone.common.password_hashing [None req-d1809a04-79a8-4021-97dc-f08e7d9ba05d None None] Truncating password to algorithm specific maximum length 72 characters.
Jan 09 14:18:34 devstack devstack@keystone.service[41424]: DEBUG keystone.auth.core [None req-d1809a04-79a8-4021-97dc-f08e7d9ba05d None None] MFA Rules not processed for user `9a7f6fb512784d2fae90542976fc1edb`. Rule list: `[]` (Enabled: `True`). {{(pid=41424) check_auth_methods_against_rules /opt/stack/keystone/keystone/auth/core.py:476}}
Jan 09 14:18:34 devstack devstack@keystone.service[41424]: DEBUG keystone.common.fernet_utils [None req-d1809a04-79a8-4021-97dc-f08e7d9ba05d None None] Loaded 2 Fernet keys from /etc/keystone/fernet-keys/, but `[fernet_tokens] max_active_keys = 3`; perhaps there have not been enough key rotations to reach `max_active_keys` yet? {{(pid=41424) load_keys /opt/stack/keystone/keystone/common/fernet_utils.py:297}}
Jan 09 14:18:34 devstack devstack@keystone.service[41425]: DEBUG keystone.server.flask.request_processing.req_logging [None req-576c0581-cdb5-4e2a-bc7a-ba4e6a6ebeb6 None None] REQUEST_METHOD: `GET` {{(pid=41425) log_request_info /opt/stack/keystone/keystone/server/flask/request_processing/req_logging.py:26}}
Jan 09 14:18:34 devstack devstack@keystone.service[41425]: DEBUG keystone.server.flask.request_processing.req_logging [None req-576c0581-cdb5-4e2a-bc7a-ba4e6a6ebeb6 None None] SCRIPT_NAME: `/identity` {{(pid=41425) log_request_info /opt/stack/keystone/keystone/server/flask/request_processing/req_logging.py:27}}
Jan 09 14:18:34 devstack devstack@keystone.service[41425]: DEBUG keystone.server.flask.request_processing.req_logging [None req-576c0581-cdb5-4e2a-bc7a-ba4e6a6ebeb6 None None] PATH_INFO: `/` {{(pid=41425) log_request_info /opt/stack/keystone/keystone/server/flask/request_processing/req_logging.py:28}}
Jan 09 14:18:34 devstack devstack@keystone.service[41425]: [pid: 41425|app: 0|req: 6/11] 192.168.122.223 () {54 vars in 939 bytes} [Fri Jan 9 14:18:34 2026] GET /identity => generated 274 bytes in 3 msecs (HTTP/1.1 300) 6 headers in 238 bytes (1 switches on core 0)
Jan 09 14:18:34 devstack devstack@keystone.service[41425]: DEBUG keystone.server.flask.request_processing.req_logging [None req-faa29dd9-568a-4498-bb9c-a39509a45303 None None] REQUEST_METHOD: `POST` {{(pid=41425) log_request_info /opt/stack/keystone/keystone/server/flask/request_processing/req_logging.py:26}}
Jan 09 14:18:34 devstack devstack@keystone.service[41425]: DEBUG keystone.server.flask.request_processing.req_logging [None req-faa29dd9-568a-4498-bb9c-a39509a45303 None None] SCRIPT_NAME: `/identity` {{(pid=41425) log_request_info /opt/stack/keystone/keystone/server/flask/request_processing/req_logging.py:27}}
Jan 09 14:18:34 devstack devstack@keystone.service[41425]: DEBUG keystone.server.flask.request_processing.req_logging [None req-faa29dd9-568a-4498-bb9c-a39509a45303 None None] PATH_INFO: `/v3/auth/tokens` {{(pid=41425) log_request_info /opt/stack/keystone/keystone/server/flask/request_processing/req_logging.py:28}}
Jan 09 14:18:34 devstack devstack@keystone.service[41424]: [pid: 41424|app: 0|req: 6/12] 192.168.122.223 () {58 vars in 1036 bytes} [Fri Jan 9 14:18:34 2026] POST /identity/v3/auth/tokens => generated 866 bytes in 95 msecs (HTTP/1.1 201) 6 headers in 363 bytes (1 switches on core 0)
Jan 09 14:18:34 devstack devstack@keystone.service[41425]: WARNING keystone.common.password_hashing [None req-faa29dd9-568a-4498-bb9c-a39509a45303 None None] Truncating password to algorithm specific maximum length 72 characters.
Jan 09 14:18:34 devstack devstack@keystone.service[41425]: DEBUG keystone.auth.core [None req-faa29dd9-568a-4498-bb9c-a39509a45303 None None] MFA Rules not processed for user `9a7f6fb512784d2fae90542976fc1edb`. Rule list: `[]` (Enabled: `True`). {{(pid=41425) check_auth_methods_against_rules /opt/stack/keystone/keystone/auth/core.py:476}}
Jan 09 14:18:34 devstack devstack@keystone.service[41425]: DEBUG keystone.common.fernet_utils [None req-faa29dd9-568a-4498-bb9c-a39509a45303 None None] Loaded 2 Fernet keys from /etc/keystone/fernet-keys/, but `[fernet_tokens] max_active_keys = 3`; perhaps there have not been enough key rotations to reach `max_active_keys` yet? {{(pid=41425) load_keys /opt/stack/keystone/keystone/common/fernet_utils.py:297}}
Jan 09 14:18:34 devstack devstack@keystone.service[41425]: [pid: 41425|app: 0|req: 7/13] 192.168.122.223 () {58 vars in 1036 bytes} [Fri Jan 9 14:18:34 2026] POST /identity/v3/auth/tokens => generated 866 bytes in 107 msecs (HTTP/1.1 201) 6 headers in 363 bytes (2 switches on core 0)
Jan 09 14:18:34 devstack devstack@keystone.service[41424]: DEBUG keystone.server.flask.request_processing.middleware.auth_context [None req-d1809a04-79a8-4021-97dc-f08e7d9ba05d None None] Authenticating user token {{(pid=41424) process_request /opt/stack/data/venv/lib/python3.10/site-packages/keystonemiddleware/auth_token/__init__.py:407}}
Jan 09 14:18:34 devstack devstack@keystone.service[41424]: DEBUG keystone.server.flask.request_processing.middleware.auth_context [None req-d1809a04-79a8-4021-97dc-f08e7d9ba05d None None] Validating token access rules against request {{(pid=41424) validate_allowed_request /opt/stack/data/venv/lib/python3.10/site-packages/keystonemiddleware/auth_token/__init__.py:545}}
Jan 09 14:18:34 devstack devstack@keystone.service[41424]: DEBUG keystone.server.flask.request_processing.middleware.auth_context [None req-3ff1baae-c5dc-4c44-86b8-923f1d7eb1be None admin] RBAC: auth_context: {'token': , 'domain_id': None, 'trust_id': None, 'trustor_id': None, 'trustee_id': None, 'domain_name': None, 'group_ids': [], 'user_id': '9a7f6fb512784d2fae90542976fc1edb', 'user_domain_id': 'default', 'system_scope': 'all', 'project_id': None, 'project_domain_id': None, 'roles': ['admin', 'manager', 'member', 'reader'], 'is_admin_project': True, 'service_user_id': None, 'service_user_domain_id': None, 'service_project_id': None, 'service_project_domain_id': None, 'service_roles': []} {{(pid=41424) fill_context /opt/stack/keystone/keystone/server/flask/request_processing/middleware/auth_context.py:509}}
Jan 09 14:18:34 devstack devstack@keystone.service[41424]: DEBUG keystone.server.flask.request_processing.req_logging [None req-3ff1baae-c5dc-4c44-86b8-923f1d7eb1be None admin] REQUEST_METHOD: `GET` {{(pid=41424) log_request_info /opt/stack/keystone/keystone/server/flask/request_processing/req_logging.py:26}}
Jan 09 14:18:34 devstack devstack@keystone.service[41424]: DEBUG keystone.server.flask.request_processing.req_logging [None req-3ff1baae-c5dc-4c44-86b8-923f1d7eb1be None admin] SCRIPT_NAME: `/identity` {{(pid=41424) log_request_info /opt/stack/keystone/keystone/server/flask/request_processing/req_logging.py:27}}
Jan 09 14:18:34 devstack devstack@keystone.service[41424]: DEBUG keystone.server.flask.request_processing.req_logging [None req-3ff1baae-c5dc-4c44-86b8-923f1d7eb1be None admin] PATH_INFO: `/v3/roles/admin` {{(pid=41424) log_request_info /opt/stack/keystone/keystone/server/flask/request_processing/req_logging.py:28}}
Jan 09 14:18:34 devstack devstack@keystone.service[41424]: DEBUG keystone.common.rbac_enforcer.enforcer [None req-3ff1baae-c5dc-4c44-86b8-923f1d7eb1be None admin] Extracting inferred target data resulted in "NOT FOUND (404)". {{(pid=41424) enforce_call /opt/stack/keystone/keystone/common/rbac_enforcer/enforcer.py:445}}
Jan 09 14:18:34 devstack devstack@keystone.service[41425]: DEBUG keystone.server.flask.request_processing.middleware.auth_context [None req-faa29dd9-568a-4498-bb9c-a39509a45303 None None] Authenticating user token {{(pid=41425) process_request /opt/stack/data/venv/lib/python3.10/site-packages/keystonemiddleware/auth_token/__init__.py:407}}
Jan 09 14:18:34 devstack devstack@keystone.service[41424]: DEBUG keystone.server.flask.application [None req-3ff1baae-c5dc-4c44-86b8-923f1d7eb1be None admin] Could not find role: admin. {{(pid=41424) _handle_keystone_exception /opt/stack/keystone/keystone/server/flask/application.py:146}}
Jan 09 14:18:34 devstack devstack@keystone.service[41424]: [pid: 41424|app: 0|req: 7/14] 192.168.122.223 () {56 vars in 1152 bytes} [Fri Jan 9 14:18:34 2026] GET /identity/v3/roles/admin => generated 83 bytes in 104 msecs (HTTP/1.1 404) 5 headers in 183 bytes (1 switches on core 0)
Jan 09 14:18:34 devstack devstack@keystone.service[41424]: DEBUG keystone.server.flask.request_processing.middleware.auth_context [None req-3ff1baae-c5dc-4c44-86b8-923f1d7eb1be None admin] Authenticating user token {{(pid=41424) process_request /opt/stack/data/venv/lib/python3.10/site-packages/keystonemiddleware/auth_token/__init__.py:407}}
Jan 09 14:18:34 devstack devstack@keystone.service[41425]: DEBUG keystone.server.flask.request_processing.middleware.auth_context [None req-faa29dd9-568a-4498-bb9c-a39509a45303 None None] Validating token access rules against request {{(pid=41425) validate_allowed_request /opt/stack/data/venv/lib/python3.10/site-packages/keystonemiddleware/auth_token/__init__.py:545}}
Jan 09 14:18:34 devstack devstack@keystone.service[41424]: DEBUG keystone.server.flask.request_processing.middleware.auth_context [None req-3ff1baae-c5dc-4c44-86b8-923f1d7eb1be None admin] Validating token access rules against request {{(pid=41424) validate_allowed_request /opt/stack/data/venv/lib/python3.10/site-packages/keystonemiddleware/auth_token/__init__.py:545}}
Jan 09 14:18:34 devstack devstack@keystone.service[41424]: DEBUG keystone.server.flask.request_processing.middleware.auth_context [None req-6ffc6cd8-a296-43f9-9d24-0ccbdda338fa None admin] RBAC: auth_context: {'token': , 'domain_id': None, 'trust_id': None, 'trustor_id': None, 'trustee_id': None, 'domain_name': None, 'group_ids': [], 'user_id': '9a7f6fb512784d2fae90542976fc1edb', 'user_domain_id': 'default', 'system_scope': 'all', 'project_id': None, 'project_domain_id': None, 'roles': ['admin', 'manager', 'member', 'reader'], 'is_admin_project': True, 'service_user_id': None, 'service_user_domain_id': None, 'service_project_id': None, 'service_project_domain_id': None, 'service_roles': []} {{(pid=41424) fill_context /opt/stack/keystone/keystone/server/flask/request_processing/middleware/auth_context.py:509}}
Jan 09 14:18:34 devstack devstack@keystone.service[41424]: DEBUG keystone.server.flask.request_processing.req_logging [None req-6ffc6cd8-a296-43f9-9d24-0ccbdda338fa None admin] REQUEST_METHOD: `GET` {{(pid=41424) log_request_info /opt/stack/keystone/keystone/server/flask/request_processing/req_logging.py:26}}
Jan 09 14:18:34 devstack devstack@keystone.service[41424]: DEBUG keystone.server.flask.request_processing.req_logging [None req-6ffc6cd8-a296-43f9-9d24-0ccbdda338fa None admin] SCRIPT_NAME: `/identity` {{(pid=41424) log_request_info /opt/stack/keystone/keystone/server/flask/request_processing/req_logging.py:27}}
Jan 09 14:18:34 devstack devstack@keystone.service[41424]: DEBUG keystone.server.flask.request_processing.req_logging [None req-6ffc6cd8-a296-43f9-9d24-0ccbdda338fa None admin] PATH_INFO: `/v3/roles` {{(pid=41424) log_request_info /opt/stack/keystone/keystone/server/flask/request_processing/req_logging.py:28}}
Jan 09 14:18:34 devstack devstack@keystone.service[41425]: DEBUG keystone.server.flask.request_processing.middleware.auth_context [None req-8dc45bd2-9605-4eff-a5a9-f37cc296a7de None admin] RBAC: auth_context: {'token': , 'domain_id': None, 'trust_id': None, 'trustor_id': None, 'trustee_id': None, 'domain_name': None, 'group_ids': [], 'user_id': '9a7f6fb512784d2fae90542976fc1edb', 'user_domain_id': 'default', 'system_scope': 'all', 'project_id': None, 'project_domain_id': None, 'roles': ['admin', 'manager', 'member', 'reader'], 'is_admin_project': True, 'service_user_id': None, 'service_user_domain_id': None, 'service_project_id': None, 'service_project_domain_id': None, 'service_roles': []} {{(pid=41425) fill_context /opt/stack/keystone/keystone/server/flask/request_processing/middleware/auth_context.py:509}}
Jan 09 14:18:34 devstack devstack@keystone.service[41425]: DEBUG keystone.server.flask.request_processing.req_logging [None req-8dc45bd2-9605-4eff-a5a9-f37cc296a7de None admin] REQUEST_METHOD: `POST` {{(pid=41425) log_request_info /opt/stack/keystone/keystone/server/flask/request_processing/req_logging.py:26}}
Jan 09 14:18:34 devstack devstack@keystone.service[41424]: DEBUG keystone.common.rbac_enforcer.enforcer [None req-6ffc6cd8-a296-43f9-9d24-0ccbdda338fa None admin] RBAC: Adding query filter params (name=admin) {{(pid=41424) _extract_filter_values /opt/stack/keystone/keystone/common/rbac_enforcer/enforcer.py:176}}
Jan 09 14:18:34 devstack devstack@keystone.service[41425]: DEBUG keystone.server.flask.request_processing.req_logging [None req-8dc45bd2-9605-4eff-a5a9-f37cc296a7de None admin] SCRIPT_NAME: `/identity` {{(pid=41425) log_request_info /opt/stack/keystone/keystone/server/flask/request_processing/req_logging.py:27}}
Jan 09 14:18:34 devstack devstack@keystone.service[41424]: DEBUG keystone.common.rbac_enforcer.enforcer [None req-6ffc6cd8-a296-43f9-9d24-0ccbdda338fa None admin] RBAC: Authorizing `identity:list_roles()` {{(pid=41424) enforce_call /opt/stack/keystone/keystone/common/rbac_enforcer/enforcer.py:494}}
Jan 09 14:18:34 devstack devstack@keystone.service[41425]: DEBUG keystone.server.flask.request_processing.req_logging [None req-8dc45bd2-9605-4eff-a5a9-f37cc296a7de None admin] PATH_INFO: `/v3/domains` {{(pid=41425) log_request_info /opt/stack/keystone/keystone/server/flask/request_processing/req_logging.py:28}}
Jan 09 14:18:34 devstack devstack@keystone.service[41424]: DEBUG keystone.common.rbac_enforcer.enforcer [None req-6ffc6cd8-a296-43f9-9d24-0ccbdda338fa None admin] RBAC: Authorization granted {{(pid=41424) enforce_call /opt/stack/keystone/keystone/common/rbac_enforcer/enforcer.py:505}}
Jan 09 14:18:34 devstack devstack@keystone.service[41425]: DEBUG keystone.common.rbac_enforcer.enforcer [None req-8dc45bd2-9605-4eff-a5a9-f37cc296a7de None admin] RBAC: Authorizing `identity:create_domain()` {{(pid=41425) enforce_call /opt/stack/keystone/keystone/common/rbac_enforcer/enforcer.py:494}}
Jan 09 14:18:34 devstack devstack@keystone.service[41425]: DEBUG keystone.common.rbac_enforcer.enforcer [None req-8dc45bd2-9605-4eff-a5a9-f37cc296a7de None admin] RBAC: Authorization granted {{(pid=41425) enforce_call /opt/stack/keystone/keystone/common/rbac_enforcer/enforcer.py:505}}
Jan 09 14:18:34 devstack devstack@keystone.service[41425]: DEBUG keystone.common.sql.core [None req-8dc45bd2-9605-4eff-a5a9-f37cc296a7de None admin] Conflict project: (pymysql.err.IntegrityError) (1062, "Duplicate entry '<>-Default' for key 'project.ixu_project_name_domain_id'")
Jan 09 14:18:34 devstack devstack@keystone.service[41425]: [SQL: INSERT INTO project (id, name, domain_id, description, enabled, extra, parent_id, is_domain) VALUES (%(id)s, %(name)s, %(domain_id)s, %(description)s, %(enabled)s, %(extra)s, %(parent_id)s, %(is_domain)s)]
Jan 09 14:18:34 devstack devstack@keystone.service[41425]: [parameters: {'id': 'c37e180f6eaa474c96444a5c3147b851', 'name': 'Default', 'domain_id': '<>', 'description': '', 'enabled': 1, 'extra': '{}', 'parent_id': None, 'is_domain': 1}]
Jan 09 14:18:34 devstack devstack@keystone.service[41425]: (Background on this error at: https://sqlalche.me/e/20/gkpj) {{(pid=41425) wrapper /opt/stack/keystone/keystone/common/sql/core.py:580}}
Jan 09 14:18:34 devstack devstack@keystone.service[41424]: [pid: 41424|app: 0|req: 8/15] 192.168.122.223 () {56 vars in 1168 bytes} [Fri Jan 9 14:18:34 2026] GET /identity/v3/roles?name=admin => generated 347 bytes in 116 msecs (HTTP/1.1 200) 5 headers in 177 bytes (1 switches on core 0)
Jan 09 14:18:34 devstack devstack@keystone.service[41424]: DEBUG keystone.server.flask.request_processing.middleware.auth_context [None req-6ffc6cd8-a296-43f9-9d24-0ccbdda338fa None admin] Authenticating user token {{(pid=41424) process_request /opt/stack/data/venv/lib/python3.10/site-packages/keystonemiddleware/auth_token/__init__.py:407}}
Jan 09 14:18:34 devstack devstack@keystone.service[41425]: ERROR keystone.server.flask.application [None req-8dc45bd2-9605-4eff-a5a9-f37cc296a7de None admin] Conflict occurred attempting to store project - it is not permitted to have two projects acting as domains with the same name: Default.: keystone.exception.Conflict: Conflict occurred attempting to store project - it is not permitted to have two projects acting as domains with the same name: Default.
Jan 09 14:18:34 devstack devstack@keystone.service[41425]: ERROR keystone.server.flask.application
Traceback (most recent call last):
Jan 09 14:18:34 devstack devstack@keystone.service[41425]: ERROR keystone.server.flask.application
File "/opt/stack/data/venv/lib/python3.10/site-packages/sqlalchemy/engine/base.py", line 1967, in _exec_single_context
Jan 09 14:18:34 devstack devstack@keystone.service[41425]: ERROR keystone.server.flask.application self.dialect.do_execute(
Jan 09 14:18:34 devstack devstack@keystone.service[41425]: ERROR keystone.server.flask.application
File "/opt/stack/data/venv/lib/python3.10/site-packages/sqlalchemy/engine/default.py", line 951, in do_execute
Jan 09 14:18:34 devstack devstack@keystone.service[41425]: ERROR keystone.server.flask.application cursor.execute(statement, parameters)
Jan 09 14:18:34 devstack devstack@keystone.service[41425]: ERROR keystone.server.flask.application
File "/opt/stack/data/venv/lib/python3.10/site-packages/pymysql/cursors.py", line 153, in execute
Jan 09 14:18:34 devstack devstack@keystone.service[41425]: ERROR keystone.server.flask.application result = self._query(query)
Jan 09 14:18:34 devstack devstack@keystone.service[41425]: ERROR keystone.server.flask.application
File "/opt/stack/data/venv/lib/python3.10/site-packages/pymysql/cursors.py", line 322, in _query
Jan 09 14:18:34 devstack devstack@keystone.service[41425]: ERROR keystone.server.flask.application conn.query(q)
Jan 09 14:18:34 devstack devstack@keystone.service[41425]: ERROR keystone.server.flask.application
File "/opt/stack/data/venv/lib/python3.10/site-packages/pymysql/connections.py", line 575, in query
Jan 09 14:18:34 devstack devstack@keystone.service[41425]: ERROR keystone.server.flask.application self._affected_rows = self._read_query_result(unbuffered=unbuffered)
Jan 09 14:18:34 devstack devstack@keystone.service[41425]: ERROR keystone.server.flask.application
File "/opt/stack/data/venv/lib/python3.10/site-packages/pymysql/connections.py", line 826, in _read_query_result
Jan 09 14:18:34 devstack devstack@keystone.service[41425]: ERROR keystone.server.flask.application result.read()
Jan 09 14:18:34 devstack devstack@keystone.service[41425]: ERROR keystone.server.flask.application
File "/opt/stack/data/venv/lib/python3.10/site-packages/pymysql/connections.py", line 1203, in read
Jan 09 14:18:34 devstack devstack@keystone.service[41425]: ERROR keystone.server.flask.application first_packet = self.connection._read_packet()
Jan 09 14:18:34 devstack devstack@keystone.service[41425]: ERROR keystone.server.flask.application
File "/opt/stack/data/venv/lib/python3.10/site-packages/pymysql/connections.py", line 782, in _read_packet
Jan 09 14:18:34 devstack devstack@keystone.service[41425]: ERROR keystone.server.flask.application packet.raise_for_error()
Jan 09 14:18:34 devstack devstack@keystone.service[41425]: ERROR keystone.server.flask.application
File "/opt/stack/data/venv/lib/python3.10/site-packages/pymysql/protocol.py", line 219, in raise_for_error
Jan 09 14:18:34 devstack devstack@keystone.service[41425]: ERROR keystone.server.flask.application err.raise_mysql_exception(self._data)
Jan 09 14:18:34 devstack devstack@keystone.service[41425]: ERROR keystone.server.flask.application
File "/opt/stack/data/venv/lib/python3.10/site-packages/pymysql/err.py", line 150, in raise_mysql_exception
Jan 09 14:18:34 devstack devstack@keystone.service[41425]: ERROR keystone.server.flask.application raise errorclass(errno, errval)
Jan 09 14:18:34 devstack devstack@keystone.service[41425]: ERROR keystone.server.flask.application pymysql.err.IntegrityError: (1062, "Duplicate entry '<>-Default' for key 'project.ixu_project_name_domain_id'")
Jan 09 14:18:34 devstack devstack@keystone.service[41425]: ERROR keystone.server.flask.application
Jan 09 14:18:34 devstack devstack@keystone.service[41425]: ERROR keystone.server.flask.application The above exception was the direct cause of the following exception:
Jan 09 14:18:34 devstack devstack@keystone.service[41425]: ERROR keystone.server.flask.application
Jan 09 14:18:34 devstack devstack@keystone.service[41425]: ERROR keystone.server.flask.application
Traceback (most recent call last):
Jan 09 14:18:34 devstack devstack@keystone.service[41425]: ERROR keystone.server.flask.application
File "/opt/stack/keystone/keystone/common/sql/core.py", line 575, in wrapper
Jan 09 14:18:34 devstack devstack@keystone.service[41425]: ERROR keystone.server.flask.application return method(*args, **kwargs)
Jan 09 14:18:34 devstack devstack@keystone.service[41425]: ERROR keystone.server.flask.application
File "/opt/stack/keystone/keystone/resource/backends/sql.py", line 278, in create_project
Jan 09 14:18:34 devstack devstack@keystone.service[41425]: ERROR keystone.server.flask.application with sql.session_for_write() as session:
Jan 09 14:18:34 devstack devstack@keystone.service[41425]: ERROR keystone.server.flask.application
File "/usr/lib/python3.10/contextlib.py", line 142, in __exit__
Jan 09 14:18:34 devstack devstack@keystone.service[41425]: ERROR keystone.server.flask.application next(self.gen)
Jan 09 14:18:34 devstack devstack@keystone.service[41425]: ERROR keystone.server.flask.application
File "/opt/stack/data/venv/lib/python3.10/site-packages/oslo_db/sqlalchemy/enginefacade.py", line 1199, in _transaction_scope
Jan 09 14:18:34 devstack devstack@keystone.service[41425]: ERROR keystone.server.flask.application with current._produce_block(
Jan 09 14:18:34 devstack devstack@keystone.service[41425]: ERROR keystone.server.flask.application
File "/usr/lib/python3.10/contextlib.py", line 142, in __exit__
