Jul 24 09:42:16 devstack cinder-volume[88488]: DEBUG oslo_concurrency.processutils [None req-d7605a75-adb6-455a-b79a-ae0e8aa345d0 tempest-VolumesSnapshotListTestJSON-1039835064 None] Running cmd (subprocess): sudo cinder-rootwrap /etc/cinder/rootwrap.conf qemu-img create -f qcow2 -o backing_file=/opt/stack/data/cinder/mnt/0c854a86a9cdc79308426c3701abd031/volume-acd7e7e9-4401-4c1c-ab36-4158b101d57d.3760d7b5-d7c8-4e75-b217-89fca88f9a89,backing_fmt=qcow2 /opt/stack/data/cinder/mnt/0c854a86a9cdc79308426c3701abd031/volume-acd7e7e9-4401-4c1c-ab36-4158b101d57d.4c9d9c2c-37a6-43d0-9126-388c6c6c7e6f 1G {{(pid=88488) execute /opt/stack/data/venv/lib/python3.12/site-packages/oslo_concurrency/processutils.py:440}}
Jul 24 09:42:16 devstack sudo[96327]: quobyte : PWD=/ ; USER=root ; COMMAND=/opt/stack/data/venv/bin/cinder-rootwrap /etc/cinder/rootwrap.conf qemu-img create -f qcow2 -o backing_file=/opt/stack/data/cinder/mnt/0c854a86a9cdc79308426c3701abd031/volume-acd7e7e9-4401-4c1c-ab36-4158b101d57d.3760d7b5-d7c8-4e75-b217-89fca88f9a89,backing_fmt=qcow2 /opt/stack/data/cinder/mnt/0c854a86a9cdc79308426c3701abd031/volume-acd7e7e9-4401-4c1c-ab36-4158b101d57d.4c9d9c2c-37a6-43d0-9126-388c6c6c7e6f 1G
Jul 24 09:42:16 devstack sudo[96327]: pam_unix(sudo:session): session opened for user root(uid=0) by (uid=1000)
Jul 24 09:42:16 devstack sudo[96327]: pam_unix(sudo:session): session closed for user root
Jul 24 09:42:17 devstack cinder-volume[88488]: DEBUG oslo_concurrency.processutils [None req-d7605a75-adb6-455a-b79a-ae0e8aa345d0 tempest-VolumesSnapshotListTestJSON-1039835064 None] CMD "sudo cinder-rootwrap /etc/cinder/rootwrap.conf qemu-img create -f qcow2 -o backing_file=/opt/stack/data/cinder/mnt/0c854a86a9cdc79308426c3701abd031/volume-acd7e7e9-4401-4c1c-ab36-4158b101d57d.3760d7b5-d7c8-4e75-b217-89fca88f9a89,backing_fmt=qcow2 /opt/stack/data/cinder/mnt/0c854a86a9cdc79308426c3701abd031/volume-acd7e7e9-4401-4c1c-ab36-4158b101d57d.4c9d9c2c-37a6-43d0-9126-388c6c6c7e6f 1G" returned: 0 in 0.637s {{(pid=88488) execute /opt/stack/data/venv/lib/python3.12/site-packages/oslo_concurrency/processutils.py:468}}
Jul 24 09:42:17 devstack cinder-volume[88488]: DEBUG oslo_concurrency.processutils [None req-d7605a75-adb6-455a-b79a-ae0e8aa345d0 tempest-VolumesSnapshotListTestJSON-1039835064 None] Running cmd (subprocess): sudo cinder-rootwrap /etc/cinder/rootwrap.conf qemu-img rebase -u -b volume-acd7e7e9-4401-4c1c-ab36-4158b101d57d.3760d7b5-d7c8-4e75-b217-89fca88f9a89 -F qcow2 /opt/stack/data/cinder/mnt/0c854a86a9cdc79308426c3701abd031/volume-acd7e7e9-4401-4c1c-ab36-4158b101d57d.4c9d9c2c-37a6-43d0-9126-388c6c6c7e6f {{(pid=88488) execute /opt/stack/data/venv/lib/python3.12/site-packages/oslo_concurrency/processutils.py:440}}
Jul 24 09:42:17 devstack sudo[96343]: quobyte : PWD=/ ; USER=root ; COMMAND=/opt/stack/data/venv/bin/cinder-rootwrap /etc/cinder/rootwrap.conf qemu-img rebase -u -b volume-acd7e7e9-4401-4c1c-ab36-4158b101d57d.3760d7b5-d7c8-4e75-b217-89fca88f9a89 -F qcow2 /opt/stack/data/cinder/mnt/0c854a86a9cdc79308426c3701abd031/volume-acd7e7e9-4401-4c1c-ab36-4158b101d57d.4c9d9c2c-37a6-43d0-9126-388c6c6c7e6f
Jul 24 09:42:17 devstack sudo[96343]: pam_unix(sudo:session): session opened for user root(uid=0) by (uid=1000)
Jul 24 09:42:17 devstack sudo[96343]: pam_unix(sudo:session): session closed for user root
Jul 24 09:42:17 devstack cinder-volume[88488]: DEBUG oslo_concurrency.processutils [None req-d7605a75-adb6-455a-b79a-ae0e8aa345d0 tempest-VolumesSnapshotListTestJSON-1039835064 None] CMD "sudo cinder-rootwrap /etc/cinder/rootwrap.conf qemu-img rebase -u -b volume-acd7e7e9-4401-4c1c-ab36-4158b101d57d.3760d7b5-d7c8-4e75-b217-89fca88f9a89 -F qcow2 /opt/stack/data/cinder/mnt/0c854a86a9cdc79308426c3701abd031/volume-acd7e7e9-4401-4c1c-ab36-4158b101d57d.4c9d9c2c-37a6-43d0-9126-388c6c6c7e6f" returned: 0 in 0.442s {{(pid=88488) execute /opt/stack/data/venv/lib/python3.12/site-packages/oslo_concurrency/processutils.py:468}}
Jul 24 09:42:17 devstack cinder-volume[88488]: WARNING cinder.volume.drivers.remotefs [None req-d7605a75-adb6-455a-b79a-ae0e8aa345d0 tempest-VolumesSnapshotListTestJSON-1039835064 None] /opt/stack/data/cinder/mnt/0c854a86a9cdc79308426c3701abd031/volume-acd7e7e9-4401-4c1c-ab36-4158b101d57d.4c9d9c2c-37a6-43d0-9126-388c6c6c7e6f is being set with open permissions: ugo+rw
Jul 24 09:42:17 devstack cinder-volume[88488]: DEBUG oslo_concurrency.processutils [None req-d7605a75-adb6-455a-b79a-ae0e8aa345d0 tempest-VolumesSnapshotListTestJSON-1039835064 None] Running cmd (subprocess): sudo cinder-rootwrap /etc/cinder/rootwrap.conf chmod ugo+rw /opt/stack/data/cinder/mnt/0c854a86a9cdc79308426c3701abd031/volume-acd7e7e9-4401-4c1c-ab36-4158b101d57d.4c9d9c2c-37a6-43d0-9126-388c6c6c7e6f {{(pid=88488) execute /opt/stack/data/venv/lib/python3.12/site-packages/oslo_concurrency/processutils.py:440}}
Jul 24 09:42:17 devstack sudo[96349]: quobyte : PWD=/ ; USER=root ; COMMAND=/opt/stack/data/venv/bin/cinder-rootwrap /etc/cinder/rootwrap.conf chmod ugo+rw /opt/stack/data/cinder/mnt/0c854a86a9cdc79308426c3701abd031/volume-acd7e7e9-4401-4c1c-ab36-4158b101d57d.4c9d9c2c-37a6-43d0-9126-388c6c6c7e6f
Jul 24 09:42:17 devstack sudo[96349]: pam_unix(sudo:session): session opened for user root(uid=0) by (uid=1000)
Jul 24 09:42:17 devstack sudo[96349]: pam_unix(sudo:session): session closed for user root
Jul 24 09:42:17 devstack cinder-volume[88488]: DEBUG oslo_concurrency.processutils [None req-d7605a75-adb6-455a-b79a-ae0e8aa345d0 tempest-VolumesSnapshotListTestJSON-1039835064 None] CMD "sudo cinder-rootwrap /etc/cinder/rootwrap.conf chmod ugo+rw /opt/stack/data/cinder/mnt/0c854a86a9cdc79308426c3701abd031/volume-acd7e7e9-4401-4c1c-ab36-4158b101d57d.4c9d9c2c-37a6-43d0-9126-388c6c6c7e6f" returned: 0 in 0.357s {{(pid=88488) execute /opt/stack/data/venv/lib/python3.12/site-packages/oslo_concurrency/processutils.py:468}}
Jul 24 09:42:17 devstack cinder-volume[88488]: DEBUG oslo_concurrency.lockutils [None req-d7605a75-adb6-455a-b79a-ae0e8aa345d0 tempest-VolumesSnapshotListTestJSON-1039835064 None] Lock "quobyte" "released" by "cinder.volume.drivers.quobyte.QuobyteDriver.create_snapshot" :: held 2.044s {{(pid=88488) inner /opt/stack/data/venv/lib/python3.12/site-packages/oslo_concurrency/lockutils.py:544}}
Jul 24 09:42:17 devstack cinder-volume[88488]: INFO cinder.volume.manager [None req-d7605a75-adb6-455a-b79a-ae0e8aa345d0 tempest-VolumesSnapshotListTestJSON-1039835064 None] Create snapshot completed successfully
Jul 24 09:42:18 devstack cinder-volume[88488]: DEBUG cinder.volume.flows.manager.create_volume [req-7b53b02c-2e09-4a54-b232-9fabbc29f908 req-ffaf1a5b-b14c-47a1-a7cb-bb03e6c83759 tempest-VolumesSnapshotsTestJSON-2107033434 None] Volume reschedule parameters: True retry: {'num_attempts': 1, 'backends': ['devstack@QuobyteHD#QuobyteHD'], 'hosts': ['devstack@QuobyteHD#QuobyteHD']} {{(pid=88488) get_flow /opt/stack/cinder/cinder/volume/flows/manager/create_volume.py:1397}}
Jul 24 09:42:19 devstack cinder-volume[88488]: DEBUG cinder.volume.manager [req-7b53b02c-2e09-4a54-b232-9fabbc29f908 req-ffaf1a5b-b14c-47a1-a7cb-bb03e6c83759 tempest-VolumesSnapshotsTestJSON-2107033434 None] Flow 'volume_create_manager' (6122db5d-e669-4ba2-9e05-d2862bb0f779) transitioned into state 'RUNNING' from state 'PENDING' {{(pid=88488) _flow_receiver /opt/stack/data/venv/lib/python3.12/site-packages/taskflow/listeners/logging.py:160}}
Jul 24 09:42:19 devstack cinder-volume[88488]: DEBUG cinder.volume.manager [req-7b53b02c-2e09-4a54-b232-9fabbc29f908 req-ffaf1a5b-b14c-47a1-a7cb-bb03e6c83759 tempest-VolumesSnapshotsTestJSON-2107033434 None] Task 'cinder.volume.flows.manager.create_volume.ExtractVolumeRefTask;volume:create' (ab153d20-7b54-4317-b407-cfad3154090b) transitioned into state 'RUNNING' from state 'PENDING' {{(pid=88488) _task_receiver /opt/stack/data/venv/lib/python3.12/site-packages/taskflow/listeners/logging.py:242}}
Jul 24 09:42:19 devstack cinder-volume[88488]: DEBUG cinder.volume.manager [req-7b53b02c-2e09-4a54-b232-9fabbc29f908 req-ffaf1a5b-b14c-47a1-a7cb-bb03e6c83759 tempest-VolumesSnapshotsTestJSON-2107033434 None] Task 'cinder.volume.flows.manager.create_volume.ExtractVolumeRefTask;volume:create' (ab153d20-7b54-4317-b407-cfad3154090b) transitioned into state 'SUCCESS' from state 'RUNNING' with result 'Volume(_name_id=None,admin_metadata=,attach_status='detached',availability_zone='nova',bootable=False,cluster=,cluster_name=None,consistencygroup=,consistencygroup_id=None,created_at=2026-07-24T07:42:18Z,deleted=False,deleted_at=None,display_description=None,display_name='tempest-VolumesSnapshotsTestJSON-volume-1158973784',ec2_id=None,encryption_key_id=None,glance_metadata=,group=,group_id=None,host='devstack@QuobyteHD#QuobyteHD',id=a96798f0-aee5-4bb5-8daa-c661501e2050,launched_at=None,metadata={},migration_status=None,multiattach=False,previous_status=None,project_id='a979d5d2327242af9e5235a82164134f',provider_auth=None,provider_geometry=None,provider_id=None,provider_location=None,replication_driver_data=None,replication_extended_status=None,replication_status=None,scheduled_at=2026-07-24T07:42:19Z,service_uuid=None,shared_targets=True,size=1,snapshot_id=None,snapshots=,source_volid=None,status='creating',terminated_at=None,updated_at=2026-07-24T07:42:19Z,use_quota=True,user_id='6c40901545cf472c9a98f67309bc9401',volume_attachment=VolumeAttachmentList,volume_type=VolumeType(edc975a9-a66d-4bba-8444-3a219f3ee067),volume_type_id=edc975a9-a66d-4bba-8444-3a219f3ee067)' {{(pid=88488) _task_receiver /opt/stack/data/venv/lib/python3.12/site-packages/taskflow/listeners/logging.py:218}}
Jul 24 09:42:19 devstack cinder-volume[88488]: DEBUG cinder.volume.manager [req-7b53b02c-2e09-4a54-b232-9fabbc29f908 req-ffaf1a5b-b14c-47a1-a7cb-bb03e6c83759 tempest-VolumesSnapshotsTestJSON-2107033434 None] Task 'cinder.volume.flows.manager.create_volume.OnFailureRescheduleTask;volume:create' (57d78a9a-74c4-43ba-b061-2059e61b382d) transitioned into state 'RUNNING' from state 'PENDING' {{(pid=88488) _task_receiver /opt/stack/data/venv/lib/python3.12/site-packages/taskflow/listeners/logging.py:242}}
Jul 24 09:42:19 devstack cinder-volume[88488]: DEBUG cinder.volume.manager [req-7b53b02c-2e09-4a54-b232-9fabbc29f908 req-ffaf1a5b-b14c-47a1-a7cb-bb03e6c83759 tempest-VolumesSnapshotsTestJSON-2107033434 None] Task 'cinder.volume.flows.manager.create_volume.OnFailureRescheduleTask;volume:create' (57d78a9a-74c4-43ba-b061-2059e61b382d) transitioned into state 'SUCCESS' from state 'RUNNING' with result 'None' {{(pid=88488) _task_receiver /opt/stack/data/venv/lib/python3.12/site-packages/taskflow/listeners/logging.py:218}}
Jul 24 09:42:19 devstack cinder-volume[88488]: DEBUG cinder.volume.manager [req-7b53b02c-2e09-4a54-b232-9fabbc29f908 req-ffaf1a5b-b14c-47a1-a7cb-bb03e6c83759 tempest-VolumesSnapshotsTestJSON-2107033434 None] Task 'cinder.volume.flows.manager.create_volume.ExtractVolumeSpecTask;volume:create' (cf5ad00f-0be1-4b8d-acfb-4233c1970024) transitioned into state 'RUNNING' from state 'PENDING' {{(pid=88488) _task_receiver /opt/stack/data/venv/lib/python3.12/site-packages/taskflow/listeners/logging.py:242}}
Jul 24 09:42:19 devstack cinder-volume[88488]: DEBUG cinder.volume.manager [req-7b53b02c-2e09-4a54-b232-9fabbc29f908 req-ffaf1a5b-b14c-47a1-a7cb-bb03e6c83759 tempest-VolumesSnapshotsTestJSON-2107033434 None] Task 'cinder.volume.flows.manager.create_volume.ExtractVolumeSpecTask;volume:create' (cf5ad00f-0be1-4b8d-acfb-4233c1970024) transitioned into state 'SUCCESS' from state 'RUNNING' with result '{'status': 'creating', 'type': 'raw', 'volume_id': 'a96798f0-aee5-4bb5-8daa-c661501e2050', 'volume_name': 'volume-a96798f0-aee5-4bb5-8daa-c661501e2050', 'volume_size': 1}' {{(pid=88488) _task_receiver /opt/stack/data/venv/lib/python3.12/site-packages/taskflow/listeners/logging.py:218}}
Jul 24 09:42:19 devstack cinder-volume[88488]: DEBUG cinder.volume.manager [req-7b53b02c-2e09-4a54-b232-9fabbc29f908 req-ffaf1a5b-b14c-47a1-a7cb-bb03e6c83759 tempest-VolumesSnapshotsTestJSON-2107033434 None] Task 'cinder.volume.flows.manager.create_volume.NotifyVolumeActionTask;volume:create, create.start' (fa525cb6-b744-49d9-b9b3-663ef587f65e) transitioned into state 'RUNNING' from state 'PENDING' {{(pid=88488) _task_receiver /opt/stack/data/venv/lib/python3.12/site-packages/taskflow/listeners/logging.py:242}}
Jul 24 09:42:19 devstack cinder-volume[88488]: DEBUG cinder.volume.manager [req-7b53b02c-2e09-4a54-b232-9fabbc29f908 req-ffaf1a5b-b14c-47a1-a7cb-bb03e6c83759 tempest-VolumesSnapshotsTestJSON-2107033434 None] Task 'cinder.volume.flows.manager.create_volume.NotifyVolumeActionTask;volume:create, create.start' (fa525cb6-b744-49d9-b9b3-663ef587f65e) transitioned into state 'SUCCESS' from state 'RUNNING' with result 'None' {{(pid=88488) _task_receiver /opt/stack/data/venv/lib/python3.12/site-packages/taskflow/listeners/logging.py:218}}
Jul 24 09:42:19 devstack cinder-volume[88488]: DEBUG cinder.volume.manager [req-7b53b02c-2e09-4a54-b232-9fabbc29f908 req-ffaf1a5b-b14c-47a1-a7cb-bb03e6c83759 tempest-VolumesSnapshotsTestJSON-2107033434 None] Task 'cinder.volume.flows.manager.create_volume.CreateVolumeFromSpecTask;volume:create' (4bc8a06e-4e93-48b7-bb2f-abc6649b263d) transitioned into state 'RUNNING' from state 'PENDING' {{(pid=88488) _task_receiver /opt/stack/data/venv/lib/python3.12/site-packages/taskflow/listeners/logging.py:242}}
Jul 24 09:42:19 devstack cinder-volume[88488]: INFO cinder.volume.flows.manager.create_volume [req-7b53b02c-2e09-4a54-b232-9fabbc29f908 req-ffaf1a5b-b14c-47a1-a7cb-bb03e6c83759 tempest-VolumesSnapshotsTestJSON-2107033434 None] Volume a96798f0-aee5-4bb5-8daa-c661501e2050: being created as raw with specification: {'status': 'creating', 'volume_name': 'volume-a96798f0-aee5-4bb5-8daa-c661501e2050', 'volume_size': 1}
Jul 24 09:42:19 devstack cinder-volume[88488]: DEBUG oslo_concurrency.lockutils [req-7b53b02c-2e09-4a54-b232-9fabbc29f908 req-ffaf1a5b-b14c-47a1-a7cb-bb03e6c83759 tempest-VolumesSnapshotsTestJSON-2107033434 None] Acquiring lock "quobyte" by "cinder.volume.drivers.quobyte.QuobyteDriver.create_volume" {{(pid=88488) inner /opt/stack/data/venv/lib/python3.12/site-packages/oslo_concurrency/lockutils.py:512}}
Jul 24 09:42:19 devstack cinder-volume[88488]: DEBUG oslo_concurrency.lockutils [req-7b53b02c-2e09-4a54-b232-9fabbc29f908 req-ffaf1a5b-b14c-47a1-a7cb-bb03e6c83759 tempest-VolumesSnapshotsTestJSON-2107033434 None] Lock "quobyte" acquired by "cinder.volume.drivers.quobyte.QuobyteDriver.create_volume" :: waited 0.001s {{(pid=88488) inner /opt/stack/data/venv/lib/python3.12/site-packages/oslo_concurrency/lockutils.py:525}}
Jul 24 09:42:19 devstack cinder-volume[88488]: DEBUG cinder.volume.drivers.quobyte [req-7b53b02c-2e09-4a54-b232-9fabbc29f908 req-ffaf1a5b-b14c-47a1-a7cb-bb03e6c83759 tempest-VolumesSnapshotsTestJSON-2107033434 None] ==> create_volume: call "{'self': , 'volume': Volume(_name_id=None,admin_metadata=,attach_status='detached',availability_zone='nova',bootable=False,cluster=,cluster_name=None,consistencygroup=,consistencygroup_id=None,created_at=2026-07-24T07:42:18Z,deleted=False,deleted_at=None,display_description=None,display_name='tempest-VolumesSnapshotsTestJSON-volume-1158973784',ec2_id=None,encryption_key_id=None,glance_metadata=,group=,group_id=None,host='devstack@QuobyteHD#QuobyteHD',id=a96798f0-aee5-4bb5-8daa-c661501e2050,launched_at=None,metadata={},migration_status=None,multiattach=False,previous_status=None,project_id='a979d5d2327242af9e5235a82164134f',provider_auth=None,provider_geometry=None,provider_id=None,provider_location=None,replication_driver_data=None,replication_extended_status=None,replication_status=None,scheduled_at=2026-07-24T07:42:19Z,service_uuid=None,shared_targets=True,size=1,snapshot_id=None,snapshots=,source_volid=None,status='creating',terminated_at=None,updated_at=2026-07-24T07:42:19Z,use_quota=True,user_id='6c40901545cf472c9a98f67309bc9401',volume_attachment=VolumeAttachmentList,volume_type=VolumeType(edc975a9-a66d-4bba-8444-3a219f3ee067),volume_type_id=edc975a9-a66d-4bba-8444-3a219f3ee067)}" {{(pid=88488) trace_logging_wrapper /opt/stack/cinder/cinder/volume/volume_utils.py:1497}}
Jul 24 09:42:19 devstack cinder-volume[88488]: DEBUG cinder.volume.drivers.remotefs [req-7b53b02c-2e09-4a54-b232-9fabbc29f908 req-ffaf1a5b-b14c-47a1-a7cb-bb03e6c83759 tempest-VolumesSnapshotsTestJSON-2107033434 None] Creating volume a96798f0-aee5-4bb5-8daa-c661501e2050 {{(pid=88488) create_volume /opt/stack/cinder/cinder/volume/drivers/remotefs.py:292}}
Jul 24 09:42:19 devstack cinder-volume[88488]: DEBUG oslo_concurrency.lockutils [req-7b53b02c-2e09-4a54-b232-9fabbc29f908 req-ffaf1a5b-b14c-47a1-a7cb-bb03e6c83759 tempest-VolumesSnapshotsTestJSON-2107033434 None] Acquiring lock "quobyte_ensure" by "cinder.volume.drivers.quobyte.QuobyteDriver._ensure_shares_mounted" {{(pid=88488) inner /opt/stack/data/venv/lib/python3.12/site-packages/oslo_concurrency/lockutils.py:512}}
Jul 24 09:42:19 devstack cinder-volume[88488]: DEBUG oslo_concurrency.lockutils [req-7b53b02c-2e09-4a54-b232-9fabbc29f908 req-ffaf1a5b-b14c-47a1-a7cb-bb03e6c83759 tempest-VolumesSnapshotsTestJSON-2107033434 None] Lock "quobyte_ensure" acquired by "cinder.volume.drivers.quobyte.QuobyteDriver._ensure_shares_mounted" :: waited 0.001s {{(pid=88488) inner /opt/stack/data/venv/lib/python3.12/site-packages/oslo_concurrency/lockutils.py:525}}
Jul 24 09:42:19 devstack cinder-volume[88488]: DEBUG cinder.volume.drivers.quobyte [req-7b53b02c-2e09-4a54-b232-9fabbc29f908 req-ffaf1a5b-b14c-47a1-a7cb-bb03e6c83759 tempest-VolumesSnapshotsTestJSON-2107033434 None] Quobyte Volume URL set to: {'osci02.corp.quobyte.com/cinder-vol-5faa8a50-05a5-4b08-8383-d9734874ed5b': None} {{(pid=88488) _load_shares_config /opt/stack/cinder/cinder/volume/drivers/quobyte.py:651}}
Jul 24 09:42:19 devstack cinder-volume[88488]: DEBUG cinder.volume.drivers.quobyte [req-7b53b02c-2e09-4a54-b232-9fabbc29f908 req-ffaf1a5b-b14c-47a1-a7cb-bb03e6c83759 tempest-VolumesSnapshotsTestJSON-2107033434 None] Available shares ['osci02.corp.quobyte.com/cinder-vol-5faa8a50-05a5-4b08-8383-d9734874ed5b'] {{(pid=88488) _ensure_shares_mounted /opt/stack/cinder/cinder/volume/drivers/quobyte.py:681}}
Jul 24 09:42:19 devstack cinder-volume[88488]: DEBUG oslo_concurrency.lockutils [req-7b53b02c-2e09-4a54-b232-9fabbc29f908 req-ffaf1a5b-b14c-47a1-a7cb-bb03e6c83759 tempest-VolumesSnapshotsTestJSON-2107033434 None] Lock "quobyte_ensure" "released" by "cinder.volume.drivers.quobyte.QuobyteDriver._ensure_shares_mounted" :: held 0.012s {{(pid=88488) inner /opt/stack/data/venv/lib/python3.12/site-packages/oslo_concurrency/lockutils.py:544}}
Jul 24 09:42:19 devstack cinder-volume[88488]: DEBUG cinder.volume.drivers.quobyte [req-7b53b02c-2e09-4a54-b232-9fabbc29f908 req-ffaf1a5b-b14c-47a1-a7cb-bb03e6c83759 tempest-VolumesSnapshotsTestJSON-2107033434 None] Selected osci02.corp.quobyte.com/cinder-vol-5faa8a50-05a5-4b08-8383-d9734874ed5b as target Quobyte volume. {{(pid=88488) _find_share /opt/stack/cinder/cinder/volume/drivers/quobyte.py:702}}
Jul 24 09:42:19 devstack cinder-volume[88488]: INFO cinder.volume.drivers.remotefs [req-7b53b02c-2e09-4a54-b232-9fabbc29f908 req-ffaf1a5b-b14c-47a1-a7cb-bb03e6c83759 tempest-VolumesSnapshotsTestJSON-2107033434 None] casted to osci02.corp.quobyte.com/cinder-vol-5faa8a50-05a5-4b08-8383-d9734874ed5b
Jul 24 09:42:19 devstack cinder-volume[88488]: DEBUG oslo_concurrency.processutils [req-7b53b02c-2e09-4a54-b232-9fabbc29f908 req-ffaf1a5b-b14c-47a1-a7cb-bb03e6c83759 tempest-VolumesSnapshotsTestJSON-2107033434 None] Running cmd (subprocess): sudo cinder-rootwrap /etc/cinder/rootwrap.conf qemu-img create -f qcow2 -o preallocation=metadata /opt/stack/data/cinder/mnt/0c854a86a9cdc79308426c3701abd031/volume-a96798f0-aee5-4bb5-8daa-c661501e2050 1073741824 {{(pid=88488) execute /opt/stack/data/venv/lib/python3.12/site-packages/oslo_concurrency/processutils.py:440}}
Jul 24 09:42:19 devstack sudo[96408]: quobyte : PWD=/ ; USER=root ; COMMAND=/opt/stack/data/venv/bin/cinder-rootwrap /etc/cinder/rootwrap.conf qemu-img create -f qcow2 -o preallocation=metadata /opt/stack/data/cinder/mnt/0c854a86a9cdc79308426c3701abd031/volume-a96798f0-aee5-4bb5-8daa-c661501e2050 1073741824
Jul 24 09:42:19 devstack sudo[96408]: pam_unix(sudo:session): session opened for user root(uid=0) by (uid=1000)
Jul 24 09:42:19 devstack sudo[96408]: pam_unix(sudo:session): session closed for user root
Jul 24 09:42:19 devstack cinder-volume[88488]: DEBUG oslo_concurrency.processutils [req-7b53b02c-2e09-4a54-b232-9fabbc29f908 req-ffaf1a5b-b14c-47a1-a7cb-bb03e6c83759 tempest-VolumesSnapshotsTestJSON-2107033434 None] CMD "sudo cinder-rootwrap /etc/cinder/rootwrap.conf qemu-img create -f qcow2 -o preallocation=metadata /opt/stack/data/cinder/mnt/0c854a86a9cdc79308426c3701abd031/volume-a96798f0-aee5-4bb5-8daa-c661501e2050 1073741824" returned: 0 in 0.718s {{(pid=88488) execute /opt/stack/data/venv/lib/python3.12/site-packages/oslo_concurrency/processutils.py:468}}
Jul 24 09:42:19 devstack cinder-volume[88488]: DEBUG oslo_concurrency.processutils [req-7b53b02c-2e09-4a54-b232-9fabbc29f908 req-ffaf1a5b-b14c-47a1-a7cb-bb03e6c83759 tempest-VolumesSnapshotsTestJSON-2107033434 None] Running cmd (subprocess): sudo cinder-rootwrap /etc/cinder/rootwrap.conf chmod ugo+rw /opt/stack/data/cinder/mnt/0c854a86a9cdc79308426c3701abd031/volume-a96798f0-aee5-4bb5-8daa-c661501e2050 {{(pid=88488) execute /opt/stack/data/venv/lib/python3.12/site-packages/oslo_concurrency/processutils.py:440}}
Jul 24 09:42:20 devstack sudo[96437]: quobyte : PWD=/ ; USER=root ; COMMAND=/opt/stack/data/venv/bin/cinder-rootwrap /etc/cinder/rootwrap.conf chmod ugo+rw /opt/stack/data/cinder/mnt/0c854a86a9cdc79308426c3701abd031/volume-a96798f0-aee5-4bb5-8daa-c661501e2050
Jul 24 09:42:20 devstack sudo[96437]: pam_unix(sudo:session): session opened for user root(uid=0) by (uid=1000)
Jul 24 09:42:20 devstack sudo[96437]: pam_unix(sudo:session): session closed for user root
Jul 24 09:42:20 devstack cinder-volume[88488]: DEBUG oslo_concurrency.processutils [req-7b53b02c-2e09-4a54-b232-9fabbc29f908 req-ffaf1a5b-b14c-47a1-a7cb-bb03e6c83759 tempest-VolumesSnapshotsTestJSON-2107033434 None] CMD "sudo cinder-rootwrap /etc/cinder/rootwrap.conf chmod ugo+rw /opt/stack/data/cinder/mnt/0c854a86a9cdc79308426c3701abd031/volume-a96798f0-aee5-4bb5-8daa-c661501e2050" returned: 0 in 0.434s {{(pid=88488) execute /opt/stack/data/venv/lib/python3.12/site-packages/oslo_concurrency/processutils.py:468}}
Jul 24 09:42:20 devstack cinder-volume[88488]: DEBUG cinder.volume.drivers.quobyte [req-7b53b02c-2e09-4a54-b232-9fabbc29f908 req-ffaf1a5b-b14c-47a1-a7cb-bb03e6c83759 tempest-VolumesSnapshotsTestJSON-2107033434 None] <== create_volume: return (1233ms) {'provider_location': 'osci02.corp.quobyte.com/cinder-vol-5faa8a50-05a5-4b08-8383-d9734874ed5b'} {{(pid=88488) trace_logging_wrapper /opt/stack/cinder/cinder/volume/volume_utils.py:1522}}
Jul 24 09:42:20 devstack cinder-volume[88488]: DEBUG oslo_concurrency.lockutils [req-7b53b02c-2e09-4a54-b232-9fabbc29f908 req-ffaf1a5b-b14c-47a1-a7cb-bb03e6c83759 tempest-VolumesSnapshotsTestJSON-2107033434 None] Lock "quobyte" "released" by "cinder.volume.drivers.quobyte.QuobyteDriver.create_volume" :: held 1.235s {{(pid=88488) inner /opt/stack/data/venv/lib/python3.12/site-packages/oslo_concurrency/lockutils.py:544}}
Jul 24 09:42:20 devstack cinder-volume[88488]: DEBUG cinder.volume.manager [req-7b53b02c-2e09-4a54-b232-9fabbc29f908 req-ffaf1a5b-b14c-47a1-a7cb-bb03e6c83759 tempest-VolumesSnapshotsTestJSON-2107033434 None] Task 'cinder.volume.flows.manager.create_volume.CreateVolumeFromSpecTask;volume:create' (4bc8a06e-4e93-48b7-bb2f-abc6649b263d) transitioned into state 'SUCCESS' from state 'RUNNING' with result '{'status': 'creating', 'volume_name': 'volume-a96798f0-aee5-4bb5-8daa-c661501e2050', 'volume_size': 1}' {{(pid=88488) _task_receiver /opt/stack/data/venv/lib/python3.12/site-packages/taskflow/listeners/logging.py:218}}
Jul 24 09:42:20 devstack cinder-volume[88488]: DEBUG cinder.volume.manager [req-7b53b02c-2e09-4a54-b232-9fabbc29f908 req-ffaf1a5b-b14c-47a1-a7cb-bb03e6c83759 tempest-VolumesSnapshotsTestJSON-2107033434 None] Task 'cinder.volume.flows.manager.create_volume.CreateVolumeOnFinishTask;volume:create, create.end' (4000c681-2a85-4e6f-afd3-ebe5308ba368) transitioned into state 'RUNNING' from state 'PENDING' {{(pid=88488) _task_receiver /opt/stack/data/venv/lib/python3.12/site-packages/taskflow/listeners/logging.py:242}}
Jul 24 09:42:20 devstack cinder-volume[88488]: DEBUG cinder.coordination [None req-defdc471-6742-45a9-969b-0ff066bbb746 tempest-VolumesSnapshotListTestJSON-1039835064 None] Acquiring lock "cinder-4c9d9c2c-37a6-43d0-9126-388c6c6c7e6f-delete_snapshot" by "delete_snapshot" {{(pid=88488) __acquire /opt/stack/cinder/cinder/coordination.py:138}}
Jul 24 09:42:20 devstack cinder-volume[88488]: INFO cinder.volume.flows.manager.create_volume [req-7b53b02c-2e09-4a54-b232-9fabbc29f908 req-ffaf1a5b-b14c-47a1-a7cb-bb03e6c83759 tempest-VolumesSnapshotsTestJSON-2107033434 None] Volume volume-a96798f0-aee5-4bb5-8daa-c661501e2050 (a96798f0-aee5-4bb5-8daa-c661501e2050): created successfully
Jul 24 09:42:20 devstack cinder-volume[88488]: DEBUG cinder.volume.manager [req-7b53b02c-2e09-4a54-b232-9fabbc29f908 req-ffaf1a5b-b14c-47a1-a7cb-bb03e6c83759 tempest-VolumesSnapshotsTestJSON-2107033434 None] Task 'cinder.volume.flows.manager.create_volume.CreateVolumeOnFinishTask;volume:create, create.end' (4000c681-2a85-4e6f-afd3-ebe5308ba368) transitioned into state 'SUCCESS' from state 'RUNNING' with result 'None' {{(pid=88488) _task_receiver /opt/stack/data/venv/lib/python3.12/site-packages/taskflow/listeners/logging.py:218}}
Jul 24 09:42:20 devstack cinder-volume[88488]: DEBUG cinder.volume.manager [req-7b53b02c-2e09-4a54-b232-9fabbc29f908 req-ffaf1a5b-b14c-47a1-a7cb-bb03e6c83759 tempest-VolumesSnapshotsTestJSON-2107033434 None] Flow 'volume_create_manager' (6122db5d-e669-4ba2-9e05-d2862bb0f779) transitioned into state 'SUCCESS' from state 'RUNNING' {{(pid=88488) _flow_receiver /opt/stack/data/venv/lib/python3.12/site-packages/taskflow/listeners/logging.py:160}}
Jul 24 09:42:20 devstack cinder-volume[88488]: DEBUG cinder.coordination [None req-defdc471-6742-45a9-969b-0ff066bbb746 tempest-VolumesSnapshotListTestJSON-1039835064 None] Lock "cinder-4c9d9c2c-37a6-43d0-9126-388c6c6c7e6f-delete_snapshot" acquired by "delete_snapshot" :: waited 0.062s {{(pid=88488) __acquire /opt/stack/cinder/cinder/coordination.py:141}}
Jul 24 09:42:20 devstack cinder-volume[88488]: DEBUG cinder.coordination [None req-defdc471-6742-45a9-969b-0ff066bbb746 tempest-VolumesSnapshotListTestJSON-1039835064 None] Acquiring lock "cinder-quobyte-acd7e7e9-4401-4c1c-ab36-4158b101d57d" by "delete_snapshot" {{(pid=88488) __acquire /opt/stack/cinder/cinder/coordination.py:138}}
Jul 24 09:42:20 devstack cinder-volume[88488]: INFO cinder.volume.manager [req-7b53b02c-2e09-4a54-b232-9fabbc29f908 req-ffaf1a5b-b14c-47a1-a7cb-bb03e6c83759 tempest-VolumesSnapshotsTestJSON-2107033434 None] Created volume successfully.
Jul 24 09:42:20 devstack cinder-volume[88488]: DEBUG cinder.coordination [None req-defdc471-6742-45a9-969b-0ff066bbb746 tempest-VolumesSnapshotListTestJSON-1039835064 None] Lock "cinder-quobyte-acd7e7e9-4401-4c1c-ab36-4158b101d57d" acquired by "delete_snapshot" :: waited 0.044s {{(pid=88488) __acquire /opt/stack/cinder/cinder/coordination.py:141}}
Jul 24 09:42:20 devstack cinder-volume[88488]: DEBUG cinder.coordination [None req-defdc471-6742-45a9-969b-0ff066bbb746 tempest-VolumesSnapshotListTestJSON-1039835064 None] Acquiring lock "cinder-quobyte-4c9d9c2c-37a6-43d0-9126-388c6c6c7e6f" by "_delete_snapshot" {{(pid=88488) __acquire /opt/stack/cinder/cinder/coordination.py:138}}
Jul 24 09:42:20 devstack cinder-volume[88488]: DEBUG cinder.coordination [None req-defdc471-6742-45a9-969b-0ff066bbb746 tempest-VolumesSnapshotListTestJSON-1039835064 None] Lock "cinder-quobyte-4c9d9c2c-37a6-43d0-9126-388c6c6c7e6f" acquired by "_delete_snapshot" :: waited 0.033s {{(pid=88488) __acquire /opt/stack/cinder/cinder/coordination.py:141}}
Jul 24 09:42:20 devstack cinder-volume[88488]: DEBUG cinder.volume.drivers.remotefs [None req-defdc471-6742-45a9-969b-0ff066bbb746 tempest-VolumesSnapshotListTestJSON-1039835064 None] Deleting offline snapshot 4c9d9c2c-37a6-43d0-9126-388c6c6c7e6f of volume acd7e7e9-4401-4c1c-ab36-4158b101d57d {{(pid=88488) _delete_snapshot /opt/stack/cinder/cinder/volume/drivers/remotefs.py:1288}}
Jul 24 09:42:20 devstack cinder-volume[88488]: DEBUG cinder.volume.drivers.remotefs [None req-defdc471-6742-45a9-969b-0ff066bbb746 tempest-VolumesSnapshotListTestJSON-1039835064 None] snapshot_file for this snap is: volume-acd7e7e9-4401-4c1c-ab36-4158b101d57d.4c9d9c2c-37a6-43d0-9126-388c6c6c7e6f {{(pid=88488) _delete_snapshot /opt/stack/cinder/cinder/volume/drivers/remotefs.py:1317}}
Jul 24 09:42:20 devstack cinder-volume[88488]: DEBUG oslo.privsep.daemon [-] privsep: reply[f789e6aa-3ff6-4413-b021-579706020ae2]: (4, 'qcow2') {{(pid=89999) _call_back /opt/stack/data/venv/lib/python3.12/site-packages/oslo_privsep/daemon.py:580}}
Jul 24 09:42:20 devstack cinder-volume[88488]: DEBUG oslo_concurrency.processutils [None req-defdc471-6742-45a9-969b-0ff066bbb746 tempest-VolumesSnapshotListTestJSON-1039835064 None] Running cmd (subprocess): /opt/stack/data/venv/bin/python3.12 -m oslo_concurrency.prlimit --as=1073741824 --cpu=60 -- sudo cinder-rootwrap /etc/cinder/rootwrap.conf env LC_ALL=C qemu-img info -f qcow2 --output=json --force-share /opt/stack/data/cinder/mnt/0c854a86a9cdc79308426c3701abd031/volume-acd7e7e9-4401-4c1c-ab36-4158b101d57d.4c9d9c2c-37a6-43d0-9126-388c6c6c7e6f {{(pid=88488) execute /opt/stack/data/venv/lib/python3.12/site-packages/oslo_concurrency/processutils.py:440}}
Jul 24 09:42:20 devstack sudo[96474]: quobyte : PWD=/ ; USER=root ; COMMAND=/opt/stack/data/venv/bin/cinder-rootwrap /etc/cinder/rootwrap.conf env LC_ALL=C qemu-img info -f qcow2 --output=json --force-share /opt/stack/data/cinder/mnt/0c854a86a9cdc79308426c3701abd031/volume-acd7e7e9-4401-4c1c-ab36-4158b101d57d.4c9d9c2c-37a6-43d0-9126-388c6c6c7e6f
Jul 24 09:42:20 devstack sudo[96474]: pam_unix(sudo:session): session opened for user root(uid=0) by (uid=1000)
Jul 24 09:42:21 devstack sudo[96474]: pam_unix(sudo:session): session closed for user root
Jul 24 09:42:21 devstack cinder-volume[88488]: DEBUG oslo_concurrency.processutils [None req-defdc471-6742-45a9-969b-0ff066bbb746 tempest-VolumesSnapshotListTestJSON-1039835064 None] CMD "/opt/stack/data/venv/bin/python3.12 -m oslo_concurrency.prlimit --as=1073741824 --cpu=60 -- sudo cinder-rootwrap /etc/cinder/rootwrap.conf env LC_ALL=C qemu-img info -f qcow2 --output=json --force-share /opt/stack/data/cinder/mnt/0c854a86a9cdc79308426c3701abd031/volume-acd7e7e9-4401-4c1c-ab36-4158b101d57d.4c9d9c2c-37a6-43d0-9126-388c6c6c7e6f" returned: 0 in 0.527s {{(pid=88488) execute /opt/stack/data/venv/lib/python3.12/site-packages/oslo_concurrency/processutils.py:468}}
Jul 24 09:42:21 devstack cinder-volume[88488]: DEBUG cinder.volume.drivers.remotefs [None req-defdc471-6742-45a9-969b-0ff066bbb746 tempest-VolumesSnapshotListTestJSON-1039835064 None] Fetching qemu-img info with special backing_file_template: (/opt/stack/data/cinder/mnt/[0-9a-f]+/)?(volume-acd7e7e9-4401-4c1c-ab36-4158b101d57d(.(tmp-snap-)?[0-9a-f-]+)?|volume_from_snapshot_cache/(tmp-snap-)?[0-9a-f-]+(.(child-|parent-)[0-9a-f-]+)?)$ {{(pid=88488) _qemu_img_info_base /opt/stack/cinder/cinder/volume/drivers/remotefs.py:896}}
Jul 24 09:42:21 devstack cinder-volume[88488]: DEBUG oslo.privsep.daemon [-] privsep: reply[f750edda-03d6-43aa-ace4-2609011f8527]: (4, 'qcow2') {{(pid=89999) _call_back /opt/stack/data/venv/lib/python3.12/site-packages/oslo_privsep/daemon.py:580}}
Jul 24 09:42:21 devstack cinder-volume[88488]: DEBUG oslo_concurrency.processutils [None req-defdc471-6742-45a9-969b-0ff066bbb746 tempest-VolumesSnapshotListTestJSON-1039835064 None] Running cmd (subprocess): /opt/stack/data/venv/bin/python3.12 -m oslo_concurrency.prlimit --as=1073741824 --cpu=60 -- sudo cinder-rootwrap /etc/cinder/rootwrap.conf env LC_ALL=C qemu-img info -f qcow2 --output=json --force-share /opt/stack/data/cinder/mnt/0c854a86a9cdc79308426c3701abd031/volume-acd7e7e9-4401-4c1c-ab36-4158b101d57d.3760d7b5-d7c8-4e75-b217-89fca88f9a89 {{(pid=88488) execute /opt/stack/data/venv/lib/python3.12/site-packages/oslo_concurrency/processutils.py:440}}
Jul 24 09:42:21 devstack sudo[96502]: quobyte : PWD=/ ; USER=root ; COMMAND=/opt/stack/data/venv/bin/cinder-rootwrap /etc/cinder/rootwrap.conf env LC_ALL=C qemu-img info -f qcow2 --output=json --force-share /opt/stack/data/cinder/mnt/0c854a86a9cdc79308426c3701abd031/volume-acd7e7e9-4401-4c1c-ab36-4158b101d57d.3760d7b5-d7c8-4e75-b217-89fca88f9a89
Jul 24 09:42:21 devstack sudo[96502]: pam_unix(sudo:session): session opened for user root(uid=0) by (uid=1000)
Jul 24 09:42:21 devstack sudo[96502]: pam_unix(sudo:session): session closed for user root
Jul 24 09:42:21 devstack cinder-volume[88488]: DEBUG oslo_concurrency.processutils [None req-defdc471-6742-45a9-969b-0ff066bbb746 tempest-VolumesSnapshotListTestJSON-1039835064 None] CMD "/opt/stack/data/venv/bin/python3.12 -m oslo_concurrency.prlimit --as=1073741824 --cpu=60 -- sudo cinder-rootwrap /etc/cinder/rootwrap.conf env LC_ALL=C qemu-img info -f qcow2 --output=json --force-share /opt/stack/data/cinder/mnt/0c854a86a9cdc79308426c3701abd031/volume-acd7e7e9-4401-4c1c-ab36-4158b101d57d.3760d7b5-d7c8-4e75-b217-89fca88f9a89" returned: 0 in 0.491s {{(pid=88488) execute /opt/stack/data/venv/lib/python3.12/site-packages/oslo_concurrency/processutils.py:468}}
Jul 24 09:42:21 devstack cinder-volume[88488]: DEBUG cinder.volume.drivers.remotefs [None req-defdc471-6742-45a9-969b-0ff066bbb746 tempest-VolumesSnapshotListTestJSON-1039835064 None] Fetching qemu-img info with special backing_file_template: (/opt/stack/data/cinder/mnt/[0-9a-f]+/)?(volume-acd7e7e9-4401-4c1c-ab36-4158b101d57d(.(tmp-snap-)?[0-9a-f-]+)?|volume_from_snapshot_cache/(tmp-snap-)?[0-9a-f-]+(.(child-|parent-)[0-9a-f-]+)?)$ {{(pid=88488) _qemu_img_info_base /opt/stack/cinder/cinder/volume/drivers/remotefs.py:896}}
Jul 24 09:42:21 devstack cinder-volume[88488]: DEBUG oslo_concurrency.processutils [None req-defdc471-6742-45a9-969b-0ff066bbb746 tempest-VolumesSnapshotListTestJSON-1039835064 None] Running cmd (subprocess): sudo cinder-rootwrap /etc/cinder/rootwrap.conf qemu-img commit -d /opt/stack/data/cinder/mnt/0c854a86a9cdc79308426c3701abd031/volume-acd7e7e9-4401-4c1c-ab36-4158b101d57d.4c9d9c2c-37a6-43d0-9126-388c6c6c7e6f {{(pid=88488) execute /opt/stack/data/venv/lib/python3.12/site-packages/oslo_concurrency/processutils.py:440}}
Jul 24 09:42:21 devstack cinder-volume[88488]: DEBUG oslo_concurrency.lockutils [req-05ee1408-24f1-48ce-b61d-07ac7dbdd2b7 req-e1321592-bb26-435d-8984-52b71a4271d7 tempest-VolumesSnapshotsTestJSON-2107033434 None] Acquiring lock "quobyte" by "cinder.volume.drivers.quobyte.QuobyteDriver.create_snapshot" {{(pid=88488) inner /opt/stack/data/venv/lib/python3.12/site-packages/oslo_concurrency/lockutils.py:512}}
Jul 24 09:42:21 devstack cinder-volume[88488]: DEBUG oslo_concurrency.lockutils [req-05ee1408-24f1-48ce-b61d-07ac7dbdd2b7 req-e1321592-bb26-435d-8984-52b71a4271d7 tempest-VolumesSnapshotsTestJSON-2107033434 None] Lock "quobyte" acquired by "cinder.volume.drivers.quobyte.QuobyteDriver.create_snapshot" :: waited 0.003s {{(pid=88488) inner /opt/stack/data/venv/lib/python3.12/site-packages/oslo_concurrency/lockutils.py:525}}
Jul 24 09:42:21 devstack sudo[96518]: quobyte : PWD=/ ; USER=root ; COMMAND=/opt/stack/data/venv/bin/cinder-rootwrap /etc/cinder/rootwrap.conf qemu-img commit -d /opt/stack/data/cinder/mnt/0c854a86a9cdc79308426c3701abd031/volume-acd7e7e9-4401-4c1c-ab36-4158b101d57d.4c9d9c2c-37a6-43d0-9126-388c6c6c7e6f
Jul 24 09:42:21 devstack sudo[96518]: pam_unix(sudo:session): session opened for user root(uid=0) by (uid=1000)
Jul 24 09:42:21 devstack cinder-volume[88488]: DEBUG cinder.volume.drivers.remotefs [req-05ee1408-24f1-48ce-b61d-07ac7dbdd2b7 req-e1321592-bb26-435d-8984-52b71a4271d7 tempest-VolumesSnapshotsTestJSON-2107033434 None] Creating offline snapshot 6f3eca02-c429-415a-9b3e-9e012d9cecc1 of volume a96798f0-aee5-4bb5-8daa-c661501e2050 {{(pid=88488) _create_snapshot /opt/stack/cinder/cinder/volume/drivers/remotefs.py:1816}}
Jul 24 09:42:21 devstack cinder-volume[88488]: DEBUG oslo.privsep.daemon [-] privsep: reply[7760ff0f-225f-4563-8d61-b5b1d8588b3d]: (4, 'qcow2') {{(pid=89999) _call_back /opt/stack/data/venv/lib/python3.12/site-packages/oslo_privsep/daemon.py:580}}
Jul 24 09:42:21 devstack cinder-volume[88488]: DEBUG oslo_concurrency.processutils [req-05ee1408-24f1-48ce-b61d-07ac7dbdd2b7 req-e1321592-bb26-435d-8984-52b71a4271d7 tempest-VolumesSnapshotsTestJSON-2107033434 None] Running cmd (subprocess): /opt/stack/data/venv/bin/python3.12 -m oslo_concurrency.prlimit --as=1073741824 --cpu=60 -- sudo cinder-rootwrap /etc/cinder/rootwrap.conf env LC_ALL=C qemu-img info -f qcow2 --output=json --force-share /opt/stack/data/cinder/mnt/0c854a86a9cdc79308426c3701abd031/volume-a96798f0-aee5-4bb5-8daa-c661501e2050 {{(pid=88488) execute /opt/stack/data/venv/lib/python3.12/site-packages/oslo_concurrency/processutils.py:440}}
Jul 24 09:42:22 devstack sudo[96521]: quobyte : PWD=/ ; USER=root ; COMMAND=/opt/stack/data/venv/bin/cinder-rootwrap /etc/cinder/rootwrap.conf env LC_ALL=C qemu-img info -f qcow2 --output=json --force-share /opt/stack/data/cinder/mnt/0c854a86a9cdc79308426c3701abd031/volume-a96798f0-aee5-4bb5-8daa-c661501e2050
Jul 24 09:42:22 devstack sudo[96521]: pam_unix(sudo:session): session opened for user root(uid=0) by (uid=1000)
Jul 24 09:42:22 devstack sudo[96521]: pam_unix(sudo:session): session closed for user root
Jul 24 09:42:22 devstack cinder-volume[88488]: DEBUG oslo_concurrency.processutils [req-05ee1408-24f1-48ce-b61d-07ac7dbdd2b7 req-e1321592-bb26-435d-8984-52b71a4271d7 tempest-VolumesSnapshotsTestJSON-2107033434 None] CMD "/opt/stack/data/venv/bin/python3.12 -m oslo_concurrency.prlimit --as=1073741824 --cpu=60 -- sudo cinder-rootwrap /etc/cinder/rootwrap.conf env LC_ALL=C qemu-img info -f qcow2 --output=json --force-share /opt/stack/data/cinder/mnt/0c854a86a9cdc79308426c3701abd031/volume-a96798f0-aee5-4bb5-8daa-c661501e2050" returned: 0 in 0.534s {{(pid=88488) execute /opt/stack/data/venv/lib/python3.12/site-packages/oslo_concurrency/processutils.py:468}}
Jul 24 09:42:22 devstack cinder-volume[88488]: DEBUG oslo_concurrency.processutils [req-05ee1408-24f1-48ce-b61d-07ac7dbdd2b7 req-e1321592-bb26-435d-8984-52b71a4271d7 tempest-VolumesSnapshotsTestJSON-2107033434 None] Running cmd (subprocess): sudo cinder-rootwrap /etc/cinder/rootwrap.conf qemu-img create -f qcow2 -o backing_file=/opt/stack/data/cinder/mnt/0c854a86a9cdc79308426c3701abd031/volume-a96798f0-aee5-4bb5-8daa-c661501e2050,backing_fmt=qcow2 /opt/stack/data/cinder/mnt/0c854a86a9cdc79308426c3701abd031/volume-a96798f0-aee5-4bb5-8daa-c661501e2050.6f3eca02-c429-415a-9b3e-9e012d9cecc1 1G {{(pid=88488) execute /opt/stack/data/venv/lib/python3.12/site-packages/oslo_concurrency/processutils.py:440}}
Jul 24 09:42:22 devstack sudo[96531]: quobyte : PWD=/ ; USER=root ; COMMAND=/opt/stack/data/venv/bin/cinder-rootwrap /etc/cinder/rootwrap.conf qemu-img create -f qcow2 -o backing_file=/opt/stack/data/cinder/mnt/0c854a86a9cdc79308426c3701abd031/volume-a96798f0-aee5-4bb5-8daa-c661501e2050,backing_fmt=qcow2 /opt/stack/data/cinder/mnt/0c854a86a9cdc79308426c3701abd031/volume-a96798f0-aee5-4bb5-8daa-c661501e2050.6f3eca02-c429-415a-9b3e-9e012d9cecc1 1G
Jul 24 09:42:22 devstack sudo[96531]: pam_unix(sudo:session): session opened for user root(uid=0) by (uid=1000)
Jul 24 09:42:22 devstack sudo[96518]: pam_unix(sudo:session): session closed for user root
Jul 24 09:42:22 devstack cinder-volume[88488]: DEBUG oslo_concurrency.processutils [None req-defdc471-6742-45a9-969b-0ff066bbb746 tempest-VolumesSnapshotListTestJSON-1039835064 None] CMD "sudo cinder-rootwrap /etc/cinder/rootwrap.conf qemu-img commit -d /opt/stack/data/cinder/mnt/0c854a86a9cdc79308426c3701abd031/volume-acd7e7e9-4401-4c1c-ab36-4158b101d57d.4c9d9c2c-37a6-43d0-9126-388c6c6c7e6f" returned: 0 in 0.824s {{(pid=88488) execute /opt/stack/data/venv/lib/python3.12/site-packages/oslo_concurrency/processutils.py:468}}
Jul 24 09:42:22 devstack cinder-volume[88488]: DEBUG oslo_concurrency.processutils [None req-defdc471-6742-45a9-969b-0ff066bbb746 tempest-VolumesSnapshotListTestJSON-1039835064 None] Running cmd (subprocess): sudo cinder-rootwrap /etc/cinder/rootwrap.conf rm -f /opt/stack/data/cinder/mnt/0c854a86a9cdc79308426c3701abd031/volume-acd7e7e9-4401-4c1c-ab36-4158b101d57d.4c9d9c2c-37a6-43d0-9126-388c6c6c7e6f {{(pid=88488) execute /opt/stack/data/venv/lib/python3.12/site-packages/oslo_concurrency/processutils.py:440}}
Jul 24 09:42:22 devstack sudo[96535]: quobyte : PWD=/ ; USER=root ; COMMAND=/opt/stack/data/venv/bin/cinder-rootwrap /etc/cinder/rootwrap.conf rm -f /opt/stack/data/cinder/mnt/0c854a86a9cdc79308426c3701abd031/volume-acd7e7e9-4401-4c1c-ab36-4158b101d57d.4c9d9c2c-37a6-43d0-9126-388c6c6c7e6f
Jul 24 09:42:22 devstack sudo[96535]: pam_unix(sudo:session): session opened for user root(uid=0) by (uid=1000)
Jul 24 09:42:23 devstack sudo[96535]: pam_unix(sudo:session): session closed for user root
Jul 24 09:42:23 devstack cinder-volume[88488]: DEBUG oslo_concurrency.processutils [None req-defdc471-6742-45a9-969b-0ff066bbb746 tempest-VolumesSnapshotListTestJSON-1039835064 None] CMD "sudo cinder-rootwrap /etc/cinder/rootwrap.conf rm -f /opt/stack/data/cinder/mnt/0c854a86a9cdc79308426c3701abd031/volume-acd7e7e9-4401-4c1c-ab36-4158b101d57d.4c9d9c2c-37a6-43d0-9126-388c6c6c7e6f" returned: 0 in 0.433s {{(pid=88488) execute /opt/stack/data/venv/lib/python3.12/site-packages/oslo_concurrency/processutils.py:468}}
Jul 24 09:42:23 devstack cinder-volume[88488]: DEBUG cinder.coordination [None req-defdc471-6742-45a9-969b-0ff066bbb746 tempest-VolumesSnapshotListTestJSON-1039835064 None] Lock "cinder-quobyte-4c9d9c2c-37a6-43d0-9126-388c6c6c7e6f" released by "_delete_snapshot" :: held 2.431s {{(pid=88488) __release /opt/stack/cinder/cinder/coordination.py:152}}
Jul 24 09:42:23 devstack cinder-volume[88488]: DEBUG cinder.coordination [None req-defdc471-6742-45a9-969b-0ff066bbb746 tempest-VolumesSnapshotListTestJSON-1039835064 None] Lock "cinder-quobyte-acd7e7e9-4401-4c1c-ab36-4158b101d57d" released by "delete_snapshot" :: held 2.473s {{(pid=88488) __release /opt/stack/cinder/cinder/coordination.py:152}}
Jul 24 09:42:23 devstack cinder-volume[88488]: DEBUG cinder.quota [None req-defdc471-6742-45a9-969b-0ff066bbb746 tempest-VolumesSnapshotListTestJSON-1039835064 None] Created reservations ['df8616bb-0da3-4c56-a858-155d7c658758', '21281f09-bba0-4e52-af14-2f747136184e', 'e3d0ffa2-6ddd-4353-8046-d2a9334346bf', 'e837afcc-5b4a-4065-a0ae-078aa42d7ae0'] {{(pid=88488) reserve /opt/stack/cinder/cinder/quota.py:752}}
Jul 24 09:42:23 devstack sudo[96531]: pam_unix(sudo:session): session closed for user root
Jul 24 09:42:23 devstack cinder-volume[88488]: DEBUG oslo_concurrency.processutils [req-05ee1408-24f1-48ce-b61d-07ac7dbdd2b7 req-e1321592-bb26-435d-8984-52b71a4271d7 tempest-VolumesSnapshotsTestJSON-2107033434 None] CMD "sudo cinder-rootwrap /etc/cinder/rootwrap.conf qemu-img create -f qcow2 -o backing_file=/opt/stack/data/cinder/mnt/0c854a86a9cdc79308426c3701abd031/volume-a96798f0-aee5-4bb5-8daa-c661501e2050,backing_fmt=qcow2 /opt/stack/data/cinder/mnt/0c854a86a9cdc79308426c3701abd031/volume-a96798f0-aee5-4bb5-8daa-c661501e2050.6f3eca02-c429-415a-9b3e-9e012d9cecc1 1G" returned: 0 in 0.737s {{(pid=88488) execute /opt/stack/data/venv/lib/python3.12/site-packages/oslo_concurrency/processutils.py:468}}
Jul 24 09:42:23 devstack cinder-volume[88488]: DEBUG oslo_concurrency.processutils [req-05ee1408-24f1-48ce-b61d-07ac7dbdd2b7 req-e1321592-bb26-435d-8984-52b71a4271d7 tempest-VolumesSnapshotsTestJSON-2107033434 None] Running cmd (subprocess): sudo cinder-rootwrap /etc/cinder/rootwrap.conf qemu-img rebase -u -b volume-a96798f0-aee5-4bb5-8daa-c661501e2050 -F qcow2 /opt/stack/data/cinder/mnt/0c854a86a9cdc79308426c3701abd031/volume-a96798f0-aee5-4bb5-8daa-c661501e2050.6f3eca02-c429-415a-9b3e-9e012d9cecc1 {{(pid=88488) execute /opt/stack/data/venv/lib/python3.12/site-packages/oslo_concurrency/processutils.py:440}}
Jul 24 09:42:23 devstack sudo[96543]: quobyte : PWD=/ ; USER=root ; COMMAND=/opt/stack/data/venv/bin/cinder-rootwrap /etc/cinder/rootwrap.conf qemu-img rebase -u -b volume-a96798f0-aee5-4bb5-8daa-c661501e2050 -F qcow2 /opt/stack/data/cinder/mnt/0c854a86a9cdc79308426c3701abd031/volume-a96798f0-aee5-4bb5-8daa-c661501e2050.6f3eca02-c429-415a-9b3e-9e012d9cecc1
Jul 24 09:42:23 devstack sudo[96543]: pam_unix(sudo:session): session opened for user root(uid=0) by (uid=1000)
Jul 24 09:42:23 devstack cinder-volume[88488]: INFO cinder.volume.manager [None req-defdc471-6742-45a9-969b-0ff066bbb746 tempest-VolumesSnapshotListTestJSON-1039835064 None] Delete snapshot completed successfully.
Jul 24 09:42:23 devstack cinder-volume[88488]: DEBUG cinder.coordination [None req-defdc471-6742-45a9-969b-0ff066bbb746 tempest-VolumesSnapshotListTestJSON-1039835064 None] Lock "cinder-4c9d9c2c-37a6-43d0-9126-388c6c6c7e6f-delete_snapshot" released by "delete_snapshot" :: held 2.700s {{(pid=88488) __release /opt/stack/cinder/cinder/coordination.py:152}}
Jul 24 09:42:23 devstack sudo[96543]: pam_unix(sudo:session): session closed for user root
Jul 24 09:42:23 devstack cinder-volume[88488]: DEBUG oslo_concurrency.processutils [req-05ee1408-24f1-48ce-b61d-07ac7dbdd2b7 req-e1321592-bb26-435d-8984-52b71a4271d7 tempest-VolumesSnapshotsTestJSON-2107033434 None] CMD "sudo cinder-rootwrap /etc/cinder/rootwrap.conf qemu-img rebase -u -b volume-a96798f0-aee5-4bb5-8daa-c661501e2050 -F qcow2 /opt/stack/data/cinder/mnt/0c854a86a9cdc79308426c3701abd031/volume-a96798f0-aee5-4bb5-8daa-c661501e2050.6f3eca02-c429-415a-9b3e-9e012d9cecc1" returned: 0 in 0.390s {{(pid=88488) execute /opt/stack/data/venv/lib/python3.12/site-packages/oslo_concurrency/processutils.py:468}}
Jul 24 09:42:23 devstack cinder-volume[88488]: WARNING cinder.volume.drivers.remotefs [req-05ee1408-24f1-48ce-b61d-07ac7dbdd2b7 req-e1321592-bb26-435d-8984-52b71a4271d7 tempest-VolumesSnapshotsTestJSON-2107033434 None] /opt/stack/data/cinder/mnt/0c854a86a9cdc79308426c3701abd031/volume-a96798f0-aee5-4bb5-8daa-c661501e2050.6f3eca02-c429-415a-9b3e-9e012d9cecc1 is being set with open permissions: ugo+rw
Jul 24 09:42:23 devstack cinder-volume[88488]: DEBUG oslo_concurrency.processutils [req-05ee1408-24f1-48ce-b61d-07ac7dbdd2b7 req-e1321592-bb26-435d-8984-52b71a4271d7 tempest-VolumesSnapshotsTestJSON-2107033434 None] Running cmd (subprocess): sudo cinder-rootwrap /etc/cinder/rootwrap.conf chmod ugo+rw /opt/stack/data/cinder/mnt/0c854a86a9cdc79308426c3701abd031/volume-a96798f0-aee5-4bb5-8daa-c661501e2050.6f3eca02-c429-415a-9b3e-9e012d9cecc1 {{(pid=88488) execute /opt/stack/data/venv/lib/python3.12/site-packages/oslo_concurrency/processutils.py:440}}
Jul 24 09:42:23 devstack sudo[96548]: quobyte : PWD=/ ; USER=root ; COMMAND=/opt/stack/data/venv/bin/cinder-rootwrap /etc/cinder/rootwrap.conf chmod ugo+rw /opt/stack/data/cinder/mnt/0c854a86a9cdc79308426c3701abd031/volume-a96798f0-aee5-4bb5-8daa-c661501e2050.6f3eca02-c429-415a-9b3e-9e012d9cecc1
Jul 24 09:42:23 devstack sudo[96548]: pam_unix(sudo:session): session opened for user root(uid=0) by (uid=1000)
Jul 24 09:42:23 devstack cinder-volume[88488]: DEBUG cinder.coordination [None req-e043f418-8334-441d-862a-e2fc00721271 tempest-VolumesSnapshotListTestJSON-1039835064 None] Acquiring lock "cinder-3760d7b5-d7c8-4e75-b217-89fca88f9a89-delete_snapshot" by "delete_snapshot" {{(pid=88488) __acquire /opt/stack/cinder/cinder/coordination.py:138}}
Jul 24 09:42:23 devstack sudo[96548]: pam_unix(sudo:session): session closed for user root
Jul 24 09:42:23 devstack cinder-volume[88488]: DEBUG oslo_concurrency.processutils [req-05ee1408-24f1-48ce-b61d-07ac7dbdd2b7 req-e1321592-bb26-435d-8984-52b71a4271d7 tempest-VolumesSnapshotsTestJSON-2107033434 None] CMD "sudo cinder-rootwrap /etc/cinder/rootwrap.conf chmod ugo+rw /opt/stack/data/cinder/mnt/0c854a86a9cdc79308426c3701abd031/volume-a96798f0-aee5-4bb5-8daa-c661501e2050.6f3eca02-c429-415a-9b3e-9e012d9cecc1" returned: 0 in 0.335s {{(pid=88488) execute /opt/stack/data/venv/lib/python3.12/site-packages/oslo_concurrency/processutils.py:468}}
Jul 24 09:42:23 devstack cinder-volume[88488]: DEBUG cinder.coordination [None req-e043f418-8334-441d-862a-e2fc00721271 tempest-VolumesSnapshotListTestJSON-1039835064 None] Lock "cinder-3760d7b5-d7c8-4e75-b217-89fca88f9a89-delete_snapshot" acquired by "delete_snapshot" :: waited 0.053s {{(pid=88488) __acquire /opt/stack/cinder/cinder/coordination.py:141}}
Jul 24 09:42:23 devstack cinder-volume[88488]: DEBUG cinder.coordination [None req-e043f418-8334-441d-862a-e2fc00721271 tempest-VolumesSnapshotListTestJSON-1039835064 None] Acquiring lock "cinder-quobyte-acd7e7e9-4401-4c1c-ab36-4158b101d57d" by "delete_snapshot" {{(pid=88488) __acquire /opt/stack/cinder/cinder/coordination.py:138}}
Jul 24 09:42:23 devstack cinder-volume[88488]: DEBUG cinder.coordination [None req-e043f418-8334-441d-862a-e2fc00721271 tempest-VolumesSnapshotListTestJSON-1039835064 None] Lock "cinder-quobyte-acd7e7e9-4401-4c1c-ab36-4158b101d57d" acquired by "delete_snapshot" :: waited 0.019s {{(pid=88488) __acquire /opt/stack/cinder/cinder/coordination.py:141}}
Jul 24 09:42:23 devstack cinder-volume[88488]: DEBUG cinder.coordination [None req-e043f418-8334-441d-862a-e2fc00721271 tempest-VolumesSnapshotListTestJSON-1039835064 None] Acquiring lock "cinder-quobyte-3760d7b5-d7c8-4e75-b217-89fca88f9a89" by "_delete_snapshot" {{(pid=88488) __acquire /opt/stack/cinder/cinder/coordination.py:138}}
