Jul 24 09:42:07 devstack cinder-volume[88488]: DEBUG oslo_concurrency.processutils [None req-96c6a015-8754-4cfe-af2c-5044cb0a38d0 tempest-VolumesSnapshotListTestJSON-1039835064 None] Running cmd (subprocess): sudo cinder-rootwrap /etc/cinder/rootwrap.conf qemu-img create -f qcow2 -o preallocation=metadata /opt/stack/data/cinder/mnt/0c854a86a9cdc79308426c3701abd031/volume-acd7e7e9-4401-4c1c-ab36-4158b101d57d 1073741824 {{(pid=88488) execute /opt/stack/data/venv/lib/python3.12/site-packages/oslo_concurrency/processutils.py:440}}
Jul 24 09:42:07 devstack sudo[96231]: quobyte : PWD=/ ; USER=root ; COMMAND=/opt/stack/data/venv/bin/cinder-rootwrap /etc/cinder/rootwrap.conf qemu-img create -f qcow2 -o preallocation=metadata /opt/stack/data/cinder/mnt/0c854a86a9cdc79308426c3701abd031/volume-acd7e7e9-4401-4c1c-ab36-4158b101d57d 1073741824
Jul 24 09:42:07 devstack sudo[96231]: pam_unix(sudo:session): session opened for user root(uid=0) by (uid=1000)
Jul 24 09:42:07 devstack cinder-volume[88488]: DEBUG cinder.quota [None req-48908d76-efc1-4274-ad34-97eb6487f206 tempest-GroupsV320Test-893616146 None] Created reservations ['8d4cfd7d-c17b-46e4-bc8d-e7b874ae1f51'] {{(pid=88488) reserve /opt/stack/cinder/cinder/quota.py:752}}
Jul 24 09:42:07 devstack cinder-volume[88488]: DEBUG oslo_concurrency.lockutils [None req-48908d76-efc1-4274-ad34-97eb6487f206 tempest-GroupsV320Test-893616146 None] Acquiring lock "quobyte_ensure" by "cinder.volume.drivers.quobyte.QuobyteDriver._ensure_shares_mounted" {{(pid=88488) inner /opt/stack/data/venv/lib/python3.12/site-packages/oslo_concurrency/lockutils.py:512}}
Jul 24 09:42:07 devstack cinder-volume[88488]: DEBUG oslo_concurrency.lockutils [None req-48908d76-efc1-4274-ad34-97eb6487f206 tempest-GroupsV320Test-893616146 None] Lock "quobyte_ensure" acquired by "cinder.volume.drivers.quobyte.QuobyteDriver._ensure_shares_mounted" :: waited 0.001s {{(pid=88488) inner /opt/stack/data/venv/lib/python3.12/site-packages/oslo_concurrency/lockutils.py:525}}
Jul 24 09:42:07 devstack cinder-volume[88488]: DEBUG cinder.volume.drivers.quobyte [None req-48908d76-efc1-4274-ad34-97eb6487f206 tempest-GroupsV320Test-893616146 None] Quobyte Volume URL set to: {'osci02.corp.quobyte.com/cinder-vol-5faa8a50-05a5-4b08-8383-d9734874ed5b': None} {{(pid=88488) _load_shares_config /opt/stack/cinder/cinder/volume/drivers/quobyte.py:651}}
Jul 24 09:42:07 devstack cinder-volume[88488]: DEBUG cinder.volume.drivers.quobyte [None req-48908d76-efc1-4274-ad34-97eb6487f206 tempest-GroupsV320Test-893616146 None] Available shares ['osci02.corp.quobyte.com/cinder-vol-5faa8a50-05a5-4b08-8383-d9734874ed5b'] {{(pid=88488) _ensure_shares_mounted /opt/stack/cinder/cinder/volume/drivers/quobyte.py:681}}
Jul 24 09:42:07 devstack cinder-volume[88488]: DEBUG oslo_concurrency.lockutils [None req-48908d76-efc1-4274-ad34-97eb6487f206 tempest-GroupsV320Test-893616146 None] Lock "quobyte_ensure" "released" by "cinder.volume.drivers.quobyte.QuobyteDriver._ensure_shares_mounted" :: held 0.009s {{(pid=88488) inner /opt/stack/data/venv/lib/python3.12/site-packages/oslo_concurrency/lockutils.py:544}}
Jul 24 09:42:07 devstack cinder-volume[88488]: DEBUG oslo_concurrency.processutils [None req-48908d76-efc1-4274-ad34-97eb6487f206 tempest-GroupsV320Test-893616146 None] Running cmd (subprocess): sudo cinder-rootwrap /etc/cinder/rootwrap.conf df --portability --block-size 1 /opt/stack/data/cinder/mnt/0c854a86a9cdc79308426c3701abd031 {{(pid=88488) execute /opt/stack/data/venv/lib/python3.12/site-packages/oslo_concurrency/processutils.py:440}}
Jul 24 09:42:07 devstack sudo[96234]: quobyte : PWD=/ ; USER=root ; COMMAND=/opt/stack/data/venv/bin/cinder-rootwrap /etc/cinder/rootwrap.conf df --portability --block-size 1 /opt/stack/data/cinder/mnt/0c854a86a9cdc79308426c3701abd031
Jul 24 09:42:07 devstack sudo[96234]: pam_unix(sudo:session): session opened for user root(uid=0) by (uid=1000)
Jul 24 09:42:07 devstack sudo[96229]: pam_unix(sudo:session): session closed for user root
Jul 24 09:42:07 devstack cinder-volume[88488]: DEBUG oslo_concurrency.processutils [None req-27d2376b-00d9-475d-807e-d1736d0816ad tempest-AttachVolumeNegativeTest-98594709 None] CMD "sudo cinder-rootwrap /etc/cinder/rootwrap.conf df --portability --block-size 1 /opt/stack/data/cinder/mnt/0c854a86a9cdc79308426c3701abd031" returned: 0 in 0.323s {{(pid=88488) execute /opt/stack/data/venv/lib/python3.12/site-packages/oslo_concurrency/processutils.py:468}}
Jul 24 09:42:07 devstack cinder-volume[88488]: DEBUG cinder.manager [None req-27d2376b-00d9-475d-807e-d1736d0816ad tempest-AttachVolumeNegativeTest-98594709 None] Notifying Schedulers of capabilities ... {{(pid=88488) _publish_service_capabilities /opt/stack/cinder/cinder/manager.py:219}}
Jul 24 09:42:07 devstack cinder-volume[88488]: INFO cinder.volume.manager [None req-27d2376b-00d9-475d-807e-d1736d0816ad tempest-AttachVolumeNegativeTest-98594709 None] Deleted volume successfully.
Jul 24 09:42:08 devstack cinder-volume[88488]: DEBUG cinder.coordination [None req-27d2376b-00d9-475d-807e-d1736d0816ad tempest-AttachVolumeNegativeTest-98594709 None] Lock "cinder-564a3215-ff55-43f0-84d8-5a9adc07e2ac-delete_volume" released by "delete_volume" :: held 1.264s {{(pid=88488) __release /opt/stack/cinder/cinder/coordination.py:152}}
Jul 24 09:42:08 devstack cinder-volume[88488]: DEBUG cinder.coordination [None req-f6cbab0a-6fd5-4140-a003-d317c6088bd9 tempest-AttachVolumeNegativeTest-98594709 None] Acquiring lock "cinder-6714f26b-22a9-40d2-a530-2745b25b3024-delete_volume" by "delete_volume" {{(pid=88488) __acquire /opt/stack/cinder/cinder/coordination.py:138}}
Jul 24 09:42:08 devstack sudo[96234]: pam_unix(sudo:session): session closed for user root
Jul 24 09:42:08 devstack cinder-volume[88488]: DEBUG oslo_concurrency.processutils [None req-48908d76-efc1-4274-ad34-97eb6487f206 tempest-GroupsV320Test-893616146 None] CMD "sudo cinder-rootwrap /etc/cinder/rootwrap.conf df --portability --block-size 1 /opt/stack/data/cinder/mnt/0c854a86a9cdc79308426c3701abd031" returned: 0 in 0.256s {{(pid=88488) execute /opt/stack/data/venv/lib/python3.12/site-packages/oslo_concurrency/processutils.py:468}}
Jul 24 09:42:08 devstack cinder-volume[88488]: DEBUG cinder.manager [None req-48908d76-efc1-4274-ad34-97eb6487f206 tempest-GroupsV320Test-893616146 None] Notifying Schedulers of capabilities ... {{(pid=88488) _publish_service_capabilities /opt/stack/cinder/cinder/manager.py:219}}
Jul 24 09:42:08 devstack cinder-volume[88488]: INFO cinder.volume.manager [None req-48908d76-efc1-4274-ad34-97eb6487f206 tempest-GroupsV320Test-893616146 None] Delete group completed successfully.
Jul 24 09:42:08 devstack cinder-volume[88488]: DEBUG cinder.coordination [None req-f6cbab0a-6fd5-4140-a003-d317c6088bd9 tempest-AttachVolumeNegativeTest-98594709 None] Lock "cinder-6714f26b-22a9-40d2-a530-2745b25b3024-delete_volume" acquired by "delete_volume" :: waited 0.025s {{(pid=88488) __acquire /opt/stack/cinder/cinder/coordination.py:141}}
Jul 24 09:42:08 devstack cinder-volume[88488]: DEBUG cinder.coordination [None req-f6cbab0a-6fd5-4140-a003-d317c6088bd9 tempest-AttachVolumeNegativeTest-98594709 None] Acquiring lock "cinder-quobyte-6714f26b-22a9-40d2-a530-2745b25b3024" by "delete_volume" {{(pid=88488) __acquire /opt/stack/cinder/cinder/coordination.py:138}}
Jul 24 09:42:08 devstack cinder-volume[88488]: DEBUG cinder.coordination [None req-f6cbab0a-6fd5-4140-a003-d317c6088bd9 tempest-AttachVolumeNegativeTest-98594709 None] Lock "cinder-quobyte-6714f26b-22a9-40d2-a530-2745b25b3024" acquired by "delete_volume" :: waited 0.018s {{(pid=88488) __acquire /opt/stack/cinder/cinder/coordination.py:141}}
Jul 24 09:42:08 devstack cinder-volume[88488]: DEBUG oslo.privsep.daemon [-] privsep: reply[dfb9f65d-bcc9-41fc-87eb-f1e5eb198462]: (4, 'qcow2') {{(pid=89999) _call_back /opt/stack/data/venv/lib/python3.12/site-packages/oslo_privsep/daemon.py:580}}
Jul 24 09:42:08 devstack cinder-volume[88488]: DEBUG oslo_concurrency.processutils [None req-f6cbab0a-6fd5-4140-a003-d317c6088bd9 tempest-AttachVolumeNegativeTest-98594709 None] Running cmd (subprocess): /opt/stack/data/venv/bin/python3.12 -m oslo_concurrency.prlimit --as=1073741824 --cpu=60 -- sudo cinder-rootwrap /etc/cinder/rootwrap.conf env LC_ALL=C qemu-img info -f qcow2 --output=json --force-share /opt/stack/data/cinder/mnt/0c854a86a9cdc79308426c3701abd031/volume-6714f26b-22a9-40d2-a530-2745b25b3024 {{(pid=88488) execute /opt/stack/data/venv/lib/python3.12/site-packages/oslo_concurrency/processutils.py:440}}
Jul 24 09:42:08 devstack sudo[96231]: pam_unix(sudo:session): session closed for user root
Jul 24 09:42:08 devstack cinder-volume[88488]: DEBUG oslo_concurrency.processutils [None req-96c6a015-8754-4cfe-af2c-5044cb0a38d0 tempest-VolumesSnapshotListTestJSON-1039835064 None] CMD "sudo cinder-rootwrap /etc/cinder/rootwrap.conf qemu-img create -f qcow2 -o preallocation=metadata /opt/stack/data/cinder/mnt/0c854a86a9cdc79308426c3701abd031/volume-acd7e7e9-4401-4c1c-ab36-4158b101d57d 1073741824" returned: 0 in 0.522s {{(pid=88488) execute /opt/stack/data/venv/lib/python3.12/site-packages/oslo_concurrency/processutils.py:468}}
Jul 24 09:42:08 devstack cinder-volume[88488]: DEBUG oslo_concurrency.processutils [None req-96c6a015-8754-4cfe-af2c-5044cb0a38d0 tempest-VolumesSnapshotListTestJSON-1039835064 None] Running cmd (subprocess): sudo cinder-rootwrap /etc/cinder/rootwrap.conf chmod ugo+rw /opt/stack/data/cinder/mnt/0c854a86a9cdc79308426c3701abd031/volume-acd7e7e9-4401-4c1c-ab36-4158b101d57d {{(pid=88488) execute /opt/stack/data/venv/lib/python3.12/site-packages/oslo_concurrency/processutils.py:440}}
Jul 24 09:42:08 devstack sudo[96241]: quobyte : PWD=/ ; USER=root ; COMMAND=/opt/stack/data/venv/bin/cinder-rootwrap /etc/cinder/rootwrap.conf env LC_ALL=C qemu-img info -f qcow2 --output=json --force-share /opt/stack/data/cinder/mnt/0c854a86a9cdc79308426c3701abd031/volume-6714f26b-22a9-40d2-a530-2745b25b3024
Jul 24 09:42:08 devstack sudo[96241]: pam_unix(sudo:session): session opened for user root(uid=0) by (uid=1000)
Jul 24 09:42:08 devstack sudo[96242]: quobyte : PWD=/ ; USER=root ; COMMAND=/opt/stack/data/venv/bin/cinder-rootwrap /etc/cinder/rootwrap.conf chmod ugo+rw /opt/stack/data/cinder/mnt/0c854a86a9cdc79308426c3701abd031/volume-acd7e7e9-4401-4c1c-ab36-4158b101d57d
Jul 24 09:42:08 devstack sudo[96242]: pam_unix(sudo:session): session opened for user root(uid=0) by (uid=1000)
Jul 24 09:42:08 devstack sudo[96241]: pam_unix(sudo:session): session closed for user root
Jul 24 09:42:08 devstack sudo[96242]: pam_unix(sudo:session): session closed for user root
Jul 24 09:42:08 devstack cinder-volume[88488]: DEBUG oslo_concurrency.processutils [None req-f6cbab0a-6fd5-4140-a003-d317c6088bd9 tempest-AttachVolumeNegativeTest-98594709 None] CMD "/opt/stack/data/venv/bin/python3.12 -m oslo_concurrency.prlimit --as=1073741824 --cpu=60 -- sudo cinder-rootwrap /etc/cinder/rootwrap.conf env LC_ALL=C qemu-img info -f qcow2 --output=json --force-share /opt/stack/data/cinder/mnt/0c854a86a9cdc79308426c3701abd031/volume-6714f26b-22a9-40d2-a530-2745b25b3024" returned: 0 in 0.361s {{(pid=88488) execute /opt/stack/data/venv/lib/python3.12/site-packages/oslo_concurrency/processutils.py:468}}
Jul 24 09:42:08 devstack cinder-volume[88488]: DEBUG oslo_concurrency.processutils [None req-f6cbab0a-6fd5-4140-a003-d317c6088bd9 tempest-AttachVolumeNegativeTest-98594709 None] Running cmd (subprocess): sudo cinder-rootwrap /etc/cinder/rootwrap.conf rm -f /opt/stack/data/cinder/mnt/0c854a86a9cdc79308426c3701abd031/volume-6714f26b-22a9-40d2-a530-2745b25b3024 {{(pid=88488) execute /opt/stack/data/venv/lib/python3.12/site-packages/oslo_concurrency/processutils.py:440}}
Jul 24 09:42:08 devstack cinder-volume[88488]: DEBUG oslo_concurrency.processutils [None req-96c6a015-8754-4cfe-af2c-5044cb0a38d0 tempest-VolumesSnapshotListTestJSON-1039835064 None] CMD "sudo cinder-rootwrap /etc/cinder/rootwrap.conf chmod ugo+rw /opt/stack/data/cinder/mnt/0c854a86a9cdc79308426c3701abd031/volume-acd7e7e9-4401-4c1c-ab36-4158b101d57d" returned: 0 in 0.273s {{(pid=88488) execute /opt/stack/data/venv/lib/python3.12/site-packages/oslo_concurrency/processutils.py:468}}
Jul 24 09:42:08 devstack cinder-volume[88488]: DEBUG cinder.volume.drivers.quobyte [None req-96c6a015-8754-4cfe-af2c-5044cb0a38d0 tempest-VolumesSnapshotListTestJSON-1039835064 None] <== create_volume: return (840ms) {'provider_location': 'osci02.corp.quobyte.com/cinder-vol-5faa8a50-05a5-4b08-8383-d9734874ed5b'} {{(pid=88488) trace_logging_wrapper /opt/stack/cinder/cinder/volume/volume_utils.py:1522}}
Jul 24 09:42:08 devstack cinder-volume[88488]: DEBUG oslo_concurrency.lockutils [None req-96c6a015-8754-4cfe-af2c-5044cb0a38d0 tempest-VolumesSnapshotListTestJSON-1039835064 None] Lock "quobyte" "released" by "cinder.volume.drivers.quobyte.QuobyteDriver.create_volume" :: held 0.843s {{(pid=88488) inner /opt/stack/data/venv/lib/python3.12/site-packages/oslo_concurrency/lockutils.py:544}}
Jul 24 09:42:08 devstack sudo[96250]: quobyte : PWD=/ ; USER=root ; COMMAND=/opt/stack/data/venv/bin/cinder-rootwrap /etc/cinder/rootwrap.conf rm -f /opt/stack/data/cinder/mnt/0c854a86a9cdc79308426c3701abd031/volume-6714f26b-22a9-40d2-a530-2745b25b3024
Jul 24 09:42:08 devstack sudo[96250]: pam_unix(sudo:session): session opened for user root(uid=0) by (uid=1000)
Jul 24 09:42:08 devstack cinder-volume[88488]: DEBUG cinder.volume.manager [None req-96c6a015-8754-4cfe-af2c-5044cb0a38d0 tempest-VolumesSnapshotListTestJSON-1039835064 None] Task 'cinder.volume.flows.manager.create_volume.CreateVolumeFromSpecTask;volume:create' (5a4c8730-3ff5-4890-aafb-605096218af0) transitioned into state 'SUCCESS' from state 'RUNNING' with result '{'status': 'creating', 'volume_name': 'volume-acd7e7e9-4401-4c1c-ab36-4158b101d57d', 'volume_size': 1}' {{(pid=88488) _task_receiver /opt/stack/data/venv/lib/python3.12/site-packages/taskflow/listeners/logging.py:218}}
Jul 24 09:42:08 devstack cinder-volume[88488]: DEBUG cinder.volume.manager [None req-96c6a015-8754-4cfe-af2c-5044cb0a38d0 tempest-VolumesSnapshotListTestJSON-1039835064 None] Task 'cinder.volume.flows.manager.create_volume.CreateVolumeOnFinishTask;volume:create, create.end' (347dd40e-6492-4719-b1c7-6441983b65af) transitioned into state 'RUNNING' from state 'PENDING' {{(pid=88488) _task_receiver /opt/stack/data/venv/lib/python3.12/site-packages/taskflow/listeners/logging.py:242}}
Jul 24 09:42:08 devstack cinder-volume[88488]: INFO cinder.volume.flows.manager.create_volume [None req-96c6a015-8754-4cfe-af2c-5044cb0a38d0 tempest-VolumesSnapshotListTestJSON-1039835064 None] Volume volume-acd7e7e9-4401-4c1c-ab36-4158b101d57d (acd7e7e9-4401-4c1c-ab36-4158b101d57d): created successfully
Jul 24 09:42:08 devstack cinder-volume[88488]: DEBUG cinder.volume.manager [None req-96c6a015-8754-4cfe-af2c-5044cb0a38d0 tempest-VolumesSnapshotListTestJSON-1039835064 None] Task 'cinder.volume.flows.manager.create_volume.CreateVolumeOnFinishTask;volume:create, create.end' (347dd40e-6492-4719-b1c7-6441983b65af) transitioned into state 'SUCCESS' from state 'RUNNING' with result 'None' {{(pid=88488) _task_receiver /opt/stack/data/venv/lib/python3.12/site-packages/taskflow/listeners/logging.py:218}}
Jul 24 09:42:08 devstack cinder-volume[88488]: DEBUG cinder.volume.manager [None req-96c6a015-8754-4cfe-af2c-5044cb0a38d0 tempest-VolumesSnapshotListTestJSON-1039835064 None] Flow 'volume_create_manager' (bf0e8002-ee5f-40d8-b6b1-8e002979659d) transitioned into state 'SUCCESS' from state 'RUNNING' {{(pid=88488) _flow_receiver /opt/stack/data/venv/lib/python3.12/site-packages/taskflow/listeners/logging.py:160}}
Jul 24 09:42:08 devstack cinder-volume[88488]: INFO cinder.volume.manager [None req-96c6a015-8754-4cfe-af2c-5044cb0a38d0 tempest-VolumesSnapshotListTestJSON-1039835064 None] Created volume successfully.
Jul 24 09:42:08 devstack sudo[96250]: pam_unix(sudo:session): session closed for user root
Jul 24 09:42:08 devstack cinder-volume[88488]: DEBUG oslo_concurrency.processutils [None req-f6cbab0a-6fd5-4140-a003-d317c6088bd9 tempest-AttachVolumeNegativeTest-98594709 None] CMD "sudo cinder-rootwrap /etc/cinder/rootwrap.conf rm -f /opt/stack/data/cinder/mnt/0c854a86a9cdc79308426c3701abd031/volume-6714f26b-22a9-40d2-a530-2745b25b3024" returned: 0 in 0.255s {{(pid=88488) execute /opt/stack/data/venv/lib/python3.12/site-packages/oslo_concurrency/processutils.py:468}}
Jul 24 09:42:08 devstack cinder-volume[88488]: DEBUG cinder.coordination [None req-f6cbab0a-6fd5-4140-a003-d317c6088bd9 tempest-AttachVolumeNegativeTest-98594709 None] Lock "cinder-quobyte-6714f26b-22a9-40d2-a530-2745b25b3024" released by "delete_volume" :: held 0.659s {{(pid=88488) __release /opt/stack/cinder/cinder/coordination.py:152}}
Jul 24 09:42:08 devstack cinder-volume[88488]: DEBUG cinder.quota [None req-f6cbab0a-6fd5-4140-a003-d317c6088bd9 tempest-AttachVolumeNegativeTest-98594709 None] Created reservations ['085bc3d1-3d19-471c-9f00-77c9248d5fac', 'f0147eac-d6a1-4437-87dc-4ca3320f6408', '5f68d2ef-2d7c-4aac-a7a2-5cfc86420b0e', '1bb0ae9c-2927-48ba-a3a3-445d1a7ee090'] {{(pid=88488) reserve /opt/stack/cinder/cinder/quota.py:752}}
Jul 24 09:42:09 devstack cinder-volume[88488]: DEBUG oslo_concurrency.lockutils [None req-f6cbab0a-6fd5-4140-a003-d317c6088bd9 tempest-AttachVolumeNegativeTest-98594709 None] Acquiring lock "quobyte_ensure" by "cinder.volume.drivers.quobyte.QuobyteDriver._ensure_shares_mounted" {{(pid=88488) inner /opt/stack/data/venv/lib/python3.12/site-packages/oslo_concurrency/lockutils.py:512}}
Jul 24 09:42:09 devstack cinder-volume[88488]: DEBUG oslo_concurrency.lockutils [None req-f6cbab0a-6fd5-4140-a003-d317c6088bd9 tempest-AttachVolumeNegativeTest-98594709 None] Lock "quobyte_ensure" acquired by "cinder.volume.drivers.quobyte.QuobyteDriver._ensure_shares_mounted" :: waited 0.001s {{(pid=88488) inner /opt/stack/data/venv/lib/python3.12/site-packages/oslo_concurrency/lockutils.py:525}}
Jul 24 09:42:09 devstack cinder-volume[88488]: DEBUG cinder.volume.drivers.quobyte [None req-f6cbab0a-6fd5-4140-a003-d317c6088bd9 tempest-AttachVolumeNegativeTest-98594709 None] Quobyte Volume URL set to: {'osci02.corp.quobyte.com/cinder-vol-5faa8a50-05a5-4b08-8383-d9734874ed5b': None} {{(pid=88488) _load_shares_config /opt/stack/cinder/cinder/volume/drivers/quobyte.py:651}}
Jul 24 09:42:09 devstack cinder-volume[88488]: DEBUG cinder.volume.drivers.quobyte [None req-f6cbab0a-6fd5-4140-a003-d317c6088bd9 tempest-AttachVolumeNegativeTest-98594709 None] Available shares ['osci02.corp.quobyte.com/cinder-vol-5faa8a50-05a5-4b08-8383-d9734874ed5b'] {{(pid=88488) _ensure_shares_mounted /opt/stack/cinder/cinder/volume/drivers/quobyte.py:681}}
Jul 24 09:42:09 devstack cinder-volume[88488]: DEBUG oslo_concurrency.lockutils [None req-f6cbab0a-6fd5-4140-a003-d317c6088bd9 tempest-AttachVolumeNegativeTest-98594709 None] Lock "quobyte_ensure" "released" by "cinder.volume.drivers.quobyte.QuobyteDriver._ensure_shares_mounted" :: held 0.007s {{(pid=88488) inner /opt/stack/data/venv/lib/python3.12/site-packages/oslo_concurrency/lockutils.py:544}}
Jul 24 09:42:09 devstack cinder-volume[88488]: DEBUG oslo_concurrency.processutils [None req-f6cbab0a-6fd5-4140-a003-d317c6088bd9 tempest-AttachVolumeNegativeTest-98594709 None] Running cmd (subprocess): sudo cinder-rootwrap /etc/cinder/rootwrap.conf df --portability --block-size 1 /opt/stack/data/cinder/mnt/0c854a86a9cdc79308426c3701abd031 {{(pid=88488) execute /opt/stack/data/venv/lib/python3.12/site-packages/oslo_concurrency/processutils.py:440}}
Jul 24 09:42:09 devstack sudo[96253]: quobyte : PWD=/ ; USER=root ; COMMAND=/opt/stack/data/venv/bin/cinder-rootwrap /etc/cinder/rootwrap.conf df --portability --block-size 1 /opt/stack/data/cinder/mnt/0c854a86a9cdc79308426c3701abd031
Jul 24 09:42:09 devstack sudo[96253]: pam_unix(sudo:session): session opened for user root(uid=0) by (uid=1000)
Jul 24 09:42:09 devstack sudo[96253]: pam_unix(sudo:session): session closed for user root
Jul 24 09:42:09 devstack cinder-volume[88488]: DEBUG oslo_concurrency.processutils [None req-f6cbab0a-6fd5-4140-a003-d317c6088bd9 tempest-AttachVolumeNegativeTest-98594709 None] CMD "sudo cinder-rootwrap /etc/cinder/rootwrap.conf df --portability --block-size 1 /opt/stack/data/cinder/mnt/0c854a86a9cdc79308426c3701abd031" returned: 0 in 0.273s {{(pid=88488) execute /opt/stack/data/venv/lib/python3.12/site-packages/oslo_concurrency/processutils.py:468}}
Jul 24 09:42:09 devstack cinder-volume[88488]: DEBUG cinder.manager [None req-f6cbab0a-6fd5-4140-a003-d317c6088bd9 tempest-AttachVolumeNegativeTest-98594709 None] Notifying Schedulers of capabilities ... {{(pid=88488) _publish_service_capabilities /opt/stack/cinder/cinder/manager.py:219}}
Jul 24 09:42:09 devstack cinder-volume[88488]: INFO cinder.volume.manager [None req-f6cbab0a-6fd5-4140-a003-d317c6088bd9 tempest-AttachVolumeNegativeTest-98594709 None] Deleted volume successfully.
Jul 24 09:42:09 devstack cinder-volume[88488]: DEBUG cinder.coordination [None req-f6cbab0a-6fd5-4140-a003-d317c6088bd9 tempest-AttachVolumeNegativeTest-98594709 None] Lock "cinder-6714f26b-22a9-40d2-a530-2745b25b3024-delete_volume" released by "delete_volume" :: held 1.171s {{(pid=88488) __release /opt/stack/cinder/cinder/coordination.py:152}}
Jul 24 09:42:10 devstack cinder-volume[88488]: DEBUG oslo_concurrency.lockutils [None req-481c2bc5-354f-4e30-92b0-ff744037c399 tempest-VolumesSnapshotListTestJSON-1039835064 None] Acquiring lock "quobyte" by "cinder.volume.drivers.quobyte.QuobyteDriver.create_snapshot" {{(pid=88488) inner /opt/stack/data/venv/lib/python3.12/site-packages/oslo_concurrency/lockutils.py:512}}
Jul 24 09:42:10 devstack cinder-volume[88488]: DEBUG oslo_concurrency.lockutils [None req-481c2bc5-354f-4e30-92b0-ff744037c399 tempest-VolumesSnapshotListTestJSON-1039835064 None] Lock "quobyte" acquired by "cinder.volume.drivers.quobyte.QuobyteDriver.create_snapshot" :: waited 0.002s {{(pid=88488) inner /opt/stack/data/venv/lib/python3.12/site-packages/oslo_concurrency/lockutils.py:525}}
Jul 24 09:42:10 devstack cinder-volume[88488]: DEBUG cinder.volume.drivers.remotefs [None req-481c2bc5-354f-4e30-92b0-ff744037c399 tempest-VolumesSnapshotListTestJSON-1039835064 None] Creating offline snapshot 77c76a19-d59f-45bc-9a8d-484da7e256bf of volume acd7e7e9-4401-4c1c-ab36-4158b101d57d {{(pid=88488) _create_snapshot /opt/stack/cinder/cinder/volume/drivers/remotefs.py:1816}}
Jul 24 09:42:10 devstack cinder-volume[88488]: DEBUG oslo.privsep.daemon [-] privsep: reply[3d8fff24-53b1-4113-84ef-946346706a64]: (4, 'qcow2') {{(pid=89999) _call_back /opt/stack/data/venv/lib/python3.12/site-packages/oslo_privsep/daemon.py:580}}
Jul 24 09:42:10 devstack cinder-volume[88488]: DEBUG oslo_concurrency.processutils [None req-481c2bc5-354f-4e30-92b0-ff744037c399 tempest-VolumesSnapshotListTestJSON-1039835064 None] Running cmd (subprocess): /opt/stack/data/venv/bin/python3.12 -m oslo_concurrency.prlimit --as=1073741824 --cpu=60 -- sudo cinder-rootwrap /etc/cinder/rootwrap.conf env LC_ALL=C qemu-img info -f qcow2 --output=json --force-share /opt/stack/data/cinder/mnt/0c854a86a9cdc79308426c3701abd031/volume-acd7e7e9-4401-4c1c-ab36-4158b101d57d {{(pid=88488) execute /opt/stack/data/venv/lib/python3.12/site-packages/oslo_concurrency/processutils.py:440}}
Jul 24 09:42:10 devstack sudo[96256]: quobyte : PWD=/ ; USER=root ; COMMAND=/opt/stack/data/venv/bin/cinder-rootwrap /etc/cinder/rootwrap.conf env LC_ALL=C qemu-img info -f qcow2 --output=json --force-share /opt/stack/data/cinder/mnt/0c854a86a9cdc79308426c3701abd031/volume-acd7e7e9-4401-4c1c-ab36-4158b101d57d
Jul 24 09:42:10 devstack sudo[96256]: pam_unix(sudo:session): session opened for user root(uid=0) by (uid=1000)
Jul 24 09:42:10 devstack sudo[96256]: pam_unix(sudo:session): session closed for user root
Jul 24 09:42:10 devstack cinder-volume[88488]: DEBUG oslo_concurrency.processutils [None req-481c2bc5-354f-4e30-92b0-ff744037c399 tempest-VolumesSnapshotListTestJSON-1039835064 None] CMD "/opt/stack/data/venv/bin/python3.12 -m oslo_concurrency.prlimit --as=1073741824 --cpu=60 -- sudo cinder-rootwrap /etc/cinder/rootwrap.conf env LC_ALL=C qemu-img info -f qcow2 --output=json --force-share /opt/stack/data/cinder/mnt/0c854a86a9cdc79308426c3701abd031/volume-acd7e7e9-4401-4c1c-ab36-4158b101d57d" returned: 0 in 0.425s {{(pid=88488) execute /opt/stack/data/venv/lib/python3.12/site-packages/oslo_concurrency/processutils.py:468}}
Jul 24 09:42:10 devstack cinder-volume[88488]: DEBUG oslo_concurrency.processutils [None req-481c2bc5-354f-4e30-92b0-ff744037c399 tempest-VolumesSnapshotListTestJSON-1039835064 None] Running cmd (subprocess): sudo cinder-rootwrap /etc/cinder/rootwrap.conf qemu-img create -f qcow2 -o backing_file=/opt/stack/data/cinder/mnt/0c854a86a9cdc79308426c3701abd031/volume-acd7e7e9-4401-4c1c-ab36-4158b101d57d,backing_fmt=qcow2 /opt/stack/data/cinder/mnt/0c854a86a9cdc79308426c3701abd031/volume-acd7e7e9-4401-4c1c-ab36-4158b101d57d.77c76a19-d59f-45bc-9a8d-484da7e256bf 1G {{(pid=88488) execute /opt/stack/data/venv/lib/python3.12/site-packages/oslo_concurrency/processutils.py:440}}
Jul 24 09:42:10 devstack sudo[96261]: quobyte : PWD=/ ; USER=root ; COMMAND=/opt/stack/data/venv/bin/cinder-rootwrap /etc/cinder/rootwrap.conf qemu-img create -f qcow2 -o backing_file=/opt/stack/data/cinder/mnt/0c854a86a9cdc79308426c3701abd031/volume-acd7e7e9-4401-4c1c-ab36-4158b101d57d,backing_fmt=qcow2 /opt/stack/data/cinder/mnt/0c854a86a9cdc79308426c3701abd031/volume-acd7e7e9-4401-4c1c-ab36-4158b101d57d.77c76a19-d59f-45bc-9a8d-484da7e256bf 1G
Jul 24 09:42:10 devstack sudo[96261]: pam_unix(sudo:session): session opened for user root(uid=0) by (uid=1000)
Jul 24 09:42:11 devstack sudo[96261]: pam_unix(sudo:session): session closed for user root
Jul 24 09:42:11 devstack cinder-volume[88488]: DEBUG oslo_concurrency.processutils [None req-481c2bc5-354f-4e30-92b0-ff744037c399 tempest-VolumesSnapshotListTestJSON-1039835064 None] CMD "sudo cinder-rootwrap /etc/cinder/rootwrap.conf qemu-img create -f qcow2 -o backing_file=/opt/stack/data/cinder/mnt/0c854a86a9cdc79308426c3701abd031/volume-acd7e7e9-4401-4c1c-ab36-4158b101d57d,backing_fmt=qcow2 /opt/stack/data/cinder/mnt/0c854a86a9cdc79308426c3701abd031/volume-acd7e7e9-4401-4c1c-ab36-4158b101d57d.77c76a19-d59f-45bc-9a8d-484da7e256bf 1G" returned: 0 in 0.602s {{(pid=88488) execute /opt/stack/data/venv/lib/python3.12/site-packages/oslo_concurrency/processutils.py:468}}
Jul 24 09:42:11 devstack cinder-volume[88488]: DEBUG oslo_concurrency.processutils [None req-481c2bc5-354f-4e30-92b0-ff744037c399 tempest-VolumesSnapshotListTestJSON-1039835064 None] Running cmd (subprocess): sudo cinder-rootwrap /etc/cinder/rootwrap.conf qemu-img rebase -u -b volume-acd7e7e9-4401-4c1c-ab36-4158b101d57d -F qcow2 /opt/stack/data/cinder/mnt/0c854a86a9cdc79308426c3701abd031/volume-acd7e7e9-4401-4c1c-ab36-4158b101d57d.77c76a19-d59f-45bc-9a8d-484da7e256bf {{(pid=88488) execute /opt/stack/data/venv/lib/python3.12/site-packages/oslo_concurrency/processutils.py:440}}
Jul 24 09:42:11 devstack sudo[96268]: quobyte : PWD=/ ; USER=root ; COMMAND=/opt/stack/data/venv/bin/cinder-rootwrap /etc/cinder/rootwrap.conf qemu-img rebase -u -b volume-acd7e7e9-4401-4c1c-ab36-4158b101d57d -F qcow2 /opt/stack/data/cinder/mnt/0c854a86a9cdc79308426c3701abd031/volume-acd7e7e9-4401-4c1c-ab36-4158b101d57d.77c76a19-d59f-45bc-9a8d-484da7e256bf
Jul 24 09:42:11 devstack sudo[96268]: pam_unix(sudo:session): session opened for user root(uid=0) by (uid=1000)
Jul 24 09:42:11 devstack sudo[96268]: pam_unix(sudo:session): session closed for user root
Jul 24 09:42:11 devstack cinder-volume[88488]: DEBUG oslo_concurrency.processutils [None req-481c2bc5-354f-4e30-92b0-ff744037c399 tempest-VolumesSnapshotListTestJSON-1039835064 None] CMD "sudo cinder-rootwrap /etc/cinder/rootwrap.conf qemu-img rebase -u -b volume-acd7e7e9-4401-4c1c-ab36-4158b101d57d -F qcow2 /opt/stack/data/cinder/mnt/0c854a86a9cdc79308426c3701abd031/volume-acd7e7e9-4401-4c1c-ab36-4158b101d57d.77c76a19-d59f-45bc-9a8d-484da7e256bf" returned: 0 in 0.418s {{(pid=88488) execute /opt/stack/data/venv/lib/python3.12/site-packages/oslo_concurrency/processutils.py:468}}
Jul 24 09:42:11 devstack cinder-volume[88488]: WARNING cinder.volume.drivers.remotefs [None req-481c2bc5-354f-4e30-92b0-ff744037c399 tempest-VolumesSnapshotListTestJSON-1039835064 None] /opt/stack/data/cinder/mnt/0c854a86a9cdc79308426c3701abd031/volume-acd7e7e9-4401-4c1c-ab36-4158b101d57d.77c76a19-d59f-45bc-9a8d-484da7e256bf is being set with open permissions: ugo+rw
Jul 24 09:42:11 devstack cinder-volume[88488]: DEBUG oslo_concurrency.processutils [None req-481c2bc5-354f-4e30-92b0-ff744037c399 tempest-VolumesSnapshotListTestJSON-1039835064 None] Running cmd (subprocess): sudo cinder-rootwrap /etc/cinder/rootwrap.conf chmod ugo+rw /opt/stack/data/cinder/mnt/0c854a86a9cdc79308426c3701abd031/volume-acd7e7e9-4401-4c1c-ab36-4158b101d57d.77c76a19-d59f-45bc-9a8d-484da7e256bf {{(pid=88488) execute /opt/stack/data/venv/lib/python3.12/site-packages/oslo_concurrency/processutils.py:440}}
Jul 24 09:42:11 devstack sudo[96273]: quobyte : PWD=/ ; USER=root ; COMMAND=/opt/stack/data/venv/bin/cinder-rootwrap /etc/cinder/rootwrap.conf chmod ugo+rw /opt/stack/data/cinder/mnt/0c854a86a9cdc79308426c3701abd031/volume-acd7e7e9-4401-4c1c-ab36-4158b101d57d.77c76a19-d59f-45bc-9a8d-484da7e256bf
Jul 24 09:42:11 devstack sudo[96273]: pam_unix(sudo:session): session opened for user root(uid=0) by (uid=1000)
Jul 24 09:42:11 devstack sudo[96273]: pam_unix(sudo:session): session closed for user root
Jul 24 09:42:11 devstack cinder-volume[88488]: DEBUG oslo_concurrency.processutils [None req-481c2bc5-354f-4e30-92b0-ff744037c399 tempest-VolumesSnapshotListTestJSON-1039835064 None] CMD "sudo cinder-rootwrap /etc/cinder/rootwrap.conf chmod ugo+rw /opt/stack/data/cinder/mnt/0c854a86a9cdc79308426c3701abd031/volume-acd7e7e9-4401-4c1c-ab36-4158b101d57d.77c76a19-d59f-45bc-9a8d-484da7e256bf" returned: 0 in 0.314s {{(pid=88488) execute /opt/stack/data/venv/lib/python3.12/site-packages/oslo_concurrency/processutils.py:468}}
Jul 24 09:42:11 devstack cinder-volume[88488]: DEBUG oslo_concurrency.processutils [None req-481c2bc5-354f-4e30-92b0-ff744037c399 tempest-VolumesSnapshotListTestJSON-1039835064 None] Running cmd (subprocess): sudo cinder-rootwrap /etc/cinder/rootwrap.conf truncate -s0 /opt/stack/data/cinder/mnt/0c854a86a9cdc79308426c3701abd031/volume-acd7e7e9-4401-4c1c-ab36-4158b101d57d.info {{(pid=88488) execute /opt/stack/data/venv/lib/python3.12/site-packages/oslo_concurrency/processutils.py:440}}
Jul 24 09:42:12 devstack sudo[96276]: quobyte : PWD=/ ; USER=root ; COMMAND=/opt/stack/data/venv/bin/cinder-rootwrap /etc/cinder/rootwrap.conf truncate -s0 /opt/stack/data/cinder/mnt/0c854a86a9cdc79308426c3701abd031/volume-acd7e7e9-4401-4c1c-ab36-4158b101d57d.info
Jul 24 09:42:12 devstack sudo[96276]: pam_unix(sudo:session): session opened for user root(uid=0) by (uid=1000)
Jul 24 09:42:12 devstack sudo[96276]: pam_unix(sudo:session): session closed for user root
Jul 24 09:42:12 devstack cinder-volume[88488]: DEBUG oslo_concurrency.processutils [None req-481c2bc5-354f-4e30-92b0-ff744037c399 tempest-VolumesSnapshotListTestJSON-1039835064 None] CMD "sudo cinder-rootwrap /etc/cinder/rootwrap.conf truncate -s0 /opt/stack/data/cinder/mnt/0c854a86a9cdc79308426c3701abd031/volume-acd7e7e9-4401-4c1c-ab36-4158b101d57d.info" returned: 0 in 0.276s {{(pid=88488) execute /opt/stack/data/venv/lib/python3.12/site-packages/oslo_concurrency/processutils.py:468}}
Jul 24 09:42:12 devstack cinder-volume[88488]: WARNING cinder.volume.drivers.remotefs [None req-481c2bc5-354f-4e30-92b0-ff744037c399 tempest-VolumesSnapshotListTestJSON-1039835064 None] /opt/stack/data/cinder/mnt/0c854a86a9cdc79308426c3701abd031/volume-acd7e7e9-4401-4c1c-ab36-4158b101d57d.info is being set with open permissions: ugo+rw
Jul 24 09:42:12 devstack cinder-volume[88488]: DEBUG oslo_concurrency.processutils [None req-481c2bc5-354f-4e30-92b0-ff744037c399 tempest-VolumesSnapshotListTestJSON-1039835064 None] Running cmd (subprocess): sudo cinder-rootwrap /etc/cinder/rootwrap.conf chmod ugo+rw /opt/stack/data/cinder/mnt/0c854a86a9cdc79308426c3701abd031/volume-acd7e7e9-4401-4c1c-ab36-4158b101d57d.info {{(pid=88488) execute /opt/stack/data/venv/lib/python3.12/site-packages/oslo_concurrency/processutils.py:440}}
Jul 24 09:42:12 devstack sudo[96279]: quobyte : PWD=/ ; USER=root ; COMMAND=/opt/stack/data/venv/bin/cinder-rootwrap /etc/cinder/rootwrap.conf chmod ugo+rw /opt/stack/data/cinder/mnt/0c854a86a9cdc79308426c3701abd031/volume-acd7e7e9-4401-4c1c-ab36-4158b101d57d.info
Jul 24 09:42:12 devstack sudo[96279]: pam_unix(sudo:session): session opened for user root(uid=0) by (uid=1000)
Jul 24 09:42:12 devstack sudo[96279]: pam_unix(sudo:session): session closed for user root
Jul 24 09:42:12 devstack cinder-volume[88488]: DEBUG oslo_concurrency.processutils [None req-481c2bc5-354f-4e30-92b0-ff744037c399 tempest-VolumesSnapshotListTestJSON-1039835064 None] CMD "sudo cinder-rootwrap /etc/cinder/rootwrap.conf chmod ugo+rw /opt/stack/data/cinder/mnt/0c854a86a9cdc79308426c3701abd031/volume-acd7e7e9-4401-4c1c-ab36-4158b101d57d.info" returned: 0 in 0.289s {{(pid=88488) execute /opt/stack/data/venv/lib/python3.12/site-packages/oslo_concurrency/processutils.py:468}}
Jul 24 09:42:12 devstack cinder-volume[88488]: DEBUG oslo_concurrency.lockutils [None req-481c2bc5-354f-4e30-92b0-ff744037c399 tempest-VolumesSnapshotListTestJSON-1039835064 None] Lock "quobyte" "released" by "cinder.volume.drivers.quobyte.QuobyteDriver.create_snapshot" :: held 2.445s {{(pid=88488) inner /opt/stack/data/venv/lib/python3.12/site-packages/oslo_concurrency/lockutils.py:544}}
Jul 24 09:42:12 devstack cinder-volume[88488]: INFO cinder.volume.manager [None req-481c2bc5-354f-4e30-92b0-ff744037c399 tempest-VolumesSnapshotListTestJSON-1039835064 None] Create snapshot completed successfully
Jul 24 09:42:13 devstack cinder-volume[88488]: DEBUG oslo_concurrency.lockutils [None req-25a2c1ca-64ec-4a7b-a009-7972b88d70a0 tempest-VolumesSnapshotListTestJSON-1039835064 None] Acquiring lock "quobyte" by "cinder.volume.drivers.quobyte.QuobyteDriver.create_snapshot" {{(pid=88488) inner /opt/stack/data/venv/lib/python3.12/site-packages/oslo_concurrency/lockutils.py:512}}
Jul 24 09:42:13 devstack cinder-volume[88488]: DEBUG oslo_concurrency.lockutils [None req-25a2c1ca-64ec-4a7b-a009-7972b88d70a0 tempest-VolumesSnapshotListTestJSON-1039835064 None] Lock "quobyte" acquired by "cinder.volume.drivers.quobyte.QuobyteDriver.create_snapshot" :: waited 0.001s {{(pid=88488) inner /opt/stack/data/venv/lib/python3.12/site-packages/oslo_concurrency/lockutils.py:525}}
Jul 24 09:42:13 devstack cinder-volume[88488]: DEBUG cinder.volume.drivers.remotefs [None req-25a2c1ca-64ec-4a7b-a009-7972b88d70a0 tempest-VolumesSnapshotListTestJSON-1039835064 None] Creating offline snapshot 3760d7b5-d7c8-4e75-b217-89fca88f9a89 of volume acd7e7e9-4401-4c1c-ab36-4158b101d57d {{(pid=88488) _create_snapshot /opt/stack/cinder/cinder/volume/drivers/remotefs.py:1816}}
Jul 24 09:42:13 devstack cinder-volume[88488]: DEBUG oslo.privsep.daemon [-] privsep: reply[74a147fe-bf35-4568-9920-c8b3d6acd688]: (4, 'qcow2') {{(pid=89999) _call_back /opt/stack/data/venv/lib/python3.12/site-packages/oslo_privsep/daemon.py:580}}
Jul 24 09:42:13 devstack cinder-volume[88488]: DEBUG oslo_concurrency.processutils [None req-25a2c1ca-64ec-4a7b-a009-7972b88d70a0 tempest-VolumesSnapshotListTestJSON-1039835064 None] Running cmd (subprocess): /opt/stack/data/venv/bin/python3.12 -m oslo_concurrency.prlimit --as=1073741824 --cpu=60 -- sudo cinder-rootwrap /etc/cinder/rootwrap.conf env LC_ALL=C qemu-img info -f qcow2 --output=json --force-share /opt/stack/data/cinder/mnt/0c854a86a9cdc79308426c3701abd031/volume-acd7e7e9-4401-4c1c-ab36-4158b101d57d.77c76a19-d59f-45bc-9a8d-484da7e256bf {{(pid=88488) execute /opt/stack/data/venv/lib/python3.12/site-packages/oslo_concurrency/processutils.py:440}}
Jul 24 09:42:13 devstack sudo[96285]: quobyte : PWD=/ ; USER=root ; COMMAND=/opt/stack/data/venv/bin/cinder-rootwrap /etc/cinder/rootwrap.conf env LC_ALL=C qemu-img info -f qcow2 --output=json --force-share /opt/stack/data/cinder/mnt/0c854a86a9cdc79308426c3701abd031/volume-acd7e7e9-4401-4c1c-ab36-4158b101d57d.77c76a19-d59f-45bc-9a8d-484da7e256bf
Jul 24 09:42:13 devstack sudo[96285]: pam_unix(sudo:session): session opened for user root(uid=0) by (uid=1000)
Jul 24 09:42:14 devstack sudo[96285]: pam_unix(sudo:session): session closed for user root
Jul 24 09:42:14 devstack cinder-volume[88488]: DEBUG oslo_concurrency.processutils [None req-25a2c1ca-64ec-4a7b-a009-7972b88d70a0 tempest-VolumesSnapshotListTestJSON-1039835064 None] CMD "/opt/stack/data/venv/bin/python3.12 -m oslo_concurrency.prlimit --as=1073741824 --cpu=60 -- sudo cinder-rootwrap /etc/cinder/rootwrap.conf env LC_ALL=C qemu-img info -f qcow2 --output=json --force-share /opt/stack/data/cinder/mnt/0c854a86a9cdc79308426c3701abd031/volume-acd7e7e9-4401-4c1c-ab36-4158b101d57d.77c76a19-d59f-45bc-9a8d-484da7e256bf" returned: 0 in 0.528s {{(pid=88488) execute /opt/stack/data/venv/lib/python3.12/site-packages/oslo_concurrency/processutils.py:468}}
Jul 24 09:42:14 devstack cinder-volume[88488]: DEBUG cinder.volume.drivers.remotefs [None req-25a2c1ca-64ec-4a7b-a009-7972b88d70a0 tempest-VolumesSnapshotListTestJSON-1039835064 None] Fetching qemu-img info with special backing_file_template: (/opt/stack/data/cinder/mnt/[0-9a-f]+/)?(volume-acd7e7e9-4401-4c1c-ab36-4158b101d57d(.(tmp-snap-)?[0-9a-f-]+)?|volume_from_snapshot_cache/(tmp-snap-)?[0-9a-f-]+(.(child-|parent-)[0-9a-f-]+)?)$ {{(pid=88488) _qemu_img_info_base /opt/stack/cinder/cinder/volume/drivers/remotefs.py:896}}
Jul 24 09:42:14 devstack cinder-volume[88488]: DEBUG oslo_concurrency.processutils [None req-25a2c1ca-64ec-4a7b-a009-7972b88d70a0 tempest-VolumesSnapshotListTestJSON-1039835064 None] Running cmd (subprocess): sudo cinder-rootwrap /etc/cinder/rootwrap.conf qemu-img create -f qcow2 -o backing_file=/opt/stack/data/cinder/mnt/0c854a86a9cdc79308426c3701abd031/volume-acd7e7e9-4401-4c1c-ab36-4158b101d57d.77c76a19-d59f-45bc-9a8d-484da7e256bf,backing_fmt=qcow2 /opt/stack/data/cinder/mnt/0c854a86a9cdc79308426c3701abd031/volume-acd7e7e9-4401-4c1c-ab36-4158b101d57d.3760d7b5-d7c8-4e75-b217-89fca88f9a89 1G {{(pid=88488) execute /opt/stack/data/venv/lib/python3.12/site-packages/oslo_concurrency/processutils.py:440}}
Jul 24 09:42:14 devstack sudo[96294]: quobyte : PWD=/ ; USER=root ; COMMAND=/opt/stack/data/venv/bin/cinder-rootwrap /etc/cinder/rootwrap.conf qemu-img create -f qcow2 -o backing_file=/opt/stack/data/cinder/mnt/0c854a86a9cdc79308426c3701abd031/volume-acd7e7e9-4401-4c1c-ab36-4158b101d57d.77c76a19-d59f-45bc-9a8d-484da7e256bf,backing_fmt=qcow2 /opt/stack/data/cinder/mnt/0c854a86a9cdc79308426c3701abd031/volume-acd7e7e9-4401-4c1c-ab36-4158b101d57d.3760d7b5-d7c8-4e75-b217-89fca88f9a89 1G
Jul 24 09:42:14 devstack sudo[96294]: pam_unix(sudo:session): session opened for user root(uid=0) by (uid=1000)
Jul 24 09:42:14 devstack cinder-volume[88488]: INFO cinder.volume.manager [req-b19f4a64-a212-41e0-82d8-94e4cf878d24 req-76cc9fd3-dc02-44b4-80bd-a5c5a596347e tempest-AttachVolumeTestJSON-426441744 None] Terminate volume connection completed successfully.
Jul 24 09:42:14 devstack cinder-volume[88488]: DEBUG cinder.volume.manager [req-b19f4a64-a212-41e0-82d8-94e4cf878d24 req-76cc9fd3-dc02-44b4-80bd-a5c5a596347e tempest-AttachVolumeTestJSON-426441744 None] Deleting attachment 1b1cb5b5-cae7-43a9-b26f-9b3de4fdc59d. {{(pid=88488) attachment_delete /opt/stack/cinder/cinder/volume/manager.py:5055}}
Jul 24 09:42:14 devstack sudo[96294]: pam_unix(sudo:session): session closed for user root
Jul 24 09:42:14 devstack cinder-volume[88488]: DEBUG oslo_concurrency.processutils [None req-25a2c1ca-64ec-4a7b-a009-7972b88d70a0 tempest-VolumesSnapshotListTestJSON-1039835064 None] CMD "sudo cinder-rootwrap /etc/cinder/rootwrap.conf qemu-img create -f qcow2 -o backing_file=/opt/stack/data/cinder/mnt/0c854a86a9cdc79308426c3701abd031/volume-acd7e7e9-4401-4c1c-ab36-4158b101d57d.77c76a19-d59f-45bc-9a8d-484da7e256bf,backing_fmt=qcow2 /opt/stack/data/cinder/mnt/0c854a86a9cdc79308426c3701abd031/volume-acd7e7e9-4401-4c1c-ab36-4158b101d57d.3760d7b5-d7c8-4e75-b217-89fca88f9a89 1G" returned: 0 in 0.564s {{(pid=88488) execute /opt/stack/data/venv/lib/python3.12/site-packages/oslo_concurrency/processutils.py:468}}
Jul 24 09:42:14 devstack cinder-volume[88488]: DEBUG oslo_concurrency.processutils [None req-25a2c1ca-64ec-4a7b-a009-7972b88d70a0 tempest-VolumesSnapshotListTestJSON-1039835064 None] Running cmd (subprocess): sudo cinder-rootwrap /etc/cinder/rootwrap.conf qemu-img rebase -u -b volume-acd7e7e9-4401-4c1c-ab36-4158b101d57d.77c76a19-d59f-45bc-9a8d-484da7e256bf -F qcow2 /opt/stack/data/cinder/mnt/0c854a86a9cdc79308426c3701abd031/volume-acd7e7e9-4401-4c1c-ab36-4158b101d57d.3760d7b5-d7c8-4e75-b217-89fca88f9a89 {{(pid=88488) execute /opt/stack/data/venv/lib/python3.12/site-packages/oslo_concurrency/processutils.py:440}}
Jul 24 09:42:14 devstack sudo[96306]: quobyte : PWD=/ ; USER=root ; COMMAND=/opt/stack/data/venv/bin/cinder-rootwrap /etc/cinder/rootwrap.conf qemu-img rebase -u -b volume-acd7e7e9-4401-4c1c-ab36-4158b101d57d.77c76a19-d59f-45bc-9a8d-484da7e256bf -F qcow2 /opt/stack/data/cinder/mnt/0c854a86a9cdc79308426c3701abd031/volume-acd7e7e9-4401-4c1c-ab36-4158b101d57d.3760d7b5-d7c8-4e75-b217-89fca88f9a89
Jul 24 09:42:14 devstack sudo[96306]: pam_unix(sudo:session): session opened for user root(uid=0) by (uid=1000)
Jul 24 09:42:15 devstack cinder-volume[88488]: DEBUG oslo_service.periodic_task [None req-6db62e0f-3bc4-4981-8b50-f51cb9a55e51 None None] Running periodic task VolumeManager._thread_info {{(pid=88488) run_periodic_tasks /opt/stack/data/venv/lib/python3.12/site-packages/oslo_service/periodic_task.py:254}}
Jul 24 09:42:15 devstack cinder-volume[88488]: DEBUG cinder.volume.manager [None req-6db62e0f-3bc4-4981-8b50-f51cb9a55e51 None None] thread count: 8 {{(pid=88488) _thread_info /opt/stack/cinder/cinder/volume/manager.py:5472}}
Jul 24 09:42:15 devstack cinder-volume[88488]: DEBUG cinder.volume.manager [None req-6db62e0f-3bc4-4981-8b50-f51cb9a55e51 None None] thread info: [<_MainThread(MainThread, started 133255269003392)>, , , , , , , ] {{(pid=88488) _thread_info /opt/stack/cinder/cinder/volume/manager.py:5473}}
Jul 24 09:42:15 devstack cinder-volume[88488]: DEBUG oslo_concurrency.processutils [None req-25a2c1ca-64ec-4a7b-a009-7972b88d70a0 tempest-VolumesSnapshotListTestJSON-1039835064 None] CMD "sudo cinder-rootwrap /etc/cinder/rootwrap.conf qemu-img rebase -u -b volume-acd7e7e9-4401-4c1c-ab36-4158b101d57d.77c76a19-d59f-45bc-9a8d-484da7e256bf -F qcow2 /opt/stack/data/cinder/mnt/0c854a86a9cdc79308426c3701abd031/volume-acd7e7e9-4401-4c1c-ab36-4158b101d57d.3760d7b5-d7c8-4e75-b217-89fca88f9a89" returned: 0 in 0.396s {{(pid=88488) execute /opt/stack/data/venv/lib/python3.12/site-packages/oslo_concurrency/processutils.py:468}}
Jul 24 09:42:15 devstack sudo[96306]: pam_unix(sudo:session): session closed for user root
Jul 24 09:42:15 devstack cinder-volume[88488]: WARNING cinder.volume.drivers.remotefs [None req-25a2c1ca-64ec-4a7b-a009-7972b88d70a0 tempest-VolumesSnapshotListTestJSON-1039835064 None] /opt/stack/data/cinder/mnt/0c854a86a9cdc79308426c3701abd031/volume-acd7e7e9-4401-4c1c-ab36-4158b101d57d.3760d7b5-d7c8-4e75-b217-89fca88f9a89 is being set with open permissions: ugo+rw
Jul 24 09:42:15 devstack cinder-volume[88488]: DEBUG oslo_concurrency.processutils [None req-25a2c1ca-64ec-4a7b-a009-7972b88d70a0 tempest-VolumesSnapshotListTestJSON-1039835064 None] Running cmd (subprocess): sudo cinder-rootwrap /etc/cinder/rootwrap.conf chmod ugo+rw /opt/stack/data/cinder/mnt/0c854a86a9cdc79308426c3701abd031/volume-acd7e7e9-4401-4c1c-ab36-4158b101d57d.3760d7b5-d7c8-4e75-b217-89fca88f9a89 {{(pid=88488) execute /opt/stack/data/venv/lib/python3.12/site-packages/oslo_concurrency/processutils.py:440}}
Jul 24 09:42:15 devstack sudo[96311]: quobyte : PWD=/ ; USER=root ; COMMAND=/opt/stack/data/venv/bin/cinder-rootwrap /etc/cinder/rootwrap.conf chmod ugo+rw /opt/stack/data/cinder/mnt/0c854a86a9cdc79308426c3701abd031/volume-acd7e7e9-4401-4c1c-ab36-4158b101d57d.3760d7b5-d7c8-4e75-b217-89fca88f9a89
Jul 24 09:42:15 devstack sudo[96311]: pam_unix(sudo:session): session opened for user root(uid=0) by (uid=1000)
Jul 24 09:42:15 devstack sudo[96311]: pam_unix(sudo:session): session closed for user root
Jul 24 09:42:15 devstack cinder-volume[88488]: DEBUG oslo_concurrency.processutils [None req-25a2c1ca-64ec-4a7b-a009-7972b88d70a0 tempest-VolumesSnapshotListTestJSON-1039835064 None] CMD "sudo cinder-rootwrap /etc/cinder/rootwrap.conf chmod ugo+rw /opt/stack/data/cinder/mnt/0c854a86a9cdc79308426c3701abd031/volume-acd7e7e9-4401-4c1c-ab36-4158b101d57d.3760d7b5-d7c8-4e75-b217-89fca88f9a89" returned: 0 in 0.342s {{(pid=88488) execute /opt/stack/data/venv/lib/python3.12/site-packages/oslo_concurrency/processutils.py:468}}
Jul 24 09:42:15 devstack cinder-volume[88488]: DEBUG oslo_concurrency.lockutils [None req-25a2c1ca-64ec-4a7b-a009-7972b88d70a0 tempest-VolumesSnapshotListTestJSON-1039835064 None] Lock "quobyte" "released" by "cinder.volume.drivers.quobyte.QuobyteDriver.create_snapshot" :: held 1.958s {{(pid=88488) inner /opt/stack/data/venv/lib/python3.12/site-packages/oslo_concurrency/lockutils.py:544}}
Jul 24 09:42:15 devstack cinder-volume[88488]: INFO cinder.volume.manager [None req-25a2c1ca-64ec-4a7b-a009-7972b88d70a0 tempest-VolumesSnapshotListTestJSON-1039835064 None] Create snapshot completed successfully
Jul 24 09:42:15 devstack cinder-volume[88488]: DEBUG oslo_concurrency.lockutils [None req-d7605a75-adb6-455a-b79a-ae0e8aa345d0 tempest-VolumesSnapshotListTestJSON-1039835064 None] Acquiring lock "quobyte" by "cinder.volume.drivers.quobyte.QuobyteDriver.create_snapshot" {{(pid=88488) inner /opt/stack/data/venv/lib/python3.12/site-packages/oslo_concurrency/lockutils.py:512}}
Jul 24 09:42:15 devstack cinder-volume[88488]: DEBUG oslo_concurrency.lockutils [None req-d7605a75-adb6-455a-b79a-ae0e8aa345d0 tempest-VolumesSnapshotListTestJSON-1039835064 None] Lock "quobyte" acquired by "cinder.volume.drivers.quobyte.QuobyteDriver.create_snapshot" :: waited 0.001s {{(pid=88488) inner /opt/stack/data/venv/lib/python3.12/site-packages/oslo_concurrency/lockutils.py:525}}
Jul 24 09:42:15 devstack cinder-volume[88488]: DEBUG cinder.volume.drivers.remotefs [None req-d7605a75-adb6-455a-b79a-ae0e8aa345d0 tempest-VolumesSnapshotListTestJSON-1039835064 None] Creating offline snapshot 4c9d9c2c-37a6-43d0-9126-388c6c6c7e6f of volume acd7e7e9-4401-4c1c-ab36-4158b101d57d {{(pid=88488) _create_snapshot /opt/stack/cinder/cinder/volume/drivers/remotefs.py:1816}}
Jul 24 09:42:15 devstack cinder-volume[88488]: DEBUG oslo.privsep.daemon [-] privsep: reply[bb72d027-e3cc-46b5-9588-a1e42a95da98]: (4, 'qcow2') {{(pid=89999) _call_back /opt/stack/data/venv/lib/python3.12/site-packages/oslo_privsep/daemon.py:580}}
Jul 24 09:42:15 devstack cinder-volume[88488]: DEBUG oslo_concurrency.processutils [None req-d7605a75-adb6-455a-b79a-ae0e8aa345d0 tempest-VolumesSnapshotListTestJSON-1039835064 None] Running cmd (subprocess): /opt/stack/data/venv/bin/python3.12 -m oslo_concurrency.prlimit --as=1073741824 --cpu=60 -- sudo cinder-rootwrap /etc/cinder/rootwrap.conf env LC_ALL=C qemu-img info -f qcow2 --output=json --force-share /opt/stack/data/cinder/mnt/0c854a86a9cdc79308426c3701abd031/volume-acd7e7e9-4401-4c1c-ab36-4158b101d57d.3760d7b5-d7c8-4e75-b217-89fca88f9a89 {{(pid=88488) execute /opt/stack/data/venv/lib/python3.12/site-packages/oslo_concurrency/processutils.py:440}}
Jul 24 09:42:16 devstack sudo[96322]: quobyte : PWD=/ ; USER=root ; COMMAND=/opt/stack/data/venv/bin/cinder-rootwrap /etc/cinder/rootwrap.conf env LC_ALL=C qemu-img info -f qcow2 --output=json --force-share /opt/stack/data/cinder/mnt/0c854a86a9cdc79308426c3701abd031/volume-acd7e7e9-4401-4c1c-ab36-4158b101d57d.3760d7b5-d7c8-4e75-b217-89fca88f9a89
Jul 24 09:42:16 devstack sudo[96322]: pam_unix(sudo:session): session opened for user root(uid=0) by (uid=1000)
Jul 24 09:42:16 devstack sudo[96322]: pam_unix(sudo:session): session closed for user root
Jul 24 09:42:16 devstack cinder-volume[88488]: DEBUG oslo_concurrency.processutils [None req-d7605a75-adb6-455a-b79a-ae0e8aa345d0 tempest-VolumesSnapshotListTestJSON-1039835064 None] CMD "/opt/stack/data/venv/bin/python3.12 -m oslo_concurrency.prlimit --as=1073741824 --cpu=60 -- sudo cinder-rootwrap /etc/cinder/rootwrap.conf env LC_ALL=C qemu-img info -f qcow2 --output=json --force-share /opt/stack/data/cinder/mnt/0c854a86a9cdc79308426c3701abd031/volume-acd7e7e9-4401-4c1c-ab36-4158b101d57d.3760d7b5-d7c8-4e75-b217-89fca88f9a89" returned: 0 in 0.431s {{(pid=88488) execute /opt/stack/data/venv/lib/python3.12/site-packages/oslo_concurrency/processutils.py:468}}
Jul 24 09:42:16 devstack cinder-volume[88488]: DEBUG cinder.volume.drivers.remotefs [None req-d7605a75-adb6-455a-b79a-ae0e8aa345d0 tempest-VolumesSnapshotListTestJSON-1039835064 None] Fetching qemu-img info with special backing_file_template: (/opt/stack/data/cinder/mnt/[0-9a-f]+/)?(volume-acd7e7e9-4401-4c1c-ab36-4158b101d57d(.(tmp-snap-)?[0-9a-f-]+)?|volume_from_snapshot_cache/(tmp-snap-)?[0-9a-f-]+(.(child-|parent-)[0-9a-f-]+)?)$ {{(pid=88488) _qemu_img_info_base /opt/stack/cinder/cinder/volume/drivers/remotefs.py:896}}
