Feb 28 01:24:27 devstack sudo[86375]: quobyte : PWD=/ ; USER=root ; COMMAND=/opt/stack/data/venv/bin/cinder-rootwrap /etc/cinder/rootwrap.conf env LC_ALL=C qemu-img info -f qcow2 --output=json --force-share /opt/stack/data/cinder/mnt/31110a9e4cde621c0a343ec5bbb55343/volume-f7cfb912-20fb-40a9-8342-422dbe52d6ab
Feb 28 01:24:27 devstack sudo[86375]: pam_unix(sudo:session): session opened for user root(uid=0) by (uid=1000)
Feb 28 01:24:27 devstack sudo[86350]: pam_unix(sudo:session): session closed for user root
Feb 28 01:24:27 devstack cinder-volume[82470]: DEBUG oslo_concurrency.processutils [None req-900aaa1e-a7ae-489f-836e-a626ea4626c0 tempest-VolumesDeleteCascade-1221327582 None] CMD "sudo cinder-rootwrap /etc/cinder/rootwrap.conf chmod ugo+rw /opt/stack/data/cinder/mnt/31110a9e4cde621c0a343ec5bbb55343/volume-c2d4a58b-a751-491b-bd9e-2b2b6c227f6e" returned: 0 in 0.557s {{(pid=82470) execute /opt/stack/data/venv/lib/python3.10/site-packages/oslo_concurrency/processutils.py:468}}
Feb 28 01:24:27 devstack cinder-volume[82470]: DEBUG cinder.volume.drivers.quobyte [None req-900aaa1e-a7ae-489f-836e-a626ea4626c0 tempest-VolumesDeleteCascade-1221327582 None] <== create_volume: return (1141ms) {'provider_location': 'osci02.corp.quobyte.com/cinder-vol-974d1d0e-55e9-4db1-ac18-464e82f833bc'} {{(pid=82470) trace_logging_wrapper /opt/stack/cinder/cinder/volume/volume_utils.py:1523}}
Feb 28 01:24:27 devstack cinder-volume[82470]: DEBUG oslo_concurrency.lockutils [None req-900aaa1e-a7ae-489f-836e-a626ea4626c0 tempest-VolumesDeleteCascade-1221327582 None] Lock "quobyte" "released" by "cinder.volume.drivers.quobyte.QuobyteDriver.create_volume" :: held 1.143s {{(pid=82470) inner /opt/stack/data/venv/lib/python3.10/site-packages/oslo_concurrency/lockutils.py:538}}
Feb 28 01:24:27 devstack cinder-volume[82470]: DEBUG cinder.volume.manager [None req-900aaa1e-a7ae-489f-836e-a626ea4626c0 tempest-VolumesDeleteCascade-1221327582 None] Task 'cinder.volume.flows.manager.create_volume.CreateVolumeFromSpecTask;volume:create' (fc1a684e-815d-44be-9b81-d5e9a7893385) transitioned into state 'SUCCESS' from state 'RUNNING' with result '{'status': 'creating', 'volume_name': 'volume-c2d4a58b-a751-491b-bd9e-2b2b6c227f6e', 'volume_size': 1}' {{(pid=82470) _task_receiver /opt/stack/data/venv/lib/python3.10/site-packages/taskflow/listeners/logging.py:182}}
Feb 28 01:24:27 devstack cinder-volume[82470]: DEBUG cinder.volume.manager [None req-900aaa1e-a7ae-489f-836e-a626ea4626c0 tempest-VolumesDeleteCascade-1221327582 None] Task 'cinder.volume.flows.manager.create_volume.CreateVolumeOnFinishTask;volume:create, create.end' (f8693a2a-c2b4-4a8f-ab88-0b0e148fb99d) transitioned into state 'RUNNING' from state 'PENDING' {{(pid=82470) _task_receiver /opt/stack/data/venv/lib/python3.10/site-packages/taskflow/listeners/logging.py:194}}
Feb 28 01:24:27 devstack cinder-volume[82470]: INFO cinder.volume.flows.manager.create_volume [None req-900aaa1e-a7ae-489f-836e-a626ea4626c0 tempest-VolumesDeleteCascade-1221327582 None] Volume volume-c2d4a58b-a751-491b-bd9e-2b2b6c227f6e (c2d4a58b-a751-491b-bd9e-2b2b6c227f6e): created successfully
Feb 28 01:24:27 devstack cinder-volume[82470]: DEBUG cinder.volume.manager [None req-900aaa1e-a7ae-489f-836e-a626ea4626c0 tempest-VolumesDeleteCascade-1221327582 None] Task 'cinder.volume.flows.manager.create_volume.CreateVolumeOnFinishTask;volume:create, create.end' (f8693a2a-c2b4-4a8f-ab88-0b0e148fb99d) transitioned into state 'SUCCESS' from state 'RUNNING' with result 'None' {{(pid=82470) _task_receiver /opt/stack/data/venv/lib/python3.10/site-packages/taskflow/listeners/logging.py:182}}
Feb 28 01:24:27 devstack cinder-volume[82470]: DEBUG cinder.volume.manager [None req-900aaa1e-a7ae-489f-836e-a626ea4626c0 tempest-VolumesDeleteCascade-1221327582 None] Flow 'volume_create_manager' (5a6f42ce-2b59-42c8-9a3a-0568c333d1f0) transitioned into state 'SUCCESS' from state 'RUNNING' {{(pid=82470) _flow_receiver /opt/stack/data/venv/lib/python3.10/site-packages/taskflow/listeners/logging.py:145}}
Feb 28 01:24:27 devstack cinder-volume[82470]: INFO cinder.volume.manager [None req-900aaa1e-a7ae-489f-836e-a626ea4626c0 tempest-VolumesDeleteCascade-1221327582 None] Created volume successfully.
Feb 28 01:24:28 devstack cinder-volume[82470]: INFO cinder.volume.manager [None req-95191571-ab09-4ca9-8f53-ccc983f7b884 tempest-GroupSnapshotsTest-267922844 None] Update group completed successfully.
Feb 28 01:24:28 devstack sudo[86375]: pam_unix(sudo:session): session closed for user root
Feb 28 01:24:28 devstack cinder-volume[82470]: DEBUG oslo_concurrency.processutils [req-de70ebcc-bcb1-4beb-9aba-50e914e8f0f0 req-78cacf60-eb88-4ee1-9ac0-05ee6ea70221 tempest-ServerBootFromVolumeStableRescueTest-1226290278 None] CMD "/opt/stack/data/venv/bin/python3.10 -m oslo_concurrency.prlimit --as=1073741824 --cpu=60 -- sudo cinder-rootwrap /etc/cinder/rootwrap.conf env LC_ALL=C qemu-img info -f qcow2 --output=json --force-share /opt/stack/data/cinder/mnt/31110a9e4cde621c0a343ec5bbb55343/volume-f7cfb912-20fb-40a9-8342-422dbe52d6ab" returned: 0 in 0.797s {{(pid=82470) execute /opt/stack/data/venv/lib/python3.10/site-packages/oslo_concurrency/processutils.py:468}}
Feb 28 01:24:28 devstack cinder-volume[82470]: DEBUG oslo_concurrency.processutils [req-de70ebcc-bcb1-4beb-9aba-50e914e8f0f0 req-78cacf60-eb88-4ee1-9ac0-05ee6ea70221 tempest-ServerBootFromVolumeStableRescueTest-1226290278 None] Running cmd (subprocess): sudo cinder-rootwrap /etc/cinder/rootwrap.conf rm -f /opt/stack/data/cinder/mnt/31110a9e4cde621c0a343ec5bbb55343/volume-f7cfb912-20fb-40a9-8342-422dbe52d6ab {{(pid=82470) execute /opt/stack/data/venv/lib/python3.10/site-packages/oslo_concurrency/processutils.py:440}}
Feb 28 01:24:28 devstack sudo[86383]: quobyte : PWD=/ ; USER=root ; COMMAND=/opt/stack/data/venv/bin/cinder-rootwrap /etc/cinder/rootwrap.conf rm -f /opt/stack/data/cinder/mnt/31110a9e4cde621c0a343ec5bbb55343/volume-f7cfb912-20fb-40a9-8342-422dbe52d6ab
Feb 28 01:24:28 devstack sudo[86383]: pam_unix(sudo:session): session opened for user root(uid=0) by (uid=1000)
Feb 28 01:24:28 devstack sudo[86383]: pam_unix(sudo:session): session closed for user root
Feb 28 01:24:28 devstack cinder-volume[82470]: DEBUG oslo_concurrency.processutils [req-de70ebcc-bcb1-4beb-9aba-50e914e8f0f0 req-78cacf60-eb88-4ee1-9ac0-05ee6ea70221 tempest-ServerBootFromVolumeStableRescueTest-1226290278 None] CMD "sudo cinder-rootwrap /etc/cinder/rootwrap.conf rm -f /opt/stack/data/cinder/mnt/31110a9e4cde621c0a343ec5bbb55343/volume-f7cfb912-20fb-40a9-8342-422dbe52d6ab" returned: 0 in 0.406s {{(pid=82470) execute /opt/stack/data/venv/lib/python3.10/site-packages/oslo_concurrency/processutils.py:468}}
Feb 28 01:24:28 devstack cinder-volume[82470]: DEBUG cinder.coordination [req-de70ebcc-bcb1-4beb-9aba-50e914e8f0f0 req-78cacf60-eb88-4ee1-9ac0-05ee6ea70221 tempest-ServerBootFromVolumeStableRescueTest-1226290278 None] Lock "cinder-quobyte-f7cfb912-20fb-40a9-8342-422dbe52d6ab" released by "delete_volume" :: held 1.246s {{(pid=82470) __release /opt/stack/cinder/cinder/coordination.py:152}}
Feb 28 01:24:28 devstack cinder-volume[82470]: DEBUG cinder.quota [req-de70ebcc-bcb1-4beb-9aba-50e914e8f0f0 req-78cacf60-eb88-4ee1-9ac0-05ee6ea70221 tempest-ServerBootFromVolumeStableRescueTest-1226290278 None] Created reservations ['5626ca93-079c-4fea-b5c6-b6b2d830689d', 'a393b0e2-0d05-47ba-ba57-e50a7ecc6274', '0ff631c1-4504-4463-ae76-19e607c05a6d', '39b580ad-5ee2-486b-b66b-7af7928187ec'] {{(pid=82470) reserve /opt/stack/cinder/cinder/quota.py:752}}
Feb 28 01:24:28 devstack cinder-volume[82470]: DEBUG oslo_concurrency.lockutils [req-de70ebcc-bcb1-4beb-9aba-50e914e8f0f0 req-78cacf60-eb88-4ee1-9ac0-05ee6ea70221 tempest-ServerBootFromVolumeStableRescueTest-1226290278 None] Acquiring lock "quobyte_ensure" by "cinder.volume.drivers.quobyte.QuobyteDriver._ensure_shares_mounted" {{(pid=82470) inner /opt/stack/data/venv/lib/python3.10/site-packages/oslo_concurrency/lockutils.py:506}}
Feb 28 01:24:28 devstack cinder-volume[82470]: DEBUG oslo_concurrency.lockutils [req-de70ebcc-bcb1-4beb-9aba-50e914e8f0f0 req-78cacf60-eb88-4ee1-9ac0-05ee6ea70221 tempest-ServerBootFromVolumeStableRescueTest-1226290278 None] Lock "quobyte_ensure" acquired by "cinder.volume.drivers.quobyte.QuobyteDriver._ensure_shares_mounted" :: waited 0.001s {{(pid=82470) inner /opt/stack/data/venv/lib/python3.10/site-packages/oslo_concurrency/lockutils.py:519}}
Feb 28 01:24:28 devstack cinder-volume[82470]: DEBUG cinder.volume.drivers.quobyte [req-de70ebcc-bcb1-4beb-9aba-50e914e8f0f0 req-78cacf60-eb88-4ee1-9ac0-05ee6ea70221 tempest-ServerBootFromVolumeStableRescueTest-1226290278 None] Quobyte Volume URL set to: {'osci02.corp.quobyte.com/cinder-vol-974d1d0e-55e9-4db1-ac18-464e82f833bc': None} {{(pid=82470) _load_shares_config /opt/stack/cinder/cinder/volume/drivers/quobyte.py:617}}
Feb 28 01:24:28 devstack cinder-volume[82470]: DEBUG cinder.volume.drivers.quobyte [req-de70ebcc-bcb1-4beb-9aba-50e914e8f0f0 req-78cacf60-eb88-4ee1-9ac0-05ee6ea70221 tempest-ServerBootFromVolumeStableRescueTest-1226290278 None] Available shares ['osci02.corp.quobyte.com/cinder-vol-974d1d0e-55e9-4db1-ac18-464e82f833bc'] {{(pid=82470) _ensure_shares_mounted /opt/stack/cinder/cinder/volume/drivers/quobyte.py:647}}
Feb 28 01:24:28 devstack cinder-volume[82470]: DEBUG oslo_concurrency.lockutils [req-de70ebcc-bcb1-4beb-9aba-50e914e8f0f0 req-78cacf60-eb88-4ee1-9ac0-05ee6ea70221 tempest-ServerBootFromVolumeStableRescueTest-1226290278 None] Lock "quobyte_ensure" "released" by "cinder.volume.drivers.quobyte.QuobyteDriver._ensure_shares_mounted" :: held 0.004s {{(pid=82470) inner /opt/stack/data/venv/lib/python3.10/site-packages/oslo_concurrency/lockutils.py:538}}
Feb 28 01:24:28 devstack cinder-volume[82470]: DEBUG oslo_concurrency.processutils [req-de70ebcc-bcb1-4beb-9aba-50e914e8f0f0 req-78cacf60-eb88-4ee1-9ac0-05ee6ea70221 tempest-ServerBootFromVolumeStableRescueTest-1226290278 None] Running cmd (subprocess): sudo cinder-rootwrap /etc/cinder/rootwrap.conf df --portability --block-size 1 /opt/stack/data/cinder/mnt/31110a9e4cde621c0a343ec5bbb55343 {{(pid=82470) execute /opt/stack/data/venv/lib/python3.10/site-packages/oslo_concurrency/processutils.py:440}}
Feb 28 01:24:28 devstack sudo[86386]: quobyte : PWD=/ ; USER=root ; COMMAND=/opt/stack/data/venv/bin/cinder-rootwrap /etc/cinder/rootwrap.conf df --portability --block-size 1 /opt/stack/data/cinder/mnt/31110a9e4cde621c0a343ec5bbb55343
Feb 28 01:24:28 devstack sudo[86386]: pam_unix(sudo:session): session opened for user root(uid=0) by (uid=1000)
Feb 28 01:24:28 devstack cinder-volume[82470]: DEBUG oslo_concurrency.lockutils [None req-6f3418a9-c01b-4cd9-91f9-e3690973891b tempest-VolumesDeleteCascade-1221327582 None] Acquiring lock "quobyte" by "cinder.volume.drivers.quobyte.QuobyteDriver.create_snapshot" {{(pid=82470) inner /opt/stack/data/venv/lib/python3.10/site-packages/oslo_concurrency/lockutils.py:506}}
Feb 28 01:24:28 devstack cinder-volume[82470]: DEBUG oslo_concurrency.lockutils [None req-6f3418a9-c01b-4cd9-91f9-e3690973891b tempest-VolumesDeleteCascade-1221327582 None] Lock "quobyte" acquired by "cinder.volume.drivers.quobyte.QuobyteDriver.create_snapshot" :: waited 0.001s {{(pid=82470) inner /opt/stack/data/venv/lib/python3.10/site-packages/oslo_concurrency/lockutils.py:519}}
Feb 28 01:24:28 devstack cinder-volume[82470]: DEBUG cinder.volume.drivers.remotefs [None req-6f3418a9-c01b-4cd9-91f9-e3690973891b tempest-VolumesDeleteCascade-1221327582 None] Creating offline snapshot 87dc11ac-7787-4f90-8fa8-d59965a5460d of volume c2d4a58b-a751-491b-bd9e-2b2b6c227f6e {{(pid=82470) _create_snapshot /opt/stack/cinder/cinder/volume/drivers/remotefs.py:1815}}
Feb 28 01:24:28 devstack cinder-volume[82470]: DEBUG oslo.privsep.daemon [-] privsep: reply[2373cad9-f3d1-4e28-94a4-f0c7e11944f5]: (4, 'qcow2') {{(pid=83189) _call_back /opt/stack/data/venv/lib/python3.10/site-packages/oslo_privsep/daemon.py:573}}
Feb 28 01:24:28 devstack cinder-volume[82470]: DEBUG oslo_concurrency.processutils [None req-6f3418a9-c01b-4cd9-91f9-e3690973891b tempest-VolumesDeleteCascade-1221327582 None] Running cmd (subprocess): /opt/stack/data/venv/bin/python3.10 -m oslo_concurrency.prlimit --as=1073741824 --cpu=60 -- sudo cinder-rootwrap /etc/cinder/rootwrap.conf env LC_ALL=C qemu-img info -f qcow2 --output=json --force-share /opt/stack/data/cinder/mnt/31110a9e4cde621c0a343ec5bbb55343/volume-c2d4a58b-a751-491b-bd9e-2b2b6c227f6e {{(pid=82470) execute /opt/stack/data/venv/lib/python3.10/site-packages/oslo_concurrency/processutils.py:440}}
Feb 28 01:24:28 devstack sudo[86388]: quobyte : PWD=/ ; USER=root ; COMMAND=/opt/stack/data/venv/bin/cinder-rootwrap /etc/cinder/rootwrap.conf env LC_ALL=C qemu-img info -f qcow2 --output=json --force-share /opt/stack/data/cinder/mnt/31110a9e4cde621c0a343ec5bbb55343/volume-c2d4a58b-a751-491b-bd9e-2b2b6c227f6e
Feb 28 01:24:28 devstack sudo[86388]: pam_unix(sudo:session): session opened for user root(uid=0) by (uid=1000)
Feb 28 01:24:29 devstack sudo[86386]: pam_unix(sudo:session): session closed for user root
Feb 28 01:24:29 devstack cinder-volume[82470]: DEBUG oslo_concurrency.processutils [req-de70ebcc-bcb1-4beb-9aba-50e914e8f0f0 req-78cacf60-eb88-4ee1-9ac0-05ee6ea70221 tempest-ServerBootFromVolumeStableRescueTest-1226290278 None] CMD "sudo cinder-rootwrap /etc/cinder/rootwrap.conf df --portability --block-size 1 /opt/stack/data/cinder/mnt/31110a9e4cde621c0a343ec5bbb55343" returned: 0 in 0.460s {{(pid=82470) execute /opt/stack/data/venv/lib/python3.10/site-packages/oslo_concurrency/processutils.py:468}}
Feb 28 01:24:29 devstack cinder-volume[82470]: DEBUG cinder.manager [req-de70ebcc-bcb1-4beb-9aba-50e914e8f0f0 req-78cacf60-eb88-4ee1-9ac0-05ee6ea70221 tempest-ServerBootFromVolumeStableRescueTest-1226290278 None] Notifying Schedulers of capabilities ... {{(pid=82470) _publish_service_capabilities /opt/stack/cinder/cinder/manager.py:202}}
Feb 28 01:24:29 devstack cinder-volume[82470]: INFO cinder.volume.manager [req-de70ebcc-bcb1-4beb-9aba-50e914e8f0f0 req-78cacf60-eb88-4ee1-9ac0-05ee6ea70221 tempest-ServerBootFromVolumeStableRescueTest-1226290278 None] Deleted volume successfully.
Feb 28 01:24:29 devstack cinder-volume[82470]: DEBUG cinder.coordination [req-de70ebcc-bcb1-4beb-9aba-50e914e8f0f0 req-78cacf60-eb88-4ee1-9ac0-05ee6ea70221 tempest-ServerBootFromVolumeStableRescueTest-1226290278 None] Lock "cinder-f7cfb912-20fb-40a9-8342-422dbe52d6ab-delete_volume" released by "delete_volume" :: held 1.845s {{(pid=82470) __release /opt/stack/cinder/cinder/coordination.py:152}}
Feb 28 01:24:29 devstack cinder-volume[82470]: INFO cinder.volume.manager [None req-2a72022b-c53f-4d4c-86ef-b589b2751dd8 tempest-GroupSnapshotsTest-267922844 None] Update group completed successfully.
Feb 28 01:24:29 devstack sudo[86388]: pam_unix(sudo:session): session closed for user root
Feb 28 01:24:29 devstack cinder-volume[82470]: DEBUG oslo_concurrency.processutils [None req-6f3418a9-c01b-4cd9-91f9-e3690973891b tempest-VolumesDeleteCascade-1221327582 None] CMD "/opt/stack/data/venv/bin/python3.10 -m oslo_concurrency.prlimit --as=1073741824 --cpu=60 -- sudo cinder-rootwrap /etc/cinder/rootwrap.conf env LC_ALL=C qemu-img info -f qcow2 --output=json --force-share /opt/stack/data/cinder/mnt/31110a9e4cde621c0a343ec5bbb55343/volume-c2d4a58b-a751-491b-bd9e-2b2b6c227f6e" returned: 0 in 0.585s {{(pid=82470) execute /opt/stack/data/venv/lib/python3.10/site-packages/oslo_concurrency/processutils.py:468}}
Feb 28 01:24:29 devstack cinder-volume[82470]: DEBUG oslo_concurrency.processutils [None req-6f3418a9-c01b-4cd9-91f9-e3690973891b tempest-VolumesDeleteCascade-1221327582 None] Running cmd (subprocess): sudo cinder-rootwrap /etc/cinder/rootwrap.conf qemu-img create -f qcow2 -o backing_file=/opt/stack/data/cinder/mnt/31110a9e4cde621c0a343ec5bbb55343/volume-c2d4a58b-a751-491b-bd9e-2b2b6c227f6e,backing_fmt=qcow2 /opt/stack/data/cinder/mnt/31110a9e4cde621c0a343ec5bbb55343/volume-c2d4a58b-a751-491b-bd9e-2b2b6c227f6e.87dc11ac-7787-4f90-8fa8-d59965a5460d 1G {{(pid=82470) execute /opt/stack/data/venv/lib/python3.10/site-packages/oslo_concurrency/processutils.py:440}}
Feb 28 01:24:29 devstack sudo[86394]: quobyte : PWD=/ ; USER=root ; COMMAND=/opt/stack/data/venv/bin/cinder-rootwrap /etc/cinder/rootwrap.conf qemu-img create -f qcow2 -o backing_file=/opt/stack/data/cinder/mnt/31110a9e4cde621c0a343ec5bbb55343/volume-c2d4a58b-a751-491b-bd9e-2b2b6c227f6e,backing_fmt=qcow2 /opt/stack/data/cinder/mnt/31110a9e4cde621c0a343ec5bbb55343/volume-c2d4a58b-a751-491b-bd9e-2b2b6c227f6e.87dc11ac-7787-4f90-8fa8-d59965a5460d 1G
Feb 28 01:24:29 devstack sudo[86394]: pam_unix(sudo:session): session opened for user root(uid=0) by (uid=1000)
Feb 28 01:24:29 devstack sudo[86394]: pam_unix(sudo:session): session closed for user root
Feb 28 01:24:29 devstack cinder-volume[82470]: DEBUG oslo_concurrency.processutils [None req-6f3418a9-c01b-4cd9-91f9-e3690973891b tempest-VolumesDeleteCascade-1221327582 None] CMD "sudo cinder-rootwrap /etc/cinder/rootwrap.conf qemu-img create -f qcow2 -o backing_file=/opt/stack/data/cinder/mnt/31110a9e4cde621c0a343ec5bbb55343/volume-c2d4a58b-a751-491b-bd9e-2b2b6c227f6e,backing_fmt=qcow2 /opt/stack/data/cinder/mnt/31110a9e4cde621c0a343ec5bbb55343/volume-c2d4a58b-a751-491b-bd9e-2b2b6c227f6e.87dc11ac-7787-4f90-8fa8-d59965a5460d 1G" returned: 0 in 0.600s {{(pid=82470) execute /opt/stack/data/venv/lib/python3.10/site-packages/oslo_concurrency/processutils.py:468}}
Feb 28 01:24:29 devstack cinder-volume[82470]: DEBUG oslo_concurrency.processutils [None req-6f3418a9-c01b-4cd9-91f9-e3690973891b tempest-VolumesDeleteCascade-1221327582 None] Running cmd (subprocess): sudo cinder-rootwrap /etc/cinder/rootwrap.conf qemu-img rebase -u -b volume-c2d4a58b-a751-491b-bd9e-2b2b6c227f6e -F qcow2 /opt/stack/data/cinder/mnt/31110a9e4cde621c0a343ec5bbb55343/volume-c2d4a58b-a751-491b-bd9e-2b2b6c227f6e.87dc11ac-7787-4f90-8fa8-d59965a5460d {{(pid=82470) execute /opt/stack/data/venv/lib/python3.10/site-packages/oslo_concurrency/processutils.py:440}}
Feb 28 01:24:29 devstack sudo[86399]: quobyte : PWD=/ ; USER=root ; COMMAND=/opt/stack/data/venv/bin/cinder-rootwrap /etc/cinder/rootwrap.conf qemu-img rebase -u -b volume-c2d4a58b-a751-491b-bd9e-2b2b6c227f6e -F qcow2 /opt/stack/data/cinder/mnt/31110a9e4cde621c0a343ec5bbb55343/volume-c2d4a58b-a751-491b-bd9e-2b2b6c227f6e.87dc11ac-7787-4f90-8fa8-d59965a5460d
Feb 28 01:24:29 devstack sudo[86399]: pam_unix(sudo:session): session opened for user root(uid=0) by (uid=1000)
Feb 28 01:24:30 devstack cinder-volume[82470]: INFO cinder.volume.manager [None req-f77df669-ca16-4f42-927a-08dfdf43bcc0 tempest-GroupSnapshotsTest-267922844 None] Update group completed successfully.
Feb 28 01:24:30 devstack sudo[86399]: pam_unix(sudo:session): session closed for user root
Feb 28 01:24:30 devstack cinder-volume[82470]: DEBUG oslo_concurrency.processutils [None req-6f3418a9-c01b-4cd9-91f9-e3690973891b tempest-VolumesDeleteCascade-1221327582 None] CMD "sudo cinder-rootwrap /etc/cinder/rootwrap.conf qemu-img rebase -u -b volume-c2d4a58b-a751-491b-bd9e-2b2b6c227f6e -F qcow2 /opt/stack/data/cinder/mnt/31110a9e4cde621c0a343ec5bbb55343/volume-c2d4a58b-a751-491b-bd9e-2b2b6c227f6e.87dc11ac-7787-4f90-8fa8-d59965a5460d" returned: 0 in 0.505s {{(pid=82470) execute /opt/stack/data/venv/lib/python3.10/site-packages/oslo_concurrency/processutils.py:468}}
Feb 28 01:24:30 devstack cinder-volume[82470]: WARNING cinder.volume.drivers.remotefs [None req-6f3418a9-c01b-4cd9-91f9-e3690973891b tempest-VolumesDeleteCascade-1221327582 None] /opt/stack/data/cinder/mnt/31110a9e4cde621c0a343ec5bbb55343/volume-c2d4a58b-a751-491b-bd9e-2b2b6c227f6e.87dc11ac-7787-4f90-8fa8-d59965a5460d is being set with open permissions: ugo+rw
Feb 28 01:24:30 devstack cinder-volume[82470]: DEBUG oslo_concurrency.processutils [None req-6f3418a9-c01b-4cd9-91f9-e3690973891b tempest-VolumesDeleteCascade-1221327582 None] Running cmd (subprocess): sudo cinder-rootwrap /etc/cinder/rootwrap.conf chmod ugo+rw /opt/stack/data/cinder/mnt/31110a9e4cde621c0a343ec5bbb55343/volume-c2d4a58b-a751-491b-bd9e-2b2b6c227f6e.87dc11ac-7787-4f90-8fa8-d59965a5460d {{(pid=82470) execute /opt/stack/data/venv/lib/python3.10/site-packages/oslo_concurrency/processutils.py:440}}
Feb 28 01:24:30 devstack sudo[86404]: quobyte : PWD=/ ; USER=root ; COMMAND=/opt/stack/data/venv/bin/cinder-rootwrap /etc/cinder/rootwrap.conf chmod ugo+rw /opt/stack/data/cinder/mnt/31110a9e4cde621c0a343ec5bbb55343/volume-c2d4a58b-a751-491b-bd9e-2b2b6c227f6e.87dc11ac-7787-4f90-8fa8-d59965a5460d
Feb 28 01:24:30 devstack sudo[86404]: pam_unix(sudo:session): session opened for user root(uid=0) by (uid=1000)
Feb 28 01:24:30 devstack sudo[86404]: pam_unix(sudo:session): session closed for user root
Feb 28 01:24:30 devstack cinder-volume[82470]: DEBUG oslo_concurrency.processutils [None req-6f3418a9-c01b-4cd9-91f9-e3690973891b tempest-VolumesDeleteCascade-1221327582 None] CMD "sudo cinder-rootwrap /etc/cinder/rootwrap.conf chmod ugo+rw /opt/stack/data/cinder/mnt/31110a9e4cde621c0a343ec5bbb55343/volume-c2d4a58b-a751-491b-bd9e-2b2b6c227f6e.87dc11ac-7787-4f90-8fa8-d59965a5460d" returned: 0 in 0.423s {{(pid=82470) execute /opt/stack/data/venv/lib/python3.10/site-packages/oslo_concurrency/processutils.py:468}}
Feb 28 01:24:30 devstack cinder-volume[82470]: DEBUG oslo_concurrency.processutils [None req-6f3418a9-c01b-4cd9-91f9-e3690973891b tempest-VolumesDeleteCascade-1221327582 None] Running cmd (subprocess): sudo cinder-rootwrap /etc/cinder/rootwrap.conf truncate -s0 /opt/stack/data/cinder/mnt/31110a9e4cde621c0a343ec5bbb55343/volume-c2d4a58b-a751-491b-bd9e-2b2b6c227f6e.info {{(pid=82470) execute /opt/stack/data/venv/lib/python3.10/site-packages/oslo_concurrency/processutils.py:440}}
Feb 28 01:24:30 devstack sudo[86412]: quobyte : PWD=/ ; USER=root ; COMMAND=/opt/stack/data/venv/bin/cinder-rootwrap /etc/cinder/rootwrap.conf truncate -s0 /opt/stack/data/cinder/mnt/31110a9e4cde621c0a343ec5bbb55343/volume-c2d4a58b-a751-491b-bd9e-2b2b6c227f6e.info
Feb 28 01:24:30 devstack sudo[86412]: pam_unix(sudo:session): session opened for user root(uid=0) by (uid=1000)
Feb 28 01:24:31 devstack sudo[86412]: pam_unix(sudo:session): session closed for user root
Feb 28 01:24:31 devstack cinder-volume[82470]: DEBUG oslo_concurrency.processutils [None req-6f3418a9-c01b-4cd9-91f9-e3690973891b tempest-VolumesDeleteCascade-1221327582 None] CMD "sudo cinder-rootwrap /etc/cinder/rootwrap.conf truncate -s0 /opt/stack/data/cinder/mnt/31110a9e4cde621c0a343ec5bbb55343/volume-c2d4a58b-a751-491b-bd9e-2b2b6c227f6e.info" returned: 0 in 0.445s {{(pid=82470) execute /opt/stack/data/venv/lib/python3.10/site-packages/oslo_concurrency/processutils.py:468}}
Feb 28 01:24:31 devstack cinder-volume[82470]: WARNING cinder.volume.drivers.remotefs [None req-6f3418a9-c01b-4cd9-91f9-e3690973891b tempest-VolumesDeleteCascade-1221327582 None] /opt/stack/data/cinder/mnt/31110a9e4cde621c0a343ec5bbb55343/volume-c2d4a58b-a751-491b-bd9e-2b2b6c227f6e.info is being set with open permissions: ugo+rw
Feb 28 01:24:31 devstack cinder-volume[82470]: DEBUG oslo_concurrency.processutils [None req-6f3418a9-c01b-4cd9-91f9-e3690973891b tempest-VolumesDeleteCascade-1221327582 None] Running cmd (subprocess): sudo cinder-rootwrap /etc/cinder/rootwrap.conf chmod ugo+rw /opt/stack/data/cinder/mnt/31110a9e4cde621c0a343ec5bbb55343/volume-c2d4a58b-a751-491b-bd9e-2b2b6c227f6e.info {{(pid=82470) execute /opt/stack/data/venv/lib/python3.10/site-packages/oslo_concurrency/processutils.py:440}}
Feb 28 01:24:31 devstack sudo[86431]: quobyte : PWD=/ ; USER=root ; COMMAND=/opt/stack/data/venv/bin/cinder-rootwrap /etc/cinder/rootwrap.conf chmod ugo+rw /opt/stack/data/cinder/mnt/31110a9e4cde621c0a343ec5bbb55343/volume-c2d4a58b-a751-491b-bd9e-2b2b6c227f6e.info
Feb 28 01:24:31 devstack sudo[86431]: pam_unix(sudo:session): session opened for user root(uid=0) by (uid=1000)
Feb 28 01:24:31 devstack cinder-volume[82470]: INFO cinder.volume.manager [None req-02c1a4c4-76b5-4084-9500-3b028330e6fa tempest-GroupSnapshotsTest-267922844 None] GroupSnapshot ca19c2b6-12cd-493c-a026-2343548d48d7: creating.
Feb 28 01:24:31 devstack cinder-volume[82470]: DEBUG cinder.volume.manager [None req-02c1a4c4-76b5-4084-9500-3b028330e6fa tempest-GroupSnapshotsTest-267922844 None] Group snapshot ca19c2b6-12cd-493c-a026-2343548d48d7: creating. {{(pid=82470) create_group_snapshot /opt/stack/cinder/cinder/volume/manager.py:4175}}
Feb 28 01:24:31 devstack cinder-volume[82470]: DEBUG oslo_concurrency.lockutils [None req-02c1a4c4-76b5-4084-9500-3b028330e6fa tempest-GroupSnapshotsTest-267922844 None] Acquiring lock "quobyte" by "cinder.volume.drivers.quobyte.QuobyteDriver.create_snapshot" {{(pid=82470) inner /opt/stack/data/venv/lib/python3.10/site-packages/oslo_concurrency/lockutils.py:506}}
Feb 28 01:24:31 devstack sudo[86431]: pam_unix(sudo:session): session closed for user root
Feb 28 01:24:31 devstack cinder-volume[82470]: DEBUG oslo_concurrency.processutils [None req-6f3418a9-c01b-4cd9-91f9-e3690973891b tempest-VolumesDeleteCascade-1221327582 None] CMD "sudo cinder-rootwrap /etc/cinder/rootwrap.conf chmod ugo+rw /opt/stack/data/cinder/mnt/31110a9e4cde621c0a343ec5bbb55343/volume-c2d4a58b-a751-491b-bd9e-2b2b6c227f6e.info" returned: 0 in 0.556s {{(pid=82470) execute /opt/stack/data/venv/lib/python3.10/site-packages/oslo_concurrency/processutils.py:468}}
Feb 28 01:24:31 devstack cinder-volume[82470]: DEBUG oslo_concurrency.lockutils [None req-6f3418a9-c01b-4cd9-91f9-e3690973891b tempest-VolumesDeleteCascade-1221327582 None] Lock "quobyte" "released" by "cinder.volume.drivers.quobyte.QuobyteDriver.create_snapshot" :: held 3.175s {{(pid=82470) inner /opt/stack/data/venv/lib/python3.10/site-packages/oslo_concurrency/lockutils.py:538}}
Feb 28 01:24:31 devstack cinder-volume[82470]: DEBUG oslo_concurrency.lockutils [None req-02c1a4c4-76b5-4084-9500-3b028330e6fa tempest-GroupSnapshotsTest-267922844 None] Lock "quobyte" acquired by "cinder.volume.drivers.quobyte.QuobyteDriver.create_snapshot" :: waited 0.230s {{(pid=82470) inner /opt/stack/data/venv/lib/python3.10/site-packages/oslo_concurrency/lockutils.py:519}}
Feb 28 01:24:31 devstack cinder-volume[82470]: DEBUG cinder.volume.drivers.remotefs [None req-02c1a4c4-76b5-4084-9500-3b028330e6fa tempest-GroupSnapshotsTest-267922844 None] Creating offline snapshot 97c65031-436b-45c7-9ba7-474e253430cc of volume d64d3cc4-53fc-4465-8e98-a8e74d7f1ada {{(pid=82470) _create_snapshot /opt/stack/cinder/cinder/volume/drivers/remotefs.py:1815}}
Feb 28 01:24:31 devstack cinder-volume[82470]: INFO cinder.volume.manager [None req-6f3418a9-c01b-4cd9-91f9-e3690973891b tempest-VolumesDeleteCascade-1221327582 None] Create snapshot completed successfully
Feb 28 01:24:31 devstack cinder-volume[82470]: DEBUG oslo.privsep.daemon [-] privsep: reply[02d8b184-46b7-4043-af59-61d83526c9c2]: (4, 'qcow2') {{(pid=83189) _call_back /opt/stack/data/venv/lib/python3.10/site-packages/oslo_privsep/daemon.py:573}}
Feb 28 01:24:31 devstack cinder-volume[82470]: DEBUG oslo_concurrency.processutils [None req-02c1a4c4-76b5-4084-9500-3b028330e6fa tempest-GroupSnapshotsTest-267922844 None] Running cmd (subprocess): /opt/stack/data/venv/bin/python3.10 -m oslo_concurrency.prlimit --as=1073741824 --cpu=60 -- sudo cinder-rootwrap /etc/cinder/rootwrap.conf env LC_ALL=C qemu-img info -f qcow2 --output=json --force-share /opt/stack/data/cinder/mnt/31110a9e4cde621c0a343ec5bbb55343/volume-d64d3cc4-53fc-4465-8e98-a8e74d7f1ada {{(pid=82470) execute /opt/stack/data/venv/lib/python3.10/site-packages/oslo_concurrency/processutils.py:440}}
Feb 28 01:24:32 devstack sudo[86457]: quobyte : PWD=/ ; USER=root ; COMMAND=/opt/stack/data/venv/bin/cinder-rootwrap /etc/cinder/rootwrap.conf env LC_ALL=C qemu-img info -f qcow2 --output=json --force-share /opt/stack/data/cinder/mnt/31110a9e4cde621c0a343ec5bbb55343/volume-d64d3cc4-53fc-4465-8e98-a8e74d7f1ada
Feb 28 01:24:32 devstack sudo[86457]: pam_unix(sudo:session): session opened for user root(uid=0) by (uid=1000)
Feb 28 01:24:32 devstack sudo[86457]: pam_unix(sudo:session): session closed for user root
Feb 28 01:24:32 devstack cinder-volume[82470]: DEBUG oslo_concurrency.processutils [None req-02c1a4c4-76b5-4084-9500-3b028330e6fa tempest-GroupSnapshotsTest-267922844 None] CMD "/opt/stack/data/venv/bin/python3.10 -m oslo_concurrency.prlimit --as=1073741824 --cpu=60 -- sudo cinder-rootwrap /etc/cinder/rootwrap.conf env LC_ALL=C qemu-img info -f qcow2 --output=json --force-share /opt/stack/data/cinder/mnt/31110a9e4cde621c0a343ec5bbb55343/volume-d64d3cc4-53fc-4465-8e98-a8e74d7f1ada" returned: 0 in 0.564s {{(pid=82470) execute /opt/stack/data/venv/lib/python3.10/site-packages/oslo_concurrency/processutils.py:468}}
Feb 28 01:24:32 devstack cinder-volume[82470]: DEBUG oslo_concurrency.processutils [None req-02c1a4c4-76b5-4084-9500-3b028330e6fa tempest-GroupSnapshotsTest-267922844 None] Running cmd (subprocess): sudo cinder-rootwrap /etc/cinder/rootwrap.conf qemu-img create -f qcow2 -o backing_file=/opt/stack/data/cinder/mnt/31110a9e4cde621c0a343ec5bbb55343/volume-d64d3cc4-53fc-4465-8e98-a8e74d7f1ada,backing_fmt=qcow2 /opt/stack/data/cinder/mnt/31110a9e4cde621c0a343ec5bbb55343/volume-d64d3cc4-53fc-4465-8e98-a8e74d7f1ada.97c65031-436b-45c7-9ba7-474e253430cc 1G {{(pid=82470) execute /opt/stack/data/venv/lib/python3.10/site-packages/oslo_concurrency/processutils.py:440}}
Feb 28 01:24:32 devstack sudo[86464]: quobyte : PWD=/ ; USER=root ; COMMAND=/opt/stack/data/venv/bin/cinder-rootwrap /etc/cinder/rootwrap.conf qemu-img create -f qcow2 -o backing_file=/opt/stack/data/cinder/mnt/31110a9e4cde621c0a343ec5bbb55343/volume-d64d3cc4-53fc-4465-8e98-a8e74d7f1ada,backing_fmt=qcow2 /opt/stack/data/cinder/mnt/31110a9e4cde621c0a343ec5bbb55343/volume-d64d3cc4-53fc-4465-8e98-a8e74d7f1ada.97c65031-436b-45c7-9ba7-474e253430cc 1G
Feb 28 01:24:32 devstack sudo[86464]: pam_unix(sudo:session): session opened for user root(uid=0) by (uid=1000)
Feb 28 01:24:32 devstack cinder-volume[82470]: DEBUG oslo_concurrency.lockutils [None req-158e77d4-ea9c-4a63-8189-25a48c67fb74 tempest-VolumesDeleteCascade-1221327582 None] Acquiring lock "quobyte" by "cinder.volume.drivers.quobyte.QuobyteDriver.create_snapshot" {{(pid=82470) inner /opt/stack/data/venv/lib/python3.10/site-packages/oslo_concurrency/lockutils.py:506}}
Feb 28 01:24:33 devstack sudo[86464]: pam_unix(sudo:session): session closed for user root
Feb 28 01:24:33 devstack cinder-volume[82470]: DEBUG oslo_concurrency.processutils [None req-02c1a4c4-76b5-4084-9500-3b028330e6fa tempest-GroupSnapshotsTest-267922844 None] CMD "sudo cinder-rootwrap /etc/cinder/rootwrap.conf qemu-img create -f qcow2 -o backing_file=/opt/stack/data/cinder/mnt/31110a9e4cde621c0a343ec5bbb55343/volume-d64d3cc4-53fc-4465-8e98-a8e74d7f1ada,backing_fmt=qcow2 /opt/stack/data/cinder/mnt/31110a9e4cde621c0a343ec5bbb55343/volume-d64d3cc4-53fc-4465-8e98-a8e74d7f1ada.97c65031-436b-45c7-9ba7-474e253430cc 1G" returned: 0 in 0.521s {{(pid=82470) execute /opt/stack/data/venv/lib/python3.10/site-packages/oslo_concurrency/processutils.py:468}}
Feb 28 01:24:33 devstack cinder-volume[82470]: DEBUG oslo_concurrency.processutils [None req-02c1a4c4-76b5-4084-9500-3b028330e6fa tempest-GroupSnapshotsTest-267922844 None] Running cmd (subprocess): sudo cinder-rootwrap /etc/cinder/rootwrap.conf qemu-img rebase -u -b volume-d64d3cc4-53fc-4465-8e98-a8e74d7f1ada -F qcow2 /opt/stack/data/cinder/mnt/31110a9e4cde621c0a343ec5bbb55343/volume-d64d3cc4-53fc-4465-8e98-a8e74d7f1ada.97c65031-436b-45c7-9ba7-474e253430cc {{(pid=82470) execute /opt/stack/data/venv/lib/python3.10/site-packages/oslo_concurrency/processutils.py:440}}
Feb 28 01:24:33 devstack sudo[86469]: quobyte : PWD=/ ; USER=root ; COMMAND=/opt/stack/data/venv/bin/cinder-rootwrap /etc/cinder/rootwrap.conf qemu-img rebase -u -b volume-d64d3cc4-53fc-4465-8e98-a8e74d7f1ada -F qcow2 /opt/stack/data/cinder/mnt/31110a9e4cde621c0a343ec5bbb55343/volume-d64d3cc4-53fc-4465-8e98-a8e74d7f1ada.97c65031-436b-45c7-9ba7-474e253430cc
Feb 28 01:24:33 devstack sudo[86469]: pam_unix(sudo:session): session opened for user root(uid=0) by (uid=1000)
Feb 28 01:24:33 devstack sudo[86469]: pam_unix(sudo:session): session closed for user root
Feb 28 01:24:33 devstack cinder-volume[82470]: DEBUG oslo_concurrency.processutils [None req-02c1a4c4-76b5-4084-9500-3b028330e6fa tempest-GroupSnapshotsTest-267922844 None] CMD "sudo cinder-rootwrap /etc/cinder/rootwrap.conf qemu-img rebase -u -b volume-d64d3cc4-53fc-4465-8e98-a8e74d7f1ada -F qcow2 /opt/stack/data/cinder/mnt/31110a9e4cde621c0a343ec5bbb55343/volume-d64d3cc4-53fc-4465-8e98-a8e74d7f1ada.97c65031-436b-45c7-9ba7-474e253430cc" returned: 0 in 0.505s {{(pid=82470) execute /opt/stack/data/venv/lib/python3.10/site-packages/oslo_concurrency/processutils.py:468}}
Feb 28 01:24:33 devstack cinder-volume[82470]: WARNING cinder.volume.drivers.remotefs [None req-02c1a4c4-76b5-4084-9500-3b028330e6fa tempest-GroupSnapshotsTest-267922844 None] /opt/stack/data/cinder/mnt/31110a9e4cde621c0a343ec5bbb55343/volume-d64d3cc4-53fc-4465-8e98-a8e74d7f1ada.97c65031-436b-45c7-9ba7-474e253430cc is being set with open permissions: ugo+rw: NotImplementedError
Feb 28 01:24:33 devstack cinder-volume[82470]: DEBUG oslo_concurrency.processutils [None req-02c1a4c4-76b5-4084-9500-3b028330e6fa tempest-GroupSnapshotsTest-267922844 None] Running cmd (subprocess): sudo cinder-rootwrap /etc/cinder/rootwrap.conf chmod ugo+rw /opt/stack/data/cinder/mnt/31110a9e4cde621c0a343ec5bbb55343/volume-d64d3cc4-53fc-4465-8e98-a8e74d7f1ada.97c65031-436b-45c7-9ba7-474e253430cc {{(pid=82470) execute /opt/stack/data/venv/lib/python3.10/site-packages/oslo_concurrency/processutils.py:440}}
Feb 28 01:24:33 devstack sudo[86475]: quobyte : PWD=/ ; USER=root ; COMMAND=/opt/stack/data/venv/bin/cinder-rootwrap /etc/cinder/rootwrap.conf chmod ugo+rw /opt/stack/data/cinder/mnt/31110a9e4cde621c0a343ec5bbb55343/volume-d64d3cc4-53fc-4465-8e98-a8e74d7f1ada.97c65031-436b-45c7-9ba7-474e253430cc
Feb 28 01:24:33 devstack sudo[86475]: pam_unix(sudo:session): session opened for user root(uid=0) by (uid=1000)
Feb 28 01:24:33 devstack sudo[86475]: pam_unix(sudo:session): session closed for user root
Feb 28 01:24:33 devstack cinder-volume[82470]: DEBUG oslo_concurrency.processutils [None req-02c1a4c4-76b5-4084-9500-3b028330e6fa tempest-GroupSnapshotsTest-267922844 None] CMD "sudo cinder-rootwrap /etc/cinder/rootwrap.conf chmod ugo+rw /opt/stack/data/cinder/mnt/31110a9e4cde621c0a343ec5bbb55343/volume-d64d3cc4-53fc-4465-8e98-a8e74d7f1ada.97c65031-436b-45c7-9ba7-474e253430cc" returned: 0 in 0.416s {{(pid=82470) execute /opt/stack/data/venv/lib/python3.10/site-packages/oslo_concurrency/processutils.py:468}}
Feb 28 01:24:33 devstack cinder-volume[82470]: DEBUG oslo_concurrency.processutils [None req-02c1a4c4-76b5-4084-9500-3b028330e6fa tempest-GroupSnapshotsTest-267922844 None] Running cmd (subprocess): sudo cinder-rootwrap /etc/cinder/rootwrap.conf truncate -s0 /opt/stack/data/cinder/mnt/31110a9e4cde621c0a343ec5bbb55343/volume-d64d3cc4-53fc-4465-8e98-a8e74d7f1ada.info {{(pid=82470) execute /opt/stack/data/venv/lib/python3.10/site-packages/oslo_concurrency/processutils.py:440}}
Feb 28 01:24:33 devstack sudo[86478]: quobyte : PWD=/ ; USER=root ; COMMAND=/opt/stack/data/venv/bin/cinder-rootwrap /etc/cinder/rootwrap.conf truncate -s0 /opt/stack/data/cinder/mnt/31110a9e4cde621c0a343ec5bbb55343/volume-d64d3cc4-53fc-4465-8e98-a8e74d7f1ada.info
Feb 28 01:24:33 devstack sudo[86478]: pam_unix(sudo:session): session opened for user root(uid=0) by (uid=1000)
Feb 28 01:24:34 devstack sudo[86478]: pam_unix(sudo:session): session closed for user root
Feb 28 01:24:34 devstack cinder-volume[82470]: DEBUG oslo_concurrency.processutils [None req-02c1a4c4-76b5-4084-9500-3b028330e6fa tempest-GroupSnapshotsTest-267922844 None] CMD "sudo cinder-rootwrap /etc/cinder/rootwrap.conf truncate -s0 /opt/stack/data/cinder/mnt/31110a9e4cde621c0a343ec5bbb55343/volume-d64d3cc4-53fc-4465-8e98-a8e74d7f1ada.info" returned: 0 in 0.403s {{(pid=82470) execute /opt/stack/data/venv/lib/python3.10/site-packages/oslo_concurrency/processutils.py:468}}
Feb 28 01:24:34 devstack cinder-volume[82470]: WARNING cinder.volume.drivers.remotefs [None req-02c1a4c4-76b5-4084-9500-3b028330e6fa tempest-GroupSnapshotsTest-267922844 None] /opt/stack/data/cinder/mnt/31110a9e4cde621c0a343ec5bbb55343/volume-d64d3cc4-53fc-4465-8e98-a8e74d7f1ada.info is being set with open permissions: ugo+rw: NotImplementedError
Feb 28 01:24:34 devstack cinder-volume[82470]: DEBUG oslo_concurrency.processutils [None req-02c1a4c4-76b5-4084-9500-3b028330e6fa tempest-GroupSnapshotsTest-267922844 None] Running cmd (subprocess): sudo cinder-rootwrap /etc/cinder/rootwrap.conf chmod ugo+rw /opt/stack/data/cinder/mnt/31110a9e4cde621c0a343ec5bbb55343/volume-d64d3cc4-53fc-4465-8e98-a8e74d7f1ada.info {{(pid=82470) execute /opt/stack/data/venv/lib/python3.10/site-packages/oslo_concurrency/processutils.py:440}}
Feb 28 01:24:34 devstack sudo[86481]: quobyte : PWD=/ ; USER=root ; COMMAND=/opt/stack/data/venv/bin/cinder-rootwrap /etc/cinder/rootwrap.conf chmod ugo+rw /opt/stack/data/cinder/mnt/31110a9e4cde621c0a343ec5bbb55343/volume-d64d3cc4-53fc-4465-8e98-a8e74d7f1ada.info
Feb 28 01:24:34 devstack sudo[86481]: pam_unix(sudo:session): session opened for user root(uid=0) by (uid=1000)
Feb 28 01:24:34 devstack sudo[86481]: pam_unix(sudo:session): session closed for user root
Feb 28 01:24:34 devstack cinder-volume[82470]: DEBUG oslo_concurrency.processutils [None req-02c1a4c4-76b5-4084-9500-3b028330e6fa tempest-GroupSnapshotsTest-267922844 None] CMD "sudo cinder-rootwrap /etc/cinder/rootwrap.conf chmod ugo+rw /opt/stack/data/cinder/mnt/31110a9e4cde621c0a343ec5bbb55343/volume-d64d3cc4-53fc-4465-8e98-a8e74d7f1ada.info" returned: 0 in 0.422s {{(pid=82470) execute /opt/stack/data/venv/lib/python3.10/site-packages/oslo_concurrency/processutils.py:468}}
Feb 28 01:24:34 devstack cinder-volume[82470]: DEBUG oslo_concurrency.lockutils [None req-02c1a4c4-76b5-4084-9500-3b028330e6fa tempest-GroupSnapshotsTest-267922844 None] Lock "quobyte" "released" by "cinder.volume.drivers.quobyte.QuobyteDriver.create_snapshot" :: held 2.890s {{(pid=82470) inner /opt/stack/data/venv/lib/python3.10/site-packages/oslo_concurrency/lockutils.py:538}}
Feb 28 01:24:34 devstack cinder-volume[82470]: DEBUG oslo_concurrency.lockutils [None req-02c1a4c4-76b5-4084-9500-3b028330e6fa tempest-GroupSnapshotsTest-267922844 None] Acquiring lock "quobyte" by "cinder.volume.drivers.quobyte.QuobyteDriver.create_snapshot" {{(pid=82470) inner /opt/stack/data/venv/lib/python3.10/site-packages/oslo_concurrency/lockutils.py:506}}
Feb 28 01:24:34 devstack cinder-volume[82470]: DEBUG oslo_concurrency.lockutils [None req-02c1a4c4-76b5-4084-9500-3b028330e6fa tempest-GroupSnapshotsTest-267922844 None] Lock "quobyte" acquired by "cinder.volume.drivers.quobyte.QuobyteDriver.create_snapshot" :: waited 0.000s {{(pid=82470) inner /opt/stack/data/venv/lib/python3.10/site-packages/oslo_concurrency/lockutils.py:519}}
Feb 28 01:24:34 devstack cinder-volume[82470]: DEBUG cinder.volume.drivers.remotefs [None req-02c1a4c4-76b5-4084-9500-3b028330e6fa tempest-GroupSnapshotsTest-267922844 None] Creating offline snapshot b25efc10-e771-4363-8891-23ca191b508d of volume 40aceb0e-7730-41fd-9b06-b7192b1c76c0 {{(pid=82470) _create_snapshot /opt/stack/cinder/cinder/volume/drivers/remotefs.py:1815}}
Feb 28 01:24:34 devstack cinder-volume[82470]: DEBUG oslo.privsep.daemon [-] privsep: reply[89d1f507-5ccd-4f13-8fcf-6ed7f3984572]: (4, 'qcow2') {{(pid=83189) _call_back /opt/stack/data/venv/lib/python3.10/site-packages/oslo_privsep/daemon.py:573}}
Feb 28 01:24:34 devstack cinder-volume[82470]: DEBUG oslo_concurrency.processutils [None req-02c1a4c4-76b5-4084-9500-3b028330e6fa tempest-GroupSnapshotsTest-267922844 None] Running cmd (subprocess): /opt/stack/data/venv/bin/python3.10 -m oslo_concurrency.prlimit --as=1073741824 --cpu=60 -- sudo cinder-rootwrap /etc/cinder/rootwrap.conf env LC_ALL=C qemu-img info -f qcow2 --output=json --force-share /opt/stack/data/cinder/mnt/31110a9e4cde621c0a343ec5bbb55343/volume-40aceb0e-7730-41fd-9b06-b7192b1c76c0 {{(pid=82470) execute /opt/stack/data/venv/lib/python3.10/site-packages/oslo_concurrency/processutils.py:440}}
Feb 28 01:24:34 devstack sudo[86484]: quobyte : PWD=/ ; USER=root ; COMMAND=/opt/stack/data/venv/bin/cinder-rootwrap /etc/cinder/rootwrap.conf env LC_ALL=C qemu-img info -f qcow2 --output=json --force-share /opt/stack/data/cinder/mnt/31110a9e4cde621c0a343ec5bbb55343/volume-40aceb0e-7730-41fd-9b06-b7192b1c76c0
Feb 28 01:24:34 devstack sudo[86484]: pam_unix(sudo:session): session opened for user root(uid=0) by (uid=1000)
Feb 28 01:24:35 devstack sudo[86484]: pam_unix(sudo:session): session closed for user root
Feb 28 01:24:35 devstack cinder-volume[82470]: DEBUG oslo_concurrency.processutils [None req-02c1a4c4-76b5-4084-9500-3b028330e6fa tempest-GroupSnapshotsTest-267922844 None] CMD "/opt/stack/data/venv/bin/python3.10 -m oslo_concurrency.prlimit --as=1073741824 --cpu=60 -- sudo cinder-rootwrap /etc/cinder/rootwrap.conf env LC_ALL=C qemu-img info -f qcow2 --output=json --force-share /opt/stack/data/cinder/mnt/31110a9e4cde621c0a343ec5bbb55343/volume-40aceb0e-7730-41fd-9b06-b7192b1c76c0" returned: 0 in 0.476s {{(pid=82470) execute /opt/stack/data/venv/lib/python3.10/site-packages/oslo_concurrency/processutils.py:468}}
Feb 28 01:24:35 devstack cinder-volume[82470]: DEBUG oslo_concurrency.processutils [None req-02c1a4c4-76b5-4084-9500-3b028330e6fa tempest-GroupSnapshotsTest-267922844 None] Running cmd (subprocess): sudo cinder-rootwrap /etc/cinder/rootwrap.conf qemu-img create -f qcow2 -o backing_file=/opt/stack/data/cinder/mnt/31110a9e4cde621c0a343ec5bbb55343/volume-40aceb0e-7730-41fd-9b06-b7192b1c76c0,backing_fmt=qcow2 /opt/stack/data/cinder/mnt/31110a9e4cde621c0a343ec5bbb55343/volume-40aceb0e-7730-41fd-9b06-b7192b1c76c0.b25efc10-e771-4363-8891-23ca191b508d 1G {{(pid=82470) execute /opt/stack/data/venv/lib/python3.10/site-packages/oslo_concurrency/processutils.py:440}}
Feb 28 01:24:35 devstack sudo[86490]: quobyte : PWD=/ ; USER=root ; COMMAND=/opt/stack/data/venv/bin/cinder-rootwrap /etc/cinder/rootwrap.conf qemu-img create -f qcow2 -o backing_file=/opt/stack/data/cinder/mnt/31110a9e4cde621c0a343ec5bbb55343/volume-40aceb0e-7730-41fd-9b06-b7192b1c76c0,backing_fmt=qcow2 /opt/stack/data/cinder/mnt/31110a9e4cde621c0a343ec5bbb55343/volume-40aceb0e-7730-41fd-9b06-b7192b1c76c0.b25efc10-e771-4363-8891-23ca191b508d 1G
Feb 28 01:24:35 devstack sudo[86490]: pam_unix(sudo:session): session opened for user root(uid=0) by (uid=1000)
Feb 28 01:24:35 devstack sudo[86490]: pam_unix(sudo:session): session closed for user root
Feb 28 01:24:35 devstack cinder-volume[82470]: DEBUG oslo_concurrency.processutils [None req-02c1a4c4-76b5-4084-9500-3b028330e6fa tempest-GroupSnapshotsTest-267922844 None] CMD "sudo cinder-rootwrap /etc/cinder/rootwrap.conf qemu-img create -f qcow2 -o backing_file=/opt/stack/data/cinder/mnt/31110a9e4cde621c0a343ec5bbb55343/volume-40aceb0e-7730-41fd-9b06-b7192b1c76c0,backing_fmt=qcow2 /opt/stack/data/cinder/mnt/31110a9e4cde621c0a343ec5bbb55343/volume-40aceb0e-7730-41fd-9b06-b7192b1c76c0.b25efc10-e771-4363-8891-23ca191b508d 1G" returned: 0 in 0.499s {{(pid=82470) execute /opt/stack/data/venv/lib/python3.10/site-packages/oslo_concurrency/processutils.py:468}}
Feb 28 01:24:35 devstack cinder-volume[82470]: DEBUG oslo_concurrency.processutils [None req-02c1a4c4-76b5-4084-9500-3b028330e6fa tempest-GroupSnapshotsTest-267922844 None] Running cmd (subprocess): sudo cinder-rootwrap /etc/cinder/rootwrap.conf qemu-img rebase -u -b volume-40aceb0e-7730-41fd-9b06-b7192b1c76c0 -F qcow2 /opt/stack/data/cinder/mnt/31110a9e4cde621c0a343ec5bbb55343/volume-40aceb0e-7730-41fd-9b06-b7192b1c76c0.b25efc10-e771-4363-8891-23ca191b508d {{(pid=82470) execute /opt/stack/data/venv/lib/python3.10/site-packages/oslo_concurrency/processutils.py:440}}
Feb 28 01:24:35 devstack sudo[86495]: quobyte : PWD=/ ; USER=root ; COMMAND=/opt/stack/data/venv/bin/cinder-rootwrap /etc/cinder/rootwrap.conf qemu-img rebase -u -b volume-40aceb0e-7730-41fd-9b06-b7192b1c76c0 -F qcow2 /opt/stack/data/cinder/mnt/31110a9e4cde621c0a343ec5bbb55343/volume-40aceb0e-7730-41fd-9b06-b7192b1c76c0.b25efc10-e771-4363-8891-23ca191b508d
Feb 28 01:24:35 devstack sudo[86495]: pam_unix(sudo:session): session opened for user root(uid=0) by (uid=1000)
Feb 28 01:24:36 devstack sudo[86495]: pam_unix(sudo:session): session closed for user root
Feb 28 01:24:36 devstack cinder-volume[82470]: DEBUG oslo_concurrency.processutils [None req-02c1a4c4-76b5-4084-9500-3b028330e6fa tempest-GroupSnapshotsTest-267922844 None] CMD "sudo cinder-rootwrap /etc/cinder/rootwrap.conf qemu-img rebase -u -b volume-40aceb0e-7730-41fd-9b06-b7192b1c76c0 -F qcow2 /opt/stack/data/cinder/mnt/31110a9e4cde621c0a343ec5bbb55343/volume-40aceb0e-7730-41fd-9b06-b7192b1c76c0.b25efc10-e771-4363-8891-23ca191b508d" returned: 0 in 0.450s {{(pid=82470) execute /opt/stack/data/venv/lib/python3.10/site-packages/oslo_concurrency/processutils.py:468}}
Feb 28 01:24:36 devstack cinder-volume[82470]: WARNING cinder.volume.drivers.remotefs [None req-02c1a4c4-76b5-4084-9500-3b028330e6fa tempest-GroupSnapshotsTest-267922844 None] /opt/stack/data/cinder/mnt/31110a9e4cde621c0a343ec5bbb55343/volume-40aceb0e-7730-41fd-9b06-b7192b1c76c0.b25efc10-e771-4363-8891-23ca191b508d is being set with open permissions: ugo+rw: NotImplementedError
Feb 28 01:24:36 devstack cinder-volume[82470]: DEBUG oslo_concurrency.processutils [None req-02c1a4c4-76b5-4084-9500-3b028330e6fa tempest-GroupSnapshotsTest-267922844 None] Running cmd (subprocess): sudo cinder-rootwrap /etc/cinder/rootwrap.conf chmod ugo+rw /opt/stack/data/cinder/mnt/31110a9e4cde621c0a343ec5bbb55343/volume-40aceb0e-7730-41fd-9b06-b7192b1c76c0.b25efc10-e771-4363-8891-23ca191b508d {{(pid=82470) execute /opt/stack/data/venv/lib/python3.10/site-packages/oslo_concurrency/processutils.py:440}}
Feb 28 01:24:36 devstack sudo[86500]: quobyte : PWD=/ ; USER=root ; COMMAND=/opt/stack/data/venv/bin/cinder-rootwrap /etc/cinder/rootwrap.conf chmod ugo+rw /opt/stack/data/cinder/mnt/31110a9e4cde621c0a343ec5bbb55343/volume-40aceb0e-7730-41fd-9b06-b7192b1c76c0.b25efc10-e771-4363-8891-23ca191b508d
Feb 28 01:24:36 devstack sudo[86500]: pam_unix(sudo:session): session opened for user root(uid=0) by (uid=1000)
Feb 28 01:24:36 devstack sudo[86500]: pam_unix(sudo:session): session closed for user root
Feb 28 01:24:36 devstack cinder-volume[82470]: DEBUG oslo_concurrency.processutils [None req-02c1a4c4-76b5-4084-9500-3b028330e6fa tempest-GroupSnapshotsTest-267922844 None] CMD "sudo cinder-rootwrap /etc/cinder/rootwrap.conf chmod ugo+rw /opt/stack/data/cinder/mnt/31110a9e4cde621c0a343ec5bbb55343/volume-40aceb0e-7730-41fd-9b06-b7192b1c76c0.b25efc10-e771-4363-8891-23ca191b508d" returned: 0 in 0.434s {{(pid=82470) execute /opt/stack/data/venv/lib/python3.10/site-packages/oslo_concurrency/processutils.py:468}}
Feb 28 01:24:36 devstack cinder-volume[82470]: DEBUG dbcounter [-] [82470] Writing DB stats cinder:UPDATE=169,cinder:SELECT=156,cinder:DELETE=15,cinder:INSERT=50 {{(pid=82470) stat_writer /opt/stack/data/venv/lib/python3.10/site-packages/dbcounter.py:115}}
Feb 28 01:24:36 devstack cinder-volume[82470]: DEBUG oslo_concurrency.processutils [None req-02c1a4c4-76b5-4084-9500-3b028330e6fa tempest-GroupSnapshotsTest-267922844 None] Running cmd (subprocess): sudo cinder-rootwrap /etc/cinder/rootwrap.conf truncate -s0 /opt/stack/data/cinder/mnt/31110a9e4cde621c0a343ec5bbb55343/volume-40aceb0e-7730-41fd-9b06-b7192b1c76c0.info {{(pid=82470) execute /opt/stack/data/venv/lib/python3.10/site-packages/oslo_concurrency/processutils.py:440}}
Feb 28 01:24:36 devstack sudo[86503]: quobyte : PWD=/ ; USER=root ; COMMAND=/opt/stack/data/venv/bin/cinder-rootwrap /etc/cinder/rootwrap.conf truncate -s0 /opt/stack/data/cinder/mnt/31110a9e4cde621c0a343ec5bbb55343/volume-40aceb0e-7730-41fd-9b06-b7192b1c76c0.info
Feb 28 01:24:36 devstack sudo[86503]: pam_unix(sudo:session): session opened for user root(uid=0) by (uid=1000)
Feb 28 01:24:37 devstack sudo[86503]: pam_unix(sudo:session): session closed for user root
Feb 28 01:24:37 devstack cinder-volume[82470]: DEBUG oslo_concurrency.processutils [None req-02c1a4c4-76b5-4084-9500-3b028330e6fa tempest-GroupSnapshotsTest-267922844 None] CMD "sudo cinder-rootwrap /etc/cinder/rootwrap.conf truncate -s0 /opt/stack/data/cinder/mnt/31110a9e4cde621c0a343ec5bbb55343/volume-40aceb0e-7730-41fd-9b06-b7192b1c76c0.info" returned: 0 in 0.452s {{(pid=82470) execute /opt/stack/data/venv/lib/python3.10/site-packages/oslo_concurrency/processutils.py:468}}
Feb 28 01:24:37 devstack cinder-volume[82470]: WARNING cinder.volume.drivers.remotefs [None req-02c1a4c4-76b5-4084-9500-3b028330e6fa tempest-GroupSnapshotsTest-267922844 None] /opt/stack/data/cinder/mnt/31110a9e4cde621c0a343ec5bbb55343/volume-40aceb0e-7730-41fd-9b06-b7192b1c76c0.info is being set with open permissions: ugo+rw: NotImplementedError
Feb 28 01:24:37 devstack cinder-volume[82470]: DEBUG oslo_concurrency.processutils [None req-02c1a4c4-76b5-4084-9500-3b028330e6fa tempest-GroupSnapshotsTest-267922844 None] Running cmd (subprocess): sudo cinder-rootwrap /etc/cinder/rootwrap.conf chmod ugo+rw /opt/stack/data/cinder/mnt/31110a9e4cde621c0a343ec5bbb55343/volume-40aceb0e-7730-41fd-9b06-b7192b1c76c0.info {{(pid=82470) execute /opt/stack/data/venv/lib/python3.10/site-packages/oslo_concurrency/processutils.py:440}}
Feb 28 01:24:37 devstack sudo[86506]: quobyte : PWD=/ ; USER=root ; COMMAND=/opt/stack/data/venv/bin/cinder-rootwrap /etc/cinder/rootwrap.conf chmod ugo+rw /opt/stack/data/cinder/mnt/31110a9e4cde621c0a343ec5bbb55343/volume-40aceb0e-7730-41fd-9b06-b7192b1c76c0.info
Feb 28 01:24:37 devstack sudo[86506]: pam_unix(sudo:session): session opened for user root(uid=0) by (uid=1000)
Feb 28 01:24:37 devstack sudo[86506]: pam_unix(sudo:session): session closed for user root
