Apr 08 17:37:39 devstack cinder-volume[82664]: DEBUG oslo_concurrency.lockutils [None req-5b2ac7bb-0527-49b1-bcf6-b863c02ae54f tempest-VolumesAdminNegativeTest-775300361 None] Lock "quobyte_ensure" "released" by "cinder.volume.drivers.quobyte.QuobyteDriver._ensure_shares_mounted" :: held 0.019s {{(pid=82664) inner /opt/stack/data/venv/lib/python3.10/site-packages/oslo_concurrency/lockutils.py:538}}
Apr 08 17:37:39 devstack cinder-volume[82664]: DEBUG oslo_concurrency.processutils [None req-5b2ac7bb-0527-49b1-bcf6-b863c02ae54f tempest-VolumesAdminNegativeTest-775300361 None] Running cmd (subprocess): sudo cinder-rootwrap /etc/cinder/rootwrap.conf df --portability --block-size 1 /opt/stack/data/cinder/mnt/d3b0884c2ce597bc8f5a0d4ccc0f7147 {{(pid=82664) execute /opt/stack/data/venv/lib/python3.10/site-packages/oslo_concurrency/processutils.py:440}}
Apr 08 17:37:39 devstack sudo[83476]: quobyte : PWD=/ ; USER=root ; COMMAND=/opt/stack/data/venv/bin/cinder-rootwrap /etc/cinder/rootwrap.conf df --portability --block-size 1 /opt/stack/data/cinder/mnt/d3b0884c2ce597bc8f5a0d4ccc0f7147
Apr 08 17:37:39 devstack sudo[83476]: pam_unix(sudo:session): session opened for user root(uid=0) by (uid=1000)
Apr 08 17:37:39 devstack cinder-volume[82664]: DEBUG cinder.quota [req-8e208958-c1bb-4957-b3c0-7ac6c51e8c13 req-07e0e1ec-1a51-49c5-b504-8b9b5140e4e8 tempest-VolumesGetTestJSON-1018955968 None] Created reservations ['238cde1d-847a-4857-93ab-027dd3a813d2', 'b304fd19-c4a5-4de7-87ea-23bae96e7d36', '193b637e-7cd6-49e1-880a-be0f7f6a9733', '79b75783-f784-416b-ba39-e9727bcb07db'] {{(pid=82664) reserve /opt/stack/cinder/cinder/quota.py:752}}
Apr 08 17:37:39 devstack cinder-volume[82664]: DEBUG oslo_concurrency.lockutils [req-8e208958-c1bb-4957-b3c0-7ac6c51e8c13 req-07e0e1ec-1a51-49c5-b504-8b9b5140e4e8 tempest-VolumesGetTestJSON-1018955968 None] Acquiring lock "quobyte_ensure" by "cinder.volume.drivers.quobyte.QuobyteDriver._ensure_shares_mounted" {{(pid=82664) inner /opt/stack/data/venv/lib/python3.10/site-packages/oslo_concurrency/lockutils.py:506}}
Apr 08 17:37:39 devstack cinder-volume[82664]: DEBUG oslo_concurrency.lockutils [req-8e208958-c1bb-4957-b3c0-7ac6c51e8c13 req-07e0e1ec-1a51-49c5-b504-8b9b5140e4e8 tempest-VolumesGetTestJSON-1018955968 None] Lock "quobyte_ensure" acquired by "cinder.volume.drivers.quobyte.QuobyteDriver._ensure_shares_mounted" :: waited 0.008s {{(pid=82664) inner /opt/stack/data/venv/lib/python3.10/site-packages/oslo_concurrency/lockutils.py:519}}
Apr 08 17:37:39 devstack cinder-volume[82664]: DEBUG cinder.volume.drivers.quobyte [req-8e208958-c1bb-4957-b3c0-7ac6c51e8c13 req-07e0e1ec-1a51-49c5-b504-8b9b5140e4e8 tempest-VolumesGetTestJSON-1018955968 None] Quobyte Volume URL set to: {'osci02.corp.quobyte.com/cinder-vol-a4c6372e-6130-4cb6-9284-d975026d3a9f': None} {{(pid=82664) _load_shares_config /opt/stack/cinder/cinder/volume/drivers/quobyte.py:617}}
Apr 08 17:37:39 devstack cinder-volume[82664]: DEBUG cinder.volume.drivers.quobyte [req-8e208958-c1bb-4957-b3c0-7ac6c51e8c13 req-07e0e1ec-1a51-49c5-b504-8b9b5140e4e8 tempest-VolumesGetTestJSON-1018955968 None] Available shares ['osci02.corp.quobyte.com/cinder-vol-a4c6372e-6130-4cb6-9284-d975026d3a9f'] {{(pid=82664) _ensure_shares_mounted /opt/stack/cinder/cinder/volume/drivers/quobyte.py:647}}
Apr 08 17:37:39 devstack cinder-volume[82664]: DEBUG oslo_concurrency.lockutils [req-8e208958-c1bb-4957-b3c0-7ac6c51e8c13 req-07e0e1ec-1a51-49c5-b504-8b9b5140e4e8 tempest-VolumesGetTestJSON-1018955968 None] Lock "quobyte_ensure" "released" by "cinder.volume.drivers.quobyte.QuobyteDriver._ensure_shares_mounted" :: held 0.009s {{(pid=82664) inner /opt/stack/data/venv/lib/python3.10/site-packages/oslo_concurrency/lockutils.py:538}}
Apr 08 17:37:39 devstack cinder-volume[82664]: DEBUG oslo_concurrency.processutils [req-8e208958-c1bb-4957-b3c0-7ac6c51e8c13 req-07e0e1ec-1a51-49c5-b504-8b9b5140e4e8 tempest-VolumesGetTestJSON-1018955968 None] Running cmd (subprocess): sudo cinder-rootwrap /etc/cinder/rootwrap.conf df --portability --block-size 1 /opt/stack/data/cinder/mnt/d3b0884c2ce597bc8f5a0d4ccc0f7147 {{(pid=82664) execute /opt/stack/data/venv/lib/python3.10/site-packages/oslo_concurrency/processutils.py:440}}
Apr 08 17:37:39 devstack sudo[83480]: quobyte : PWD=/ ; USER=root ; COMMAND=/opt/stack/data/venv/bin/cinder-rootwrap /etc/cinder/rootwrap.conf df --portability --block-size 1 /opt/stack/data/cinder/mnt/d3b0884c2ce597bc8f5a0d4ccc0f7147
Apr 08 17:37:39 devstack sudo[83480]: pam_unix(sudo:session): session opened for user root(uid=0) by (uid=1000)
Apr 08 17:37:40 devstack sudo[83476]: pam_unix(sudo:session): session closed for user root
Apr 08 17:37:40 devstack cinder-volume[82664]: DEBUG oslo_concurrency.processutils [None req-5b2ac7bb-0527-49b1-bcf6-b863c02ae54f tempest-VolumesAdminNegativeTest-775300361 None] CMD "sudo cinder-rootwrap /etc/cinder/rootwrap.conf df --portability --block-size 1 /opt/stack/data/cinder/mnt/d3b0884c2ce597bc8f5a0d4ccc0f7147" returned: 0 in 1.107s {{(pid=82664) execute /opt/stack/data/venv/lib/python3.10/site-packages/oslo_concurrency/processutils.py:468}}
Apr 08 17:37:40 devstack cinder-volume[82664]: DEBUG cinder.manager [None req-5b2ac7bb-0527-49b1-bcf6-b863c02ae54f tempest-VolumesAdminNegativeTest-775300361 None] Notifying Schedulers of capabilities ... {{(pid=82664) _publish_service_capabilities /opt/stack/cinder/cinder/manager.py:202}}
Apr 08 17:37:40 devstack cinder-volume[82664]: INFO cinder.volume.manager [None req-5b2ac7bb-0527-49b1-bcf6-b863c02ae54f tempest-VolumesAdminNegativeTest-775300361 None] Deleted volume successfully.
Apr 08 17:37:40 devstack sudo[83472]: pam_unix(sudo:session): session closed for user root
Apr 08 17:37:40 devstack cinder-volume[82664]: DEBUG oslo_concurrency.processutils [None req-6ff34e21-7676-427b-ad8a-b9c430d98e35 tempest-SnapshotsActionsTest-658126114 None] CMD "sudo cinder-rootwrap /etc/cinder/rootwrap.conf qemu-img create -f qcow2 -o backing_file=/opt/stack/data/cinder/mnt/d3b0884c2ce597bc8f5a0d4ccc0f7147/volume-a711d03e-6110-48f6-a516-d83ce28a4e6d,backing_fmt=qcow2 /opt/stack/data/cinder/mnt/d3b0884c2ce597bc8f5a0d4ccc0f7147/volume-a711d03e-6110-48f6-a516-d83ce28a4e6d.ed837235-a7be-457a-bad2-b9f6bd95e226 1G" returned: 0 in 1.495s {{(pid=82664) execute /opt/stack/data/venv/lib/python3.10/site-packages/oslo_concurrency/processutils.py:468}}
Apr 08 17:37:40 devstack cinder-volume[82664]: DEBUG oslo_concurrency.processutils [None req-6ff34e21-7676-427b-ad8a-b9c430d98e35 tempest-SnapshotsActionsTest-658126114 None] Running cmd (subprocess): sudo cinder-rootwrap /etc/cinder/rootwrap.conf qemu-img rebase -u -b volume-a711d03e-6110-48f6-a516-d83ce28a4e6d -F qcow2 /opt/stack/data/cinder/mnt/d3b0884c2ce597bc8f5a0d4ccc0f7147/volume-a711d03e-6110-48f6-a516-d83ce28a4e6d.ed837235-a7be-457a-bad2-b9f6bd95e226 {{(pid=82664) execute /opt/stack/data/venv/lib/python3.10/site-packages/oslo_concurrency/processutils.py:440}}
Apr 08 17:37:40 devstack cinder-volume[82664]: DEBUG cinder.coordination [None req-5b2ac7bb-0527-49b1-bcf6-b863c02ae54f tempest-VolumesAdminNegativeTest-775300361 None] Lock "cinder-a8298017-f220-46fa-b2bc-655f94d9aada-delete_volume" released by "delete_volume" :: held 3.274s {{(pid=82664) __release /opt/stack/cinder/cinder/coordination.py:152}}
Apr 08 17:37:40 devstack sudo[83490]: quobyte : PWD=/ ; USER=root ; COMMAND=/opt/stack/data/venv/bin/cinder-rootwrap /etc/cinder/rootwrap.conf qemu-img rebase -u -b volume-a711d03e-6110-48f6-a516-d83ce28a4e6d -F qcow2 /opt/stack/data/cinder/mnt/d3b0884c2ce597bc8f5a0d4ccc0f7147/volume-a711d03e-6110-48f6-a516-d83ce28a4e6d.ed837235-a7be-457a-bad2-b9f6bd95e226
Apr 08 17:37:40 devstack sudo[83490]: pam_unix(sudo:session): session opened for user root(uid=0) by (uid=1000)
Apr 08 17:37:41 devstack sudo[83480]: pam_unix(sudo:session): session closed for user root
Apr 08 17:37:41 devstack cinder-volume[82664]: DEBUG oslo_concurrency.processutils [req-8e208958-c1bb-4957-b3c0-7ac6c51e8c13 req-07e0e1ec-1a51-49c5-b504-8b9b5140e4e8 tempest-VolumesGetTestJSON-1018955968 None] CMD "sudo cinder-rootwrap /etc/cinder/rootwrap.conf df --portability --block-size 1 /opt/stack/data/cinder/mnt/d3b0884c2ce597bc8f5a0d4ccc0f7147" returned: 0 in 1.087s {{(pid=82664) execute /opt/stack/data/venv/lib/python3.10/site-packages/oslo_concurrency/processutils.py:468}}
Apr 08 17:37:41 devstack cinder-volume[82664]: DEBUG cinder.manager [req-8e208958-c1bb-4957-b3c0-7ac6c51e8c13 req-07e0e1ec-1a51-49c5-b504-8b9b5140e4e8 tempest-VolumesGetTestJSON-1018955968 None] Notifying Schedulers of capabilities ... {{(pid=82664) _publish_service_capabilities /opt/stack/cinder/cinder/manager.py:202}}
Apr 08 17:37:41 devstack cinder-volume[82664]: INFO cinder.volume.manager [req-8e208958-c1bb-4957-b3c0-7ac6c51e8c13 req-07e0e1ec-1a51-49c5-b504-8b9b5140e4e8 tempest-VolumesGetTestJSON-1018955968 None] Deleted volume successfully.
Apr 08 17:37:41 devstack cinder-volume[82664]: DEBUG cinder.coordination [req-8e208958-c1bb-4957-b3c0-7ac6c51e8c13 req-07e0e1ec-1a51-49c5-b504-8b9b5140e4e8 tempest-VolumesGetTestJSON-1018955968 None] Lock "cinder-25b5ff48-5e91-4b22-9e75-399654d0e413-delete_volume" released by "delete_volume" :: held 5.296s {{(pid=82664) __release /opt/stack/cinder/cinder/coordination.py:152}}
Apr 08 17:37:41 devstack sudo[83490]: pam_unix(sudo:session): session closed for user root
Apr 08 17:37:41 devstack cinder-volume[82664]: DEBUG oslo_concurrency.processutils [None req-6ff34e21-7676-427b-ad8a-b9c430d98e35 tempest-SnapshotsActionsTest-658126114 None] CMD "sudo cinder-rootwrap /etc/cinder/rootwrap.conf qemu-img rebase -u -b volume-a711d03e-6110-48f6-a516-d83ce28a4e6d -F qcow2 /opt/stack/data/cinder/mnt/d3b0884c2ce597bc8f5a0d4ccc0f7147/volume-a711d03e-6110-48f6-a516-d83ce28a4e6d.ed837235-a7be-457a-bad2-b9f6bd95e226" returned: 0 in 0.786s {{(pid=82664) execute /opt/stack/data/venv/lib/python3.10/site-packages/oslo_concurrency/processutils.py:468}}
Apr 08 17:37:41 devstack cinder-volume[82664]: WARNING cinder.volume.drivers.remotefs [None req-6ff34e21-7676-427b-ad8a-b9c430d98e35 tempest-SnapshotsActionsTest-658126114 None] /opt/stack/data/cinder/mnt/d3b0884c2ce597bc8f5a0d4ccc0f7147/volume-a711d03e-6110-48f6-a516-d83ce28a4e6d.ed837235-a7be-457a-bad2-b9f6bd95e226 is being set with open permissions: ugo+rw
Apr 08 17:37:41 devstack cinder-volume[82664]: DEBUG oslo_concurrency.processutils [None req-6ff34e21-7676-427b-ad8a-b9c430d98e35 tempest-SnapshotsActionsTest-658126114 None] Running cmd (subprocess): sudo cinder-rootwrap /etc/cinder/rootwrap.conf chmod ugo+rw /opt/stack/data/cinder/mnt/d3b0884c2ce597bc8f5a0d4ccc0f7147/volume-a711d03e-6110-48f6-a516-d83ce28a4e6d.ed837235-a7be-457a-bad2-b9f6bd95e226 {{(pid=82664) execute /opt/stack/data/venv/lib/python3.10/site-packages/oslo_concurrency/processutils.py:440}}
Apr 08 17:37:41 devstack sudo[83523]: quobyte : PWD=/ ; USER=root ; COMMAND=/opt/stack/data/venv/bin/cinder-rootwrap /etc/cinder/rootwrap.conf chmod ugo+rw /opt/stack/data/cinder/mnt/d3b0884c2ce597bc8f5a0d4ccc0f7147/volume-a711d03e-6110-48f6-a516-d83ce28a4e6d.ed837235-a7be-457a-bad2-b9f6bd95e226
Apr 08 17:37:41 devstack sudo[83523]: pam_unix(sudo:session): session opened for user root(uid=0) by (uid=1000)
Apr 08 17:37:42 devstack sudo[83523]: pam_unix(sudo:session): session closed for user root
Apr 08 17:37:42 devstack cinder-volume[82664]: DEBUG oslo_concurrency.processutils [None req-6ff34e21-7676-427b-ad8a-b9c430d98e35 tempest-SnapshotsActionsTest-658126114 None] CMD "sudo cinder-rootwrap /etc/cinder/rootwrap.conf chmod ugo+rw /opt/stack/data/cinder/mnt/d3b0884c2ce597bc8f5a0d4ccc0f7147/volume-a711d03e-6110-48f6-a516-d83ce28a4e6d.ed837235-a7be-457a-bad2-b9f6bd95e226" returned: 0 in 0.587s {{(pid=82664) execute /opt/stack/data/venv/lib/python3.10/site-packages/oslo_concurrency/processutils.py:468}}
Apr 08 17:37:42 devstack cinder-volume[82664]: DEBUG oslo_concurrency.processutils [None req-6ff34e21-7676-427b-ad8a-b9c430d98e35 tempest-SnapshotsActionsTest-658126114 None] Running cmd (subprocess): sudo cinder-rootwrap /etc/cinder/rootwrap.conf truncate -s0 /opt/stack/data/cinder/mnt/d3b0884c2ce597bc8f5a0d4ccc0f7147/volume-a711d03e-6110-48f6-a516-d83ce28a4e6d.info {{(pid=82664) execute /opt/stack/data/venv/lib/python3.10/site-packages/oslo_concurrency/processutils.py:440}}
Apr 08 17:37:42 devstack sudo[83529]: quobyte : PWD=/ ; USER=root ; COMMAND=/opt/stack/data/venv/bin/cinder-rootwrap /etc/cinder/rootwrap.conf truncate -s0 /opt/stack/data/cinder/mnt/d3b0884c2ce597bc8f5a0d4ccc0f7147/volume-a711d03e-6110-48f6-a516-d83ce28a4e6d.info
Apr 08 17:37:42 devstack sudo[83529]: pam_unix(sudo:session): session opened for user root(uid=0) by (uid=1000)
Apr 08 17:37:42 devstack sudo[83529]: pam_unix(sudo:session): session closed for user root
Apr 08 17:37:42 devstack cinder-volume[82664]: DEBUG oslo_concurrency.processutils [None req-6ff34e21-7676-427b-ad8a-b9c430d98e35 tempest-SnapshotsActionsTest-658126114 None] CMD "sudo cinder-rootwrap /etc/cinder/rootwrap.conf truncate -s0 /opt/stack/data/cinder/mnt/d3b0884c2ce597bc8f5a0d4ccc0f7147/volume-a711d03e-6110-48f6-a516-d83ce28a4e6d.info" returned: 0 in 0.569s {{(pid=82664) execute /opt/stack/data/venv/lib/python3.10/site-packages/oslo_concurrency/processutils.py:468}}
Apr 08 17:37:42 devstack cinder-volume[82664]: WARNING cinder.volume.drivers.remotefs [None req-6ff34e21-7676-427b-ad8a-b9c430d98e35 tempest-SnapshotsActionsTest-658126114 None] /opt/stack/data/cinder/mnt/d3b0884c2ce597bc8f5a0d4ccc0f7147/volume-a711d03e-6110-48f6-a516-d83ce28a4e6d.info is being set with open permissions: ugo+rw
Apr 08 17:37:42 devstack cinder-volume[82664]: DEBUG oslo_concurrency.processutils [None req-6ff34e21-7676-427b-ad8a-b9c430d98e35 tempest-SnapshotsActionsTest-658126114 None] Running cmd (subprocess): sudo cinder-rootwrap /etc/cinder/rootwrap.conf chmod ugo+rw /opt/stack/data/cinder/mnt/d3b0884c2ce597bc8f5a0d4ccc0f7147/volume-a711d03e-6110-48f6-a516-d83ce28a4e6d.info {{(pid=82664) execute /opt/stack/data/venv/lib/python3.10/site-packages/oslo_concurrency/processutils.py:440}}
Apr 08 17:37:42 devstack sudo[83533]: quobyte : PWD=/ ; USER=root ; COMMAND=/opt/stack/data/venv/bin/cinder-rootwrap /etc/cinder/rootwrap.conf chmod ugo+rw /opt/stack/data/cinder/mnt/d3b0884c2ce597bc8f5a0d4ccc0f7147/volume-a711d03e-6110-48f6-a516-d83ce28a4e6d.info
Apr 08 17:37:42 devstack sudo[83533]: pam_unix(sudo:session): session opened for user root(uid=0) by (uid=1000)
Apr 08 17:37:43 devstack sudo[83533]: pam_unix(sudo:session): session closed for user root
Apr 08 17:37:43 devstack cinder-volume[82664]: DEBUG oslo_concurrency.processutils [None req-6ff34e21-7676-427b-ad8a-b9c430d98e35 tempest-SnapshotsActionsTest-658126114 None] CMD "sudo cinder-rootwrap /etc/cinder/rootwrap.conf chmod ugo+rw /opt/stack/data/cinder/mnt/d3b0884c2ce597bc8f5a0d4ccc0f7147/volume-a711d03e-6110-48f6-a516-d83ce28a4e6d.info" returned: 0 in 0.543s {{(pid=82664) execute /opt/stack/data/venv/lib/python3.10/site-packages/oslo_concurrency/processutils.py:468}}
Apr 08 17:37:43 devstack cinder-volume[82664]: DEBUG oslo_concurrency.lockutils [None req-6ff34e21-7676-427b-ad8a-b9c430d98e35 tempest-SnapshotsActionsTest-658126114 None] Lock "quobyte" "released" by "cinder.volume.drivers.quobyte.QuobyteDriver.create_snapshot" :: held 5.121s {{(pid=82664) inner /opt/stack/data/venv/lib/python3.10/site-packages/oslo_concurrency/lockutils.py:538}}
Apr 08 17:37:43 devstack cinder-volume[82664]: INFO cinder.volume.manager [None req-6ff34e21-7676-427b-ad8a-b9c430d98e35 tempest-SnapshotsActionsTest-658126114 None] Create snapshot completed successfully
Apr 08 17:37:45 devstack cinder-volume[82664]: DEBUG oslo_concurrency.lockutils [None req-92bc27d5-72e9-41ca-b7e6-6b018913e820 tempest-SnapshotsActionsTest-658126114 None] Acquiring lock "quobyte" by "cinder.volume.drivers.quobyte.QuobyteDriver.create_snapshot" {{(pid=82664) inner /opt/stack/data/venv/lib/python3.10/site-packages/oslo_concurrency/lockutils.py:506}}
Apr 08 17:37:45 devstack cinder-volume[82664]: DEBUG oslo_concurrency.lockutils [None req-92bc27d5-72e9-41ca-b7e6-6b018913e820 tempest-SnapshotsActionsTest-658126114 None] Lock "quobyte" acquired by "cinder.volume.drivers.quobyte.QuobyteDriver.create_snapshot" :: waited 0.001s {{(pid=82664) inner /opt/stack/data/venv/lib/python3.10/site-packages/oslo_concurrency/lockutils.py:519}}
Apr 08 17:37:45 devstack cinder-volume[82664]: DEBUG cinder.volume.drivers.remotefs [None req-92bc27d5-72e9-41ca-b7e6-6b018913e820 tempest-SnapshotsActionsTest-658126114 None] Creating offline snapshot 6316f604-41e0-47db-a607-684aa2f79522 of volume a711d03e-6110-48f6-a516-d83ce28a4e6d {{(pid=82664) _create_snapshot /opt/stack/cinder/cinder/volume/drivers/remotefs.py:1815}}
Apr 08 17:37:45 devstack cinder-volume[82664]: DEBUG oslo.privsep.daemon [-] privsep: reply[1843d306-3cb6-422d-9878-eec0377d9c6c]: (4, 'qcow2') {{(pid=83435) _call_back /opt/stack/data/venv/lib/python3.10/site-packages/oslo_privsep/daemon.py:573}}
Apr 08 17:37:45 devstack cinder-volume[82664]: DEBUG oslo_concurrency.processutils [None req-92bc27d5-72e9-41ca-b7e6-6b018913e820 tempest-SnapshotsActionsTest-658126114 None] Running cmd (subprocess): /opt/stack/data/venv/bin/python3.10 -m oslo_concurrency.prlimit --as=1073741824 --cpu=60 -- sudo cinder-rootwrap /etc/cinder/rootwrap.conf env LC_ALL=C qemu-img info -f qcow2 --output=json --force-share /opt/stack/data/cinder/mnt/d3b0884c2ce597bc8f5a0d4ccc0f7147/volume-a711d03e-6110-48f6-a516-d83ce28a4e6d.ed837235-a7be-457a-bad2-b9f6bd95e226 {{(pid=82664) execute /opt/stack/data/venv/lib/python3.10/site-packages/oslo_concurrency/processutils.py:440}}
Apr 08 17:37:45 devstack sudo[83571]: quobyte : PWD=/ ; USER=root ; COMMAND=/opt/stack/data/venv/bin/cinder-rootwrap /etc/cinder/rootwrap.conf env LC_ALL=C qemu-img info -f qcow2 --output=json --force-share /opt/stack/data/cinder/mnt/d3b0884c2ce597bc8f5a0d4ccc0f7147/volume-a711d03e-6110-48f6-a516-d83ce28a4e6d.ed837235-a7be-457a-bad2-b9f6bd95e226
Apr 08 17:37:45 devstack sudo[83571]: pam_unix(sudo:session): session opened for user root(uid=0) by (uid=1000)
Apr 08 17:37:45 devstack sudo[83571]: pam_unix(sudo:session): session closed for user root
Apr 08 17:37:45 devstack cinder-volume[82664]: DEBUG oslo_concurrency.processutils [None req-92bc27d5-72e9-41ca-b7e6-6b018913e820 tempest-SnapshotsActionsTest-658126114 None] CMD "/opt/stack/data/venv/bin/python3.10 -m oslo_concurrency.prlimit --as=1073741824 --cpu=60 -- sudo cinder-rootwrap /etc/cinder/rootwrap.conf env LC_ALL=C qemu-img info -f qcow2 --output=json --force-share /opt/stack/data/cinder/mnt/d3b0884c2ce597bc8f5a0d4ccc0f7147/volume-a711d03e-6110-48f6-a516-d83ce28a4e6d.ed837235-a7be-457a-bad2-b9f6bd95e226" returned: 0 in 0.639s {{(pid=82664) execute /opt/stack/data/venv/lib/python3.10/site-packages/oslo_concurrency/processutils.py:468}}
Apr 08 17:37:45 devstack cinder-volume[82664]: DEBUG cinder.volume.drivers.remotefs [None req-92bc27d5-72e9-41ca-b7e6-6b018913e820 tempest-SnapshotsActionsTest-658126114 None] Fetching qemu-img info with special backing_file_template: (/opt/stack/data/cinder/mnt/[0-9a-f]+/)?(volume-a711d03e-6110-48f6-a516-d83ce28a4e6d(.(tmp-snap-)?[0-9a-f-]+)?|volume_from_snapshot_cache/(tmp-snap-)?[0-9a-f-]+(.(child-|parent-)[0-9a-f-]+)?)$ {{(pid=82664) _qemu_img_info_base /opt/stack/cinder/cinder/volume/drivers/remotefs.py:896}}
Apr 08 17:37:45 devstack cinder-volume[82664]: DEBUG oslo_concurrency.processutils [None req-92bc27d5-72e9-41ca-b7e6-6b018913e820 tempest-SnapshotsActionsTest-658126114 None] Running cmd (subprocess): sudo cinder-rootwrap /etc/cinder/rootwrap.conf qemu-img create -f qcow2 -o backing_file=/opt/stack/data/cinder/mnt/d3b0884c2ce597bc8f5a0d4ccc0f7147/volume-a711d03e-6110-48f6-a516-d83ce28a4e6d.ed837235-a7be-457a-bad2-b9f6bd95e226,backing_fmt=qcow2 /opt/stack/data/cinder/mnt/d3b0884c2ce597bc8f5a0d4ccc0f7147/volume-a711d03e-6110-48f6-a516-d83ce28a4e6d.6316f604-41e0-47db-a607-684aa2f79522 1G {{(pid=82664) execute /opt/stack/data/venv/lib/python3.10/site-packages/oslo_concurrency/processutils.py:440}}
Apr 08 17:37:45 devstack sudo[83576]: quobyte : PWD=/ ; USER=root ; COMMAND=/opt/stack/data/venv/bin/cinder-rootwrap /etc/cinder/rootwrap.conf qemu-img create -f qcow2 -o backing_file=/opt/stack/data/cinder/mnt/d3b0884c2ce597bc8f5a0d4ccc0f7147/volume-a711d03e-6110-48f6-a516-d83ce28a4e6d.ed837235-a7be-457a-bad2-b9f6bd95e226,backing_fmt=qcow2 /opt/stack/data/cinder/mnt/d3b0884c2ce597bc8f5a0d4ccc0f7147/volume-a711d03e-6110-48f6-a516-d83ce28a4e6d.6316f604-41e0-47db-a607-684aa2f79522 1G
Apr 08 17:37:45 devstack sudo[83576]: pam_unix(sudo:session): session opened for user root(uid=0) by (uid=1000)
Apr 08 17:37:46 devstack sudo[83576]: pam_unix(sudo:session): session closed for user root
Apr 08 17:37:46 devstack cinder-volume[82664]: DEBUG oslo_concurrency.processutils [None req-92bc27d5-72e9-41ca-b7e6-6b018913e820 tempest-SnapshotsActionsTest-658126114 None] CMD "sudo cinder-rootwrap /etc/cinder/rootwrap.conf qemu-img create -f qcow2 -o backing_file=/opt/stack/data/cinder/mnt/d3b0884c2ce597bc8f5a0d4ccc0f7147/volume-a711d03e-6110-48f6-a516-d83ce28a4e6d.ed837235-a7be-457a-bad2-b9f6bd95e226,backing_fmt=qcow2 /opt/stack/data/cinder/mnt/d3b0884c2ce597bc8f5a0d4ccc0f7147/volume-a711d03e-6110-48f6-a516-d83ce28a4e6d.6316f604-41e0-47db-a607-684aa2f79522 1G" returned: 0 in 0.615s {{(pid=82664) execute /opt/stack/data/venv/lib/python3.10/site-packages/oslo_concurrency/processutils.py:468}}
Apr 08 17:37:46 devstack cinder-volume[82664]: DEBUG oslo_concurrency.processutils [None req-92bc27d5-72e9-41ca-b7e6-6b018913e820 tempest-SnapshotsActionsTest-658126114 None] Running cmd (subprocess): sudo cinder-rootwrap /etc/cinder/rootwrap.conf qemu-img rebase -u -b volume-a711d03e-6110-48f6-a516-d83ce28a4e6d.ed837235-a7be-457a-bad2-b9f6bd95e226 -F qcow2 /opt/stack/data/cinder/mnt/d3b0884c2ce597bc8f5a0d4ccc0f7147/volume-a711d03e-6110-48f6-a516-d83ce28a4e6d.6316f604-41e0-47db-a607-684aa2f79522 {{(pid=82664) execute /opt/stack/data/venv/lib/python3.10/site-packages/oslo_concurrency/processutils.py:440}}
Apr 08 17:37:46 devstack sudo[83613]: quobyte : PWD=/ ; USER=root ; COMMAND=/opt/stack/data/venv/bin/cinder-rootwrap /etc/cinder/rootwrap.conf qemu-img rebase -u -b volume-a711d03e-6110-48f6-a516-d83ce28a4e6d.ed837235-a7be-457a-bad2-b9f6bd95e226 -F qcow2 /opt/stack/data/cinder/mnt/d3b0884c2ce597bc8f5a0d4ccc0f7147/volume-a711d03e-6110-48f6-a516-d83ce28a4e6d.6316f604-41e0-47db-a607-684aa2f79522
Apr 08 17:37:46 devstack sudo[83613]: pam_unix(sudo:session): session opened for user root(uid=0) by (uid=1000)
Apr 08 17:37:47 devstack sudo[83613]: pam_unix(sudo:session): session closed for user root
Apr 08 17:37:47 devstack cinder-volume[82664]: DEBUG oslo_concurrency.processutils [None req-92bc27d5-72e9-41ca-b7e6-6b018913e820 tempest-SnapshotsActionsTest-658126114 None] CMD "sudo cinder-rootwrap /etc/cinder/rootwrap.conf qemu-img rebase -u -b volume-a711d03e-6110-48f6-a516-d83ce28a4e6d.ed837235-a7be-457a-bad2-b9f6bd95e226 -F qcow2 /opt/stack/data/cinder/mnt/d3b0884c2ce597bc8f5a0d4ccc0f7147/volume-a711d03e-6110-48f6-a516-d83ce28a4e6d.6316f604-41e0-47db-a607-684aa2f79522" returned: 0 in 0.736s {{(pid=82664) execute /opt/stack/data/venv/lib/python3.10/site-packages/oslo_concurrency/processutils.py:468}}
Apr 08 17:37:47 devstack cinder-volume[82664]: WARNING cinder.volume.drivers.remotefs [None req-92bc27d5-72e9-41ca-b7e6-6b018913e820 tempest-SnapshotsActionsTest-658126114 None] /opt/stack/data/cinder/mnt/d3b0884c2ce597bc8f5a0d4ccc0f7147/volume-a711d03e-6110-48f6-a516-d83ce28a4e6d.6316f604-41e0-47db-a607-684aa2f79522 is being set with open permissions: ugo+rw
Apr 08 17:37:47 devstack cinder-volume[82664]: DEBUG oslo_concurrency.processutils [None req-92bc27d5-72e9-41ca-b7e6-6b018913e820 tempest-SnapshotsActionsTest-658126114 None] Running cmd (subprocess): sudo cinder-rootwrap /etc/cinder/rootwrap.conf chmod ugo+rw /opt/stack/data/cinder/mnt/d3b0884c2ce597bc8f5a0d4ccc0f7147/volume-a711d03e-6110-48f6-a516-d83ce28a4e6d.6316f604-41e0-47db-a607-684aa2f79522 {{(pid=82664) execute /opt/stack/data/venv/lib/python3.10/site-packages/oslo_concurrency/processutils.py:440}}
Apr 08 17:37:47 devstack sudo[83620]: quobyte : PWD=/ ; USER=root ; COMMAND=/opt/stack/data/venv/bin/cinder-rootwrap /etc/cinder/rootwrap.conf chmod ugo+rw /opt/stack/data/cinder/mnt/d3b0884c2ce597bc8f5a0d4ccc0f7147/volume-a711d03e-6110-48f6-a516-d83ce28a4e6d.6316f604-41e0-47db-a607-684aa2f79522
Apr 08 17:37:47 devstack sudo[83620]: pam_unix(sudo:session): session opened for user root(uid=0) by (uid=1000)
Apr 08 17:37:47 devstack sudo[83620]: pam_unix(sudo:session): session closed for user root
Apr 08 17:37:47 devstack cinder-volume[82664]: DEBUG oslo_concurrency.processutils [None req-92bc27d5-72e9-41ca-b7e6-6b018913e820 tempest-SnapshotsActionsTest-658126114 None] CMD "sudo cinder-rootwrap /etc/cinder/rootwrap.conf chmod ugo+rw /opt/stack/data/cinder/mnt/d3b0884c2ce597bc8f5a0d4ccc0f7147/volume-a711d03e-6110-48f6-a516-d83ce28a4e6d.6316f604-41e0-47db-a607-684aa2f79522" returned: 0 in 0.849s {{(pid=82664) execute /opt/stack/data/venv/lib/python3.10/site-packages/oslo_concurrency/processutils.py:468}}
Apr 08 17:37:48 devstack cinder-volume[82664]: DEBUG oslo_concurrency.lockutils [None req-92bc27d5-72e9-41ca-b7e6-6b018913e820 tempest-SnapshotsActionsTest-658126114 None] Lock "quobyte" "released" by "cinder.volume.drivers.quobyte.QuobyteDriver.create_snapshot" :: held 2.923s {{(pid=82664) inner /opt/stack/data/venv/lib/python3.10/site-packages/oslo_concurrency/lockutils.py:538}}
Apr 08 17:37:48 devstack cinder-volume[82664]: INFO cinder.volume.manager [None req-92bc27d5-72e9-41ca-b7e6-6b018913e820 tempest-SnapshotsActionsTest-658126114 None] Create snapshot completed successfully
Apr 08 17:37:48 devstack cinder-volume[82664]: DEBUG cinder.coordination [None req-9b531099-118e-4f14-b7f7-684bb555cfd7 tempest-SnapshotsActionsTest-1429088978 None] Acquiring lock "cinder-6316f604-41e0-47db-a607-684aa2f79522-delete_snapshot" by "delete_snapshot" {{(pid=82664) __acquire /opt/stack/cinder/cinder/coordination.py:138}}
Apr 08 17:37:48 devstack cinder-volume[82664]: DEBUG cinder.coordination [None req-9b531099-118e-4f14-b7f7-684bb555cfd7 tempest-SnapshotsActionsTest-1429088978 None] Lock "cinder-6316f604-41e0-47db-a607-684aa2f79522-delete_snapshot" acquired by "delete_snapshot" :: waited 0.009s {{(pid=82664) __acquire /opt/stack/cinder/cinder/coordination.py:141}}
Apr 08 17:37:48 devstack cinder-volume[82664]: DEBUG cinder.coordination [None req-9b531099-118e-4f14-b7f7-684bb555cfd7 tempest-SnapshotsActionsTest-1429088978 None] Acquiring lock "cinder-quobyte-a711d03e-6110-48f6-a516-d83ce28a4e6d" by "delete_snapshot" {{(pid=82664) __acquire /opt/stack/cinder/cinder/coordination.py:138}}
Apr 08 17:37:48 devstack cinder-volume[82664]: DEBUG cinder.coordination [None req-9b531099-118e-4f14-b7f7-684bb555cfd7 tempest-SnapshotsActionsTest-1429088978 None] Lock "cinder-quobyte-a711d03e-6110-48f6-a516-d83ce28a4e6d" acquired by "delete_snapshot" :: waited 0.027s {{(pid=82664) __acquire /opt/stack/cinder/cinder/coordination.py:141}}
Apr 08 17:37:48 devstack cinder-volume[82664]: DEBUG cinder.coordination [None req-9b531099-118e-4f14-b7f7-684bb555cfd7 tempest-SnapshotsActionsTest-1429088978 None] Acquiring lock "cinder-quobyte-6316f604-41e0-47db-a607-684aa2f79522" by "_delete_snapshot" {{(pid=82664) __acquire /opt/stack/cinder/cinder/coordination.py:138}}
Apr 08 17:37:48 devstack cinder-volume[82664]: DEBUG cinder.coordination [None req-9b531099-118e-4f14-b7f7-684bb555cfd7 tempest-SnapshotsActionsTest-1429088978 None] Lock "cinder-quobyte-6316f604-41e0-47db-a607-684aa2f79522" acquired by "_delete_snapshot" :: waited 0.013s {{(pid=82664) __acquire /opt/stack/cinder/cinder/coordination.py:141}}
Apr 08 17:37:48 devstack cinder-volume[82664]: DEBUG cinder.volume.drivers.remotefs [None req-9b531099-118e-4f14-b7f7-684bb555cfd7 tempest-SnapshotsActionsTest-1429088978 None] Deleting offline snapshot 6316f604-41e0-47db-a607-684aa2f79522 of volume a711d03e-6110-48f6-a516-d83ce28a4e6d {{(pid=82664) _delete_snapshot /opt/stack/cinder/cinder/volume/drivers/remotefs.py:1288}}
Apr 08 17:37:48 devstack cinder-volume[82664]: DEBUG cinder.volume.drivers.remotefs [None req-9b531099-118e-4f14-b7f7-684bb555cfd7 tempest-SnapshotsActionsTest-1429088978 None] snapshot_file for this snap is: volume-a711d03e-6110-48f6-a516-d83ce28a4e6d.6316f604-41e0-47db-a607-684aa2f79522 {{(pid=82664) _delete_snapshot /opt/stack/cinder/cinder/volume/drivers/remotefs.py:1317}}
Apr 08 17:37:48 devstack cinder-volume[82664]: DEBUG oslo.privsep.daemon [-] privsep: reply[131f1229-7d66-42cd-84cd-ced6e677c6b6]: (4, 'qcow2') {{(pid=83435) _call_back /opt/stack/data/venv/lib/python3.10/site-packages/oslo_privsep/daemon.py:573}}
Apr 08 17:37:48 devstack cinder-volume[82664]: DEBUG oslo_concurrency.processutils [None req-9b531099-118e-4f14-b7f7-684bb555cfd7 tempest-SnapshotsActionsTest-1429088978 None] Running cmd (subprocess): /opt/stack/data/venv/bin/python3.10 -m oslo_concurrency.prlimit --as=1073741824 --cpu=60 -- sudo cinder-rootwrap /etc/cinder/rootwrap.conf env LC_ALL=C qemu-img info -f qcow2 --output=json --force-share /opt/stack/data/cinder/mnt/d3b0884c2ce597bc8f5a0d4ccc0f7147/volume-a711d03e-6110-48f6-a516-d83ce28a4e6d.6316f604-41e0-47db-a607-684aa2f79522 {{(pid=82664) execute /opt/stack/data/venv/lib/python3.10/site-packages/oslo_concurrency/processutils.py:440}}
Apr 08 17:37:48 devstack sudo[83631]: quobyte : PWD=/ ; USER=root ; COMMAND=/opt/stack/data/venv/bin/cinder-rootwrap /etc/cinder/rootwrap.conf env LC_ALL=C qemu-img info -f qcow2 --output=json --force-share /opt/stack/data/cinder/mnt/d3b0884c2ce597bc8f5a0d4ccc0f7147/volume-a711d03e-6110-48f6-a516-d83ce28a4e6d.6316f604-41e0-47db-a607-684aa2f79522
Apr 08 17:37:48 devstack sudo[83631]: pam_unix(sudo:session): session opened for user root(uid=0) by (uid=1000)
Apr 08 17:37:49 devstack sudo[83631]: pam_unix(sudo:session): session closed for user root
Apr 08 17:37:49 devstack cinder-volume[82664]: DEBUG oslo_concurrency.processutils [None req-9b531099-118e-4f14-b7f7-684bb555cfd7 tempest-SnapshotsActionsTest-1429088978 None] CMD "/opt/stack/data/venv/bin/python3.10 -m oslo_concurrency.prlimit --as=1073741824 --cpu=60 -- sudo cinder-rootwrap /etc/cinder/rootwrap.conf env LC_ALL=C qemu-img info -f qcow2 --output=json --force-share /opt/stack/data/cinder/mnt/d3b0884c2ce597bc8f5a0d4ccc0f7147/volume-a711d03e-6110-48f6-a516-d83ce28a4e6d.6316f604-41e0-47db-a607-684aa2f79522" returned: 0 in 0.627s {{(pid=82664) execute /opt/stack/data/venv/lib/python3.10/site-packages/oslo_concurrency/processutils.py:468}}
Apr 08 17:37:49 devstack cinder-volume[82664]: DEBUG cinder.volume.drivers.remotefs [None req-9b531099-118e-4f14-b7f7-684bb555cfd7 tempest-SnapshotsActionsTest-1429088978 None] Fetching qemu-img info with special backing_file_template: (/opt/stack/data/cinder/mnt/[0-9a-f]+/)?(volume-a711d03e-6110-48f6-a516-d83ce28a4e6d(.(tmp-snap-)?[0-9a-f-]+)?|volume_from_snapshot_cache/(tmp-snap-)?[0-9a-f-]+(.(child-|parent-)[0-9a-f-]+)?)$ {{(pid=82664) _qemu_img_info_base /opt/stack/cinder/cinder/volume/drivers/remotefs.py:896}}
Apr 08 17:37:49 devstack cinder-volume[82664]: DEBUG oslo.privsep.daemon [-] privsep: reply[e78c2ac1-3ca9-4ace-9029-f031a65ecf97]: (4, 'qcow2') {{(pid=83435) _call_back /opt/stack/data/venv/lib/python3.10/site-packages/oslo_privsep/daemon.py:573}}
Apr 08 17:37:49 devstack cinder-volume[82664]: DEBUG oslo_concurrency.processutils [None req-9b531099-118e-4f14-b7f7-684bb555cfd7 tempest-SnapshotsActionsTest-1429088978 None] Running cmd (subprocess): /opt/stack/data/venv/bin/python3.10 -m oslo_concurrency.prlimit --as=1073741824 --cpu=60 -- sudo cinder-rootwrap /etc/cinder/rootwrap.conf env LC_ALL=C qemu-img info -f qcow2 --output=json --force-share /opt/stack/data/cinder/mnt/d3b0884c2ce597bc8f5a0d4ccc0f7147/volume-a711d03e-6110-48f6-a516-d83ce28a4e6d.ed837235-a7be-457a-bad2-b9f6bd95e226 {{(pid=82664) execute /opt/stack/data/venv/lib/python3.10/site-packages/oslo_concurrency/processutils.py:440}}
Apr 08 17:37:49 devstack sudo[83636]: quobyte : PWD=/ ; USER=root ; COMMAND=/opt/stack/data/venv/bin/cinder-rootwrap /etc/cinder/rootwrap.conf env LC_ALL=C qemu-img info -f qcow2 --output=json --force-share /opt/stack/data/cinder/mnt/d3b0884c2ce597bc8f5a0d4ccc0f7147/volume-a711d03e-6110-48f6-a516-d83ce28a4e6d.ed837235-a7be-457a-bad2-b9f6bd95e226
Apr 08 17:37:49 devstack sudo[83636]: pam_unix(sudo:session): session opened for user root(uid=0) by (uid=1000)
Apr 08 17:37:49 devstack sudo[83636]: pam_unix(sudo:session): session closed for user root
Apr 08 17:37:49 devstack cinder-volume[82664]: DEBUG oslo_concurrency.processutils [None req-9b531099-118e-4f14-b7f7-684bb555cfd7 tempest-SnapshotsActionsTest-1429088978 None] CMD "/opt/stack/data/venv/bin/python3.10 -m oslo_concurrency.prlimit --as=1073741824 --cpu=60 -- sudo cinder-rootwrap /etc/cinder/rootwrap.conf env LC_ALL=C qemu-img info -f qcow2 --output=json --force-share /opt/stack/data/cinder/mnt/d3b0884c2ce597bc8f5a0d4ccc0f7147/volume-a711d03e-6110-48f6-a516-d83ce28a4e6d.ed837235-a7be-457a-bad2-b9f6bd95e226" returned: 0 in 0.661s {{(pid=82664) execute /opt/stack/data/venv/lib/python3.10/site-packages/oslo_concurrency/processutils.py:468}}
Apr 08 17:37:49 devstack cinder-volume[82664]: DEBUG cinder.volume.drivers.remotefs [None req-9b531099-118e-4f14-b7f7-684bb555cfd7 tempest-SnapshotsActionsTest-1429088978 None] Fetching qemu-img info with special backing_file_template: (/opt/stack/data/cinder/mnt/[0-9a-f]+/)?(volume-a711d03e-6110-48f6-a516-d83ce28a4e6d(.(tmp-snap-)?[0-9a-f-]+)?|volume_from_snapshot_cache/(tmp-snap-)?[0-9a-f-]+(.(child-|parent-)[0-9a-f-]+)?)$ {{(pid=82664) _qemu_img_info_base /opt/stack/cinder/cinder/volume/drivers/remotefs.py:896}}
Apr 08 17:37:49 devstack cinder-volume[82664]: DEBUG oslo_concurrency.processutils [None req-9b531099-118e-4f14-b7f7-684bb555cfd7 tempest-SnapshotsActionsTest-1429088978 None] Running cmd (subprocess): sudo cinder-rootwrap /etc/cinder/rootwrap.conf qemu-img commit -d /opt/stack/data/cinder/mnt/d3b0884c2ce597bc8f5a0d4ccc0f7147/volume-a711d03e-6110-48f6-a516-d83ce28a4e6d.6316f604-41e0-47db-a607-684aa2f79522 {{(pid=82664) execute /opt/stack/data/venv/lib/python3.10/site-packages/oslo_concurrency/processutils.py:440}}
Apr 08 17:37:49 devstack sudo[83641]: quobyte : PWD=/ ; USER=root ; COMMAND=/opt/stack/data/venv/bin/cinder-rootwrap /etc/cinder/rootwrap.conf qemu-img commit -d /opt/stack/data/cinder/mnt/d3b0884c2ce597bc8f5a0d4ccc0f7147/volume-a711d03e-6110-48f6-a516-d83ce28a4e6d.6316f604-41e0-47db-a607-684aa2f79522
Apr 08 17:37:49 devstack sudo[83641]: pam_unix(sudo:session): session opened for user root(uid=0) by (uid=1000)
Apr 08 17:37:50 devstack sudo[83641]: pam_unix(sudo:session): session closed for user root
Apr 08 17:37:50 devstack cinder-volume[82664]: DEBUG oslo_concurrency.processutils [None req-9b531099-118e-4f14-b7f7-684bb555cfd7 tempest-SnapshotsActionsTest-1429088978 None] CMD "sudo cinder-rootwrap /etc/cinder/rootwrap.conf qemu-img commit -d /opt/stack/data/cinder/mnt/d3b0884c2ce597bc8f5a0d4ccc0f7147/volume-a711d03e-6110-48f6-a516-d83ce28a4e6d.6316f604-41e0-47db-a607-684aa2f79522" returned: 0 in 0.672s {{(pid=82664) execute /opt/stack/data/venv/lib/python3.10/site-packages/oslo_concurrency/processutils.py:468}}
Apr 08 17:37:50 devstack cinder-volume[82664]: DEBUG oslo_concurrency.processutils [None req-9b531099-118e-4f14-b7f7-684bb555cfd7 tempest-SnapshotsActionsTest-1429088978 None] Running cmd (subprocess): sudo cinder-rootwrap /etc/cinder/rootwrap.conf rm -f /opt/stack/data/cinder/mnt/d3b0884c2ce597bc8f5a0d4ccc0f7147/volume-a711d03e-6110-48f6-a516-d83ce28a4e6d.6316f604-41e0-47db-a607-684aa2f79522 {{(pid=82664) execute /opt/stack/data/venv/lib/python3.10/site-packages/oslo_concurrency/processutils.py:440}}
Apr 08 17:37:50 devstack sudo[83647]: quobyte : PWD=/ ; USER=root ; COMMAND=/opt/stack/data/venv/bin/cinder-rootwrap /etc/cinder/rootwrap.conf rm -f /opt/stack/data/cinder/mnt/d3b0884c2ce597bc8f5a0d4ccc0f7147/volume-a711d03e-6110-48f6-a516-d83ce28a4e6d.6316f604-41e0-47db-a607-684aa2f79522
Apr 08 17:37:50 devstack sudo[83647]: pam_unix(sudo:session): session opened for user root(uid=0) by (uid=1000)
Apr 08 17:37:50 devstack sudo[83647]: pam_unix(sudo:session): session closed for user root
Apr 08 17:37:51 devstack cinder-volume[82664]: DEBUG oslo_concurrency.processutils [None req-9b531099-118e-4f14-b7f7-684bb555cfd7 tempest-SnapshotsActionsTest-1429088978 None] CMD "sudo cinder-rootwrap /etc/cinder/rootwrap.conf rm -f /opt/stack/data/cinder/mnt/d3b0884c2ce597bc8f5a0d4ccc0f7147/volume-a711d03e-6110-48f6-a516-d83ce28a4e6d.6316f604-41e0-47db-a607-684aa2f79522" returned: 0 in 0.503s {{(pid=82664) execute /opt/stack/data/venv/lib/python3.10/site-packages/oslo_concurrency/processutils.py:468}}
Apr 08 17:37:51 devstack cinder-volume[82664]: DEBUG cinder.coordination [None req-9b531099-118e-4f14-b7f7-684bb555cfd7 tempest-SnapshotsActionsTest-1429088978 None] Lock "cinder-quobyte-6316f604-41e0-47db-a607-684aa2f79522" released by "_delete_snapshot" :: held 2.517s {{(pid=82664) __release /opt/stack/cinder/cinder/coordination.py:152}}
Apr 08 17:37:51 devstack cinder-volume[82664]: DEBUG cinder.coordination [None req-9b531099-118e-4f14-b7f7-684bb555cfd7 tempest-SnapshotsActionsTest-1429088978 None] Lock "cinder-quobyte-a711d03e-6110-48f6-a516-d83ce28a4e6d" released by "delete_snapshot" :: held 2.535s {{(pid=82664) __release /opt/stack/cinder/cinder/coordination.py:152}}
Apr 08 17:37:51 devstack cinder-volume[82664]: WARNING cinder.quota [None req-9b531099-118e-4f14-b7f7-684bb555cfd7 tempest-SnapshotsActionsTest-1429088978 None] Deprecated: Default quota for resource: snapshots_QuobyteHD is set by the default quota flag: quota_snapshots_QuobyteHD, it is now deprecated. Please use the default quota class for default quota.
Apr 08 17:37:51 devstack cinder-volume[82664]: DEBUG cinder.quota [None req-9b531099-118e-4f14-b7f7-684bb555cfd7 tempest-SnapshotsActionsTest-1429088978 None] Created reservations ['44703c6c-899e-486b-af59-fe790d55e1c5', '4fdb44f9-2f92-486e-9d56-b4e40b3fc524', '86b552bb-4e62-4a05-9596-23af16fbd366', 'cbdc5ae2-2f3b-4f70-b480-273bb4828082'] {{(pid=82664) reserve /opt/stack/cinder/cinder/quota.py:752}}
Apr 08 17:37:51 devstack cinder-volume[82664]: INFO cinder.volume.manager [None req-9b531099-118e-4f14-b7f7-684bb555cfd7 tempest-SnapshotsActionsTest-1429088978 None] Delete snapshot completed successfully.
Apr 08 17:37:51 devstack cinder-volume[82664]: DEBUG cinder.coordination [None req-9b531099-118e-4f14-b7f7-684bb555cfd7 tempest-SnapshotsActionsTest-1429088978 None] Lock "cinder-6316f604-41e0-47db-a607-684aa2f79522-delete_snapshot" released by "delete_snapshot" :: held 2.669s {{(pid=82664) __release /opt/stack/cinder/cinder/coordination.py:152}}
Apr 08 17:37:51 devstack cinder-volume[82664]: DEBUG oslo_concurrency.lockutils [None req-04a0fe9c-f334-4c83-9281-eaf66c4b030b tempest-SnapshotsActionsTest-658126114 None] Acquiring lock "quobyte" by "cinder.volume.drivers.quobyte.QuobyteDriver.create_snapshot" {{(pid=82664) inner /opt/stack/data/venv/lib/python3.10/site-packages/oslo_concurrency/lockutils.py:506}}
Apr 08 17:37:51 devstack cinder-volume[82664]: DEBUG oslo_concurrency.lockutils [None req-04a0fe9c-f334-4c83-9281-eaf66c4b030b tempest-SnapshotsActionsTest-658126114 None] Lock "quobyte" acquired by "cinder.volume.drivers.quobyte.QuobyteDriver.create_snapshot" :: waited 0.002s {{(pid=82664) inner /opt/stack/data/venv/lib/python3.10/site-packages/oslo_concurrency/lockutils.py:519}}
Apr 08 17:37:51 devstack cinder-volume[82664]: DEBUG cinder.volume.drivers.remotefs [None req-04a0fe9c-f334-4c83-9281-eaf66c4b030b tempest-SnapshotsActionsTest-658126114 None] Creating offline snapshot 051d4baf-94b8-4b20-adb8-0fec5008813f of volume a711d03e-6110-48f6-a516-d83ce28a4e6d {{(pid=82664) _create_snapshot /opt/stack/cinder/cinder/volume/drivers/remotefs.py:1815}}
Apr 08 17:37:51 devstack cinder-volume[82664]: DEBUG oslo.privsep.daemon [-] privsep: reply[1fb8d9c6-197e-4800-81a5-39e83e884b21]: (4, 'qcow2') {{(pid=83435) _call_back /opt/stack/data/venv/lib/python3.10/site-packages/oslo_privsep/daemon.py:573}}
Apr 08 17:37:51 devstack cinder-volume[82664]: DEBUG oslo_concurrency.processutils [None req-04a0fe9c-f334-4c83-9281-eaf66c4b030b tempest-SnapshotsActionsTest-658126114 None] Running cmd (subprocess): /opt/stack/data/venv/bin/python3.10 -m oslo_concurrency.prlimit --as=1073741824 --cpu=60 -- sudo cinder-rootwrap /etc/cinder/rootwrap.conf env LC_ALL=C qemu-img info -f qcow2 --output=json --force-share /opt/stack/data/cinder/mnt/d3b0884c2ce597bc8f5a0d4ccc0f7147/volume-a711d03e-6110-48f6-a516-d83ce28a4e6d.ed837235-a7be-457a-bad2-b9f6bd95e226 {{(pid=82664) execute /opt/stack/data/venv/lib/python3.10/site-packages/oslo_concurrency/processutils.py:440}}
Apr 08 17:37:52 devstack sudo[83652]: quobyte : PWD=/ ; USER=root ; COMMAND=/opt/stack/data/venv/bin/cinder-rootwrap /etc/cinder/rootwrap.conf env LC_ALL=C qemu-img info -f qcow2 --output=json --force-share /opt/stack/data/cinder/mnt/d3b0884c2ce597bc8f5a0d4ccc0f7147/volume-a711d03e-6110-48f6-a516-d83ce28a4e6d.ed837235-a7be-457a-bad2-b9f6bd95e226
Apr 08 17:37:52 devstack sudo[83652]: pam_unix(sudo:session): session opened for user root(uid=0) by (uid=1000)
Apr 08 17:37:52 devstack cinder-volume[82664]: DEBUG cinder.volume.flows.manager.create_volume [None req-05cf591d-f6e2-4a01-a4fb-dc652f0a0a79 tempest-VolumeQuotasNegativeTestJSON-605811127 None] Volume reschedule parameters: True retry: {'num_attempts': 1, 'backends': ['devstack@QuobyteHD#QuobyteHD'], 'hosts': ['devstack@QuobyteHD#QuobyteHD']} {{(pid=82664) get_flow /opt/stack/cinder/cinder/volume/flows/manager/create_volume.py:1395}}
Apr 08 17:37:52 devstack cinder-volume[82664]: DEBUG cinder.volume.manager [None req-05cf591d-f6e2-4a01-a4fb-dc652f0a0a79 tempest-VolumeQuotasNegativeTestJSON-605811127 None] Flow 'volume_create_manager' (43665bcb-9365-447c-8b52-8bdbcbceeb5e) transitioned into state 'RUNNING' from state 'PENDING' {{(pid=82664) _flow_receiver /opt/stack/data/venv/lib/python3.10/site-packages/taskflow/listeners/logging.py:145}}
Apr 08 17:37:52 devstack cinder-volume[82664]: DEBUG cinder.volume.manager [None req-05cf591d-f6e2-4a01-a4fb-dc652f0a0a79 tempest-VolumeQuotasNegativeTestJSON-605811127 None] Task 'cinder.volume.flows.manager.create_volume.ExtractVolumeRefTask;volume:create' (30aaa5f3-713d-483b-bfe4-e9319c39621b) transitioned into state 'RUNNING' from state 'PENDING' {{(pid=82664) _task_receiver /opt/stack/data/venv/lib/python3.10/site-packages/taskflow/listeners/logging.py:194}}
Apr 08 17:37:52 devstack cinder-volume[82664]: DEBUG cinder.volume.manager [None req-05cf591d-f6e2-4a01-a4fb-dc652f0a0a79 tempest-VolumeQuotasNegativeTestJSON-605811127 None] Task 'cinder.volume.flows.manager.create_volume.ExtractVolumeRefTask;volume:create' (30aaa5f3-713d-483b-bfe4-e9319c39621b) transitioned into state 'SUCCESS' from state 'RUNNING' with result 'Volume(_name_id=None,admin_metadata=,attach_status='detached',availability_zone='nova',bootable=False,cluster=,cluster_name=None,consistencygroup=,consistencygroup_id=None,created_at=2026-04-08T15:37:52Z,deleted=False,deleted_at=None,display_description=None,display_name='tempest-VolumeQuotasNegativeTestJSON-Volume-158983607',ec2_id=None,encryption_key_id=None,glance_metadata=,group=,group_id=None,host='devstack@QuobyteHD#QuobyteHD',id=ca54781e-d51a-46c2-b815-4227bc9c3e72,launched_at=None,metadata={},migration_status=None,multiattach=False,previous_status=None,project_id='3976805fbd1941da99acec9362fcaed4',provider_auth=None,provider_geometry=None,provider_id=None,provider_location=None,replication_driver_data=None,replication_extended_status=None,replication_status=None,scheduled_at=2026-04-08T15:37:52Z,service_uuid=None,shared_targets=True,size=1,snapshot_id=None,snapshots=,source_volid=None,status='creating',terminated_at=None,updated_at=2026-04-08T15:37:52Z,use_quota=True,user_id='47fd04e548584ff7b53bd0c87f09eb70',volume_attachment=VolumeAttachmentList,volume_type=VolumeType(b8d4500e-5561-4597-b502-02d6c06d0cf5),volume_type_id=b8d4500e-5561-4597-b502-02d6c06d0cf5)' {{(pid=82664) _task_receiver /opt/stack/data/venv/lib/python3.10/site-packages/taskflow/listeners/logging.py:182}}
Apr 08 17:37:52 devstack cinder-volume[82664]: DEBUG cinder.volume.manager [None req-05cf591d-f6e2-4a01-a4fb-dc652f0a0a79 tempest-VolumeQuotasNegativeTestJSON-605811127 None] Task 'cinder.volume.flows.manager.create_volume.OnFailureRescheduleTask;volume:create' (83cf95aa-558c-4f44-afdd-83792df1c7e9) transitioned into state 'RUNNING' from state 'PENDING' {{(pid=82664) _task_receiver /opt/stack/data/venv/lib/python3.10/site-packages/taskflow/listeners/logging.py:194}}
Apr 08 17:37:52 devstack cinder-volume[82664]: DEBUG cinder.volume.manager [None req-05cf591d-f6e2-4a01-a4fb-dc652f0a0a79 tempest-VolumeQuotasNegativeTestJSON-605811127 None] Task 'cinder.volume.flows.manager.create_volume.OnFailureRescheduleTask;volume:create' (83cf95aa-558c-4f44-afdd-83792df1c7e9) transitioned into state 'SUCCESS' from state 'RUNNING' with result 'None' {{(pid=82664) _task_receiver /opt/stack/data/venv/lib/python3.10/site-packages/taskflow/listeners/logging.py:182}}
Apr 08 17:37:52 devstack cinder-volume[82664]: DEBUG cinder.volume.manager [None req-05cf591d-f6e2-4a01-a4fb-dc652f0a0a79 tempest-VolumeQuotasNegativeTestJSON-605811127 None] Task 'cinder.volume.flows.manager.create_volume.ExtractVolumeSpecTask;volume:create' (c285f69b-9c78-4b20-96f3-414765b97044) transitioned into state 'RUNNING' from state 'PENDING' {{(pid=82664) _task_receiver /opt/stack/data/venv/lib/python3.10/site-packages/taskflow/listeners/logging.py:194}}
Apr 08 17:37:52 devstack cinder-volume[82664]: DEBUG cinder.volume.manager [None req-05cf591d-f6e2-4a01-a4fb-dc652f0a0a79 tempest-VolumeQuotasNegativeTestJSON-605811127 None] Task 'cinder.volume.flows.manager.create_volume.ExtractVolumeSpecTask;volume:create' (c285f69b-9c78-4b20-96f3-414765b97044) transitioned into state 'SUCCESS' from state 'RUNNING' with result '{'status': 'creating', 'type': 'raw', 'volume_id': 'ca54781e-d51a-46c2-b815-4227bc9c3e72', 'volume_name': 'volume-ca54781e-d51a-46c2-b815-4227bc9c3e72', 'volume_size': 1}' {{(pid=82664) _task_receiver /opt/stack/data/venv/lib/python3.10/site-packages/taskflow/listeners/logging.py:182}}
Apr 08 17:37:52 devstack cinder-volume[82664]: DEBUG cinder.volume.manager [None req-05cf591d-f6e2-4a01-a4fb-dc652f0a0a79 tempest-VolumeQuotasNegativeTestJSON-605811127 None] Task 'cinder.volume.flows.manager.create_volume.NotifyVolumeActionTask;volume:create, create.start' (68c0744d-fc3d-45b4-9e60-7d93ec90ceb2) transitioned into state 'RUNNING' from state 'PENDING' {{(pid=82664) _task_receiver /opt/stack/data/venv/lib/python3.10/site-packages/taskflow/listeners/logging.py:194}}
Apr 08 17:37:52 devstack cinder-volume[82664]: DEBUG cinder.volume.manager [None req-05cf591d-f6e2-4a01-a4fb-dc652f0a0a79 tempest-VolumeQuotasNegativeTestJSON-605811127 None] Task 'cinder.volume.flows.manager.create_volume.NotifyVolumeActionTask;volume:create, create.start' (68c0744d-fc3d-45b4-9e60-7d93ec90ceb2) transitioned into state 'SUCCESS' from state 'RUNNING' with result 'None' {{(pid=82664) _task_receiver /opt/stack/data/venv/lib/python3.10/site-packages/taskflow/listeners/logging.py:182}}
Apr 08 17:37:52 devstack cinder-volume[82664]: DEBUG cinder.volume.manager [None req-05cf591d-f6e2-4a01-a4fb-dc652f0a0a79 tempest-VolumeQuotasNegativeTestJSON-605811127 None] Task 'cinder.volume.flows.manager.create_volume.CreateVolumeFromSpecTask;volume:create' (1655d7b7-689a-4214-8526-4d7dd30cc691) transitioned into state 'RUNNING' from state 'PENDING' {{(pid=82664) _task_receiver /opt/stack/data/venv/lib/python3.10/site-packages/taskflow/listeners/logging.py:194}}
Apr 08 17:37:52 devstack cinder-volume[82664]: INFO cinder.volume.flows.manager.create_volume [None req-05cf591d-f6e2-4a01-a4fb-dc652f0a0a79 tempest-VolumeQuotasNegativeTestJSON-605811127 None] Volume ca54781e-d51a-46c2-b815-4227bc9c3e72: being created as raw with specification: {'status': 'creating', 'volume_name': 'volume-ca54781e-d51a-46c2-b815-4227bc9c3e72', 'volume_size': 1}
Apr 08 17:37:52 devstack cinder-volume[82664]: DEBUG oslo_concurrency.lockutils [None req-05cf591d-f6e2-4a01-a4fb-dc652f0a0a79 tempest-VolumeQuotasNegativeTestJSON-605811127 None] Acquiring lock "quobyte" by "cinder.volume.drivers.quobyte.QuobyteDriver.create_volume" {{(pid=82664) inner /opt/stack/data/venv/lib/python3.10/site-packages/oslo_concurrency/lockutils.py:506}}
Apr 08 17:37:52 devstack sudo[83652]: pam_unix(sudo:session): session closed for user root
Apr 08 17:37:52 devstack cinder-volume[82664]: DEBUG oslo_concurrency.processutils [None req-04a0fe9c-f334-4c83-9281-eaf66c4b030b tempest-SnapshotsActionsTest-658126114 None] CMD "/opt/stack/data/venv/bin/python3.10 -m oslo_concurrency.prlimit --as=1073741824 --cpu=60 -- sudo cinder-rootwrap /etc/cinder/rootwrap.conf env LC_ALL=C qemu-img info -f qcow2 --output=json --force-share /opt/stack/data/cinder/mnt/d3b0884c2ce597bc8f5a0d4ccc0f7147/volume-a711d03e-6110-48f6-a516-d83ce28a4e6d.ed837235-a7be-457a-bad2-b9f6bd95e226" returned: 0 in 0.793s {{(pid=82664) execute /opt/stack/data/venv/lib/python3.10/site-packages/oslo_concurrency/processutils.py:468}}
Apr 08 17:37:52 devstack cinder-volume[82664]: DEBUG cinder.volume.drivers.remotefs [None req-04a0fe9c-f334-4c83-9281-eaf66c4b030b tempest-SnapshotsActionsTest-658126114 None] Fetching qemu-img info with special backing_file_template: (/opt/stack/data/cinder/mnt/[0-9a-f]+/)?(volume-a711d03e-6110-48f6-a516-d83ce28a4e6d(.(tmp-snap-)?[0-9a-f-]+)?|volume_from_snapshot_cache/(tmp-snap-)?[0-9a-f-]+(.(child-|parent-)[0-9a-f-]+)?)$ {{(pid=82664) _qemu_img_info_base /opt/stack/cinder/cinder/volume/drivers/remotefs.py:896}}
