Jul 20 17:16:41 devstack devstack@keystone.service[42593]: DEBUG keystone.server.flask.request_processing.req_logging [None req-96a730a9-902a-49c6-8a19-047de421c955 None None] REQUEST_METHOD: `GET` {{(pid=42593) log_request_info /opt/stack/keystone/keystone/server/flask/request_processing/req_logging.py:26}}
Jul 20 17:16:41 devstack devstack@keystone.service[42593]: DEBUG keystone.server.flask.request_processing.req_logging [None req-96a730a9-902a-49c6-8a19-047de421c955 None None] SCRIPT_NAME: `/identity` {{(pid=42593) log_request_info /opt/stack/keystone/keystone/server/flask/request_processing/req_logging.py:27}}
Jul 20 17:16:41 devstack devstack@keystone.service[42593]: DEBUG keystone.server.flask.request_processing.req_logging [None req-96a730a9-902a-49c6-8a19-047de421c955 None None] PATH_INFO: `/` {{(pid=42593) log_request_info /opt/stack/keystone/keystone/server/flask/request_processing/req_logging.py:28}}
Jul 20 17:16:41 devstack devstack@keystone.service[42593]: [pid: 42593|app: 0|req: 1/2] 192.168.122.142 () {54 vars in 928 bytes} [Mon Jul 20 17:16:41 2026] GET /identity => generated 274 bytes in 7 msecs (HTTP/1.1 300) 6 headers in 238 bytes (1 switches on core 0)
Jul 20 17:16:41 devstack devstack@keystone.service[42592]: DEBUG keystone.server.flask.request_processing.req_logging [None req-0e38b0f5-de9d-4050-8c47-f9c1f053a990 None None] REQUEST_METHOD: `POST` {{(pid=42592) log_request_info /opt/stack/keystone/keystone/server/flask/request_processing/req_logging.py:26}}
Jul 20 17:16:41 devstack devstack@keystone.service[42592]: DEBUG keystone.server.flask.request_processing.req_logging [None req-0e38b0f5-de9d-4050-8c47-f9c1f053a990 None None] SCRIPT_NAME: `/identity` {{(pid=42592) log_request_info /opt/stack/keystone/keystone/server/flask/request_processing/req_logging.py:27}}
Jul 20 17:16:41 devstack devstack@keystone.service[42592]: DEBUG keystone.server.flask.request_processing.req_logging [None req-0e38b0f5-de9d-4050-8c47-f9c1f053a990 None None] PATH_INFO: `/v3/auth/tokens` {{(pid=42592) log_request_info /opt/stack/keystone/keystone/server/flask/request_processing/req_logging.py:28}}
Jul 20 17:16:41 devstack devstack@keystone.service[42592]: INFO dbcounter [None req-0e38b0f5-de9d-4050-8c47-f9c1f053a990 None None] Registered counter for database keystone
Jul 20 17:16:42 devstack devstack@keystone.service[42592]: DEBUG oslo_db.sqlalchemy.engines [None req-0e38b0f5-de9d-4050-8c47-f9c1f053a990 None None] MySQL server mode set to STRICT_TRANS_TABLES,STRICT_ALL_TABLES,NO_ZERO_IN_DATE,NO_ZERO_DATE,ERROR_FOR_DIVISION_BY_ZERO,TRADITIONAL,NO_ENGINE_SUBSTITUTION {{(pid=42592) _check_effective_sql_mode /opt/stack/data/venv/lib/python3.12/site-packages/oslo_db/sqlalchemy/engines.py:325}}
Jul 20 17:16:42 devstack devstack@keystone.service[42592]: DEBUG dbcounter [-] [42592] Writer thread running {{(pid=42592) stat_writer /opt/stack/data/venv/lib/python3.12/site-packages/dbcounter.py:102}}
Jul 20 17:16:42 devstack devstack@keystone.service[42592]: WARNING keystone.common.password_hashing [None req-0e38b0f5-de9d-4050-8c47-f9c1f053a990 None None] Truncating password to algorithm specific maximum length 72 characters.
Jul 20 17:16:42 devstack devstack@keystone.service[42592]: DEBUG keystone.auth.core [None req-0e38b0f5-de9d-4050-8c47-f9c1f053a990 None None] MFA Rules not processed for user `f6f2143699ac45eab0d8980857d47f4a`. Rule list: `[]` (Enabled: `True`). {{(pid=42592) check_auth_methods_against_rules /opt/stack/keystone/keystone/auth/core.py:476}}
Jul 20 17:16:42 devstack devstack@keystone.service[42592]: DEBUG keystone.common.fernet_utils [None req-0e38b0f5-de9d-4050-8c47-f9c1f053a990 None None] Loaded 2 Fernet keys from /etc/keystone/fernet-keys/, but `[fernet_tokens] max_active_keys = 3`; perhaps there have not been enough key rotations to reach `max_active_keys` yet? {{(pid=42592) load_keys /opt/stack/keystone/keystone/common/fernet_utils.py:297}}
Jul 20 17:16:42 devstack devstack@keystone.service[42592]: [pid: 42592|app: 0|req: 2/3] 192.168.122.142 () {58 vars in 1025 bytes} [Mon Jul 20 17:16:41 2026] POST /identity/v3/auth/tokens => generated 981 bytes in 697 msecs (HTTP/1.1 201) 6 headers in 384 bytes (1 switches on core 0)
Jul 20 17:16:43 devstack devstack@keystone.service[42593]: DEBUG keystone.server.flask.request_processing.middleware.auth_context [None req-96a730a9-902a-49c6-8a19-047de421c955 None None] Authenticating user token {{(pid=42593) process_request /opt/stack/data/venv/lib/python3.12/site-packages/keystonemiddleware/auth_token/__init__.py:406}}
Jul 20 17:16:43 devstack devstack@keystone.service[42593]: INFO dbcounter [None req-96a730a9-902a-49c6-8a19-047de421c955 None None] Registered counter for database keystone
Jul 20 17:16:43 devstack devstack@keystone.service[42593]: DEBUG oslo_db.sqlalchemy.engines [None req-96a730a9-902a-49c6-8a19-047de421c955 None None] MySQL server mode set to STRICT_TRANS_TABLES,STRICT_ALL_TABLES,NO_ZERO_IN_DATE,NO_ZERO_DATE,ERROR_FOR_DIVISION_BY_ZERO,TRADITIONAL,NO_ENGINE_SUBSTITUTION {{(pid=42593) _check_effective_sql_mode /opt/stack/data/venv/lib/python3.12/site-packages/oslo_db/sqlalchemy/engines.py:325}}
Jul 20 17:16:43 devstack devstack@keystone.service[42593]: DEBUG dbcounter [-] [42593] Writer thread running {{(pid=42593) stat_writer /opt/stack/data/venv/lib/python3.12/site-packages/dbcounter.py:102}}
Jul 20 17:16:43 devstack devstack@keystone.service[42593]: DEBUG keystone.server.flask.request_processing.middleware.auth_context [None req-96a730a9-902a-49c6-8a19-047de421c955 None None] Validating token access rules against request {{(pid=42593) validate_allowed_request /opt/stack/data/venv/lib/python3.12/site-packages/keystonemiddleware/auth_token/__init__.py:544}}
Jul 20 17:16:43 devstack devstack@keystone.service[42593]: DEBUG keystone.server.flask.request_processing.middleware.auth_context [None req-88db0435-00fa-47a2-896f-9dbdb0bc00fd admin admin] RBAC: auth_context: {'token': , 'domain_id': None, 'trust_id': None, 'trustor_id': None, 'trustee_id': None, 'domain_name': None, 'group_ids': [], 'user_id': 'f6f2143699ac45eab0d8980857d47f4a', 'user_domain_id': 'default', 'system_scope': None, 'project_id': 'c7c0d128db9843e182829df4666c9808', 'project_domain_id': 'default', 'roles': ['member', 'manager', 'admin', 'reader'], 'is_admin_project': True, 'service_user_id': None, 'service_user_domain_id': None, 'service_project_id': None, 'service_project_domain_id': None, 'service_roles': []} {{(pid=42593) fill_context /opt/stack/keystone/keystone/server/flask/request_processing/middleware/auth_context.py:516}}
Jul 20 17:16:43 devstack devstack@keystone.service[42593]: DEBUG keystone.server.flask.request_processing.req_logging [None req-88db0435-00fa-47a2-896f-9dbdb0bc00fd admin admin] REQUEST_METHOD: `GET` {{(pid=42593) log_request_info /opt/stack/keystone/keystone/server/flask/request_processing/req_logging.py:26}}
Jul 20 17:16:43 devstack devstack@keystone.service[42593]: DEBUG keystone.server.flask.request_processing.req_logging [None req-88db0435-00fa-47a2-896f-9dbdb0bc00fd admin admin] SCRIPT_NAME: `/identity` {{(pid=42593) log_request_info /opt/stack/keystone/keystone/server/flask/request_processing/req_logging.py:27}}
Jul 20 17:16:43 devstack devstack@keystone.service[42593]: DEBUG keystone.server.flask.request_processing.req_logging [None req-88db0435-00fa-47a2-896f-9dbdb0bc00fd admin admin] PATH_INFO: `/v3/projects/admin` {{(pid=42593) log_request_info /opt/stack/keystone/keystone/server/flask/request_processing/req_logging.py:28}}
Jul 20 17:16:43 devstack devstack@keystone.service[42593]: DEBUG keystone.common.rbac_enforcer.enforcer [None req-88db0435-00fa-47a2-896f-9dbdb0bc00fd admin admin] RBAC: Authorizing `identity:get_project(project_id=admin)` {{(pid=42593) enforce_call /opt/stack/keystone/keystone/common/rbac_enforcer/enforcer.py:501}}
Jul 20 17:16:43 devstack devstack@keystone.service[42593]: WARNING keystone.common.rbac_enforcer.enforcer [None req-88db0435-00fa-47a2-896f-9dbdb0bc00fd admin admin] Deprecated policy rules found. Use oslopolicy-policy-generator and oslopolicy-policy-upgrade to detect and resolve deprecated policies in your configuration.
Jul 20 17:16:43 devstack devstack@keystone.service[42593]: DEBUG keystone.common.rbac_enforcer.enforcer [None req-88db0435-00fa-47a2-896f-9dbdb0bc00fd admin admin] RBAC: Authorization granted {{(pid=42593) enforce_call /opt/stack/keystone/keystone/common/rbac_enforcer/enforcer.py:512}}
Jul 20 17:16:43 devstack devstack@keystone.service[42593]: DEBUG keystone.server.flask.application [None req-88db0435-00fa-47a2-896f-9dbdb0bc00fd admin admin] Could not find project: admin. {{(pid=42593) _handle_keystone_exception /opt/stack/keystone/keystone/server/flask/application.py:146}}
Jul 20 17:16:43 devstack devstack@keystone.service[42593]: [pid: 42593|app: 0|req: 2/4] 192.168.122.142 () {56 vars in 1171 bytes} [Mon Jul 20 17:16:43 2026] GET /identity/v3/projects/admin => generated 86 bytes in 518 msecs (HTTP/1.1 404) 5 headers in 183 bytes (1 switches on core 0)
Jul 20 17:16:43 devstack devstack@keystone.service[42592]: DEBUG keystone.server.flask.request_processing.middleware.auth_context [None req-0e38b0f5-de9d-4050-8c47-f9c1f053a990 None None] Authenticating user token {{(pid=42592) process_request /opt/stack/data/venv/lib/python3.12/site-packages/keystonemiddleware/auth_token/__init__.py:406}}
Jul 20 17:16:43 devstack devstack@keystone.service[42592]: DEBUG keystone.server.flask.request_processing.middleware.auth_context [None req-0e38b0f5-de9d-4050-8c47-f9c1f053a990 None None] Validating token access rules against request {{(pid=42592) validate_allowed_request /opt/stack/data/venv/lib/python3.12/site-packages/keystonemiddleware/auth_token/__init__.py:544}}
Jul 20 17:16:43 devstack devstack@keystone.service[42592]: DEBUG keystone.server.flask.request_processing.middleware.auth_context [None req-fcc343d1-2768-41f6-92f5-cfded069865e admin admin] RBAC: auth_context: {'token': , 'domain_id': None, 'trust_id': None, 'trustor_id': None, 'trustee_id': None, 'domain_name': None, 'group_ids': [], 'user_id': 'f6f2143699ac45eab0d8980857d47f4a', 'user_domain_id': 'default', 'system_scope': None, 'project_id': 'c7c0d128db9843e182829df4666c9808', 'project_domain_id': 'default', 'roles': ['member', 'manager', 'admin', 'reader'], 'is_admin_project': True, 'service_user_id': None, 'service_user_domain_id': None, 'service_project_id': None, 'service_project_domain_id': None, 'service_roles': []} {{(pid=42592) fill_context /opt/stack/keystone/keystone/server/flask/request_processing/middleware/auth_context.py:516}}
Jul 20 17:16:43 devstack devstack@keystone.service[42592]: DEBUG keystone.server.flask.request_processing.req_logging [None req-fcc343d1-2768-41f6-92f5-cfded069865e admin admin] REQUEST_METHOD: `GET` {{(pid=42592) log_request_info /opt/stack/keystone/keystone/server/flask/request_processing/req_logging.py:26}}
Jul 20 17:16:43 devstack devstack@keystone.service[42592]: DEBUG keystone.server.flask.request_processing.req_logging [None req-fcc343d1-2768-41f6-92f5-cfded069865e admin admin] SCRIPT_NAME: `/identity` {{(pid=42592) log_request_info /opt/stack/keystone/keystone/server/flask/request_processing/req_logging.py:27}}
Jul 20 17:16:43 devstack devstack@keystone.service[42592]: DEBUG keystone.server.flask.request_processing.req_logging [None req-fcc343d1-2768-41f6-92f5-cfded069865e admin admin] PATH_INFO: `/v3/projects` {{(pid=42592) log_request_info /opt/stack/keystone/keystone/server/flask/request_processing/req_logging.py:28}}
Jul 20 17:16:43 devstack devstack@keystone.service[42592]: DEBUG keystone.common.rbac_enforcer.enforcer [None req-fcc343d1-2768-41f6-92f5-cfded069865e admin admin] RBAC: Adding query filter params (name=admin) {{(pid=42592) _extract_filter_values /opt/stack/keystone/keystone/common/rbac_enforcer/enforcer.py:176}}
Jul 20 17:16:43 devstack devstack@keystone.service[42592]: DEBUG keystone.common.rbac_enforcer.enforcer [None req-fcc343d1-2768-41f6-92f5-cfded069865e admin admin] RBAC: Authorizing `identity:list_projects()` {{(pid=42592) enforce_call /opt/stack/keystone/keystone/common/rbac_enforcer/enforcer.py:501}}
Jul 20 17:16:43 devstack devstack@keystone.service[42592]: WARNING keystone.common.rbac_enforcer.enforcer [None req-fcc343d1-2768-41f6-92f5-cfded069865e admin admin] Deprecated policy rules found. Use oslopolicy-policy-generator and oslopolicy-policy-upgrade to detect and resolve deprecated policies in your configuration.
Jul 20 17:16:43 devstack devstack@keystone.service[42592]: DEBUG keystone.common.rbac_enforcer.enforcer [None req-fcc343d1-2768-41f6-92f5-cfded069865e admin admin] RBAC: Authorization granted {{(pid=42592) enforce_call /opt/stack/keystone/keystone/common/rbac_enforcer/enforcer.py:512}}
Jul 20 17:16:43 devstack devstack@keystone.service[42592]: [pid: 42592|app: 0|req: 3/5] 192.168.122.142 () {56 vars in 1187 bytes} [Mon Jul 20 17:16:43 2026] GET /identity/v3/projects?name=admin => generated 460 bytes in 83 msecs (HTTP/1.1 200) 5 headers in 177 bytes (1 switches on core 0)
Jul 20 17:16:43 devstack devstack@keystone.service[42593]: DEBUG keystone.server.flask.request_processing.middleware.auth_context [None req-88db0435-00fa-47a2-896f-9dbdb0bc00fd admin admin] Authenticating user token {{(pid=42593) process_request /opt/stack/data/venv/lib/python3.12/site-packages/keystonemiddleware/auth_token/__init__.py:406}}
Jul 20 17:16:43 devstack devstack@keystone.service[42593]: DEBUG keystone.server.flask.request_processing.middleware.auth_context [None req-88db0435-00fa-47a2-896f-9dbdb0bc00fd admin admin] Validating token access rules against request {{(pid=42593) validate_allowed_request /opt/stack/data/venv/lib/python3.12/site-packages/keystonemiddleware/auth_token/__init__.py:544}}
Jul 20 17:16:43 devstack devstack@keystone.service[42593]: DEBUG keystone.server.flask.request_processing.middleware.auth_context [None req-367b7a94-0a96-4f43-96cc-28d43a969367 admin admin] RBAC: auth_context: {'token': , 'domain_id': None, 'trust_id': None, 'trustor_id': None, 'trustee_id': None, 'domain_name': None, 'group_ids': [], 'user_id': 'f6f2143699ac45eab0d8980857d47f4a', 'user_domain_id': 'default', 'system_scope': None, 'project_id': 'c7c0d128db9843e182829df4666c9808', 'project_domain_id': 'default', 'roles': ['member', 'manager', 'admin', 'reader'], 'is_admin_project': True, 'service_user_id': None, 'service_user_domain_id': None, 'service_project_id': None, 'service_project_domain_id': None, 'service_roles': []} {{(pid=42593) fill_context /opt/stack/keystone/keystone/server/flask/request_processing/middleware/auth_context.py:516}}
Jul 20 17:16:43 devstack devstack@keystone.service[42593]: DEBUG keystone.server.flask.request_processing.req_logging [None req-367b7a94-0a96-4f43-96cc-28d43a969367 admin admin] REQUEST_METHOD: `GET` {{(pid=42593) log_request_info /opt/stack/keystone/keystone/server/flask/request_processing/req_logging.py:26}}
Jul 20 17:16:43 devstack devstack@keystone.service[42593]: DEBUG keystone.server.flask.request_processing.req_logging [None req-367b7a94-0a96-4f43-96cc-28d43a969367 admin admin] SCRIPT_NAME: `/identity` {{(pid=42593) log_request_info /opt/stack/keystone/keystone/server/flask/request_processing/req_logging.py:27}}
Jul 20 17:16:43 devstack devstack@keystone.service[42593]: DEBUG keystone.server.flask.request_processing.req_logging [None req-367b7a94-0a96-4f43-96cc-28d43a969367 admin admin] PATH_INFO: `/v3/projects/c7c0d128db9843e182829df4666c9808` {{(pid=42593) log_request_info /opt/stack/keystone/keystone/server/flask/request_processing/req_logging.py:28}}
Jul 20 17:16:43 devstack devstack@keystone.service[42593]: DEBUG keystone.common.rbac_enforcer.enforcer [None req-367b7a94-0a96-4f43-96cc-28d43a969367 admin admin] RBAC: Authorizing `identity:get_project(project_id=c7c0d128db9843e182829df4666c9808)` {{(pid=42593) enforce_call /opt/stack/keystone/keystone/common/rbac_enforcer/enforcer.py:501}}
Jul 20 17:16:43 devstack devstack@keystone.service[42593]: DEBUG keystone.common.rbac_enforcer.enforcer [None req-367b7a94-0a96-4f43-96cc-28d43a969367 admin admin] RBAC: Authorization granted {{(pid=42593) enforce_call /opt/stack/keystone/keystone/common/rbac_enforcer/enforcer.py:512}}
Jul 20 17:16:43 devstack devstack@keystone.service[42593]: [pid: 42593|app: 0|req: 3/6] 192.168.122.142 () {56 vars in 1252 bytes} [Mon Jul 20 17:16:43 2026] GET /identity/v3/projects/c7c0d128db9843e182829df4666c9808 => generated 348 bytes in 30 msecs (HTTP/1.1 200) 5 headers in 177 bytes (1 switches on core 0)
Jul 20 17:16:46 devstack devstack@keystone.service[42592]: DEBUG keystone.server.flask.request_processing.req_logging [None req-be127e22-ff4d-4b0e-bf79-e3d3413b9fdc None None] REQUEST_METHOD: `GET` {{(pid=42592) log_request_info /opt/stack/keystone/keystone/server/flask/request_processing/req_logging.py:26}}
Jul 20 17:16:46 devstack devstack@keystone.service[42592]: DEBUG keystone.server.flask.request_processing.req_logging [None req-be127e22-ff4d-4b0e-bf79-e3d3413b9fdc None None] SCRIPT_NAME: `/identity` {{(pid=42592) log_request_info /opt/stack/keystone/keystone/server/flask/request_processing/req_logging.py:27}}
Jul 20 17:16:46 devstack devstack@keystone.service[42592]: DEBUG keystone.server.flask.request_processing.req_logging [None req-be127e22-ff4d-4b0e-bf79-e3d3413b9fdc None None] PATH_INFO: `/` {{(pid=42592) log_request_info /opt/stack/keystone/keystone/server/flask/request_processing/req_logging.py:28}}
Jul 20 17:16:46 devstack devstack@keystone.service[42592]: [pid: 42592|app: 0|req: 4/7] 192.168.122.142 () {54 vars in 928 bytes} [Mon Jul 20 17:16:46 2026] GET /identity => generated 274 bytes in 3 msecs (HTTP/1.1 300) 6 headers in 238 bytes (1 switches on core 0)
Jul 20 17:16:46 devstack devstack@keystone.service[42593]: DEBUG keystone.server.flask.request_processing.req_logging [None req-b3d3ad04-bbfd-427d-8dad-0b91c112d102 None None] REQUEST_METHOD: `POST` {{(pid=42593) log_request_info /opt/stack/keystone/keystone/server/flask/request_processing/req_logging.py:26}}
Jul 20 17:16:46 devstack devstack@keystone.service[42593]: DEBUG keystone.server.flask.request_processing.req_logging [None req-b3d3ad04-bbfd-427d-8dad-0b91c112d102 None None] SCRIPT_NAME: `/identity` {{(pid=42593) log_request_info /opt/stack/keystone/keystone/server/flask/request_processing/req_logging.py:27}}
Jul 20 17:16:46 devstack devstack@keystone.service[42593]: DEBUG keystone.server.flask.request_processing.req_logging [None req-b3d3ad04-bbfd-427d-8dad-0b91c112d102 None None] PATH_INFO: `/v3/auth/tokens` {{(pid=42593) log_request_info /opt/stack/keystone/keystone/server/flask/request_processing/req_logging.py:28}}
Jul 20 17:16:46 devstack devstack@keystone.service[42593]: WARNING keystone.common.password_hashing [None req-b3d3ad04-bbfd-427d-8dad-0b91c112d102 None None] Truncating password to algorithm specific maximum length 72 characters.
Jul 20 17:16:46 devstack devstack@keystone.service[42593]: DEBUG keystone.auth.core [None req-b3d3ad04-bbfd-427d-8dad-0b91c112d102 None None] MFA Rules not processed for user `f6f2143699ac45eab0d8980857d47f4a`. Rule list: `[]` (Enabled: `True`). {{(pid=42593) check_auth_methods_against_rules /opt/stack/keystone/keystone/auth/core.py:476}}
Jul 20 17:16:46 devstack devstack@keystone.service[42593]: DEBUG keystone.common.fernet_utils [None req-b3d3ad04-bbfd-427d-8dad-0b91c112d102 None None] Loaded 2 Fernet keys from /etc/keystone/fernet-keys/, but `[fernet_tokens] max_active_keys = 3`; perhaps there have not been enough key rotations to reach `max_active_keys` yet? {{(pid=42593) load_keys /opt/stack/keystone/keystone/common/fernet_utils.py:297}}
Jul 20 17:16:46 devstack devstack@keystone.service[42593]: [pid: 42593|app: 0|req: 4/8] 192.168.122.142 () {58 vars in 1025 bytes} [Mon Jul 20 17:16:46 2026] POST /identity/v3/auth/tokens => generated 981 bytes in 77 msecs (HTTP/1.1 201) 6 headers in 384 bytes (1 switches on core 0)
Jul 20 17:16:46 devstack devstack@keystone.service[42592]: DEBUG keystone.server.flask.request_processing.middleware.auth_context [None req-be127e22-ff4d-4b0e-bf79-e3d3413b9fdc None None] Authenticating user token {{(pid=42592) process_request /opt/stack/data/venv/lib/python3.12/site-packages/keystonemiddleware/auth_token/__init__.py:406}}
Jul 20 17:16:46 devstack devstack@keystone.service[42592]: DEBUG keystone.server.flask.request_processing.middleware.auth_context [None req-be127e22-ff4d-4b0e-bf79-e3d3413b9fdc None None] Validating token access rules against request {{(pid=42592) validate_allowed_request /opt/stack/data/venv/lib/python3.12/site-packages/keystonemiddleware/auth_token/__init__.py:544}}
Jul 20 17:16:46 devstack devstack@keystone.service[42592]: DEBUG keystone.server.flask.request_processing.middleware.auth_context [None req-31755f26-f742-4184-84d8-bcdd1c56c49f admin admin] RBAC: auth_context: {'token': , 'domain_id': None, 'trust_id': None, 'trustor_id': None, 'trustee_id': None, 'domain_name': None, 'group_ids': [], 'user_id': 'f6f2143699ac45eab0d8980857d47f4a', 'user_domain_id': 'default', 'system_scope': None, 'project_id': 'c7c0d128db9843e182829df4666c9808', 'project_domain_id': 'default', 'roles': ['member', 'manager', 'admin', 'reader'], 'is_admin_project': True, 'service_user_id': None, 'service_user_domain_id': None, 'service_project_id': None, 'service_project_domain_id': None, 'service_roles': []} {{(pid=42592) fill_context /opt/stack/keystone/keystone/server/flask/request_processing/middleware/auth_context.py:516}}
Jul 20 17:16:46 devstack devstack@keystone.service[42592]: DEBUG keystone.server.flask.request_processing.req_logging [None req-31755f26-f742-4184-84d8-bcdd1c56c49f admin admin] REQUEST_METHOD: `GET` {{(pid=42592) log_request_info /opt/stack/keystone/keystone/server/flask/request_processing/req_logging.py:26}}
Jul 20 17:16:46 devstack devstack@keystone.service[42592]: DEBUG keystone.server.flask.request_processing.req_logging [None req-31755f26-f742-4184-84d8-bcdd1c56c49f admin admin] SCRIPT_NAME: `/identity` {{(pid=42592) log_request_info /opt/stack/keystone/keystone/server/flask/request_processing/req_logging.py:27}}
Jul 20 17:16:46 devstack devstack@keystone.service[42592]: DEBUG keystone.server.flask.request_processing.req_logging [None req-31755f26-f742-4184-84d8-bcdd1c56c49f admin admin] PATH_INFO: `/v3/users/admin` {{(pid=42592) log_request_info /opt/stack/keystone/keystone/server/flask/request_processing/req_logging.py:28}}
Jul 20 17:16:46 devstack devstack@keystone.service[42592]: DEBUG keystone.common.rbac_enforcer.enforcer [None req-31755f26-f742-4184-84d8-bcdd1c56c49f admin admin] RBAC: Authorizing `identity:get_user(user_id=admin)` {{(pid=42592) enforce_call /opt/stack/keystone/keystone/common/rbac_enforcer/enforcer.py:501}}
Jul 20 17:16:46 devstack devstack@keystone.service[42592]: DEBUG keystone.common.rbac_enforcer.enforcer [None req-31755f26-f742-4184-84d8-bcdd1c56c49f admin admin] RBAC: Authorization granted {{(pid=42592) enforce_call /opt/stack/keystone/keystone/common/rbac_enforcer/enforcer.py:512}}
Jul 20 17:16:46 devstack devstack@keystone.service[42592]: DEBUG keystone.server.flask.application [None req-31755f26-f742-4184-84d8-bcdd1c56c49f admin admin] Could not find user: admin. {{(pid=42592) _handle_keystone_exception /opt/stack/keystone/keystone/server/flask/application.py:146}}
Jul 20 17:16:46 devstack devstack@keystone.service[42592]: [pid: 42592|app: 0|req: 5/9] 192.168.122.142 () {56 vars in 1162 bytes} [Mon Jul 20 17:16:46 2026] GET /identity/v3/users/admin => generated 83 bytes in 60 msecs (HTTP/1.1 404) 5 headers in 183 bytes (1 switches on core 0)
Jul 20 17:16:46 devstack devstack@keystone.service[42593]: DEBUG keystone.server.flask.request_processing.middleware.auth_context [None req-b3d3ad04-bbfd-427d-8dad-0b91c112d102 None None] Authenticating user token {{(pid=42593) process_request /opt/stack/data/venv/lib/python3.12/site-packages/keystonemiddleware/auth_token/__init__.py:406}}
Jul 20 17:16:46 devstack devstack@keystone.service[42593]: DEBUG keystone.server.flask.request_processing.middleware.auth_context [None req-b3d3ad04-bbfd-427d-8dad-0b91c112d102 None None] Validating token access rules against request {{(pid=42593) validate_allowed_request /opt/stack/data/venv/lib/python3.12/site-packages/keystonemiddleware/auth_token/__init__.py:544}}
Jul 20 17:16:46 devstack devstack@keystone.service[42593]: DEBUG keystone.server.flask.request_processing.middleware.auth_context [None req-808aff5c-4ec0-47cb-937c-b52249b6d224 admin admin] RBAC: auth_context: {'token': , 'domain_id': None, 'trust_id': None, 'trustor_id': None, 'trustee_id': None, 'domain_name': None, 'group_ids': [], 'user_id': 'f6f2143699ac45eab0d8980857d47f4a', 'user_domain_id': 'default', 'system_scope': None, 'project_id': 'c7c0d128db9843e182829df4666c9808', 'project_domain_id': 'default', 'roles': ['member', 'manager', 'admin', 'reader'], 'is_admin_project': True, 'service_user_id': None, 'service_user_domain_id': None, 'service_project_id': None, 'service_project_domain_id': None, 'service_roles': []} {{(pid=42593) fill_context /opt/stack/keystone/keystone/server/flask/request_processing/middleware/auth_context.py:516}}
Jul 20 17:16:46 devstack devstack@keystone.service[42593]: DEBUG keystone.server.flask.request_processing.req_logging [None req-808aff5c-4ec0-47cb-937c-b52249b6d224 admin admin] REQUEST_METHOD: `GET` {{(pid=42593) log_request_info /opt/stack/keystone/keystone/server/flask/request_processing/req_logging.py:26}}
Jul 20 17:16:46 devstack devstack@keystone.service[42593]: DEBUG keystone.server.flask.request_processing.req_logging [None req-808aff5c-4ec0-47cb-937c-b52249b6d224 admin admin] SCRIPT_NAME: `/identity` {{(pid=42593) log_request_info /opt/stack/keystone/keystone/server/flask/request_processing/req_logging.py:27}}
Jul 20 17:16:46 devstack devstack@keystone.service[42593]: DEBUG keystone.server.flask.request_processing.req_logging [None req-808aff5c-4ec0-47cb-937c-b52249b6d224 admin admin] PATH_INFO: `/v3/users` {{(pid=42593) log_request_info /opt/stack/keystone/keystone/server/flask/request_processing/req_logging.py:28}}
Jul 20 17:16:46 devstack devstack@keystone.service[42593]: DEBUG keystone.common.rbac_enforcer.enforcer [None req-808aff5c-4ec0-47cb-937c-b52249b6d224 admin admin] RBAC: Adding query filter params (name=admin) {{(pid=42593) _extract_filter_values /opt/stack/keystone/keystone/common/rbac_enforcer/enforcer.py:176}}
Jul 20 17:16:46 devstack devstack@keystone.service[42593]: DEBUG keystone.common.rbac_enforcer.enforcer [None req-808aff5c-4ec0-47cb-937c-b52249b6d224 admin admin] RBAC: Authorizing `identity:list_users()` {{(pid=42593) enforce_call /opt/stack/keystone/keystone/common/rbac_enforcer/enforcer.py:501}}
Jul 20 17:16:46 devstack devstack@keystone.service[42593]: DEBUG keystone.common.rbac_enforcer.enforcer [None req-808aff5c-4ec0-47cb-937c-b52249b6d224 admin admin] RBAC: Authorization granted {{(pid=42593) enforce_call /opt/stack/keystone/keystone/common/rbac_enforcer/enforcer.py:512}}
Jul 20 17:16:46 devstack devstack@keystone.service[42593]: [pid: 42593|app: 0|req: 5/10] 192.168.122.142 () {56 vars in 1178 bytes} [Mon Jul 20 17:16:46 2026] GET /identity/v3/users?name=admin => generated 360 bytes in 75 msecs (HTTP/1.1 200) 5 headers in 177 bytes (1 switches on core 0)
Jul 20 17:16:49 devstack devstack@keystone.service[42592]: DEBUG keystone.server.flask.request_processing.req_logging [None req-d968ad17-234d-4f3b-b439-7070c54dc3eb None None] REQUEST_METHOD: `GET` {{(pid=42592) log_request_info /opt/stack/keystone/keystone/server/flask/request_processing/req_logging.py:26}}
Jul 20 17:16:49 devstack devstack@keystone.service[42592]: DEBUG keystone.server.flask.request_processing.req_logging [None req-d968ad17-234d-4f3b-b439-7070c54dc3eb None None] SCRIPT_NAME: `/identity` {{(pid=42592) log_request_info /opt/stack/keystone/keystone/server/flask/request_processing/req_logging.py:27}}
Jul 20 17:16:49 devstack devstack@keystone.service[42592]: DEBUG keystone.server.flask.request_processing.req_logging [None req-d968ad17-234d-4f3b-b439-7070c54dc3eb None None] PATH_INFO: `/` {{(pid=42592) log_request_info /opt/stack/keystone/keystone/server/flask/request_processing/req_logging.py:28}}
Jul 20 17:16:49 devstack devstack@keystone.service[42592]: [pid: 42592|app: 0|req: 6/11] 192.168.122.142 () {54 vars in 928 bytes} [Mon Jul 20 17:16:49 2026] GET /identity => generated 274 bytes in 3 msecs (HTTP/1.1 300) 6 headers in 238 bytes (1 switches on core 0)
Jul 20 17:16:49 devstack devstack@keystone.service[42593]: DEBUG keystone.server.flask.request_processing.req_logging [None req-5fde8d79-59d0-4ff0-9300-7a33e22dc87c None None] REQUEST_METHOD: `POST` {{(pid=42593) log_request_info /opt/stack/keystone/keystone/server/flask/request_processing/req_logging.py:26}}
Jul 20 17:16:49 devstack devstack@keystone.service[42593]: DEBUG keystone.server.flask.request_processing.req_logging [None req-5fde8d79-59d0-4ff0-9300-7a33e22dc87c None None] SCRIPT_NAME: `/identity` {{(pid=42593) log_request_info /opt/stack/keystone/keystone/server/flask/request_processing/req_logging.py:27}}
Jul 20 17:16:49 devstack devstack@keystone.service[42593]: DEBUG keystone.server.flask.request_processing.req_logging [None req-5fde8d79-59d0-4ff0-9300-7a33e22dc87c None None] PATH_INFO: `/v3/auth/tokens` {{(pid=42593) log_request_info /opt/stack/keystone/keystone/server/flask/request_processing/req_logging.py:28}}
Jul 20 17:16:49 devstack devstack@keystone.service[42592]: DEBUG keystone.server.flask.request_processing.req_logging [None req-f9a1698f-7922-456b-a630-3c3c683daf24 None None] REQUEST_METHOD: `GET` {{(pid=42592) log_request_info /opt/stack/keystone/keystone/server/flask/request_processing/req_logging.py:26}}
Jul 20 17:16:49 devstack devstack@keystone.service[42592]: DEBUG keystone.server.flask.request_processing.req_logging [None req-f9a1698f-7922-456b-a630-3c3c683daf24 None None] SCRIPT_NAME: `/identity` {{(pid=42592) log_request_info /opt/stack/keystone/keystone/server/flask/request_processing/req_logging.py:27}}
Jul 20 17:16:49 devstack devstack@keystone.service[42592]: DEBUG keystone.server.flask.request_processing.req_logging [None req-f9a1698f-7922-456b-a630-3c3c683daf24 None None] PATH_INFO: `/` {{(pid=42592) log_request_info /opt/stack/keystone/keystone/server/flask/request_processing/req_logging.py:28}}
Jul 20 17:16:49 devstack devstack@keystone.service[42592]: [pid: 42592|app: 0|req: 7/12] 192.168.122.142 () {54 vars in 928 bytes} [Mon Jul 20 17:16:49 2026] GET /identity => generated 274 bytes in 2 msecs (HTTP/1.1 300) 6 headers in 238 bytes (1 switches on core 0)
Jul 20 17:16:49 devstack devstack@keystone.service[42592]: DEBUG keystone.server.flask.request_processing.req_logging [None req-642899f5-70a9-4ea4-8165-3c55b56428a4 None None] REQUEST_METHOD: `POST` {{(pid=42592) log_request_info /opt/stack/keystone/keystone/server/flask/request_processing/req_logging.py:26}}
Jul 20 17:16:49 devstack devstack@keystone.service[42592]: DEBUG keystone.server.flask.request_processing.req_logging [None req-642899f5-70a9-4ea4-8165-3c55b56428a4 None None] SCRIPT_NAME: `/identity` {{(pid=42592) log_request_info /opt/stack/keystone/keystone/server/flask/request_processing/req_logging.py:27}}
Jul 20 17:16:49 devstack devstack@keystone.service[42592]: DEBUG keystone.server.flask.request_processing.req_logging [None req-642899f5-70a9-4ea4-8165-3c55b56428a4 None None] PATH_INFO: `/v3/auth/tokens` {{(pid=42592) log_request_info /opt/stack/keystone/keystone/server/flask/request_processing/req_logging.py:28}}
Jul 20 17:16:49 devstack devstack@keystone.service[42593]: WARNING keystone.common.password_hashing [None req-5fde8d79-59d0-4ff0-9300-7a33e22dc87c None None] Truncating password to algorithm specific maximum length 72 characters.
Jul 20 17:16:49 devstack devstack@keystone.service[42592]: WARNING keystone.common.password_hashing [None req-642899f5-70a9-4ea4-8165-3c55b56428a4 None None] Truncating password to algorithm specific maximum length 72 characters.
Jul 20 17:16:49 devstack devstack@keystone.service[42593]: DEBUG keystone.auth.core [None req-5fde8d79-59d0-4ff0-9300-7a33e22dc87c None None] MFA Rules not processed for user `f6f2143699ac45eab0d8980857d47f4a`. Rule list: `[]` (Enabled: `True`). {{(pid=42593) check_auth_methods_against_rules /opt/stack/keystone/keystone/auth/core.py:476}}
Jul 20 17:16:49 devstack devstack@keystone.service[42593]: DEBUG keystone.common.fernet_utils [None req-5fde8d79-59d0-4ff0-9300-7a33e22dc87c None None] Loaded 2 Fernet keys from /etc/keystone/fernet-keys/, but `[fernet_tokens] max_active_keys = 3`; perhaps there have not been enough key rotations to reach `max_active_keys` yet? {{(pid=42593) load_keys /opt/stack/keystone/keystone/common/fernet_utils.py:297}}
Jul 20 17:16:49 devstack devstack@keystone.service[42592]: DEBUG keystone.auth.core [None req-642899f5-70a9-4ea4-8165-3c55b56428a4 None None] MFA Rules not processed for user `f6f2143699ac45eab0d8980857d47f4a`. Rule list: `[]` (Enabled: `True`). {{(pid=42592) check_auth_methods_against_rules /opt/stack/keystone/keystone/auth/core.py:476}}
Jul 20 17:16:49 devstack devstack@keystone.service[42592]: DEBUG keystone.common.fernet_utils [None req-642899f5-70a9-4ea4-8165-3c55b56428a4 None None] Loaded 2 Fernet keys from /etc/keystone/fernet-keys/, but `[fernet_tokens] max_active_keys = 3`; perhaps there have not been enough key rotations to reach `max_active_keys` yet? {{(pid=42592) load_keys /opt/stack/keystone/keystone/common/fernet_utils.py:297}}
Jul 20 17:16:49 devstack devstack@keystone.service[42593]: [pid: 42593|app: 0|req: 6/13] 192.168.122.142 () {58 vars in 1025 bytes} [Mon Jul 20 17:16:49 2026] POST /identity/v3/auth/tokens => generated 866 bytes in 175 msecs (HTTP/1.1 201) 6 headers in 363 bytes (1 switches on core 0)
Jul 20 17:16:49 devstack devstack@keystone.service[42592]: [pid: 42592|app: 0|req: 8/14] 192.168.122.142 () {58 vars in 1025 bytes} [Mon Jul 20 17:16:49 2026] POST /identity/v3/auth/tokens => generated 866 bytes in 162 msecs (HTTP/1.1 201) 6 headers in 363 bytes (1 switches on core 0)
Jul 20 17:16:50 devstack devstack@keystone.service[42593]: DEBUG keystone.server.flask.request_processing.middleware.auth_context [None req-5fde8d79-59d0-4ff0-9300-7a33e22dc87c None None] Authenticating user token {{(pid=42593) process_request /opt/stack/data/venv/lib/python3.12/site-packages/keystonemiddleware/auth_token/__init__.py:406}}
Jul 20 17:16:50 devstack devstack@keystone.service[42592]: DEBUG keystone.server.flask.request_processing.middleware.auth_context [None req-642899f5-70a9-4ea4-8165-3c55b56428a4 None None] Authenticating user token {{(pid=42592) process_request /opt/stack/data/venv/lib/python3.12/site-packages/keystonemiddleware/auth_token/__init__.py:406}}
Jul 20 17:16:50 devstack devstack@keystone.service[42593]: DEBUG keystone.server.flask.request_processing.middleware.auth_context [None req-5fde8d79-59d0-4ff0-9300-7a33e22dc87c None None] Validating token access rules against request {{(pid=42593) validate_allowed_request /opt/stack/data/venv/lib/python3.12/site-packages/keystonemiddleware/auth_token/__init__.py:544}}
Jul 20 17:16:50 devstack devstack@keystone.service[42592]: DEBUG keystone.server.flask.request_processing.middleware.auth_context [None req-642899f5-70a9-4ea4-8165-3c55b56428a4 None None] Validating token access rules against request {{(pid=42592) validate_allowed_request /opt/stack/data/venv/lib/python3.12/site-packages/keystonemiddleware/auth_token/__init__.py:544}}
Jul 20 17:16:50 devstack devstack@keystone.service[42592]: DEBUG keystone.server.flask.request_processing.middleware.auth_context [None req-82679559-f1b8-4d37-be74-728bd7fed682 None admin] RBAC: auth_context: {'token': , 'domain_id': None, 'trust_id': None, 'trustor_id': None, 'trustee_id': None, 'domain_name': None, 'group_ids': [], 'user_id': 'f6f2143699ac45eab0d8980857d47f4a', 'user_domain_id': 'default', 'system_scope': 'all', 'project_id': None, 'project_domain_id': None, 'roles': ['admin', 'manager', 'member', 'reader'], 'is_admin_project': True, 'service_user_id': None, 'service_user_domain_id': None, 'service_project_id': None, 'service_project_domain_id': None, 'service_roles': []} {{(pid=42592) fill_context /opt/stack/keystone/keystone/server/flask/request_processing/middleware/auth_context.py:516}}
Jul 20 17:16:50 devstack devstack@keystone.service[42593]: DEBUG keystone.server.flask.request_processing.middleware.auth_context [None req-30ac5369-8b00-46fe-ae21-ebb390288f25 None admin] RBAC: auth_context: {'token': , 'domain_id': None, 'trust_id': None, 'trustor_id': None, 'trustee_id': None, 'domain_name': None, 'group_ids': [], 'user_id': 'f6f2143699ac45eab0d8980857d47f4a', 'user_domain_id': 'default', 'system_scope': 'all', 'project_id': None, 'project_domain_id': None, 'roles': ['admin', 'manager', 'member', 'reader'], 'is_admin_project': True, 'service_user_id': None, 'service_user_domain_id': None, 'service_project_id': None, 'service_project_domain_id': None, 'service_roles': []} {{(pid=42593) fill_context /opt/stack/keystone/keystone/server/flask/request_processing/middleware/auth_context.py:516}}
Jul 20 17:16:50 devstack devstack@keystone.service[42592]: DEBUG keystone.server.flask.request_processing.req_logging [None req-82679559-f1b8-4d37-be74-728bd7fed682 None admin] REQUEST_METHOD: `POST` {{(pid=42592) log_request_info /opt/stack/keystone/keystone/server/flask/request_processing/req_logging.py:26}}
Jul 20 17:16:50 devstack devstack@keystone.service[42593]: DEBUG keystone.server.flask.request_processing.req_logging [None req-30ac5369-8b00-46fe-ae21-ebb390288f25 None admin] REQUEST_METHOD: `GET` {{(pid=42593) log_request_info /opt/stack/keystone/keystone/server/flask/request_processing/req_logging.py:26}}
Jul 20 17:16:50 devstack devstack@keystone.service[42592]: DEBUG keystone.server.flask.request_processing.req_logging [None req-82679559-f1b8-4d37-be74-728bd7fed682 None admin] SCRIPT_NAME: `/identity` {{(pid=42592) log_request_info /opt/stack/keystone/keystone/server/flask/request_processing/req_logging.py:27}}
Jul 20 17:16:50 devstack devstack@keystone.service[42593]: DEBUG keystone.server.flask.request_processing.req_logging [None req-30ac5369-8b00-46fe-ae21-ebb390288f25 None admin] SCRIPT_NAME: `/identity` {{(pid=42593) log_request_info /opt/stack/keystone/keystone/server/flask/request_processing/req_logging.py:27}}
Jul 20 17:16:50 devstack devstack@keystone.service[42592]: DEBUG keystone.server.flask.request_processing.req_logging [None req-82679559-f1b8-4d37-be74-728bd7fed682 None admin] PATH_INFO: `/v3/domains` {{(pid=42592) log_request_info /opt/stack/keystone/keystone/server/flask/request_processing/req_logging.py:28}}
Jul 20 17:16:50 devstack devstack@keystone.service[42593]: DEBUG keystone.server.flask.request_processing.req_logging [None req-30ac5369-8b00-46fe-ae21-ebb390288f25 None admin] PATH_INFO: `/v3/roles/admin` {{(pid=42593) log_request_info /opt/stack/keystone/keystone/server/flask/request_processing/req_logging.py:28}}
Jul 20 17:16:50 devstack devstack@keystone.service[42592]: DEBUG keystone.common.rbac_enforcer.enforcer [None req-82679559-f1b8-4d37-be74-728bd7fed682 None admin] RBAC: Authorizing `identity:create_domain()` {{(pid=42592) enforce_call /opt/stack/keystone/keystone/common/rbac_enforcer/enforcer.py:501}}
Jul 20 17:16:50 devstack devstack@keystone.service[42592]: DEBUG keystone.common.rbac_enforcer.enforcer [None req-82679559-f1b8-4d37-be74-728bd7fed682 None admin] RBAC: Authorization granted {{(pid=42592) enforce_call /opt/stack/keystone/keystone/common/rbac_enforcer/enforcer.py:512}}
Jul 20 17:16:50 devstack devstack@keystone.service[42593]: DEBUG keystone.common.rbac_enforcer.enforcer [None req-30ac5369-8b00-46fe-ae21-ebb390288f25 None admin] Extracting inferred target data resulted in "NOT FOUND (404)". {{(pid=42593) enforce_call /opt/stack/keystone/keystone/common/rbac_enforcer/enforcer.py:445}}
Jul 20 17:16:50 devstack devstack@keystone.service[42592]: DEBUG keystone.common.sql.core [None req-82679559-f1b8-4d37-be74-728bd7fed682 None admin] Conflict project: (pymysql.err.IntegrityError) (1062, "Duplicate entry '<>-Default' for key 'project.ixu_project_name_domain_id'")
Jul 20 17:16:50 devstack devstack@keystone.service[42592]: [SQL: INSERT INTO project (id, name, domain_id, description, enabled, extra, parent_id, is_domain) VALUES (%(id)s, %(name)s, %(domain_id)s, %(description)s, %(enabled)s, %(extra)s, %(parent_id)s, %(is_domain)s)]
Jul 20 17:16:50 devstack devstack@keystone.service[42592]: [parameters: {'id': 'dd68ea5d274b4fdb871349ac9bc7e191', 'name': 'Default', 'domain_id': '<>', 'description': '', 'enabled': 1, 'extra': '{}', 'parent_id': None, 'is_domain': 1}]
Jul 20 17:16:50 devstack devstack@keystone.service[42592]: (Background on this error at: https://sqlalche.me/e/20/gkpj) {{(pid=42592) wrapper /opt/stack/keystone/keystone/common/sql/core.py:580}}
Jul 20 17:16:50 devstack devstack@keystone.service[42593]: DEBUG keystone.server.flask.application [None req-30ac5369-8b00-46fe-ae21-ebb390288f25 None admin] Could not find role: admin. {{(pid=42593) _handle_keystone_exception /opt/stack/keystone/keystone/server/flask/application.py:146}}
Jul 20 17:16:50 devstack devstack@keystone.service[42593]: [pid: 42593|app: 0|req: 7/15] 192.168.122.142 () {56 vars in 1141 bytes} [Mon Jul 20 17:16:50 2026] GET /identity/v3/roles/admin => generated 83 bytes in 174 msecs (HTTP/1.1 404) 5 headers in 183 bytes (1 switches on core 0)
Jul 20 17:16:50 devstack devstack@keystone.service[42593]: DEBUG keystone.server.flask.request_processing.middleware.auth_context [None req-30ac5369-8b00-46fe-ae21-ebb390288f25 None admin] Authenticating user token {{(pid=42593) process_request /opt/stack/data/venv/lib/python3.12/site-packages/keystonemiddleware/auth_token/__init__.py:406}}
Jul 20 17:16:50 devstack devstack@keystone.service[42592]: ERROR keystone.server.flask.application [None req-82679559-f1b8-4d37-be74-728bd7fed682 None admin] Conflict occurred attempting to store project - it is not permitted to have two projects acting as domains with the same name: Default.: keystone.exception.Conflict: Conflict occurred attempting to store project - it is not permitted to have two projects acting as domains with the same name: Default.
Jul 20 17:16:50 devstack devstack@keystone.service[42592]: ERROR keystone.server.flask.application
Traceback (most recent call last):
Jul 20 17:16:50 devstack devstack@keystone.service[42592]: ERROR keystone.server.flask.application
File "/opt/stack/data/venv/lib/python3.12/site-packages/sqlalchemy/engine/base.py", line 1969, in _exec_single_context
Jul 20 17:16:50 devstack devstack@keystone.service[42592]: ERROR keystone.server.flask.application self.dialect.do_execute(
Jul 20 17:16:50 devstack devstack@keystone.service[42592]: ERROR keystone.server.flask.application
File "/opt/stack/data/venv/lib/python3.12/site-packages/sqlalchemy/engine/default.py", line 952, in do_execute
Jul 20 17:16:50 devstack devstack@keystone.service[42592]: ERROR keystone.server.flask.application cursor.execute(statement, parameters)
Jul 20 17:16:50 devstack devstack@keystone.service[42592]: ERROR keystone.server.flask.application
File "/opt/stack/data/venv/lib/python3.12/site-packages/pymysql/cursors.py", line 159, in execute
Jul 20 17:16:50 devstack devstack@keystone.service[42592]: ERROR keystone.server.flask.application result = self._query(query)
Jul 20 17:16:50 devstack devstack@keystone.service[42592]: ERROR keystone.server.flask.application ^^^^^^^^^^^^^^^^^^
Jul 20 17:16:50 devstack devstack@keystone.service[42592]: ERROR keystone.server.flask.application
File "/opt/stack/data/venv/lib/python3.12/site-packages/pymysql/cursors.py", line 330, in _query
Jul 20 17:16:50 devstack devstack@keystone.service[42592]: ERROR keystone.server.flask.application conn.query(q)
Jul 20 17:16:50 devstack devstack@keystone.service[42592]: ERROR keystone.server.flask.application
File "/opt/stack/data/venv/lib/python3.12/site-packages/pymysql/connections.py", line 582, in query
Jul 20 17:16:50 devstack devstack@keystone.service[42592]: ERROR keystone.server.flask.application self._affected_rows = self._read_query_result(unbuffered=unbuffered)
Jul 20 17:16:50 devstack devstack@keystone.service[42592]: ERROR keystone.server.flask.application ^^^^^^^^^^^^^^^^^^^^^^^^^^^^^^^^^^^^^^^^^^^^^^
Jul 20 17:16:50 devstack devstack@keystone.service[42592]: ERROR keystone.server.flask.application
File "/opt/stack/data/venv/lib/python3.12/site-packages/pymysql/connections.py", line 847, in _read_query_result
Jul 20 17:16:50 devstack devstack@keystone.service[42592]: ERROR keystone.server.flask.application result.read()
Jul 20 17:16:50 devstack devstack@keystone.service[42592]: ERROR keystone.server.flask.application
File "/opt/stack/data/venv/lib/python3.12/site-packages/pymysql/connections.py", line 1245, in read
Jul 20 17:16:50 devstack devstack@keystone.service[42592]: ERROR keystone.server.flask.application first_packet = self.connection._read_packet()
Jul 20 17:16:50 devstack devstack@keystone.service[42592]: ERROR keystone.server.flask.application ^^^^^^^^^^^^^^^^^^^^^^^^^^^^^^
Jul 20 17:16:50 devstack devstack@keystone.service[42592]: ERROR keystone.server.flask.application
File "/opt/stack/data/venv/lib/python3.12/site-packages/pymysql/connections.py", line 803, in _read_packet
Jul 20 17:16:50 devstack devstack@keystone.service[42592]: ERROR keystone.server.flask.application packet.raise_for_error()
Jul 20 17:16:50 devstack devstack@keystone.service[42592]: ERROR keystone.server.flask.application
File "/opt/stack/data/venv/lib/python3.12/site-packages/pymysql/protocol.py", line 219, in raise_for_error
Jul 20 17:16:50 devstack devstack@keystone.service[42592]: ERROR keystone.server.flask.application err.raise_mysql_exception(self._data)
Jul 20 17:16:50 devstack devstack@keystone.service[42592]: ERROR keystone.server.flask.application
File "/opt/stack/data/venv/lib/python3.12/site-packages/pymysql/err.py", line 154, in raise_mysql_exception
Jul 20 17:16:50 devstack devstack@keystone.service[42592]: ERROR keystone.server.flask.application raise errorclass(errno, errval, sqlstate=sqlstate)
Jul 20 17:16:50 devstack devstack@keystone.service[42592]: ERROR keystone.server.flask.application pymysql.err.IntegrityError: (1062, "Duplicate entry '<>-Default' for key 'project.ixu_project_name_domain_id'")
Jul 20 17:16:50 devstack devstack@keystone.service[42592]: ERROR keystone.server.flask.application
Jul 20 17:16:50 devstack devstack@keystone.service[42592]: ERROR keystone.server.flask.application The above exception was the direct cause of the following exception:
Jul 20 17:16:50 devstack devstack@keystone.service[42592]: ERROR keystone.server.flask.application
Jul 20 17:16:50 devstack devstack@keystone.service[42592]: ERROR keystone.server.flask.application
Traceback (most recent call last):
Jul 20 17:16:50 devstack devstack@keystone.service[42592]: ERROR keystone.server.flask.application
File "/opt/stack/keystone/keystone/common/sql/core.py", line 575, in wrapper
Jul 20 17:16:50 devstack devstack@keystone.service[42592]: ERROR keystone.server.flask.application return method(*args, **kwargs)
Jul 20 17:16:50 devstack devstack@keystone.service[42592]: ERROR keystone.server.flask.application ^^^^^^^^^^^^^^^^^^^^^^^
Jul 20 17:16:50 devstack devstack@keystone.service[42592]: ERROR keystone.server.flask.application
File "/opt/stack/keystone/keystone/resource/backends/sql.py", line 278, in create_project
Jul 20 17:16:50 devstack devstack@keystone.service[42592]: ERROR keystone.server.flask.application with sql.session_for_write() as session:
Jul 20 17:16:50 devstack devstack@keystone.service[42592]: ERROR keystone.server.flask.application
File "/usr/lib/python3.12/contextlib.py", line 144, in __exit__
Jul 20 17:16:50 devstack devstack@keystone.service[42592]: ERROR keystone.server.flask.application next(self.gen)
Jul 20 17:16:50 devstack devstack@keystone.service[42592]: ERROR keystone.server.flask.application
File "/opt/stack/data/venv/lib/python3.12/site-packages/oslo_db/sqlalchemy/enginefacade.py", line 1175, in _transaction_scope
Jul 20 17:16:50 devstack devstack@keystone.service[42592]: ERROR keystone.server.flask.application with current._produce_block(
Jul 20 17:16:50 devstack devstack@keystone.service[42592]: ERROR keystone.server.flask.application
File "/usr/lib/python3.12/contextlib.py", line 144, in __exit__
Jul 20 17:16:50 devstack devstack@keystone.service[42592]: ERROR keystone.server.flask.application next(self.gen)
Jul 20 17:16:50 devstack devstack@keystone.service[42592]: ERROR keystone.server.flask.application
File "/opt/stack/data/venv/lib/python3.12/site-packages/oslo_db/sqlalchemy/enginefacade.py", line 837, in _session
Jul 20 17:16:50 devstack devstack@keystone.service[42592]: ERROR keystone.server.flask.application with excutils.save_and_reraise_exception():
Jul 20 17:16:50 devstack devstack@keystone.service[42592]: ERROR keystone.server.flask.application
File "/opt/stack/data/venv/lib/python3.12/site-packages/oslo_utils/excutils.py", line 266, in __exit__
Jul 20 17:16:50 devstack devstack@keystone.service[42592]: ERROR keystone.server.flask.application self.force_reraise()
Jul 20 17:16:50 devstack devstack@keystone.service[42592]: ERROR keystone.server.flask.application
File "/opt/stack/data/venv/lib/python3.12/site-packages/oslo_utils/excutils.py", line 232, in force_reraise
Jul 20 17:16:50 devstack devstack@keystone.service[42592]: ERROR keystone.server.flask.application raise self.value
Jul 20 17:16:50 devstack devstack@keystone.service[42592]: ERROR keystone.server.flask.application
File "/opt/stack/data/venv/lib/python3.12/site-packages/oslo_db/sqlalchemy/enginefacade.py", line 835, in _session
