Jul 20 17:36:39 devstack sudo[94644]: pam_unix(sudo:session): session closed for user root
Jul 20 17:36:39 devstack cinder-volume[87495]: DEBUG oslo_concurrency.processutils [None req-cc7d45f5-f1ec-45b5-9e45-2e21a57691dc tempest-GroupsV314Test-457595213 None] CMD "sudo cinder-rootwrap /etc/cinder/rootwrap.conf qemu-img rebase -u -b volume-43662c6b-b3d8-4e37-ab55-7793bd588174 -F qcow2 /opt/stack/data/cinder/mnt/52b9c85c9891161aab1de4a02e981803/volume-43662c6b-b3d8-4e37-ab55-7793bd588174.573fb135-4aa1-4d4d-8ca3-15b8eddeb72f" returned: 0 in 0.355s {{(pid=87495) execute /opt/stack/data/venv/lib/python3.12/site-packages/oslo_concurrency/processutils.py:468}}
Jul 20 17:36:39 devstack cinder-volume[87495]: WARNING cinder.volume.drivers.remotefs [None req-cc7d45f5-f1ec-45b5-9e45-2e21a57691dc tempest-GroupsV314Test-457595213 None] /opt/stack/data/cinder/mnt/52b9c85c9891161aab1de4a02e981803/volume-43662c6b-b3d8-4e37-ab55-7793bd588174.573fb135-4aa1-4d4d-8ca3-15b8eddeb72f is being set with open permissions: ugo+rw: NotImplementedError
Jul 20 17:36:39 devstack cinder-volume[87495]: DEBUG oslo_concurrency.processutils [None req-cc7d45f5-f1ec-45b5-9e45-2e21a57691dc tempest-GroupsV314Test-457595213 None] Running cmd (subprocess): sudo cinder-rootwrap /etc/cinder/rootwrap.conf chmod ugo+rw /opt/stack/data/cinder/mnt/52b9c85c9891161aab1de4a02e981803/volume-43662c6b-b3d8-4e37-ab55-7793bd588174.573fb135-4aa1-4d4d-8ca3-15b8eddeb72f {{(pid=87495) execute /opt/stack/data/venv/lib/python3.12/site-packages/oslo_concurrency/processutils.py:440}}
Jul 20 17:36:39 devstack sudo[94649]: quobyte : PWD=/ ; USER=root ; COMMAND=/opt/stack/data/venv/bin/cinder-rootwrap /etc/cinder/rootwrap.conf chmod ugo+rw /opt/stack/data/cinder/mnt/52b9c85c9891161aab1de4a02e981803/volume-43662c6b-b3d8-4e37-ab55-7793bd588174.573fb135-4aa1-4d4d-8ca3-15b8eddeb72f
Jul 20 17:36:39 devstack sudo[94649]: pam_unix(sudo:session): session opened for user root(uid=0) by (uid=1000)
Jul 20 17:36:40 devstack cinder-volume[87495]: DEBUG cinder.volume.flows.manager.create_volume [None req-b0d0ebe9-930a-4f0f-b7d3-161eadd1750c tempest-GroupsTest-423617568 None] Volume reschedule parameters: True retry: {'num_attempts': 1, 'backends': ['devstack@QuobyteHD#QuobyteHD'], 'hosts': ['devstack@QuobyteHD#QuobyteHD']} {{(pid=87495) get_flow /opt/stack/cinder/cinder/volume/flows/manager/create_volume.py:1397}}
Jul 20 17:36:40 devstack cinder-volume[87495]: DEBUG cinder.volume.manager [None req-b0d0ebe9-930a-4f0f-b7d3-161eadd1750c tempest-GroupsTest-423617568 None] Flow 'volume_create_manager' (e80bcf6e-6d99-4eb3-9538-020bd84f2d14) transitioned into state 'RUNNING' from state 'PENDING' {{(pid=87495) _flow_receiver /opt/stack/data/venv/lib/python3.12/site-packages/taskflow/listeners/logging.py:160}}
Jul 20 17:36:40 devstack cinder-volume[87495]: DEBUG cinder.volume.manager [None req-b0d0ebe9-930a-4f0f-b7d3-161eadd1750c tempest-GroupsTest-423617568 None] Task 'cinder.volume.flows.manager.create_volume.ExtractVolumeRefTask;volume:create' (9ff47c83-4803-4606-b05a-d9207cde0478) transitioned into state 'RUNNING' from state 'PENDING' {{(pid=87495) _task_receiver /opt/stack/data/venv/lib/python3.12/site-packages/taskflow/listeners/logging.py:242}}
Jul 20 17:36:40 devstack cinder-volume[87495]: DEBUG cinder.volume.manager [None req-b0d0ebe9-930a-4f0f-b7d3-161eadd1750c tempest-GroupsTest-423617568 None] Task 'cinder.volume.flows.manager.create_volume.ExtractVolumeRefTask;volume:create' (9ff47c83-4803-4606-b05a-d9207cde0478) transitioned into state 'SUCCESS' from state 'RUNNING' with result 'Volume(_name_id=None,admin_metadata=,attach_status='detached',availability_zone='nova',bootable=False,cluster=,cluster_name=None,consistencygroup=,consistencygroup_id=None,created_at=2026-07-20T15:36:40Z,deleted=False,deleted_at=None,display_description=None,display_name='tempest-volume-602758975',ec2_id=None,encryption_key_id=None,glance_metadata=,group=,group_id=e6c860d9-d26b-4c30-bacd-44ed6c4d1149,host='devstack@QuobyteHD#QuobyteHD',id=2d966933-fdf8-4156-aba9-e9cb94e0e429,launched_at=None,metadata={},migration_status=None,multiattach=False,previous_status=None,project_id='b63f6b0f169544219d752baf245f94d4',provider_auth=None,provider_geometry=None,provider_id=None,provider_location=None,replication_driver_data=None,replication_extended_status=None,replication_status=None,scheduled_at=2026-07-20T15:36:40Z,service_uuid=None,shared_targets=True,size=1,snapshot_id=None,snapshots=,source_volid=None,status='creating',terminated_at=None,updated_at=2026-07-20T15:36:40Z,use_quota=True,user_id='af7ad770303e41189a72e0ace92eef1d',volume_attachment=VolumeAttachmentList,volume_type=VolumeType(9510e324-db7f-4dc1-9308-77280d305ae8),volume_type_id=9510e324-db7f-4dc1-9308-77280d305ae8)' {{(pid=87495) _task_receiver /opt/stack/data/venv/lib/python3.12/site-packages/taskflow/listeners/logging.py:218}}
Jul 20 17:36:40 devstack cinder-volume[87495]: DEBUG cinder.volume.manager [None req-b0d0ebe9-930a-4f0f-b7d3-161eadd1750c tempest-GroupsTest-423617568 None] Task 'cinder.volume.flows.manager.create_volume.OnFailureRescheduleTask;volume:create' (20352321-d7da-4998-bdf0-bf43cb4ff745) transitioned into state 'RUNNING' from state 'PENDING' {{(pid=87495) _task_receiver /opt/stack/data/venv/lib/python3.12/site-packages/taskflow/listeners/logging.py:242}}
Jul 20 17:36:40 devstack cinder-volume[87495]: DEBUG cinder.volume.manager [None req-b0d0ebe9-930a-4f0f-b7d3-161eadd1750c tempest-GroupsTest-423617568 None] Task 'cinder.volume.flows.manager.create_volume.OnFailureRescheduleTask;volume:create' (20352321-d7da-4998-bdf0-bf43cb4ff745) transitioned into state 'SUCCESS' from state 'RUNNING' with result 'None' {{(pid=87495) _task_receiver /opt/stack/data/venv/lib/python3.12/site-packages/taskflow/listeners/logging.py:218}}
Jul 20 17:36:40 devstack cinder-volume[87495]: DEBUG cinder.volume.manager [None req-b0d0ebe9-930a-4f0f-b7d3-161eadd1750c tempest-GroupsTest-423617568 None] Task 'cinder.volume.flows.manager.create_volume.ExtractVolumeSpecTask;volume:create' (9d5a580a-a0ff-47ca-b2d1-8d0489f27002) transitioned into state 'RUNNING' from state 'PENDING' {{(pid=87495) _task_receiver /opt/stack/data/venv/lib/python3.12/site-packages/taskflow/listeners/logging.py:242}}
Jul 20 17:36:40 devstack cinder-volume[87495]: DEBUG cinder.volume.manager [None req-b0d0ebe9-930a-4f0f-b7d3-161eadd1750c tempest-GroupsTest-423617568 None] Task 'cinder.volume.flows.manager.create_volume.ExtractVolumeSpecTask;volume:create' (9d5a580a-a0ff-47ca-b2d1-8d0489f27002) transitioned into state 'SUCCESS' from state 'RUNNING' with result '{'status': 'creating', 'type': 'raw', 'volume_id': '2d966933-fdf8-4156-aba9-e9cb94e0e429', 'volume_name': 'volume-2d966933-fdf8-4156-aba9-e9cb94e0e429', 'volume_size': 1}' {{(pid=87495) _task_receiver /opt/stack/data/venv/lib/python3.12/site-packages/taskflow/listeners/logging.py:218}}
Jul 20 17:36:40 devstack cinder-volume[87495]: DEBUG cinder.volume.manager [None req-b0d0ebe9-930a-4f0f-b7d3-161eadd1750c tempest-GroupsTest-423617568 None] Task 'cinder.volume.flows.manager.create_volume.NotifyVolumeActionTask;volume:create, create.start' (87b64de2-0499-4971-98e1-b66e62e9a934) transitioned into state 'RUNNING' from state 'PENDING' {{(pid=87495) _task_receiver /opt/stack/data/venv/lib/python3.12/site-packages/taskflow/listeners/logging.py:242}}
Jul 20 17:36:40 devstack cinder-volume[87495]: DEBUG cinder.volume.manager [None req-b0d0ebe9-930a-4f0f-b7d3-161eadd1750c tempest-GroupsTest-423617568 None] Task 'cinder.volume.flows.manager.create_volume.NotifyVolumeActionTask;volume:create, create.start' (87b64de2-0499-4971-98e1-b66e62e9a934) transitioned into state 'SUCCESS' from state 'RUNNING' with result 'None' {{(pid=87495) _task_receiver /opt/stack/data/venv/lib/python3.12/site-packages/taskflow/listeners/logging.py:218}}
Jul 20 17:36:40 devstack cinder-volume[87495]: DEBUG cinder.volume.manager [None req-b0d0ebe9-930a-4f0f-b7d3-161eadd1750c tempest-GroupsTest-423617568 None] Task 'cinder.volume.flows.manager.create_volume.CreateVolumeFromSpecTask;volume:create' (52009561-59ae-4d44-b6a1-992d55f7e3fc) transitioned into state 'RUNNING' from state 'PENDING' {{(pid=87495) _task_receiver /opt/stack/data/venv/lib/python3.12/site-packages/taskflow/listeners/logging.py:242}}
Jul 20 17:36:40 devstack cinder-volume[87495]: INFO cinder.volume.flows.manager.create_volume [None req-b0d0ebe9-930a-4f0f-b7d3-161eadd1750c tempest-GroupsTest-423617568 None] Volume 2d966933-fdf8-4156-aba9-e9cb94e0e429: being created as raw with specification: {'status': 'creating', 'volume_name': 'volume-2d966933-fdf8-4156-aba9-e9cb94e0e429', 'volume_size': 1}
Jul 20 17:36:40 devstack cinder-volume[87495]: DEBUG oslo_concurrency.lockutils [None req-b0d0ebe9-930a-4f0f-b7d3-161eadd1750c tempest-GroupsTest-423617568 None] Acquiring lock "quobyte" by "cinder.volume.drivers.quobyte.QuobyteDriver.create_volume" {{(pid=87495) inner /opt/stack/data/venv/lib/python3.12/site-packages/oslo_concurrency/lockutils.py:512}}
Jul 20 17:36:40 devstack sudo[94649]: pam_unix(sudo:session): session closed for user root
Jul 20 17:36:40 devstack cinder-volume[87495]: DEBUG oslo_concurrency.processutils [None req-cc7d45f5-f1ec-45b5-9e45-2e21a57691dc tempest-GroupsV314Test-457595213 None] CMD "sudo cinder-rootwrap /etc/cinder/rootwrap.conf chmod ugo+rw /opt/stack/data/cinder/mnt/52b9c85c9891161aab1de4a02e981803/volume-43662c6b-b3d8-4e37-ab55-7793bd588174.573fb135-4aa1-4d4d-8ca3-15b8eddeb72f" returned: 0 in 0.487s {{(pid=87495) execute /opt/stack/data/venv/lib/python3.12/site-packages/oslo_concurrency/processutils.py:468}}
Jul 20 17:36:40 devstack cinder-volume[87495]: DEBUG oslo_concurrency.processutils [None req-cc7d45f5-f1ec-45b5-9e45-2e21a57691dc tempest-GroupsV314Test-457595213 None] Running cmd (subprocess): sudo cinder-rootwrap /etc/cinder/rootwrap.conf truncate -s0 /opt/stack/data/cinder/mnt/52b9c85c9891161aab1de4a02e981803/volume-43662c6b-b3d8-4e37-ab55-7793bd588174.info {{(pid=87495) execute /opt/stack/data/venv/lib/python3.12/site-packages/oslo_concurrency/processutils.py:440}}
Jul 20 17:36:40 devstack sudo[94653]: quobyte : PWD=/ ; USER=root ; COMMAND=/opt/stack/data/venv/bin/cinder-rootwrap /etc/cinder/rootwrap.conf truncate -s0 /opt/stack/data/cinder/mnt/52b9c85c9891161aab1de4a02e981803/volume-43662c6b-b3d8-4e37-ab55-7793bd588174.info
Jul 20 17:36:40 devstack sudo[94653]: pam_unix(sudo:session): session opened for user root(uid=0) by (uid=1000)
Jul 20 17:36:40 devstack sudo[94653]: pam_unix(sudo:session): session closed for user root
Jul 20 17:36:40 devstack cinder-volume[87495]: DEBUG oslo_concurrency.processutils [None req-cc7d45f5-f1ec-45b5-9e45-2e21a57691dc tempest-GroupsV314Test-457595213 None] CMD "sudo cinder-rootwrap /etc/cinder/rootwrap.conf truncate -s0 /opt/stack/data/cinder/mnt/52b9c85c9891161aab1de4a02e981803/volume-43662c6b-b3d8-4e37-ab55-7793bd588174.info" returned: 0 in 0.308s {{(pid=87495) execute /opt/stack/data/venv/lib/python3.12/site-packages/oslo_concurrency/processutils.py:468}}
Jul 20 17:36:40 devstack cinder-volume[87495]: WARNING cinder.volume.drivers.remotefs [None req-cc7d45f5-f1ec-45b5-9e45-2e21a57691dc tempest-GroupsV314Test-457595213 None] /opt/stack/data/cinder/mnt/52b9c85c9891161aab1de4a02e981803/volume-43662c6b-b3d8-4e37-ab55-7793bd588174.info is being set with open permissions: ugo+rw: NotImplementedError
Jul 20 17:36:40 devstack cinder-volume[87495]: DEBUG oslo_concurrency.processutils [None req-cc7d45f5-f1ec-45b5-9e45-2e21a57691dc tempest-GroupsV314Test-457595213 None] Running cmd (subprocess): sudo cinder-rootwrap /etc/cinder/rootwrap.conf chmod ugo+rw /opt/stack/data/cinder/mnt/52b9c85c9891161aab1de4a02e981803/volume-43662c6b-b3d8-4e37-ab55-7793bd588174.info {{(pid=87495) execute /opt/stack/data/venv/lib/python3.12/site-packages/oslo_concurrency/processutils.py:440}}
Jul 20 17:36:40 devstack sudo[94661]: quobyte : PWD=/ ; USER=root ; COMMAND=/opt/stack/data/venv/bin/cinder-rootwrap /etc/cinder/rootwrap.conf chmod ugo+rw /opt/stack/data/cinder/mnt/52b9c85c9891161aab1de4a02e981803/volume-43662c6b-b3d8-4e37-ab55-7793bd588174.info
Jul 20 17:36:40 devstack sudo[94661]: pam_unix(sudo:session): session opened for user root(uid=0) by (uid=1000)
Jul 20 17:36:41 devstack sudo[94661]: pam_unix(sudo:session): session closed for user root
Jul 20 17:36:41 devstack cinder-volume[87495]: DEBUG oslo_concurrency.processutils [None req-cc7d45f5-f1ec-45b5-9e45-2e21a57691dc tempest-GroupsV314Test-457595213 None] CMD "sudo cinder-rootwrap /etc/cinder/rootwrap.conf chmod ugo+rw /opt/stack/data/cinder/mnt/52b9c85c9891161aab1de4a02e981803/volume-43662c6b-b3d8-4e37-ab55-7793bd588174.info" returned: 0 in 0.552s {{(pid=87495) execute /opt/stack/data/venv/lib/python3.12/site-packages/oslo_concurrency/processutils.py:468}}
Jul 20 17:36:41 devstack cinder-volume[87495]: DEBUG cinder.coordination [None req-cc7d45f5-f1ec-45b5-9e45-2e21a57691dc tempest-GroupsV314Test-457595213 None] Acquiring lock "cinder-quobyte-bc6f8cf6-969e-4e47-a00a-44b10d6a063f" by "_copy_volume_from_snapshot" {{(pid=87495) __acquire /opt/stack/cinder/cinder/coordination.py:138}}
Jul 20 17:36:41 devstack cinder-volume[87495]: DEBUG cinder.coordination [None req-cc7d45f5-f1ec-45b5-9e45-2e21a57691dc tempest-GroupsV314Test-457595213 None] Lock "cinder-quobyte-bc6f8cf6-969e-4e47-a00a-44b10d6a063f" acquired by "_copy_volume_from_snapshot" :: waited 0.031s {{(pid=87495) __acquire /opt/stack/cinder/cinder/coordination.py:141}}
Jul 20 17:36:41 devstack cinder-volume[87495]: DEBUG cinder.volume.drivers.quobyte [None req-cc7d45f5-f1ec-45b5-9e45-2e21a57691dc tempest-GroupsV314Test-457595213 None] snapshot: 573fb135-4aa1-4d4d-8ca3-15b8eddeb72f, volume: bc6f8cf6-969e-4e47-a00a-44b10d6a063f, {{(pid=87495) _copy_volume_from_snapshot /opt/stack/cinder/cinder/volume/drivers/quobyte.py:403}}
Jul 20 17:36:41 devstack cinder-volume[87495]: DEBUG oslo_concurrency.lockutils [None req-cc7d45f5-f1ec-45b5-9e45-2e21a57691dc tempest-GroupsV314Test-457595213 None] Acquiring lock "quobyte_ensure" by "cinder.volume.drivers.quobyte.QuobyteDriver._ensure_shares_mounted" {{(pid=87495) inner /opt/stack/data/venv/lib/python3.12/site-packages/oslo_concurrency/lockutils.py:512}}
Jul 20 17:36:41 devstack cinder-volume[87495]: DEBUG oslo_concurrency.lockutils [None req-cc7d45f5-f1ec-45b5-9e45-2e21a57691dc tempest-GroupsV314Test-457595213 None] Lock "quobyte_ensure" acquired by "cinder.volume.drivers.quobyte.QuobyteDriver._ensure_shares_mounted" :: waited 0.002s {{(pid=87495) inner /opt/stack/data/venv/lib/python3.12/site-packages/oslo_concurrency/lockutils.py:525}}
Jul 20 17:36:41 devstack cinder-volume[87495]: DEBUG cinder.volume.drivers.quobyte [None req-cc7d45f5-f1ec-45b5-9e45-2e21a57691dc tempest-GroupsV314Test-457595213 None] Quobyte Volume URL set to: {'osci02.corp.quobyte.com/cinder-vol-5f1db18b-aa5f-4e13-9c11-747a29691205': None} {{(pid=87495) _load_shares_config /opt/stack/cinder/cinder/volume/drivers/quobyte.py:651}}
Jul 20 17:36:41 devstack cinder-volume[87495]: DEBUG cinder.volume.drivers.quobyte [None req-cc7d45f5-f1ec-45b5-9e45-2e21a57691dc tempest-GroupsV314Test-457595213 None] Available shares ['osci02.corp.quobyte.com/cinder-vol-5f1db18b-aa5f-4e13-9c11-747a29691205'] {{(pid=87495) _ensure_shares_mounted /opt/stack/cinder/cinder/volume/drivers/quobyte.py:681}}
Jul 20 17:36:41 devstack cinder-volume[87495]: DEBUG oslo_concurrency.lockutils [None req-cc7d45f5-f1ec-45b5-9e45-2e21a57691dc tempest-GroupsV314Test-457595213 None] Lock "quobyte_ensure" "released" by "cinder.volume.drivers.quobyte.QuobyteDriver._ensure_shares_mounted" :: held 0.015s {{(pid=87495) inner /opt/stack/data/venv/lib/python3.12/site-packages/oslo_concurrency/lockutils.py:544}}
Jul 20 17:36:41 devstack cinder-volume[87495]: DEBUG oslo.privsep.daemon [-] privsep: reply[f0dcf6d3-6bff-497c-9cfc-4d41e36f1d5e]: (4, 'qcow2') {{(pid=88745) _call_back /opt/stack/data/venv/lib/python3.12/site-packages/oslo_privsep/daemon.py:580}}
Jul 20 17:36:41 devstack cinder-volume[87495]: DEBUG oslo_concurrency.processutils [None req-cc7d45f5-f1ec-45b5-9e45-2e21a57691dc tempest-GroupsV314Test-457595213 None] Running cmd (subprocess): /opt/stack/data/venv/bin/python3.12 -m oslo_concurrency.prlimit --as=1073741824 --cpu=60 -- sudo cinder-rootwrap /etc/cinder/rootwrap.conf env LC_ALL=C qemu-img info -f qcow2 --output=json --force-share /opt/stack/data/cinder/mnt/52b9c85c9891161aab1de4a02e981803/volume-43662c6b-b3d8-4e37-ab55-7793bd588174.573fb135-4aa1-4d4d-8ca3-15b8eddeb72f {{(pid=87495) execute /opt/stack/data/venv/lib/python3.12/site-packages/oslo_concurrency/processutils.py:440}}
Jul 20 17:36:41 devstack sudo[94680]: quobyte : PWD=/ ; USER=root ; COMMAND=/opt/stack/data/venv/bin/cinder-rootwrap /etc/cinder/rootwrap.conf env LC_ALL=C qemu-img info -f qcow2 --output=json --force-share /opt/stack/data/cinder/mnt/52b9c85c9891161aab1de4a02e981803/volume-43662c6b-b3d8-4e37-ab55-7793bd588174.573fb135-4aa1-4d4d-8ca3-15b8eddeb72f
Jul 20 17:36:41 devstack sudo[94680]: pam_unix(sudo:session): session opened for user root(uid=0) by (uid=1000)
Jul 20 17:36:41 devstack sudo[94680]: pam_unix(sudo:session): session closed for user root
Jul 20 17:36:41 devstack cinder-volume[87495]: DEBUG oslo_concurrency.processutils [None req-cc7d45f5-f1ec-45b5-9e45-2e21a57691dc tempest-GroupsV314Test-457595213 None] CMD "/opt/stack/data/venv/bin/python3.12 -m oslo_concurrency.prlimit --as=1073741824 --cpu=60 -- sudo cinder-rootwrap /etc/cinder/rootwrap.conf env LC_ALL=C qemu-img info -f qcow2 --output=json --force-share /opt/stack/data/cinder/mnt/52b9c85c9891161aab1de4a02e981803/volume-43662c6b-b3d8-4e37-ab55-7793bd588174.573fb135-4aa1-4d4d-8ca3-15b8eddeb72f" returned: 0 in 0.438s {{(pid=87495) execute /opt/stack/data/venv/lib/python3.12/site-packages/oslo_concurrency/processutils.py:468}}
Jul 20 17:36:41 devstack cinder-volume[87495]: DEBUG cinder.volume.drivers.remotefs [None req-cc7d45f5-f1ec-45b5-9e45-2e21a57691dc tempest-GroupsV314Test-457595213 None] Fetching qemu-img info with special backing_file_template: (/opt/stack/data/cinder/mnt/[0-9a-f]+/)?(volume-43662c6b-b3d8-4e37-ab55-7793bd588174(.(tmp-snap-)?[0-9a-f-]+)?|volume_from_snapshot_cache/(tmp-snap-)?[0-9a-f-]+(.(child-|parent-)[0-9a-f-]+)?)$ {{(pid=87495) _qemu_img_info_base /opt/stack/cinder/cinder/volume/drivers/remotefs.py:896}}
Jul 20 17:36:41 devstack cinder-volume[87495]: DEBUG cinder.volume.drivers.quobyte [None req-cc7d45f5-f1ec-45b5-9e45-2e21a57691dc tempest-GroupsV314Test-457595213 None] will copy from snapshot at /opt/stack/data/cinder/mnt/52b9c85c9891161aab1de4a02e981803/volume-43662c6b-b3d8-4e37-ab55-7793bd588174 {{(pid=87495) _copy_volume_from_snapshot /opt/stack/cinder/cinder/volume/drivers/quobyte.py:422}}
Jul 20 17:36:41 devstack cinder-volume[87495]: DEBUG cinder.volume.drivers.quobyte [None req-cc7d45f5-f1ec-45b5-9e45-2e21a57691dc tempest-GroupsV314Test-457595213 None] Creating direct copy from snapshot {{(pid=87495) _copy_volume_from_snapshot /opt/stack/cinder/cinder/volume/drivers/quobyte.py:430}}
Jul 20 17:36:41 devstack cinder-volume[87495]: DEBUG oslo.privsep.daemon [-] privsep: reply[887d28dd-1b3f-469f-bc3c-8266b1d76263]: (4, 'qcow2') {{(pid=88745) _call_back /opt/stack/data/venv/lib/python3.12/site-packages/oslo_privsep/daemon.py:580}}
Jul 20 17:36:41 devstack cinder-volume[87495]: DEBUG oslo_concurrency.processutils [None req-cc7d45f5-f1ec-45b5-9e45-2e21a57691dc tempest-GroupsV314Test-457595213 None] Running cmd (subprocess): /opt/stack/data/venv/bin/python3.12 -m oslo_concurrency.prlimit --as=1073741824 --cpu=60 -- sudo cinder-rootwrap /etc/cinder/rootwrap.conf env LC_ALL=C qemu-img info -f qcow2 --output=json /opt/stack/data/cinder/mnt/52b9c85c9891161aab1de4a02e981803/volume-43662c6b-b3d8-4e37-ab55-7793bd588174 {{(pid=87495) execute /opt/stack/data/venv/lib/python3.12/site-packages/oslo_concurrency/processutils.py:440}}
Jul 20 17:36:41 devstack sudo[94686]: quobyte : PWD=/ ; USER=root ; COMMAND=/opt/stack/data/venv/bin/cinder-rootwrap /etc/cinder/rootwrap.conf env LC_ALL=C qemu-img info -f qcow2 --output=json /opt/stack/data/cinder/mnt/52b9c85c9891161aab1de4a02e981803/volume-43662c6b-b3d8-4e37-ab55-7793bd588174
Jul 20 17:36:41 devstack sudo[94686]: pam_unix(sudo:session): session opened for user root(uid=0) by (uid=1000)
Jul 20 17:36:42 devstack sudo[94686]: pam_unix(sudo:session): session closed for user root
Jul 20 17:36:42 devstack cinder-volume[87495]: DEBUG oslo_concurrency.processutils [None req-cc7d45f5-f1ec-45b5-9e45-2e21a57691dc tempest-GroupsV314Test-457595213 None] CMD "/opt/stack/data/venv/bin/python3.12 -m oslo_concurrency.prlimit --as=1073741824 --cpu=60 -- sudo cinder-rootwrap /etc/cinder/rootwrap.conf env LC_ALL=C qemu-img info -f qcow2 --output=json /opt/stack/data/cinder/mnt/52b9c85c9891161aab1de4a02e981803/volume-43662c6b-b3d8-4e37-ab55-7793bd588174" returned: 0 in 0.542s {{(pid=87495) execute /opt/stack/data/venv/lib/python3.12/site-packages/oslo_concurrency/processutils.py:468}}
Jul 20 17:36:42 devstack cinder-volume[87495]: DEBUG cinder.utils [None req-cc7d45f5-f1ec-45b5-9e45-2e21a57691dc tempest-GroupsV314Test-457595213 None] Path /opt/stack/data/cinder/mnt/52b9c85c9891161aab1de4a02e981803/volume-bc6f8cf6-969e-4e47-a00a-44b10d6a063f not found in is_blk_device check {{(pid=87495) is_blk_device /opt/stack/cinder/cinder/utils.py:615}}
Jul 20 17:36:42 devstack cinder-volume[87495]: DEBUG oslo_concurrency.processutils [None req-cc7d45f5-f1ec-45b5-9e45-2e21a57691dc tempest-GroupsV314Test-457595213 None] Running cmd (subprocess): sudo cinder-rootwrap /etc/cinder/rootwrap.conf qemu-img convert -O qcow2 /opt/stack/data/cinder/mnt/52b9c85c9891161aab1de4a02e981803/volume-43662c6b-b3d8-4e37-ab55-7793bd588174 /opt/stack/data/cinder/mnt/52b9c85c9891161aab1de4a02e981803/volume-bc6f8cf6-969e-4e47-a00a-44b10d6a063f {{(pid=87495) execute /opt/stack/data/venv/lib/python3.12/site-packages/oslo_concurrency/processutils.py:440}}
Jul 20 17:36:42 devstack sudo[94725]: quobyte : PWD=/ ; USER=root ; COMMAND=/opt/stack/data/venv/bin/cinder-rootwrap /etc/cinder/rootwrap.conf qemu-img convert -O qcow2 /opt/stack/data/cinder/mnt/52b9c85c9891161aab1de4a02e981803/volume-43662c6b-b3d8-4e37-ab55-7793bd588174 /opt/stack/data/cinder/mnt/52b9c85c9891161aab1de4a02e981803/volume-bc6f8cf6-969e-4e47-a00a-44b10d6a063f
Jul 20 17:36:42 devstack sudo[94725]: pam_unix(sudo:session): session opened for user root(uid=0) by (uid=1000)
Jul 20 17:36:47 devstack sudo[94725]: pam_unix(sudo:session): session closed for user root
Jul 20 17:36:47 devstack cinder-volume[87495]: DEBUG oslo_concurrency.processutils [None req-cc7d45f5-f1ec-45b5-9e45-2e21a57691dc tempest-GroupsV314Test-457595213 None] CMD "sudo cinder-rootwrap /etc/cinder/rootwrap.conf qemu-img convert -O qcow2 /opt/stack/data/cinder/mnt/52b9c85c9891161aab1de4a02e981803/volume-43662c6b-b3d8-4e37-ab55-7793bd588174 /opt/stack/data/cinder/mnt/52b9c85c9891161aab1de4a02e981803/volume-bc6f8cf6-969e-4e47-a00a-44b10d6a063f" returned: 0 in 5.212s {{(pid=87495) execute /opt/stack/data/venv/lib/python3.12/site-packages/oslo_concurrency/processutils.py:468}}
Jul 20 17:36:47 devstack cinder-volume[87495]: DEBUG oslo.privsep.daemon [-] privsep: reply[3b2f0207-4812-4367-8a8c-b0ef1b7bae8e]: (4, 'qcow2') {{(pid=88745) _call_back /opt/stack/data/venv/lib/python3.12/site-packages/oslo_privsep/daemon.py:580}}
Jul 20 17:36:47 devstack cinder-volume[87495]: DEBUG oslo_concurrency.processutils [None req-cc7d45f5-f1ec-45b5-9e45-2e21a57691dc tempest-GroupsV314Test-457595213 None] Running cmd (subprocess): /opt/stack/data/venv/bin/python3.12 -m oslo_concurrency.prlimit --as=1073741824 --cpu=60 -- sudo cinder-rootwrap /etc/cinder/rootwrap.conf env LC_ALL=C qemu-img info -f qcow2 --output=json /opt/stack/data/cinder/mnt/52b9c85c9891161aab1de4a02e981803/volume-43662c6b-b3d8-4e37-ab55-7793bd588174 {{(pid=87495) execute /opt/stack/data/venv/lib/python3.12/site-packages/oslo_concurrency/processutils.py:440}}
Jul 20 17:36:47 devstack sudo[94741]: quobyte : PWD=/ ; USER=root ; COMMAND=/opt/stack/data/venv/bin/cinder-rootwrap /etc/cinder/rootwrap.conf env LC_ALL=C qemu-img info -f qcow2 --output=json /opt/stack/data/cinder/mnt/52b9c85c9891161aab1de4a02e981803/volume-43662c6b-b3d8-4e37-ab55-7793bd588174
Jul 20 17:36:47 devstack sudo[94741]: pam_unix(sudo:session): session opened for user root(uid=0) by (uid=1000)
Jul 20 17:36:48 devstack sudo[94741]: pam_unix(sudo:session): session closed for user root
Jul 20 17:36:48 devstack cinder-volume[87495]: DEBUG oslo_concurrency.processutils [None req-cc7d45f5-f1ec-45b5-9e45-2e21a57691dc tempest-GroupsV314Test-457595213 None] CMD "/opt/stack/data/venv/bin/python3.12 -m oslo_concurrency.prlimit --as=1073741824 --cpu=60 -- sudo cinder-rootwrap /etc/cinder/rootwrap.conf env LC_ALL=C qemu-img info -f qcow2 --output=json /opt/stack/data/cinder/mnt/52b9c85c9891161aab1de4a02e981803/volume-43662c6b-b3d8-4e37-ab55-7793bd588174" returned: 0 in 0.599s {{(pid=87495) execute /opt/stack/data/venv/lib/python3.12/site-packages/oslo_concurrency/processutils.py:468}}
Jul 20 17:36:48 devstack cinder-volume[87495]: DEBUG cinder.image.image_utils [None req-cc7d45f5-f1ec-45b5-9e45-2e21a57691dc tempest-GroupsV314Test-457595213 None] Image conversion details: src /opt/stack/data/cinder/mnt/52b9c85c9891161aab1de4a02e981803/volume-43662c6b-b3d8-4e37-ab55-7793bd588174, size 1024.00 MB, duration 5.21 sec, destination /opt/stack/data/cinder/mnt/52b9c85c9891161aab1de4a02e981803/volume-bc6f8cf6-969e-4e47-a00a-44b10d6a063f {{(pid=87495) _convert_image /opt/stack/cinder/cinder/image/image_utils.py:536}}
Jul 20 17:36:48 devstack cinder-volume[87495]: INFO cinder.image.image_utils [None req-cc7d45f5-f1ec-45b5-9e45-2e21a57691dc tempest-GroupsV314Test-457595213 None] Converted 1024.00 MB image at 196.41 MB/s
Jul 20 17:36:48 devstack cinder-volume[87495]: WARNING cinder.volume.drivers.remotefs [None req-cc7d45f5-f1ec-45b5-9e45-2e21a57691dc tempest-GroupsV314Test-457595213 None] /opt/stack/data/cinder/mnt/52b9c85c9891161aab1de4a02e981803/volume-bc6f8cf6-969e-4e47-a00a-44b10d6a063f is being set with open permissions: ugo+rw: NotImplementedError
Jul 20 17:36:48 devstack cinder-volume[87495]: DEBUG oslo_concurrency.processutils [None req-cc7d45f5-f1ec-45b5-9e45-2e21a57691dc tempest-GroupsV314Test-457595213 None] Running cmd (subprocess): sudo cinder-rootwrap /etc/cinder/rootwrap.conf chmod ugo+rw /opt/stack/data/cinder/mnt/52b9c85c9891161aab1de4a02e981803/volume-bc6f8cf6-969e-4e47-a00a-44b10d6a063f {{(pid=87495) execute /opt/stack/data/venv/lib/python3.12/site-packages/oslo_concurrency/processutils.py:440}}
Jul 20 17:36:48 devstack sudo[94748]: quobyte : PWD=/ ; USER=root ; COMMAND=/opt/stack/data/venv/bin/cinder-rootwrap /etc/cinder/rootwrap.conf chmod ugo+rw /opt/stack/data/cinder/mnt/52b9c85c9891161aab1de4a02e981803/volume-bc6f8cf6-969e-4e47-a00a-44b10d6a063f
Jul 20 17:36:48 devstack sudo[94748]: pam_unix(sudo:session): session opened for user root(uid=0) by (uid=1000)
Jul 20 17:36:48 devstack sudo[94748]: pam_unix(sudo:session): session closed for user root
Jul 20 17:36:48 devstack cinder-volume[87495]: DEBUG oslo_concurrency.processutils [None req-cc7d45f5-f1ec-45b5-9e45-2e21a57691dc tempest-GroupsV314Test-457595213 None] CMD "sudo cinder-rootwrap /etc/cinder/rootwrap.conf chmod ugo+rw /opt/stack/data/cinder/mnt/52b9c85c9891161aab1de4a02e981803/volume-bc6f8cf6-969e-4e47-a00a-44b10d6a063f" returned: 0 in 0.333s {{(pid=87495) execute /opt/stack/data/venv/lib/python3.12/site-packages/oslo_concurrency/processutils.py:468}}
Jul 20 17:36:48 devstack cinder-volume[87495]: DEBUG cinder.coordination [None req-cc7d45f5-f1ec-45b5-9e45-2e21a57691dc tempest-GroupsV314Test-457595213 None] Lock "cinder-quobyte-bc6f8cf6-969e-4e47-a00a-44b10d6a063f" released by "_copy_volume_from_snapshot" :: held 7.271s {{(pid=87495) __release /opt/stack/cinder/cinder/coordination.py:152}}
Jul 20 17:36:48 devstack cinder-volume[87495]: DEBUG cinder.coordination [None req-cc7d45f5-f1ec-45b5-9e45-2e21a57691dc tempest-GroupsV314Test-457595213 None] Acquiring lock "cinder-quobyte-573fb135-4aa1-4d4d-8ca3-15b8eddeb72f" by "_delete_snapshot" {{(pid=87495) __acquire /opt/stack/cinder/cinder/coordination.py:138}}
Jul 20 17:36:48 devstack cinder-volume[87495]: DEBUG cinder.coordination [None req-cc7d45f5-f1ec-45b5-9e45-2e21a57691dc tempest-GroupsV314Test-457595213 None] Lock "cinder-quobyte-573fb135-4aa1-4d4d-8ca3-15b8eddeb72f" acquired by "_delete_snapshot" :: waited 0.019s {{(pid=87495) __acquire /opt/stack/cinder/cinder/coordination.py:141}}
Jul 20 17:36:48 devstack cinder-volume[87495]: DEBUG cinder.volume.drivers.remotefs [None req-cc7d45f5-f1ec-45b5-9e45-2e21a57691dc tempest-GroupsV314Test-457595213 None] Deleting offline snapshot 573fb135-4aa1-4d4d-8ca3-15b8eddeb72f of volume 43662c6b-b3d8-4e37-ab55-7793bd588174 {{(pid=87495) _delete_snapshot /opt/stack/cinder/cinder/volume/drivers/remotefs.py:1288}}
Jul 20 17:36:48 devstack cinder-volume[87495]: DEBUG cinder.volume.drivers.remotefs [None req-cc7d45f5-f1ec-45b5-9e45-2e21a57691dc tempest-GroupsV314Test-457595213 None] snapshot_file for this snap is: volume-43662c6b-b3d8-4e37-ab55-7793bd588174.573fb135-4aa1-4d4d-8ca3-15b8eddeb72f {{(pid=87495) _delete_snapshot /opt/stack/cinder/cinder/volume/drivers/remotefs.py:1317}}
Jul 20 17:36:48 devstack cinder-volume[87495]: DEBUG oslo.privsep.daemon [-] privsep: reply[51ba3336-6ed6-4bcf-ad8e-8c6e18a6a5cc]: (4, 'qcow2') {{(pid=88745) _call_back /opt/stack/data/venv/lib/python3.12/site-packages/oslo_privsep/daemon.py:580}}
Jul 20 17:36:48 devstack cinder-volume[87495]: DEBUG oslo_concurrency.processutils [None req-cc7d45f5-f1ec-45b5-9e45-2e21a57691dc tempest-GroupsV314Test-457595213 None] Running cmd (subprocess): /opt/stack/data/venv/bin/python3.12 -m oslo_concurrency.prlimit --as=1073741824 --cpu=60 -- sudo cinder-rootwrap /etc/cinder/rootwrap.conf env LC_ALL=C qemu-img info -f qcow2 --output=json --force-share /opt/stack/data/cinder/mnt/52b9c85c9891161aab1de4a02e981803/volume-43662c6b-b3d8-4e37-ab55-7793bd588174.573fb135-4aa1-4d4d-8ca3-15b8eddeb72f {{(pid=87495) execute /opt/stack/data/venv/lib/python3.12/site-packages/oslo_concurrency/processutils.py:440}}
Jul 20 17:36:48 devstack sudo[94751]: quobyte : PWD=/ ; USER=root ; COMMAND=/opt/stack/data/venv/bin/cinder-rootwrap /etc/cinder/rootwrap.conf env LC_ALL=C qemu-img info -f qcow2 --output=json --force-share /opt/stack/data/cinder/mnt/52b9c85c9891161aab1de4a02e981803/volume-43662c6b-b3d8-4e37-ab55-7793bd588174.573fb135-4aa1-4d4d-8ca3-15b8eddeb72f
Jul 20 17:36:48 devstack sudo[94751]: pam_unix(sudo:session): session opened for user root(uid=0) by (uid=1000)
Jul 20 17:36:49 devstack sudo[94751]: pam_unix(sudo:session): session closed for user root
Jul 20 17:36:49 devstack cinder-volume[87495]: DEBUG oslo_concurrency.processutils [None req-cc7d45f5-f1ec-45b5-9e45-2e21a57691dc tempest-GroupsV314Test-457595213 None] CMD "/opt/stack/data/venv/bin/python3.12 -m oslo_concurrency.prlimit --as=1073741824 --cpu=60 -- sudo cinder-rootwrap /etc/cinder/rootwrap.conf env LC_ALL=C qemu-img info -f qcow2 --output=json --force-share /opt/stack/data/cinder/mnt/52b9c85c9891161aab1de4a02e981803/volume-43662c6b-b3d8-4e37-ab55-7793bd588174.573fb135-4aa1-4d4d-8ca3-15b8eddeb72f" returned: 0 in 0.426s {{(pid=87495) execute /opt/stack/data/venv/lib/python3.12/site-packages/oslo_concurrency/processutils.py:468}}
Jul 20 17:36:49 devstack cinder-volume[87495]: DEBUG cinder.volume.drivers.remotefs [None req-cc7d45f5-f1ec-45b5-9e45-2e21a57691dc tempest-GroupsV314Test-457595213 None] Fetching qemu-img info with special backing_file_template: (/opt/stack/data/cinder/mnt/[0-9a-f]+/)?(volume-43662c6b-b3d8-4e37-ab55-7793bd588174(.(tmp-snap-)?[0-9a-f-]+)?|volume_from_snapshot_cache/(tmp-snap-)?[0-9a-f-]+(.(child-|parent-)[0-9a-f-]+)?)$ {{(pid=87495) _qemu_img_info_base /opt/stack/cinder/cinder/volume/drivers/remotefs.py:896}}
Jul 20 17:36:49 devstack cinder-volume[87495]: DEBUG oslo.privsep.daemon [-] privsep: reply[53f378d7-5551-47a2-8919-037910dbd506]: (4, 'qcow2') {{(pid=88745) _call_back /opt/stack/data/venv/lib/python3.12/site-packages/oslo_privsep/daemon.py:580}}
Jul 20 17:36:49 devstack cinder-volume[87495]: DEBUG oslo_concurrency.processutils [None req-cc7d45f5-f1ec-45b5-9e45-2e21a57691dc tempest-GroupsV314Test-457595213 None] Running cmd (subprocess): /opt/stack/data/venv/bin/python3.12 -m oslo_concurrency.prlimit --as=1073741824 --cpu=60 -- sudo cinder-rootwrap /etc/cinder/rootwrap.conf env LC_ALL=C qemu-img info -f qcow2 --output=json --force-share /opt/stack/data/cinder/mnt/52b9c85c9891161aab1de4a02e981803/volume-43662c6b-b3d8-4e37-ab55-7793bd588174 {{(pid=87495) execute /opt/stack/data/venv/lib/python3.12/site-packages/oslo_concurrency/processutils.py:440}}
Jul 20 17:36:49 devstack sudo[94757]: quobyte : PWD=/ ; USER=root ; COMMAND=/opt/stack/data/venv/bin/cinder-rootwrap /etc/cinder/rootwrap.conf env LC_ALL=C qemu-img info -f qcow2 --output=json --force-share /opt/stack/data/cinder/mnt/52b9c85c9891161aab1de4a02e981803/volume-43662c6b-b3d8-4e37-ab55-7793bd588174
Jul 20 17:36:49 devstack sudo[94757]: pam_unix(sudo:session): session opened for user root(uid=0) by (uid=1000)
Jul 20 17:36:49 devstack sudo[94757]: pam_unix(sudo:session): session closed for user root
Jul 20 17:36:49 devstack cinder-volume[87495]: DEBUG oslo_concurrency.processutils [None req-cc7d45f5-f1ec-45b5-9e45-2e21a57691dc tempest-GroupsV314Test-457595213 None] CMD "/opt/stack/data/venv/bin/python3.12 -m oslo_concurrency.prlimit --as=1073741824 --cpu=60 -- sudo cinder-rootwrap /etc/cinder/rootwrap.conf env LC_ALL=C qemu-img info -f qcow2 --output=json --force-share /opt/stack/data/cinder/mnt/52b9c85c9891161aab1de4a02e981803/volume-43662c6b-b3d8-4e37-ab55-7793bd588174" returned: 0 in 0.559s {{(pid=87495) execute /opt/stack/data/venv/lib/python3.12/site-packages/oslo_concurrency/processutils.py:468}}
Jul 20 17:36:49 devstack cinder-volume[87495]: DEBUG oslo_concurrency.processutils [None req-cc7d45f5-f1ec-45b5-9e45-2e21a57691dc tempest-GroupsV314Test-457595213 None] Running cmd (subprocess): sudo cinder-rootwrap /etc/cinder/rootwrap.conf qemu-img commit -d /opt/stack/data/cinder/mnt/52b9c85c9891161aab1de4a02e981803/volume-43662c6b-b3d8-4e37-ab55-7793bd588174.573fb135-4aa1-4d4d-8ca3-15b8eddeb72f {{(pid=87495) execute /opt/stack/data/venv/lib/python3.12/site-packages/oslo_concurrency/processutils.py:440}}
Jul 20 17:36:49 devstack sudo[94763]: quobyte : PWD=/ ; USER=root ; COMMAND=/opt/stack/data/venv/bin/cinder-rootwrap /etc/cinder/rootwrap.conf qemu-img commit -d /opt/stack/data/cinder/mnt/52b9c85c9891161aab1de4a02e981803/volume-43662c6b-b3d8-4e37-ab55-7793bd588174.573fb135-4aa1-4d4d-8ca3-15b8eddeb72f
Jul 20 17:36:49 devstack sudo[94763]: pam_unix(sudo:session): session opened for user root(uid=0) by (uid=1000)
Jul 20 17:36:50 devstack sudo[94763]: pam_unix(sudo:session): session closed for user root
Jul 20 17:36:50 devstack cinder-volume[87495]: DEBUG oslo_concurrency.processutils [None req-cc7d45f5-f1ec-45b5-9e45-2e21a57691dc tempest-GroupsV314Test-457595213 None] CMD "sudo cinder-rootwrap /etc/cinder/rootwrap.conf qemu-img commit -d /opt/stack/data/cinder/mnt/52b9c85c9891161aab1de4a02e981803/volume-43662c6b-b3d8-4e37-ab55-7793bd588174.573fb135-4aa1-4d4d-8ca3-15b8eddeb72f" returned: 0 in 0.383s {{(pid=87495) execute /opt/stack/data/venv/lib/python3.12/site-packages/oslo_concurrency/processutils.py:468}}
Jul 20 17:36:50 devstack cinder-volume[87495]: DEBUG oslo_concurrency.processutils [None req-cc7d45f5-f1ec-45b5-9e45-2e21a57691dc tempest-GroupsV314Test-457595213 None] Running cmd (subprocess): sudo cinder-rootwrap /etc/cinder/rootwrap.conf rm -f /opt/stack/data/cinder/mnt/52b9c85c9891161aab1de4a02e981803/volume-43662c6b-b3d8-4e37-ab55-7793bd588174.573fb135-4aa1-4d4d-8ca3-15b8eddeb72f {{(pid=87495) execute /opt/stack/data/venv/lib/python3.12/site-packages/oslo_concurrency/processutils.py:440}}
Jul 20 17:36:50 devstack sudo[94769]: quobyte : PWD=/ ; USER=root ; COMMAND=/opt/stack/data/venv/bin/cinder-rootwrap /etc/cinder/rootwrap.conf rm -f /opt/stack/data/cinder/mnt/52b9c85c9891161aab1de4a02e981803/volume-43662c6b-b3d8-4e37-ab55-7793bd588174.573fb135-4aa1-4d4d-8ca3-15b8eddeb72f
Jul 20 17:36:50 devstack sudo[94769]: pam_unix(sudo:session): session opened for user root(uid=0) by (uid=1000)
Jul 20 17:36:50 devstack cinder-volume[87495]: DEBUG dbcounter [-] [87495] Writing DB stats cinder:UPDATE=46,cinder:SELECT=43,cinder:INSERT=15,cinder:DELETE=2 {{(pid=87495) stat_writer /opt/stack/data/venv/lib/python3.12/site-packages/dbcounter.py:115}}
Jul 20 17:36:50 devstack sudo[94769]: pam_unix(sudo:session): session closed for user root
Jul 20 17:36:50 devstack cinder-volume[87495]: DEBUG oslo_concurrency.processutils [None req-cc7d45f5-f1ec-45b5-9e45-2e21a57691dc tempest-GroupsV314Test-457595213 None] CMD "sudo cinder-rootwrap /etc/cinder/rootwrap.conf rm -f /opt/stack/data/cinder/mnt/52b9c85c9891161aab1de4a02e981803/volume-43662c6b-b3d8-4e37-ab55-7793bd588174.573fb135-4aa1-4d4d-8ca3-15b8eddeb72f" returned: 0 in 0.288s {{(pid=87495) execute /opt/stack/data/venv/lib/python3.12/site-packages/oslo_concurrency/processutils.py:468}}
Jul 20 17:36:50 devstack cinder-volume[87495]: DEBUG cinder.coordination [None req-cc7d45f5-f1ec-45b5-9e45-2e21a57691dc tempest-GroupsV314Test-457595213 None] Lock "cinder-quobyte-573fb135-4aa1-4d4d-8ca3-15b8eddeb72f" released by "_delete_snapshot" :: held 1.787s {{(pid=87495) __release /opt/stack/cinder/cinder/coordination.py:152}}
Jul 20 17:36:50 devstack cinder-volume[87495]: DEBUG oslo_concurrency.lockutils [None req-cc7d45f5-f1ec-45b5-9e45-2e21a57691dc tempest-GroupsV314Test-457595213 None] Lock "quobyte" "released" by "cinder.volume.drivers.quobyte.QuobyteDriver.create_cloned_volume" :: held 11.988s {{(pid=87495) inner /opt/stack/data/venv/lib/python3.12/site-packages/oslo_concurrency/lockutils.py:544}}
Jul 20 17:36:50 devstack cinder-volume[87495]: DEBUG oslo_concurrency.lockutils [None req-b0d0ebe9-930a-4f0f-b7d3-161eadd1750c tempest-GroupsTest-423617568 None] Lock "quobyte" acquired by "cinder.volume.drivers.quobyte.QuobyteDriver.create_volume" :: waited 10.194s {{(pid=87495) inner /opt/stack/data/venv/lib/python3.12/site-packages/oslo_concurrency/lockutils.py:525}}
Jul 20 17:36:50 devstack cinder-volume[87495]: DEBUG cinder.volume.drivers.quobyte [None req-b0d0ebe9-930a-4f0f-b7d3-161eadd1750c tempest-GroupsTest-423617568 None] ==> create_volume: call "{'self': , 'volume': Volume(_name_id=None,admin_metadata=,attach_status='detached',availability_zone='nova',bootable=False,cluster=,cluster_name=None,consistencygroup=,consistencygroup_id=e6c860d9-d26b-4c30-bacd-44ed6c4d1149,created_at=2026-07-20T15:36:40Z,deleted=False,deleted_at=None,display_description=None,display_name='tempest-volume-602758975',ec2_id=None,encryption_key_id=None,glance_metadata=,group=,group_id=e6c860d9-d26b-4c30-bacd-44ed6c4d1149,host='devstack@QuobyteHD#QuobyteHD',id=2d966933-fdf8-4156-aba9-e9cb94e0e429,launched_at=None,metadata={},migration_status=None,multiattach=False,previous_status=None,project_id='b63f6b0f169544219d752baf245f94d4',provider_auth=None,provider_geometry=None,provider_id=None,provider_location=None,replication_driver_data=None,replication_extended_status=None,replication_status=None,scheduled_at=2026-07-20T15:36:40Z,service_uuid=None,shared_targets=True,size=1,snapshot_id=None,snapshots=,source_volid=None,status='creating',terminated_at=None,updated_at=2026-07-20T15:36:40Z,use_quota=True,user_id='af7ad770303e41189a72e0ace92eef1d',volume_attachment=VolumeAttachmentList,volume_type=VolumeType(9510e324-db7f-4dc1-9308-77280d305ae8),volume_type_id=9510e324-db7f-4dc1-9308-77280d305ae8)}" {{(pid=87495) trace_logging_wrapper /opt/stack/cinder/cinder/volume/volume_utils.py:1497}}
Jul 20 17:36:50 devstack cinder-volume[87495]: DEBUG cinder.volume.drivers.remotefs [None req-b0d0ebe9-930a-4f0f-b7d3-161eadd1750c tempest-GroupsTest-423617568 None] Creating volume 2d966933-fdf8-4156-aba9-e9cb94e0e429 {{(pid=87495) create_volume /opt/stack/cinder/cinder/volume/drivers/remotefs.py:292}}
Jul 20 17:36:50 devstack cinder-volume[87495]: DEBUG oslo_concurrency.lockutils [None req-b0d0ebe9-930a-4f0f-b7d3-161eadd1750c tempest-GroupsTest-423617568 None] Acquiring lock "quobyte_ensure" by "cinder.volume.drivers.quobyte.QuobyteDriver._ensure_shares_mounted" {{(pid=87495) inner /opt/stack/data/venv/lib/python3.12/site-packages/oslo_concurrency/lockutils.py:512}}
Jul 20 17:36:50 devstack cinder-volume[87495]: DEBUG oslo_concurrency.lockutils [None req-b0d0ebe9-930a-4f0f-b7d3-161eadd1750c tempest-GroupsTest-423617568 None] Lock "quobyte_ensure" acquired by "cinder.volume.drivers.quobyte.QuobyteDriver._ensure_shares_mounted" :: waited 0.000s {{(pid=87495) inner /opt/stack/data/venv/lib/python3.12/site-packages/oslo_concurrency/lockutils.py:525}}
Jul 20 17:36:50 devstack cinder-volume[87495]: DEBUG cinder.volume.drivers.quobyte [None req-b0d0ebe9-930a-4f0f-b7d3-161eadd1750c tempest-GroupsTest-423617568 None] Quobyte Volume URL set to: {'osci02.corp.quobyte.com/cinder-vol-5f1db18b-aa5f-4e13-9c11-747a29691205': None} {{(pid=87495) _load_shares_config /opt/stack/cinder/cinder/volume/drivers/quobyte.py:651}}
Jul 20 17:36:50 devstack cinder-volume[87495]: DEBUG cinder.volume.drivers.quobyte [None req-b0d0ebe9-930a-4f0f-b7d3-161eadd1750c tempest-GroupsTest-423617568 None] Available shares ['osci02.corp.quobyte.com/cinder-vol-5f1db18b-aa5f-4e13-9c11-747a29691205'] {{(pid=87495) _ensure_shares_mounted /opt/stack/cinder/cinder/volume/drivers/quobyte.py:681}}
Jul 20 17:36:50 devstack cinder-volume[87495]: DEBUG oslo_concurrency.lockutils [None req-b0d0ebe9-930a-4f0f-b7d3-161eadd1750c tempest-GroupsTest-423617568 None] Lock "quobyte_ensure" "released" by "cinder.volume.drivers.quobyte.QuobyteDriver._ensure_shares_mounted" :: held 0.008s {{(pid=87495) inner /opt/stack/data/venv/lib/python3.12/site-packages/oslo_concurrency/lockutils.py:544}}
Jul 20 17:36:50 devstack cinder-volume[87495]: DEBUG cinder.volume.drivers.quobyte [None req-b0d0ebe9-930a-4f0f-b7d3-161eadd1750c tempest-GroupsTest-423617568 None] Selected osci02.corp.quobyte.com/cinder-vol-5f1db18b-aa5f-4e13-9c11-747a29691205 as target Quobyte volume. {{(pid=87495) _find_share /opt/stack/cinder/cinder/volume/drivers/quobyte.py:702}}
Jul 20 17:36:50 devstack cinder-volume[87495]: INFO cinder.volume.drivers.remotefs [None req-b0d0ebe9-930a-4f0f-b7d3-161eadd1750c tempest-GroupsTest-423617568 None] casted to osci02.corp.quobyte.com/cinder-vol-5f1db18b-aa5f-4e13-9c11-747a29691205
Jul 20 17:36:50 devstack cinder-volume[87495]: DEBUG oslo_concurrency.processutils [None req-b0d0ebe9-930a-4f0f-b7d3-161eadd1750c tempest-GroupsTest-423617568 None] Running cmd (subprocess): sudo cinder-rootwrap /etc/cinder/rootwrap.conf qemu-img create -f qcow2 -o preallocation=metadata /opt/stack/data/cinder/mnt/52b9c85c9891161aab1de4a02e981803/volume-2d966933-fdf8-4156-aba9-e9cb94e0e429 1073741824 {{(pid=87495) execute /opt/stack/data/venv/lib/python3.12/site-packages/oslo_concurrency/processutils.py:440}}
Jul 20 17:36:50 devstack sudo[94772]: quobyte : PWD=/ ; USER=root ; COMMAND=/opt/stack/data/venv/bin/cinder-rootwrap /etc/cinder/rootwrap.conf qemu-img create -f qcow2 -o preallocation=metadata /opt/stack/data/cinder/mnt/52b9c85c9891161aab1de4a02e981803/volume-2d966933-fdf8-4156-aba9-e9cb94e0e429 1073741824
Jul 20 17:36:50 devstack sudo[94772]: pam_unix(sudo:session): session opened for user root(uid=0) by (uid=1000)
Jul 20 17:36:50 devstack cinder-volume[87495]: INFO cinder.volume.manager [None req-cc7d45f5-f1ec-45b5-9e45-2e21a57691dc tempest-GroupsV314Test-457595213 None] Create group from source-group-2a290bc2-fa43-48b2-843d-c2f2b14fcdd6 completed successfully.
Jul 20 17:36:51 devstack sudo[94772]: pam_unix(sudo:session): session closed for user root
Jul 20 17:36:51 devstack cinder-volume[87495]: DEBUG oslo_concurrency.processutils [None req-b0d0ebe9-930a-4f0f-b7d3-161eadd1750c tempest-GroupsTest-423617568 None] CMD "sudo cinder-rootwrap /etc/cinder/rootwrap.conf qemu-img create -f qcow2 -o preallocation=metadata /opt/stack/data/cinder/mnt/52b9c85c9891161aab1de4a02e981803/volume-2d966933-fdf8-4156-aba9-e9cb94e0e429 1073741824" returned: 0 in 0.652s {{(pid=87495) execute /opt/stack/data/venv/lib/python3.12/site-packages/oslo_concurrency/processutils.py:468}}
Jul 20 17:36:51 devstack cinder-volume[87495]: DEBUG oslo_concurrency.processutils [None req-b0d0ebe9-930a-4f0f-b7d3-161eadd1750c tempest-GroupsTest-423617568 None] Running cmd (subprocess): sudo cinder-rootwrap /etc/cinder/rootwrap.conf chmod ugo+rw /opt/stack/data/cinder/mnt/52b9c85c9891161aab1de4a02e981803/volume-2d966933-fdf8-4156-aba9-e9cb94e0e429 {{(pid=87495) execute /opt/stack/data/venv/lib/python3.12/site-packages/oslo_concurrency/processutils.py:440}}
Jul 20 17:36:51 devstack cinder-volume[87495]: DEBUG cinder.coordination [None req-b702bb7c-cc3e-4c53-a2da-c1781426d4da tempest-GroupsV314Test-457595213 None] Acquiring lock "cinder-quobyte-bc6f8cf6-969e-4e47-a00a-44b10d6a063f" by "delete_volume" {{(pid=87495) __acquire /opt/stack/cinder/cinder/coordination.py:138}}
Jul 20 17:36:51 devstack cinder-volume[87495]: DEBUG cinder.coordination [None req-b702bb7c-cc3e-4c53-a2da-c1781426d4da tempest-GroupsV314Test-457595213 None] Lock "cinder-quobyte-bc6f8cf6-969e-4e47-a00a-44b10d6a063f" acquired by "delete_volume" :: waited 0.020s {{(pid=87495) __acquire /opt/stack/cinder/cinder/coordination.py:141}}
Jul 20 17:36:51 devstack sudo[94780]: quobyte : PWD=/ ; USER=root ; COMMAND=/opt/stack/data/venv/bin/cinder-rootwrap /etc/cinder/rootwrap.conf chmod ugo+rw /opt/stack/data/cinder/mnt/52b9c85c9891161aab1de4a02e981803/volume-2d966933-fdf8-4156-aba9-e9cb94e0e429
Jul 20 17:36:51 devstack sudo[94780]: pam_unix(sudo:session): session opened for user root(uid=0) by (uid=1000)
Jul 20 17:36:51 devstack cinder-volume[87495]: DEBUG oslo.privsep.daemon [-] privsep: reply[fea0fb7d-b893-4ba8-9757-80274d486c3d]: (4, 'qcow2') {{(pid=88745) _call_back /opt/stack/data/venv/lib/python3.12/site-packages/oslo_privsep/daemon.py:580}}
Jul 20 17:36:51 devstack cinder-volume[87495]: DEBUG oslo_concurrency.processutils [None req-b702bb7c-cc3e-4c53-a2da-c1781426d4da tempest-GroupsV314Test-457595213 None] Running cmd (subprocess): /opt/stack/data/venv/bin/python3.12 -m oslo_concurrency.prlimit --as=1073741824 --cpu=60 -- sudo cinder-rootwrap /etc/cinder/rootwrap.conf env LC_ALL=C qemu-img info -f qcow2 --output=json --force-share /opt/stack/data/cinder/mnt/52b9c85c9891161aab1de4a02e981803/volume-bc6f8cf6-969e-4e47-a00a-44b10d6a063f {{(pid=87495) execute /opt/stack/data/venv/lib/python3.12/site-packages/oslo_concurrency/processutils.py:440}}
Jul 20 17:36:51 devstack sudo[94782]: quobyte : PWD=/ ; USER=root ; COMMAND=/opt/stack/data/venv/bin/cinder-rootwrap /etc/cinder/rootwrap.conf env LC_ALL=C qemu-img info -f qcow2 --output=json --force-share /opt/stack/data/cinder/mnt/52b9c85c9891161aab1de4a02e981803/volume-bc6f8cf6-969e-4e47-a00a-44b10d6a063f
Jul 20 17:36:51 devstack sudo[94782]: pam_unix(sudo:session): session opened for user root(uid=0) by (uid=1000)
Jul 20 17:36:51 devstack sudo[94780]: pam_unix(sudo:session): session closed for user root
Jul 20 17:36:51 devstack cinder-volume[87495]: DEBUG oslo_concurrency.processutils [None req-b0d0ebe9-930a-4f0f-b7d3-161eadd1750c tempest-GroupsTest-423617568 None] CMD "sudo cinder-rootwrap /etc/cinder/rootwrap.conf chmod ugo+rw /opt/stack/data/cinder/mnt/52b9c85c9891161aab1de4a02e981803/volume-2d966933-fdf8-4156-aba9-e9cb94e0e429" returned: 0 in 0.329s {{(pid=87495) execute /opt/stack/data/venv/lib/python3.12/site-packages/oslo_concurrency/processutils.py:468}}
Jul 20 17:36:51 devstack cinder-volume[87495]: DEBUG cinder.volume.drivers.quobyte [None req-b0d0ebe9-930a-4f0f-b7d3-161eadd1750c tempest-GroupsTest-423617568 None] <== create_volume: return (1056ms) {'provider_location': 'osci02.corp.quobyte.com/cinder-vol-5f1db18b-aa5f-4e13-9c11-747a29691205'} {{(pid=87495) trace_logging_wrapper /opt/stack/cinder/cinder/volume/volume_utils.py:1522}}
Jul 20 17:36:51 devstack cinder-volume[87495]: DEBUG oslo_concurrency.lockutils [None req-b0d0ebe9-930a-4f0f-b7d3-161eadd1750c tempest-GroupsTest-423617568 None] Lock "quobyte" "released" by "cinder.volume.drivers.quobyte.QuobyteDriver.create_volume" :: held 1.061s {{(pid=87495) inner /opt/stack/data/venv/lib/python3.12/site-packages/oslo_concurrency/lockutils.py:544}}
Jul 20 17:36:51 devstack cinder-volume[87495]: DEBUG cinder.volume.manager [None req-b0d0ebe9-930a-4f0f-b7d3-161eadd1750c tempest-GroupsTest-423617568 None] Task 'cinder.volume.flows.manager.create_volume.CreateVolumeFromSpecTask;volume:create' (52009561-59ae-4d44-b6a1-992d55f7e3fc) transitioned into state 'SUCCESS' from state 'RUNNING' with result '{'status': 'creating', 'volume_name': 'volume-2d966933-fdf8-4156-aba9-e9cb94e0e429', 'volume_size': 1}' {{(pid=87495) _task_receiver /opt/stack/data/venv/lib/python3.12/site-packages/taskflow/listeners/logging.py:218}}
Jul 20 17:36:51 devstack cinder-volume[87495]: DEBUG cinder.volume.manager [None req-b0d0ebe9-930a-4f0f-b7d3-161eadd1750c tempest-GroupsTest-423617568 None] Task 'cinder.volume.flows.manager.create_volume.CreateVolumeOnFinishTask;volume:create, create.end' (eea1a631-7843-4554-88fb-a957badac58c) transitioned into state 'RUNNING' from state 'PENDING' {{(pid=87495) _task_receiver /opt/stack/data/venv/lib/python3.12/site-packages/taskflow/listeners/logging.py:242}}
Jul 20 17:36:51 devstack cinder-volume[87495]: INFO cinder.volume.flows.manager.create_volume [None req-b0d0ebe9-930a-4f0f-b7d3-161eadd1750c tempest-GroupsTest-423617568 None] Volume volume-2d966933-fdf8-4156-aba9-e9cb94e0e429 (2d966933-fdf8-4156-aba9-e9cb94e0e429): created successfully
