Jul 20 17:35:34 devstack cinder-volume[87495]: DEBUG cinder.coordination [None req-3536ab4d-75fc-4614-8092-e5a58ffffafc tempest-VolumesSnapshotListTestJSON-1498873397 None] Lock "cinder-quobyte-f424725a-6a30-48d5-b42c-78ce9f874335" released by "delete_snapshot" :: held 1.959s {{(pid=87495) __release /opt/stack/cinder/cinder/coordination.py:152}}
Jul 20 17:35:34 devstack cinder-volume[87495]: DEBUG cinder.quota [None req-3536ab4d-75fc-4614-8092-e5a58ffffafc tempest-VolumesSnapshotListTestJSON-1498873397 None] Created reservations ['cfd2dbd4-d1e4-4203-a7d8-067df525c08f', '4662c7cf-bb71-4f01-ab23-fd4e450f1f98', '6d35e9ba-e385-4d21-9729-e163dd9b23b7', '4cd10e16-e165-484e-8e27-798629b9fe27'] {{(pid=87495) reserve /opt/stack/cinder/cinder/quota.py:752}}
Jul 20 17:35:34 devstack cinder-volume[87495]: INFO cinder.volume.manager [None req-e179f4a5-d8e7-42a0-9ff3-6043ac1fcd3b tempest-GroupSnapshotsTest-623877194 None] Update group completed successfully.
Jul 20 17:35:34 devstack cinder-volume[87495]: INFO cinder.volume.manager [None req-3536ab4d-75fc-4614-8092-e5a58ffffafc tempest-VolumesSnapshotListTestJSON-1498873397 None] Delete snapshot completed successfully.
Jul 20 17:35:34 devstack cinder-volume[87495]: DEBUG cinder.coordination [None req-3536ab4d-75fc-4614-8092-e5a58ffffafc tempest-VolumesSnapshotListTestJSON-1498873397 None] Lock "cinder-b970e7c1-a866-44d1-abf1-af7e5e361e8b-delete_snapshot" released by "delete_snapshot" :: held 2.243s {{(pid=87495) __release /opt/stack/cinder/cinder/coordination.py:152}}
Jul 20 17:35:35 devstack cinder-volume[87495]: DEBUG cinder.coordination [None req-13b0f879-71ee-41c3-ab05-ba69df82eb8f tempest-VolumesSnapshotListTestJSON-1498873397 None] Acquiring lock "cinder-55ba496d-4c5a-4f20-bd56-6a5d3e5dadfa-delete_snapshot" by "delete_snapshot" {{(pid=87495) __acquire /opt/stack/cinder/cinder/coordination.py:138}}
Jul 20 17:35:35 devstack cinder-volume[87495]: DEBUG cinder.coordination [None req-13b0f879-71ee-41c3-ab05-ba69df82eb8f tempest-VolumesSnapshotListTestJSON-1498873397 None] Lock "cinder-55ba496d-4c5a-4f20-bd56-6a5d3e5dadfa-delete_snapshot" acquired by "delete_snapshot" :: waited 0.036s {{(pid=87495) __acquire /opt/stack/cinder/cinder/coordination.py:141}}
Jul 20 17:35:35 devstack cinder-volume[87495]: DEBUG cinder.coordination [None req-13b0f879-71ee-41c3-ab05-ba69df82eb8f tempest-VolumesSnapshotListTestJSON-1498873397 None] Acquiring lock "cinder-quobyte-f424725a-6a30-48d5-b42c-78ce9f874335" by "delete_snapshot" {{(pid=87495) __acquire /opt/stack/cinder/cinder/coordination.py:138}}
Jul 20 17:35:35 devstack cinder-volume[87495]: DEBUG cinder.coordination [None req-13b0f879-71ee-41c3-ab05-ba69df82eb8f tempest-VolumesSnapshotListTestJSON-1498873397 None] Lock "cinder-quobyte-f424725a-6a30-48d5-b42c-78ce9f874335" acquired by "delete_snapshot" :: waited 0.022s {{(pid=87495) __acquire /opt/stack/cinder/cinder/coordination.py:141}}
Jul 20 17:35:35 devstack cinder-volume[87495]: DEBUG cinder.coordination [None req-13b0f879-71ee-41c3-ab05-ba69df82eb8f tempest-VolumesSnapshotListTestJSON-1498873397 None] Acquiring lock "cinder-quobyte-55ba496d-4c5a-4f20-bd56-6a5d3e5dadfa" by "_delete_snapshot" {{(pid=87495) __acquire /opt/stack/cinder/cinder/coordination.py:138}}
Jul 20 17:35:35 devstack cinder-volume[87495]: DEBUG cinder.coordination [None req-13b0f879-71ee-41c3-ab05-ba69df82eb8f tempest-VolumesSnapshotListTestJSON-1498873397 None] Lock "cinder-quobyte-55ba496d-4c5a-4f20-bd56-6a5d3e5dadfa" acquired by "_delete_snapshot" :: waited 0.022s {{(pid=87495) __acquire /opt/stack/cinder/cinder/coordination.py:141}}
Jul 20 17:35:35 devstack cinder-volume[87495]: DEBUG cinder.volume.drivers.remotefs [None req-13b0f879-71ee-41c3-ab05-ba69df82eb8f tempest-VolumesSnapshotListTestJSON-1498873397 None] Deleting offline snapshot 55ba496d-4c5a-4f20-bd56-6a5d3e5dadfa of volume f424725a-6a30-48d5-b42c-78ce9f874335 {{(pid=87495) _delete_snapshot /opt/stack/cinder/cinder/volume/drivers/remotefs.py:1288}}
Jul 20 17:35:35 devstack cinder-volume[87495]: DEBUG cinder.volume.drivers.remotefs [None req-13b0f879-71ee-41c3-ab05-ba69df82eb8f tempest-VolumesSnapshotListTestJSON-1498873397 None] snapshot_file for this snap is: volume-f424725a-6a30-48d5-b42c-78ce9f874335.55ba496d-4c5a-4f20-bd56-6a5d3e5dadfa {{(pid=87495) _delete_snapshot /opt/stack/cinder/cinder/volume/drivers/remotefs.py:1317}}
Jul 20 17:35:35 devstack cinder-volume[87495]: DEBUG oslo.privsep.daemon [-] privsep: reply[f46b10ac-3b4d-497e-a59e-62741e0b999c]: (4, 'qcow2') {{(pid=88745) _call_back /opt/stack/data/venv/lib/python3.12/site-packages/oslo_privsep/daemon.py:580}}
Jul 20 17:35:35 devstack cinder-volume[87495]: DEBUG oslo_concurrency.processutils [None req-13b0f879-71ee-41c3-ab05-ba69df82eb8f tempest-VolumesSnapshotListTestJSON-1498873397 None] Running cmd (subprocess): /opt/stack/data/venv/bin/python3.12 -m oslo_concurrency.prlimit --as=1073741824 --cpu=60 -- sudo cinder-rootwrap /etc/cinder/rootwrap.conf env LC_ALL=C qemu-img info -f qcow2 --output=json --force-share /opt/stack/data/cinder/mnt/52b9c85c9891161aab1de4a02e981803/volume-f424725a-6a30-48d5-b42c-78ce9f874335.55ba496d-4c5a-4f20-bd56-6a5d3e5dadfa {{(pid=87495) execute /opt/stack/data/venv/lib/python3.12/site-packages/oslo_concurrency/processutils.py:440}}
Jul 20 17:35:35 devstack cinder-volume[87495]: INFO cinder.volume.manager [None req-b2893279-7be6-40e3-b58b-97254407cc31 tempest-GroupSnapshotsTest-623877194 None] Update group completed successfully.
Jul 20 17:35:35 devstack sudo[93909]: quobyte : PWD=/ ; USER=root ; COMMAND=/opt/stack/data/venv/bin/cinder-rootwrap /etc/cinder/rootwrap.conf env LC_ALL=C qemu-img info -f qcow2 --output=json --force-share /opt/stack/data/cinder/mnt/52b9c85c9891161aab1de4a02e981803/volume-f424725a-6a30-48d5-b42c-78ce9f874335.55ba496d-4c5a-4f20-bd56-6a5d3e5dadfa
Jul 20 17:35:35 devstack sudo[93909]: pam_unix(sudo:session): session opened for user root(uid=0) by (uid=1000)
Jul 20 17:35:36 devstack sudo[93909]: pam_unix(sudo:session): session closed for user root
Jul 20 17:35:36 devstack cinder-volume[87495]: DEBUG oslo_concurrency.processutils [None req-13b0f879-71ee-41c3-ab05-ba69df82eb8f tempest-VolumesSnapshotListTestJSON-1498873397 None] CMD "/opt/stack/data/venv/bin/python3.12 -m oslo_concurrency.prlimit --as=1073741824 --cpu=60 -- sudo cinder-rootwrap /etc/cinder/rootwrap.conf env LC_ALL=C qemu-img info -f qcow2 --output=json --force-share /opt/stack/data/cinder/mnt/52b9c85c9891161aab1de4a02e981803/volume-f424725a-6a30-48d5-b42c-78ce9f874335.55ba496d-4c5a-4f20-bd56-6a5d3e5dadfa" returned: 0 in 0.454s {{(pid=87495) execute /opt/stack/data/venv/lib/python3.12/site-packages/oslo_concurrency/processutils.py:468}}
Jul 20 17:35:36 devstack cinder-volume[87495]: DEBUG cinder.volume.drivers.remotefs [None req-13b0f879-71ee-41c3-ab05-ba69df82eb8f tempest-VolumesSnapshotListTestJSON-1498873397 None] Fetching qemu-img info with special backing_file_template: (/opt/stack/data/cinder/mnt/[0-9a-f]+/)?(volume-f424725a-6a30-48d5-b42c-78ce9f874335(.(tmp-snap-)?[0-9a-f-]+)?|volume_from_snapshot_cache/(tmp-snap-)?[0-9a-f-]+(.(child-|parent-)[0-9a-f-]+)?)$ {{(pid=87495) _qemu_img_info_base /opt/stack/cinder/cinder/volume/drivers/remotefs.py:896}}
Jul 20 17:35:36 devstack cinder-volume[87495]: DEBUG oslo.privsep.daemon [-] privsep: reply[babf0801-2d6d-47e5-acd2-7f092ccc1347]: (4, 'qcow2') {{(pid=88745) _call_back /opt/stack/data/venv/lib/python3.12/site-packages/oslo_privsep/daemon.py:580}}
Jul 20 17:35:36 devstack cinder-volume[87495]: DEBUG oslo_concurrency.processutils [None req-13b0f879-71ee-41c3-ab05-ba69df82eb8f tempest-VolumesSnapshotListTestJSON-1498873397 None] Running cmd (subprocess): /opt/stack/data/venv/bin/python3.12 -m oslo_concurrency.prlimit --as=1073741824 --cpu=60 -- sudo cinder-rootwrap /etc/cinder/rootwrap.conf env LC_ALL=C qemu-img info -f qcow2 --output=json --force-share /opt/stack/data/cinder/mnt/52b9c85c9891161aab1de4a02e981803/volume-f424725a-6a30-48d5-b42c-78ce9f874335 {{(pid=87495) execute /opt/stack/data/venv/lib/python3.12/site-packages/oslo_concurrency/processutils.py:440}}
Jul 20 17:35:36 devstack sudo[93914]: quobyte : PWD=/ ; USER=root ; COMMAND=/opt/stack/data/venv/bin/cinder-rootwrap /etc/cinder/rootwrap.conf env LC_ALL=C qemu-img info -f qcow2 --output=json --force-share /opt/stack/data/cinder/mnt/52b9c85c9891161aab1de4a02e981803/volume-f424725a-6a30-48d5-b42c-78ce9f874335
Jul 20 17:35:36 devstack sudo[93914]: pam_unix(sudo:session): session opened for user root(uid=0) by (uid=1000)
Jul 20 17:35:36 devstack sudo[93914]: pam_unix(sudo:session): session closed for user root
Jul 20 17:35:36 devstack cinder-volume[87495]: DEBUG oslo_concurrency.processutils [None req-13b0f879-71ee-41c3-ab05-ba69df82eb8f tempest-VolumesSnapshotListTestJSON-1498873397 None] CMD "/opt/stack/data/venv/bin/python3.12 -m oslo_concurrency.prlimit --as=1073741824 --cpu=60 -- sudo cinder-rootwrap /etc/cinder/rootwrap.conf env LC_ALL=C qemu-img info -f qcow2 --output=json --force-share /opt/stack/data/cinder/mnt/52b9c85c9891161aab1de4a02e981803/volume-f424725a-6a30-48d5-b42c-78ce9f874335" returned: 0 in 0.390s {{(pid=87495) execute /opt/stack/data/venv/lib/python3.12/site-packages/oslo_concurrency/processutils.py:468}}
Jul 20 17:35:36 devstack cinder-volume[87495]: DEBUG oslo_concurrency.processutils [None req-13b0f879-71ee-41c3-ab05-ba69df82eb8f tempest-VolumesSnapshotListTestJSON-1498873397 None] Running cmd (subprocess): sudo cinder-rootwrap /etc/cinder/rootwrap.conf qemu-img commit -d /opt/stack/data/cinder/mnt/52b9c85c9891161aab1de4a02e981803/volume-f424725a-6a30-48d5-b42c-78ce9f874335.55ba496d-4c5a-4f20-bd56-6a5d3e5dadfa {{(pid=87495) execute /opt/stack/data/venv/lib/python3.12/site-packages/oslo_concurrency/processutils.py:440}}
Jul 20 17:35:36 devstack sudo[93920]: quobyte : PWD=/ ; USER=root ; COMMAND=/opt/stack/data/venv/bin/cinder-rootwrap /etc/cinder/rootwrap.conf qemu-img commit -d /opt/stack/data/cinder/mnt/52b9c85c9891161aab1de4a02e981803/volume-f424725a-6a30-48d5-b42c-78ce9f874335.55ba496d-4c5a-4f20-bd56-6a5d3e5dadfa
Jul 20 17:35:36 devstack sudo[93920]: pam_unix(sudo:session): session opened for user root(uid=0) by (uid=1000)
Jul 20 17:35:37 devstack cinder-volume[87495]: INFO cinder.volume.manager [None req-de8825e2-038f-4c02-a6eb-2990f48bea3a tempest-GroupSnapshotsTest-623877194 None] Update group completed successfully.
Jul 20 17:35:37 devstack sudo[93920]: pam_unix(sudo:session): session closed for user root
Jul 20 17:35:37 devstack cinder-volume[87495]: DEBUG oslo_concurrency.processutils [None req-13b0f879-71ee-41c3-ab05-ba69df82eb8f tempest-VolumesSnapshotListTestJSON-1498873397 None] CMD "sudo cinder-rootwrap /etc/cinder/rootwrap.conf qemu-img commit -d /opt/stack/data/cinder/mnt/52b9c85c9891161aab1de4a02e981803/volume-f424725a-6a30-48d5-b42c-78ce9f874335.55ba496d-4c5a-4f20-bd56-6a5d3e5dadfa" returned: 0 in 0.471s {{(pid=87495) execute /opt/stack/data/venv/lib/python3.12/site-packages/oslo_concurrency/processutils.py:468}}
Jul 20 17:35:37 devstack cinder-volume[87495]: DEBUG oslo_concurrency.processutils [None req-13b0f879-71ee-41c3-ab05-ba69df82eb8f tempest-VolumesSnapshotListTestJSON-1498873397 None] Running cmd (subprocess): sudo cinder-rootwrap /etc/cinder/rootwrap.conf rm -f /opt/stack/data/cinder/mnt/52b9c85c9891161aab1de4a02e981803/volume-f424725a-6a30-48d5-b42c-78ce9f874335.55ba496d-4c5a-4f20-bd56-6a5d3e5dadfa {{(pid=87495) execute /opt/stack/data/venv/lib/python3.12/site-packages/oslo_concurrency/processutils.py:440}}
Jul 20 17:35:37 devstack sudo[93930]: quobyte : PWD=/ ; USER=root ; COMMAND=/opt/stack/data/venv/bin/cinder-rootwrap /etc/cinder/rootwrap.conf rm -f /opt/stack/data/cinder/mnt/52b9c85c9891161aab1de4a02e981803/volume-f424725a-6a30-48d5-b42c-78ce9f874335.55ba496d-4c5a-4f20-bd56-6a5d3e5dadfa
Jul 20 17:35:37 devstack sudo[93930]: pam_unix(sudo:session): session opened for user root(uid=0) by (uid=1000)
Jul 20 17:35:37 devstack sudo[93930]: pam_unix(sudo:session): session closed for user root
Jul 20 17:35:37 devstack cinder-volume[87495]: DEBUG oslo_concurrency.processutils [None req-13b0f879-71ee-41c3-ab05-ba69df82eb8f tempest-VolumesSnapshotListTestJSON-1498873397 None] CMD "sudo cinder-rootwrap /etc/cinder/rootwrap.conf rm -f /opt/stack/data/cinder/mnt/52b9c85c9891161aab1de4a02e981803/volume-f424725a-6a30-48d5-b42c-78ce9f874335.55ba496d-4c5a-4f20-bd56-6a5d3e5dadfa" returned: 0 in 0.274s {{(pid=87495) execute /opt/stack/data/venv/lib/python3.12/site-packages/oslo_concurrency/processutils.py:468}}
Jul 20 17:35:37 devstack cinder-volume[87495]: DEBUG cinder.coordination [None req-13b0f879-71ee-41c3-ab05-ba69df82eb8f tempest-VolumesSnapshotListTestJSON-1498873397 None] Lock "cinder-quobyte-55ba496d-4c5a-4f20-bd56-6a5d3e5dadfa" released by "_delete_snapshot" :: held 1.737s {{(pid=87495) __release /opt/stack/cinder/cinder/coordination.py:152}}
Jul 20 17:35:37 devstack cinder-volume[87495]: DEBUG cinder.coordination [None req-13b0f879-71ee-41c3-ab05-ba69df82eb8f tempest-VolumesSnapshotListTestJSON-1498873397 None] Lock "cinder-quobyte-f424725a-6a30-48d5-b42c-78ce9f874335" released by "delete_snapshot" :: held 1.768s {{(pid=87495) __release /opt/stack/cinder/cinder/coordination.py:152}}
Jul 20 17:35:37 devstack cinder-volume[87495]: DEBUG cinder.quota [None req-13b0f879-71ee-41c3-ab05-ba69df82eb8f tempest-VolumesSnapshotListTestJSON-1498873397 None] Created reservations ['47b03fc3-bfe1-4633-9d2b-e29889c7b3b9', '84943c43-8f76-4640-abe2-ad9422caa24b', '73a5eeb7-8d31-494e-8078-48adf22ca741', '92bb9827-b6ce-45a1-84a6-07a1104010fb'] {{(pid=87495) reserve /opt/stack/cinder/cinder/quota.py:752}}
Jul 20 17:35:37 devstack cinder-volume[87495]: INFO cinder.volume.manager [None req-13b0f879-71ee-41c3-ab05-ba69df82eb8f tempest-VolumesSnapshotListTestJSON-1498873397 None] Delete snapshot completed successfully.
Jul 20 17:35:37 devstack cinder-volume[87495]: DEBUG cinder.coordination [None req-13b0f879-71ee-41c3-ab05-ba69df82eb8f tempest-VolumesSnapshotListTestJSON-1498873397 None] Lock "cinder-55ba496d-4c5a-4f20-bd56-6a5d3e5dadfa-delete_snapshot" released by "delete_snapshot" :: held 1.930s {{(pid=87495) __release /opt/stack/cinder/cinder/coordination.py:152}}
Jul 20 17:35:37 devstack cinder-volume[87495]: DEBUG cinder.coordination [None req-ed307a78-dee7-4d38-bb45-cfcf861e69c7 tempest-VolumesSnapshotListTestJSON-1498873397 None] Acquiring lock "cinder-f424725a-6a30-48d5-b42c-78ce9f874335-delete_volume" by "delete_volume" {{(pid=87495) __acquire /opt/stack/cinder/cinder/coordination.py:138}}
Jul 20 17:35:37 devstack cinder-volume[87495]: DEBUG cinder.coordination [None req-ed307a78-dee7-4d38-bb45-cfcf861e69c7 tempest-VolumesSnapshotListTestJSON-1498873397 None] Lock "cinder-f424725a-6a30-48d5-b42c-78ce9f874335-delete_volume" acquired by "delete_volume" :: waited 0.018s {{(pid=87495) __acquire /opt/stack/cinder/cinder/coordination.py:141}}
Jul 20 17:35:38 devstack cinder-volume[87495]: DEBUG cinder.coordination [None req-ed307a78-dee7-4d38-bb45-cfcf861e69c7 tempest-VolumesSnapshotListTestJSON-1498873397 None] Acquiring lock "cinder-quobyte-f424725a-6a30-48d5-b42c-78ce9f874335" by "delete_volume" {{(pid=87495) __acquire /opt/stack/cinder/cinder/coordination.py:138}}
Jul 20 17:35:38 devstack cinder-volume[87495]: DEBUG cinder.coordination [None req-ed307a78-dee7-4d38-bb45-cfcf861e69c7 tempest-VolumesSnapshotListTestJSON-1498873397 None] Lock "cinder-quobyte-f424725a-6a30-48d5-b42c-78ce9f874335" acquired by "delete_volume" :: waited 0.027s {{(pid=87495) __acquire /opt/stack/cinder/cinder/coordination.py:141}}
Jul 20 17:35:38 devstack cinder-volume[87495]: DEBUG oslo.privsep.daemon [-] privsep: reply[e8d7b59a-474b-4187-99e4-999e3cb81216]: (4, 'qcow2') {{(pid=88745) _call_back /opt/stack/data/venv/lib/python3.12/site-packages/oslo_privsep/daemon.py:580}}
Jul 20 17:35:38 devstack cinder-volume[87495]: DEBUG oslo_concurrency.processutils [None req-ed307a78-dee7-4d38-bb45-cfcf861e69c7 tempest-VolumesSnapshotListTestJSON-1498873397 None] Running cmd (subprocess): /opt/stack/data/venv/bin/python3.12 -m oslo_concurrency.prlimit --as=1073741824 --cpu=60 -- sudo cinder-rootwrap /etc/cinder/rootwrap.conf env LC_ALL=C qemu-img info -f qcow2 --output=json --force-share /opt/stack/data/cinder/mnt/52b9c85c9891161aab1de4a02e981803/volume-f424725a-6a30-48d5-b42c-78ce9f874335 {{(pid=87495) execute /opt/stack/data/venv/lib/python3.12/site-packages/oslo_concurrency/processutils.py:440}}
Jul 20 17:35:38 devstack sudo[93933]: quobyte : PWD=/ ; USER=root ; COMMAND=/opt/stack/data/venv/bin/cinder-rootwrap /etc/cinder/rootwrap.conf env LC_ALL=C qemu-img info -f qcow2 --output=json --force-share /opt/stack/data/cinder/mnt/52b9c85c9891161aab1de4a02e981803/volume-f424725a-6a30-48d5-b42c-78ce9f874335
Jul 20 17:35:38 devstack sudo[93933]: pam_unix(sudo:session): session opened for user root(uid=0) by (uid=1000)
Jul 20 17:35:38 devstack cinder-volume[87495]: INFO cinder.volume.manager [None req-f25e69eb-15bf-47a5-8d84-c46e97c4ca7e tempest-GroupSnapshotsTest-623877194 None] Update group completed successfully.
Jul 20 17:35:38 devstack sudo[93933]: pam_unix(sudo:session): session closed for user root
Jul 20 17:35:38 devstack cinder-volume[87495]: DEBUG oslo_concurrency.processutils [None req-ed307a78-dee7-4d38-bb45-cfcf861e69c7 tempest-VolumesSnapshotListTestJSON-1498873397 None] CMD "/opt/stack/data/venv/bin/python3.12 -m oslo_concurrency.prlimit --as=1073741824 --cpu=60 -- sudo cinder-rootwrap /etc/cinder/rootwrap.conf env LC_ALL=C qemu-img info -f qcow2 --output=json --force-share /opt/stack/data/cinder/mnt/52b9c85c9891161aab1de4a02e981803/volume-f424725a-6a30-48d5-b42c-78ce9f874335" returned: 0 in 0.528s {{(pid=87495) execute /opt/stack/data/venv/lib/python3.12/site-packages/oslo_concurrency/processutils.py:468}}
Jul 20 17:35:38 devstack cinder-volume[87495]: DEBUG oslo_concurrency.processutils [None req-ed307a78-dee7-4d38-bb45-cfcf861e69c7 tempest-VolumesSnapshotListTestJSON-1498873397 None] Running cmd (subprocess): sudo cinder-rootwrap /etc/cinder/rootwrap.conf rm -f /opt/stack/data/cinder/mnt/52b9c85c9891161aab1de4a02e981803/volume-f424725a-6a30-48d5-b42c-78ce9f874335 {{(pid=87495) execute /opt/stack/data/venv/lib/python3.12/site-packages/oslo_concurrency/processutils.py:440}}
Jul 20 17:35:38 devstack sudo[93939]: quobyte : PWD=/ ; USER=root ; COMMAND=/opt/stack/data/venv/bin/cinder-rootwrap /etc/cinder/rootwrap.conf rm -f /opt/stack/data/cinder/mnt/52b9c85c9891161aab1de4a02e981803/volume-f424725a-6a30-48d5-b42c-78ce9f874335
Jul 20 17:35:38 devstack sudo[93939]: pam_unix(sudo:session): session opened for user root(uid=0) by (uid=1000)
Jul 20 17:35:38 devstack sudo[93939]: pam_unix(sudo:session): session closed for user root
Jul 20 17:35:38 devstack cinder-volume[87495]: DEBUG oslo_concurrency.processutils [None req-ed307a78-dee7-4d38-bb45-cfcf861e69c7 tempest-VolumesSnapshotListTestJSON-1498873397 None] CMD "sudo cinder-rootwrap /etc/cinder/rootwrap.conf rm -f /opt/stack/data/cinder/mnt/52b9c85c9891161aab1de4a02e981803/volume-f424725a-6a30-48d5-b42c-78ce9f874335" returned: 0 in 0.295s {{(pid=87495) execute /opt/stack/data/venv/lib/python3.12/site-packages/oslo_concurrency/processutils.py:468}}
Jul 20 17:35:38 devstack cinder-volume[87495]: DEBUG cinder.coordination [None req-ed307a78-dee7-4d38-bb45-cfcf861e69c7 tempest-VolumesSnapshotListTestJSON-1498873397 None] Lock "cinder-quobyte-f424725a-6a30-48d5-b42c-78ce9f874335" released by "delete_volume" :: held 0.890s {{(pid=87495) __release /opt/stack/cinder/cinder/coordination.py:152}}
Jul 20 17:35:38 devstack cinder-volume[87495]: DEBUG cinder.quota [None req-ed307a78-dee7-4d38-bb45-cfcf861e69c7 tempest-VolumesSnapshotListTestJSON-1498873397 None] Created reservations ['019fcf73-c8f2-4c98-917e-dbb43cf96cc0', 'ed2da7b8-010a-46ad-9d09-2161dda5e56b', 'f7d9dd03-c89b-4ca2-ba57-6823d0db873e', 'b87cfe83-9865-4f5b-934a-f8ef8a4e1ff4'] {{(pid=87495) reserve /opt/stack/cinder/cinder/quota.py:752}}
Jul 20 17:35:39 devstack cinder-volume[87495]: DEBUG oslo_concurrency.lockutils [None req-ed307a78-dee7-4d38-bb45-cfcf861e69c7 tempest-VolumesSnapshotListTestJSON-1498873397 None] Acquiring lock "quobyte_ensure" by "cinder.volume.drivers.quobyte.QuobyteDriver._ensure_shares_mounted" {{(pid=87495) inner /opt/stack/data/venv/lib/python3.12/site-packages/oslo_concurrency/lockutils.py:512}}
Jul 20 17:35:39 devstack cinder-volume[87495]: DEBUG oslo_concurrency.lockutils [None req-ed307a78-dee7-4d38-bb45-cfcf861e69c7 tempest-VolumesSnapshotListTestJSON-1498873397 None] Lock "quobyte_ensure" acquired by "cinder.volume.drivers.quobyte.QuobyteDriver._ensure_shares_mounted" :: waited 0.001s {{(pid=87495) inner /opt/stack/data/venv/lib/python3.12/site-packages/oslo_concurrency/lockutils.py:525}}
Jul 20 17:35:39 devstack cinder-volume[87495]: DEBUG cinder.volume.drivers.quobyte [None req-ed307a78-dee7-4d38-bb45-cfcf861e69c7 tempest-VolumesSnapshotListTestJSON-1498873397 None] Quobyte Volume URL set to: {'osci02.corp.quobyte.com/cinder-vol-5f1db18b-aa5f-4e13-9c11-747a29691205': None} {{(pid=87495) _load_shares_config /opt/stack/cinder/cinder/volume/drivers/quobyte.py:651}}
Jul 20 17:35:39 devstack cinder-volume[87495]: DEBUG cinder.volume.drivers.quobyte [None req-ed307a78-dee7-4d38-bb45-cfcf861e69c7 tempest-VolumesSnapshotListTestJSON-1498873397 None] Available shares ['osci02.corp.quobyte.com/cinder-vol-5f1db18b-aa5f-4e13-9c11-747a29691205'] {{(pid=87495) _ensure_shares_mounted /opt/stack/cinder/cinder/volume/drivers/quobyte.py:681}}
Jul 20 17:35:39 devstack cinder-volume[87495]: DEBUG oslo_concurrency.lockutils [None req-ed307a78-dee7-4d38-bb45-cfcf861e69c7 tempest-VolumesSnapshotListTestJSON-1498873397 None] Lock "quobyte_ensure" "released" by "cinder.volume.drivers.quobyte.QuobyteDriver._ensure_shares_mounted" :: held 0.011s {{(pid=87495) inner /opt/stack/data/venv/lib/python3.12/site-packages/oslo_concurrency/lockutils.py:544}}
Jul 20 17:35:39 devstack cinder-volume[87495]: DEBUG oslo_concurrency.processutils [None req-ed307a78-dee7-4d38-bb45-cfcf861e69c7 tempest-VolumesSnapshotListTestJSON-1498873397 None] Running cmd (subprocess): sudo cinder-rootwrap /etc/cinder/rootwrap.conf df --portability --block-size 1 /opt/stack/data/cinder/mnt/52b9c85c9891161aab1de4a02e981803 {{(pid=87495) execute /opt/stack/data/venv/lib/python3.12/site-packages/oslo_concurrency/processutils.py:440}}
Jul 20 17:35:39 devstack sudo[93942]: quobyte : PWD=/ ; USER=root ; COMMAND=/opt/stack/data/venv/bin/cinder-rootwrap /etc/cinder/rootwrap.conf df --portability --block-size 1 /opt/stack/data/cinder/mnt/52b9c85c9891161aab1de4a02e981803
Jul 20 17:35:39 devstack sudo[93942]: pam_unix(sudo:session): session opened for user root(uid=0) by (uid=1000)
Jul 20 17:35:39 devstack sudo[93942]: pam_unix(sudo:session): session closed for user root
Jul 20 17:35:39 devstack cinder-volume[87495]: DEBUG oslo_concurrency.processutils [None req-ed307a78-dee7-4d38-bb45-cfcf861e69c7 tempest-VolumesSnapshotListTestJSON-1498873397 None] CMD "sudo cinder-rootwrap /etc/cinder/rootwrap.conf df --portability --block-size 1 /opt/stack/data/cinder/mnt/52b9c85c9891161aab1de4a02e981803" returned: 0 in 0.406s {{(pid=87495) execute /opt/stack/data/venv/lib/python3.12/site-packages/oslo_concurrency/processutils.py:468}}
Jul 20 17:35:39 devstack cinder-volume[87495]: DEBUG cinder.manager [None req-ed307a78-dee7-4d38-bb45-cfcf861e69c7 tempest-VolumesSnapshotListTestJSON-1498873397 None] Notifying Schedulers of capabilities ... {{(pid=87495) _publish_service_capabilities /opt/stack/cinder/cinder/manager.py:219}}
Jul 20 17:35:39 devstack cinder-volume[87495]: INFO cinder.volume.manager [None req-ed307a78-dee7-4d38-bb45-cfcf861e69c7 tempest-VolumesSnapshotListTestJSON-1498873397 None] Deleted volume successfully.
Jul 20 17:35:39 devstack cinder-volume[87495]: DEBUG cinder.coordination [None req-ed307a78-dee7-4d38-bb45-cfcf861e69c7 tempest-VolumesSnapshotListTestJSON-1498873397 None] Lock "cinder-f424725a-6a30-48d5-b42c-78ce9f874335-delete_volume" released by "delete_volume" :: held 1.621s {{(pid=87495) __release /opt/stack/cinder/cinder/coordination.py:152}}
Jul 20 17:35:40 devstack cinder-volume[87495]: INFO cinder.volume.manager [None req-fa0f20d4-7b2d-4543-ac0f-696064a81831 tempest-GroupSnapshotsTest-623877194 None] GroupSnapshot 0736b999-d959-471d-bb22-8aa6f494ee74: creating.
Jul 20 17:35:40 devstack cinder-volume[87495]: DEBUG cinder.volume.manager [None req-fa0f20d4-7b2d-4543-ac0f-696064a81831 tempest-GroupSnapshotsTest-623877194 None] Group snapshot 0736b999-d959-471d-bb22-8aa6f494ee74: creating. {{(pid=87495) create_group_snapshot /opt/stack/cinder/cinder/volume/manager.py:4175}}
Jul 20 17:35:40 devstack cinder-volume[87495]: DEBUG oslo_concurrency.lockutils [None req-fa0f20d4-7b2d-4543-ac0f-696064a81831 tempest-GroupSnapshotsTest-623877194 None] Acquiring lock "quobyte" by "cinder.volume.drivers.quobyte.QuobyteDriver.create_snapshot" {{(pid=87495) inner /opt/stack/data/venv/lib/python3.12/site-packages/oslo_concurrency/lockutils.py:512}}
Jul 20 17:35:40 devstack cinder-volume[87495]: DEBUG oslo_concurrency.lockutils [None req-fa0f20d4-7b2d-4543-ac0f-696064a81831 tempest-GroupSnapshotsTest-623877194 None] Lock "quobyte" acquired by "cinder.volume.drivers.quobyte.QuobyteDriver.create_snapshot" :: waited 0.001s {{(pid=87495) inner /opt/stack/data/venv/lib/python3.12/site-packages/oslo_concurrency/lockutils.py:525}}
Jul 20 17:35:40 devstack cinder-volume[87495]: DEBUG cinder.volume.drivers.remotefs [None req-fa0f20d4-7b2d-4543-ac0f-696064a81831 tempest-GroupSnapshotsTest-623877194 None] Creating offline snapshot 3d5efcb3-ec09-459b-a72e-b6751c6f53e2 of volume c1e044ea-e004-4235-9f35-abfbbf30ff78 {{(pid=87495) _create_snapshot /opt/stack/cinder/cinder/volume/drivers/remotefs.py:1816}}
Jul 20 17:35:40 devstack cinder-volume[87495]: DEBUG oslo.privsep.daemon [-] privsep: reply[6f166706-eb32-4cce-8b7d-ac63a44c5519]: (4, 'qcow2') {{(pid=88745) _call_back /opt/stack/data/venv/lib/python3.12/site-packages/oslo_privsep/daemon.py:580}}
Jul 20 17:35:40 devstack cinder-volume[87495]: DEBUG oslo_concurrency.processutils [None req-fa0f20d4-7b2d-4543-ac0f-696064a81831 tempest-GroupSnapshotsTest-623877194 None] Running cmd (subprocess): /opt/stack/data/venv/bin/python3.12 -m oslo_concurrency.prlimit --as=1073741824 --cpu=60 -- sudo cinder-rootwrap /etc/cinder/rootwrap.conf env LC_ALL=C qemu-img info -f qcow2 --output=json --force-share /opt/stack/data/cinder/mnt/52b9c85c9891161aab1de4a02e981803/volume-c1e044ea-e004-4235-9f35-abfbbf30ff78 {{(pid=87495) execute /opt/stack/data/venv/lib/python3.12/site-packages/oslo_concurrency/processutils.py:440}}
Jul 20 17:35:40 devstack sudo[93959]: quobyte : PWD=/ ; USER=root ; COMMAND=/opt/stack/data/venv/bin/cinder-rootwrap /etc/cinder/rootwrap.conf env LC_ALL=C qemu-img info -f qcow2 --output=json --force-share /opt/stack/data/cinder/mnt/52b9c85c9891161aab1de4a02e981803/volume-c1e044ea-e004-4235-9f35-abfbbf30ff78
Jul 20 17:35:40 devstack sudo[93959]: pam_unix(sudo:session): session opened for user root(uid=0) by (uid=1000)
Jul 20 17:35:40 devstack sudo[93959]: pam_unix(sudo:session): session closed for user root
Jul 20 17:35:40 devstack cinder-volume[87495]: DEBUG oslo_concurrency.processutils [None req-fa0f20d4-7b2d-4543-ac0f-696064a81831 tempest-GroupSnapshotsTest-623877194 None] CMD "/opt/stack/data/venv/bin/python3.12 -m oslo_concurrency.prlimit --as=1073741824 --cpu=60 -- sudo cinder-rootwrap /etc/cinder/rootwrap.conf env LC_ALL=C qemu-img info -f qcow2 --output=json --force-share /opt/stack/data/cinder/mnt/52b9c85c9891161aab1de4a02e981803/volume-c1e044ea-e004-4235-9f35-abfbbf30ff78" returned: 0 in 0.426s {{(pid=87495) execute /opt/stack/data/venv/lib/python3.12/site-packages/oslo_concurrency/processutils.py:468}}
Jul 20 17:35:40 devstack cinder-volume[87495]: DEBUG oslo_concurrency.processutils [None req-fa0f20d4-7b2d-4543-ac0f-696064a81831 tempest-GroupSnapshotsTest-623877194 None] Running cmd (subprocess): sudo cinder-rootwrap /etc/cinder/rootwrap.conf qemu-img create -f qcow2 -o backing_file=/opt/stack/data/cinder/mnt/52b9c85c9891161aab1de4a02e981803/volume-c1e044ea-e004-4235-9f35-abfbbf30ff78,backing_fmt=qcow2 /opt/stack/data/cinder/mnt/52b9c85c9891161aab1de4a02e981803/volume-c1e044ea-e004-4235-9f35-abfbbf30ff78.3d5efcb3-ec09-459b-a72e-b6751c6f53e2 1G {{(pid=87495) execute /opt/stack/data/venv/lib/python3.12/site-packages/oslo_concurrency/processutils.py:440}}
Jul 20 17:35:40 devstack sudo[93965]: quobyte : PWD=/ ; USER=root ; COMMAND=/opt/stack/data/venv/bin/cinder-rootwrap /etc/cinder/rootwrap.conf qemu-img create -f qcow2 -o backing_file=/opt/stack/data/cinder/mnt/52b9c85c9891161aab1de4a02e981803/volume-c1e044ea-e004-4235-9f35-abfbbf30ff78,backing_fmt=qcow2 /opt/stack/data/cinder/mnt/52b9c85c9891161aab1de4a02e981803/volume-c1e044ea-e004-4235-9f35-abfbbf30ff78.3d5efcb3-ec09-459b-a72e-b6751c6f53e2 1G
Jul 20 17:35:40 devstack sudo[93965]: pam_unix(sudo:session): session opened for user root(uid=0) by (uid=1000)
Jul 20 17:35:41 devstack sudo[93965]: pam_unix(sudo:session): session closed for user root
Jul 20 17:35:41 devstack cinder-volume[87495]: DEBUG oslo_concurrency.processutils [None req-fa0f20d4-7b2d-4543-ac0f-696064a81831 tempest-GroupSnapshotsTest-623877194 None] CMD "sudo cinder-rootwrap /etc/cinder/rootwrap.conf qemu-img create -f qcow2 -o backing_file=/opt/stack/data/cinder/mnt/52b9c85c9891161aab1de4a02e981803/volume-c1e044ea-e004-4235-9f35-abfbbf30ff78,backing_fmt=qcow2 /opt/stack/data/cinder/mnt/52b9c85c9891161aab1de4a02e981803/volume-c1e044ea-e004-4235-9f35-abfbbf30ff78.3d5efcb3-ec09-459b-a72e-b6751c6f53e2 1G" returned: 0 in 0.461s {{(pid=87495) execute /opt/stack/data/venv/lib/python3.12/site-packages/oslo_concurrency/processutils.py:468}}
Jul 20 17:35:41 devstack cinder-volume[87495]: DEBUG oslo_concurrency.processutils [None req-fa0f20d4-7b2d-4543-ac0f-696064a81831 tempest-GroupSnapshotsTest-623877194 None] Running cmd (subprocess): sudo cinder-rootwrap /etc/cinder/rootwrap.conf qemu-img rebase -u -b volume-c1e044ea-e004-4235-9f35-abfbbf30ff78 -F qcow2 /opt/stack/data/cinder/mnt/52b9c85c9891161aab1de4a02e981803/volume-c1e044ea-e004-4235-9f35-abfbbf30ff78.3d5efcb3-ec09-459b-a72e-b6751c6f53e2 {{(pid=87495) execute /opt/stack/data/venv/lib/python3.12/site-packages/oslo_concurrency/processutils.py:440}}
Jul 20 17:35:41 devstack sudo[93971]: quobyte : PWD=/ ; USER=root ; COMMAND=/opt/stack/data/venv/bin/cinder-rootwrap /etc/cinder/rootwrap.conf qemu-img rebase -u -b volume-c1e044ea-e004-4235-9f35-abfbbf30ff78 -F qcow2 /opt/stack/data/cinder/mnt/52b9c85c9891161aab1de4a02e981803/volume-c1e044ea-e004-4235-9f35-abfbbf30ff78.3d5efcb3-ec09-459b-a72e-b6751c6f53e2
Jul 20 17:35:41 devstack sudo[93971]: pam_unix(sudo:session): session opened for user root(uid=0) by (uid=1000)
Jul 20 17:35:41 devstack sudo[93971]: pam_unix(sudo:session): session closed for user root
Jul 20 17:35:41 devstack cinder-volume[87495]: DEBUG oslo_concurrency.processutils [None req-fa0f20d4-7b2d-4543-ac0f-696064a81831 tempest-GroupSnapshotsTest-623877194 None] CMD "sudo cinder-rootwrap /etc/cinder/rootwrap.conf qemu-img rebase -u -b volume-c1e044ea-e004-4235-9f35-abfbbf30ff78 -F qcow2 /opt/stack/data/cinder/mnt/52b9c85c9891161aab1de4a02e981803/volume-c1e044ea-e004-4235-9f35-abfbbf30ff78.3d5efcb3-ec09-459b-a72e-b6751c6f53e2" returned: 0 in 0.358s {{(pid=87495) execute /opt/stack/data/venv/lib/python3.12/site-packages/oslo_concurrency/processutils.py:468}}
Jul 20 17:35:41 devstack cinder-volume[87495]: WARNING cinder.volume.drivers.remotefs [None req-fa0f20d4-7b2d-4543-ac0f-696064a81831 tempest-GroupSnapshotsTest-623877194 None] /opt/stack/data/cinder/mnt/52b9c85c9891161aab1de4a02e981803/volume-c1e044ea-e004-4235-9f35-abfbbf30ff78.3d5efcb3-ec09-459b-a72e-b6751c6f53e2 is being set with open permissions: ugo+rw: NotImplementedError
Jul 20 17:35:41 devstack cinder-volume[87495]: DEBUG oslo_concurrency.processutils [None req-fa0f20d4-7b2d-4543-ac0f-696064a81831 tempest-GroupSnapshotsTest-623877194 None] Running cmd (subprocess): sudo cinder-rootwrap /etc/cinder/rootwrap.conf chmod ugo+rw /opt/stack/data/cinder/mnt/52b9c85c9891161aab1de4a02e981803/volume-c1e044ea-e004-4235-9f35-abfbbf30ff78.3d5efcb3-ec09-459b-a72e-b6751c6f53e2 {{(pid=87495) execute /opt/stack/data/venv/lib/python3.12/site-packages/oslo_concurrency/processutils.py:440}}
Jul 20 17:35:41 devstack sudo[93976]: quobyte : PWD=/ ; USER=root ; COMMAND=/opt/stack/data/venv/bin/cinder-rootwrap /etc/cinder/rootwrap.conf chmod ugo+rw /opt/stack/data/cinder/mnt/52b9c85c9891161aab1de4a02e981803/volume-c1e044ea-e004-4235-9f35-abfbbf30ff78.3d5efcb3-ec09-459b-a72e-b6751c6f53e2
Jul 20 17:35:41 devstack sudo[93976]: pam_unix(sudo:session): session opened for user root(uid=0) by (uid=1000)
Jul 20 17:35:41 devstack sudo[93976]: pam_unix(sudo:session): session closed for user root
Jul 20 17:35:41 devstack cinder-volume[87495]: DEBUG oslo_concurrency.processutils [None req-fa0f20d4-7b2d-4543-ac0f-696064a81831 tempest-GroupSnapshotsTest-623877194 None] CMD "sudo cinder-rootwrap /etc/cinder/rootwrap.conf chmod ugo+rw /opt/stack/data/cinder/mnt/52b9c85c9891161aab1de4a02e981803/volume-c1e044ea-e004-4235-9f35-abfbbf30ff78.3d5efcb3-ec09-459b-a72e-b6751c6f53e2" returned: 0 in 0.287s {{(pid=87495) execute /opt/stack/data/venv/lib/python3.12/site-packages/oslo_concurrency/processutils.py:468}}
Jul 20 17:35:41 devstack cinder-volume[87495]: DEBUG oslo_concurrency.processutils [None req-fa0f20d4-7b2d-4543-ac0f-696064a81831 tempest-GroupSnapshotsTest-623877194 None] Running cmd (subprocess): sudo cinder-rootwrap /etc/cinder/rootwrap.conf truncate -s0 /opt/stack/data/cinder/mnt/52b9c85c9891161aab1de4a02e981803/volume-c1e044ea-e004-4235-9f35-abfbbf30ff78.info {{(pid=87495) execute /opt/stack/data/venv/lib/python3.12/site-packages/oslo_concurrency/processutils.py:440}}
Jul 20 17:35:41 devstack sudo[93979]: quobyte : PWD=/ ; USER=root ; COMMAND=/opt/stack/data/venv/bin/cinder-rootwrap /etc/cinder/rootwrap.conf truncate -s0 /opt/stack/data/cinder/mnt/52b9c85c9891161aab1de4a02e981803/volume-c1e044ea-e004-4235-9f35-abfbbf30ff78.info
Jul 20 17:35:41 devstack sudo[93979]: pam_unix(sudo:session): session opened for user root(uid=0) by (uid=1000)
Jul 20 17:35:42 devstack sudo[93979]: pam_unix(sudo:session): session closed for user root
Jul 20 17:35:42 devstack cinder-volume[87495]: DEBUG oslo_concurrency.processutils [None req-fa0f20d4-7b2d-4543-ac0f-696064a81831 tempest-GroupSnapshotsTest-623877194 None] CMD "sudo cinder-rootwrap /etc/cinder/rootwrap.conf truncate -s0 /opt/stack/data/cinder/mnt/52b9c85c9891161aab1de4a02e981803/volume-c1e044ea-e004-4235-9f35-abfbbf30ff78.info" returned: 0 in 0.284s {{(pid=87495) execute /opt/stack/data/venv/lib/python3.12/site-packages/oslo_concurrency/processutils.py:468}}
Jul 20 17:35:42 devstack cinder-volume[87495]: WARNING cinder.volume.drivers.remotefs [None req-fa0f20d4-7b2d-4543-ac0f-696064a81831 tempest-GroupSnapshotsTest-623877194 None] /opt/stack/data/cinder/mnt/52b9c85c9891161aab1de4a02e981803/volume-c1e044ea-e004-4235-9f35-abfbbf30ff78.info is being set with open permissions: ugo+rw: NotImplementedError
Jul 20 17:35:42 devstack cinder-volume[87495]: DEBUG oslo_concurrency.processutils [None req-fa0f20d4-7b2d-4543-ac0f-696064a81831 tempest-GroupSnapshotsTest-623877194 None] Running cmd (subprocess): sudo cinder-rootwrap /etc/cinder/rootwrap.conf chmod ugo+rw /opt/stack/data/cinder/mnt/52b9c85c9891161aab1de4a02e981803/volume-c1e044ea-e004-4235-9f35-abfbbf30ff78.info {{(pid=87495) execute /opt/stack/data/venv/lib/python3.12/site-packages/oslo_concurrency/processutils.py:440}}
Jul 20 17:35:42 devstack sudo[93982]: quobyte : PWD=/ ; USER=root ; COMMAND=/opt/stack/data/venv/bin/cinder-rootwrap /etc/cinder/rootwrap.conf chmod ugo+rw /opt/stack/data/cinder/mnt/52b9c85c9891161aab1de4a02e981803/volume-c1e044ea-e004-4235-9f35-abfbbf30ff78.info
Jul 20 17:35:42 devstack sudo[93982]: pam_unix(sudo:session): session opened for user root(uid=0) by (uid=1000)
Jul 20 17:35:42 devstack sudo[93982]: pam_unix(sudo:session): session closed for user root
Jul 20 17:35:42 devstack cinder-volume[87495]: DEBUG oslo_concurrency.processutils [None req-fa0f20d4-7b2d-4543-ac0f-696064a81831 tempest-GroupSnapshotsTest-623877194 None] CMD "sudo cinder-rootwrap /etc/cinder/rootwrap.conf chmod ugo+rw /opt/stack/data/cinder/mnt/52b9c85c9891161aab1de4a02e981803/volume-c1e044ea-e004-4235-9f35-abfbbf30ff78.info" returned: 0 in 0.292s {{(pid=87495) execute /opt/stack/data/venv/lib/python3.12/site-packages/oslo_concurrency/processutils.py:468}}
Jul 20 17:35:42 devstack cinder-volume[87495]: DEBUG oslo_concurrency.lockutils [None req-fa0f20d4-7b2d-4543-ac0f-696064a81831 tempest-GroupSnapshotsTest-623877194 None] Lock "quobyte" "released" by "cinder.volume.drivers.quobyte.QuobyteDriver.create_snapshot" :: held 2.211s {{(pid=87495) inner /opt/stack/data/venv/lib/python3.12/site-packages/oslo_concurrency/lockutils.py:544}}
Jul 20 17:35:42 devstack cinder-volume[87495]: DEBUG oslo_concurrency.lockutils [None req-fa0f20d4-7b2d-4543-ac0f-696064a81831 tempest-GroupSnapshotsTest-623877194 None] Acquiring lock "quobyte" by "cinder.volume.drivers.quobyte.QuobyteDriver.create_snapshot" {{(pid=87495) inner /opt/stack/data/venv/lib/python3.12/site-packages/oslo_concurrency/lockutils.py:512}}
Jul 20 17:35:42 devstack cinder-volume[87495]: DEBUG oslo_concurrency.lockutils [None req-fa0f20d4-7b2d-4543-ac0f-696064a81831 tempest-GroupSnapshotsTest-623877194 None] Lock "quobyte" acquired by "cinder.volume.drivers.quobyte.QuobyteDriver.create_snapshot" :: waited 0.001s {{(pid=87495) inner /opt/stack/data/venv/lib/python3.12/site-packages/oslo_concurrency/lockutils.py:525}}
Jul 20 17:35:42 devstack cinder-volume[87495]: DEBUG cinder.volume.drivers.remotefs [None req-fa0f20d4-7b2d-4543-ac0f-696064a81831 tempest-GroupSnapshotsTest-623877194 None] Creating offline snapshot b56be074-7541-43d8-9b02-31d6ca0cedb5 of volume 037093ad-cd8a-46fa-8436-4d618446b1aa {{(pid=87495) _create_snapshot /opt/stack/cinder/cinder/volume/drivers/remotefs.py:1816}}
Jul 20 17:35:42 devstack cinder-volume[87495]: DEBUG oslo.privsep.daemon [-] privsep: reply[de0e3ae8-5657-4e51-9e2c-65dbfcaf113c]: (4, 'qcow2') {{(pid=88745) _call_back /opt/stack/data/venv/lib/python3.12/site-packages/oslo_privsep/daemon.py:580}}
Jul 20 17:35:42 devstack cinder-volume[87495]: DEBUG oslo_concurrency.processutils [None req-fa0f20d4-7b2d-4543-ac0f-696064a81831 tempest-GroupSnapshotsTest-623877194 None] Running cmd (subprocess): /opt/stack/data/venv/bin/python3.12 -m oslo_concurrency.prlimit --as=1073741824 --cpu=60 -- sudo cinder-rootwrap /etc/cinder/rootwrap.conf env LC_ALL=C qemu-img info -f qcow2 --output=json --force-share /opt/stack/data/cinder/mnt/52b9c85c9891161aab1de4a02e981803/volume-037093ad-cd8a-46fa-8436-4d618446b1aa {{(pid=87495) execute /opt/stack/data/venv/lib/python3.12/site-packages/oslo_concurrency/processutils.py:440}}
Jul 20 17:35:42 devstack sudo[93985]: quobyte : PWD=/ ; USER=root ; COMMAND=/opt/stack/data/venv/bin/cinder-rootwrap /etc/cinder/rootwrap.conf env LC_ALL=C qemu-img info -f qcow2 --output=json --force-share /opt/stack/data/cinder/mnt/52b9c85c9891161aab1de4a02e981803/volume-037093ad-cd8a-46fa-8436-4d618446b1aa
Jul 20 17:35:42 devstack sudo[93985]: pam_unix(sudo:session): session opened for user root(uid=0) by (uid=1000)
Jul 20 17:35:42 devstack sudo[93985]: pam_unix(sudo:session): session closed for user root
Jul 20 17:35:42 devstack cinder-volume[87495]: DEBUG oslo_concurrency.processutils [None req-fa0f20d4-7b2d-4543-ac0f-696064a81831 tempest-GroupSnapshotsTest-623877194 None] CMD "/opt/stack/data/venv/bin/python3.12 -m oslo_concurrency.prlimit --as=1073741824 --cpu=60 -- sudo cinder-rootwrap /etc/cinder/rootwrap.conf env LC_ALL=C qemu-img info -f qcow2 --output=json --force-share /opt/stack/data/cinder/mnt/52b9c85c9891161aab1de4a02e981803/volume-037093ad-cd8a-46fa-8436-4d618446b1aa" returned: 0 in 0.429s {{(pid=87495) execute /opt/stack/data/venv/lib/python3.12/site-packages/oslo_concurrency/processutils.py:468}}
Jul 20 17:35:42 devstack cinder-volume[87495]: DEBUG oslo_concurrency.processutils [None req-fa0f20d4-7b2d-4543-ac0f-696064a81831 tempest-GroupSnapshotsTest-623877194 None] Running cmd (subprocess): sudo cinder-rootwrap /etc/cinder/rootwrap.conf qemu-img create -f qcow2 -o backing_file=/opt/stack/data/cinder/mnt/52b9c85c9891161aab1de4a02e981803/volume-037093ad-cd8a-46fa-8436-4d618446b1aa,backing_fmt=qcow2 /opt/stack/data/cinder/mnt/52b9c85c9891161aab1de4a02e981803/volume-037093ad-cd8a-46fa-8436-4d618446b1aa.b56be074-7541-43d8-9b02-31d6ca0cedb5 1G {{(pid=87495) execute /opt/stack/data/venv/lib/python3.12/site-packages/oslo_concurrency/processutils.py:440}}
Jul 20 17:35:42 devstack sudo[93990]: quobyte : PWD=/ ; USER=root ; COMMAND=/opt/stack/data/venv/bin/cinder-rootwrap /etc/cinder/rootwrap.conf qemu-img create -f qcow2 -o backing_file=/opt/stack/data/cinder/mnt/52b9c85c9891161aab1de4a02e981803/volume-037093ad-cd8a-46fa-8436-4d618446b1aa,backing_fmt=qcow2 /opt/stack/data/cinder/mnt/52b9c85c9891161aab1de4a02e981803/volume-037093ad-cd8a-46fa-8436-4d618446b1aa.b56be074-7541-43d8-9b02-31d6ca0cedb5 1G
Jul 20 17:35:42 devstack sudo[93990]: pam_unix(sudo:session): session opened for user root(uid=0) by (uid=1000)
Jul 20 17:35:43 devstack sudo[93990]: pam_unix(sudo:session): session closed for user root
Jul 20 17:35:43 devstack cinder-volume[87495]: DEBUG oslo_concurrency.processutils [None req-fa0f20d4-7b2d-4543-ac0f-696064a81831 tempest-GroupSnapshotsTest-623877194 None] CMD "sudo cinder-rootwrap /etc/cinder/rootwrap.conf qemu-img create -f qcow2 -o backing_file=/opt/stack/data/cinder/mnt/52b9c85c9891161aab1de4a02e981803/volume-037093ad-cd8a-46fa-8436-4d618446b1aa,backing_fmt=qcow2 /opt/stack/data/cinder/mnt/52b9c85c9891161aab1de4a02e981803/volume-037093ad-cd8a-46fa-8436-4d618446b1aa.b56be074-7541-43d8-9b02-31d6ca0cedb5 1G" returned: 0 in 0.665s {{(pid=87495) execute /opt/stack/data/venv/lib/python3.12/site-packages/oslo_concurrency/processutils.py:468}}
Jul 20 17:35:43 devstack cinder-volume[87495]: DEBUG oslo_concurrency.processutils [None req-fa0f20d4-7b2d-4543-ac0f-696064a81831 tempest-GroupSnapshotsTest-623877194 None] Running cmd (subprocess): sudo cinder-rootwrap /etc/cinder/rootwrap.conf qemu-img rebase -u -b volume-037093ad-cd8a-46fa-8436-4d618446b1aa -F qcow2 /opt/stack/data/cinder/mnt/52b9c85c9891161aab1de4a02e981803/volume-037093ad-cd8a-46fa-8436-4d618446b1aa.b56be074-7541-43d8-9b02-31d6ca0cedb5 {{(pid=87495) execute /opt/stack/data/venv/lib/python3.12/site-packages/oslo_concurrency/processutils.py:440}}
Jul 20 17:35:43 devstack sudo[93997]: quobyte : PWD=/ ; USER=root ; COMMAND=/opt/stack/data/venv/bin/cinder-rootwrap /etc/cinder/rootwrap.conf qemu-img rebase -u -b volume-037093ad-cd8a-46fa-8436-4d618446b1aa -F qcow2 /opt/stack/data/cinder/mnt/52b9c85c9891161aab1de4a02e981803/volume-037093ad-cd8a-46fa-8436-4d618446b1aa.b56be074-7541-43d8-9b02-31d6ca0cedb5
Jul 20 17:35:43 devstack sudo[93997]: pam_unix(sudo:session): session opened for user root(uid=0) by (uid=1000)
Jul 20 17:35:43 devstack sudo[93997]: pam_unix(sudo:session): session closed for user root
Jul 20 17:35:43 devstack cinder-volume[87495]: DEBUG oslo_concurrency.processutils [None req-fa0f20d4-7b2d-4543-ac0f-696064a81831 tempest-GroupSnapshotsTest-623877194 None] CMD "sudo cinder-rootwrap /etc/cinder/rootwrap.conf qemu-img rebase -u -b volume-037093ad-cd8a-46fa-8436-4d618446b1aa -F qcow2 /opt/stack/data/cinder/mnt/52b9c85c9891161aab1de4a02e981803/volume-037093ad-cd8a-46fa-8436-4d618446b1aa.b56be074-7541-43d8-9b02-31d6ca0cedb5" returned: 0 in 0.332s {{(pid=87495) execute /opt/stack/data/venv/lib/python3.12/site-packages/oslo_concurrency/processutils.py:468}}
Jul 20 17:35:43 devstack cinder-volume[87495]: WARNING cinder.volume.drivers.remotefs [None req-fa0f20d4-7b2d-4543-ac0f-696064a81831 tempest-GroupSnapshotsTest-623877194 None] /opt/stack/data/cinder/mnt/52b9c85c9891161aab1de4a02e981803/volume-037093ad-cd8a-46fa-8436-4d618446b1aa.b56be074-7541-43d8-9b02-31d6ca0cedb5 is being set with open permissions: ugo+rw: NotImplementedError
Jul 20 17:35:43 devstack cinder-volume[87495]: DEBUG oslo_concurrency.processutils [None req-fa0f20d4-7b2d-4543-ac0f-696064a81831 tempest-GroupSnapshotsTest-623877194 None] Running cmd (subprocess): sudo cinder-rootwrap /etc/cinder/rootwrap.conf chmod ugo+rw /opt/stack/data/cinder/mnt/52b9c85c9891161aab1de4a02e981803/volume-037093ad-cd8a-46fa-8436-4d618446b1aa.b56be074-7541-43d8-9b02-31d6ca0cedb5 {{(pid=87495) execute /opt/stack/data/venv/lib/python3.12/site-packages/oslo_concurrency/processutils.py:440}}
Jul 20 17:35:43 devstack sudo[94002]: quobyte : PWD=/ ; USER=root ; COMMAND=/opt/stack/data/venv/bin/cinder-rootwrap /etc/cinder/rootwrap.conf chmod ugo+rw /opt/stack/data/cinder/mnt/52b9c85c9891161aab1de4a02e981803/volume-037093ad-cd8a-46fa-8436-4d618446b1aa.b56be074-7541-43d8-9b02-31d6ca0cedb5
Jul 20 17:35:43 devstack sudo[94002]: pam_unix(sudo:session): session opened for user root(uid=0) by (uid=1000)
Jul 20 17:35:44 devstack sudo[94002]: pam_unix(sudo:session): session closed for user root
Jul 20 17:35:44 devstack cinder-volume[87495]: DEBUG oslo_concurrency.processutils [None req-fa0f20d4-7b2d-4543-ac0f-696064a81831 tempest-GroupSnapshotsTest-623877194 None] CMD "sudo cinder-rootwrap /etc/cinder/rootwrap.conf chmod ugo+rw /opt/stack/data/cinder/mnt/52b9c85c9891161aab1de4a02e981803/volume-037093ad-cd8a-46fa-8436-4d618446b1aa.b56be074-7541-43d8-9b02-31d6ca0cedb5" returned: 0 in 0.304s {{(pid=87495) execute /opt/stack/data/venv/lib/python3.12/site-packages/oslo_concurrency/processutils.py:468}}
Jul 20 17:35:44 devstack cinder-volume[87495]: DEBUG oslo_concurrency.processutils [None req-fa0f20d4-7b2d-4543-ac0f-696064a81831 tempest-GroupSnapshotsTest-623877194 None] Running cmd (subprocess): sudo cinder-rootwrap /etc/cinder/rootwrap.conf truncate -s0 /opt/stack/data/cinder/mnt/52b9c85c9891161aab1de4a02e981803/volume-037093ad-cd8a-46fa-8436-4d618446b1aa.info {{(pid=87495) execute /opt/stack/data/venv/lib/python3.12/site-packages/oslo_concurrency/processutils.py:440}}
Jul 20 17:35:44 devstack sudo[94005]: quobyte : PWD=/ ; USER=root ; COMMAND=/opt/stack/data/venv/bin/cinder-rootwrap /etc/cinder/rootwrap.conf truncate -s0 /opt/stack/data/cinder/mnt/52b9c85c9891161aab1de4a02e981803/volume-037093ad-cd8a-46fa-8436-4d618446b1aa.info
Jul 20 17:35:44 devstack sudo[94005]: pam_unix(sudo:session): session opened for user root(uid=0) by (uid=1000)
Jul 20 17:35:44 devstack sudo[94005]: pam_unix(sudo:session): session closed for user root
Jul 20 17:35:44 devstack cinder-volume[87495]: DEBUG oslo_concurrency.processutils [None req-fa0f20d4-7b2d-4543-ac0f-696064a81831 tempest-GroupSnapshotsTest-623877194 None] CMD "sudo cinder-rootwrap /etc/cinder/rootwrap.conf truncate -s0 /opt/stack/data/cinder/mnt/52b9c85c9891161aab1de4a02e981803/volume-037093ad-cd8a-46fa-8436-4d618446b1aa.info" returned: 0 in 0.262s {{(pid=87495) execute /opt/stack/data/venv/lib/python3.12/site-packages/oslo_concurrency/processutils.py:468}}
Jul 20 17:35:44 devstack cinder-volume[87495]: WARNING cinder.volume.drivers.remotefs [None req-fa0f20d4-7b2d-4543-ac0f-696064a81831 tempest-GroupSnapshotsTest-623877194 None] /opt/stack/data/cinder/mnt/52b9c85c9891161aab1de4a02e981803/volume-037093ad-cd8a-46fa-8436-4d618446b1aa.info is being set with open permissions: ugo+rw: NotImplementedError
Jul 20 17:35:44 devstack cinder-volume[87495]: DEBUG oslo_concurrency.processutils [None req-fa0f20d4-7b2d-4543-ac0f-696064a81831 tempest-GroupSnapshotsTest-623877194 None] Running cmd (subprocess): sudo cinder-rootwrap /etc/cinder/rootwrap.conf chmod ugo+rw /opt/stack/data/cinder/mnt/52b9c85c9891161aab1de4a02e981803/volume-037093ad-cd8a-46fa-8436-4d618446b1aa.info {{(pid=87495) execute /opt/stack/data/venv/lib/python3.12/site-packages/oslo_concurrency/processutils.py:440}}
Jul 20 17:35:44 devstack sudo[94008]: quobyte : PWD=/ ; USER=root ; COMMAND=/opt/stack/data/venv/bin/cinder-rootwrap /etc/cinder/rootwrap.conf chmod ugo+rw /opt/stack/data/cinder/mnt/52b9c85c9891161aab1de4a02e981803/volume-037093ad-cd8a-46fa-8436-4d618446b1aa.info
Jul 20 17:35:44 devstack sudo[94008]: pam_unix(sudo:session): session opened for user root(uid=0) by (uid=1000)
Jul 20 17:35:44 devstack sudo[94008]: pam_unix(sudo:session): session closed for user root
Jul 20 17:35:44 devstack cinder-volume[87495]: DEBUG oslo_concurrency.processutils [None req-fa0f20d4-7b2d-4543-ac0f-696064a81831 tempest-GroupSnapshotsTest-623877194 None] CMD "sudo cinder-rootwrap /etc/cinder/rootwrap.conf chmod ugo+rw /opt/stack/data/cinder/mnt/52b9c85c9891161aab1de4a02e981803/volume-037093ad-cd8a-46fa-8436-4d618446b1aa.info" returned: 0 in 0.312s {{(pid=87495) execute /opt/stack/data/venv/lib/python3.12/site-packages/oslo_concurrency/processutils.py:468}}
Jul 20 17:35:44 devstack cinder-volume[87495]: DEBUG oslo_concurrency.lockutils [None req-fa0f20d4-7b2d-4543-ac0f-696064a81831 tempest-GroupSnapshotsTest-623877194 None] Lock "quobyte" "released" by "cinder.volume.drivers.quobyte.QuobyteDriver.create_snapshot" :: held 2.406s {{(pid=87495) inner /opt/stack/data/venv/lib/python3.12/site-packages/oslo_concurrency/lockutils.py:544}}
Jul 20 17:35:44 devstack cinder-volume[87495]: INFO cinder.volume.manager [None req-fa0f20d4-7b2d-4543-ac0f-696064a81831 tempest-GroupSnapshotsTest-623877194 None] group_snapshot 0736b999-d959-471d-bb22-8aa6f494ee74: created successfully
Jul 20 17:35:45 devstack cinder-volume[87495]: INFO cinder.volume.manager [None req-03c05487-3753-452b-ad5f-ef365c35e8e4 tempest-GroupSnapshotsTest-623877194 None] group_snapshot 0736b999-d959-471d-bb22-8aa6f494ee74: deleting
