Aug 13 16:40:58 devstack devstack@c-api.service[94008]: DEBUG cinder.volume.api [None req-8c85b4fb-04f0-4c37-a3cf-7e5b1168d541 tempest-VolumesDeleteCascade-272197925 tempest-VolumesDeleteCascade-272197925-project-member] Task 'cinder.volume.flows.api.create_volume.EntryCreateTask;volume:create' (cfc96407-c2d8-4cb6-a214-6e08cd1c7e37) transitioned into state 'SUCCESS' from state 'RUNNING' with result '{'volume_id': 'ab734951-1983-415e-9d9d-515b8035c80e', 'volume_properties': VolumeProperties(attach_status='detached',availability_zone='nova',cgsnapshot_id=None,consistencygroup_id=None,display_description=None,display_name='tempest-VolumesDeleteCascade-Volume-1245218662',encryption_key_id=None,group_id=None,group_type_id=,metadata={},multiattach=False,project_id='a31fb6f901d846e1a7890484e9941532',qos_specs=None,replication_status=,reservations=['2eacea6d-9469-49e7-a6e3-e363dfce3898','849202d8-ccf1-42d7-87b8-55f5302441eb','fec9f02d-5727-4324-acb3-382bb08c8ddc','e1795cf5-4d68-41ca-a9c6-1f796c8832aa'],size=1,snapshot_id=None,source_replicaid=,source_volid=None,status='creating',user_id='5ae847e8fa03421baafe80c0a8f5a309',volume_type_id=b374d8f0-4d45-4684-9788-58a089977ce3), 'volume': Volume(_name_id=None,admin_metadata=,attach_status='detached',availability_zone='nova',bootable=False,cluster=,cluster_name=None,consistencygroup=,consistencygroup_id=None,created_at=2026-08-13T14:40:58Z,deleted=False,deleted_at=None,display_description=None,display_name='tempest-VolumesDeleteCascade-Volume-1245218662',ec2_id=None,encryption_key_id=None,glance_metadata=,group=,group_id=None,host=None,id=ab734951-1983-415e-9d9d-515b8035c80e,launched_at=None,metadata={},migration_status=None,multiattach=False,previous_status=None,project_id='a31fb6f901d846e1a7890484e9941532',provider_auth=None,provider_geometry=None,provider_id=None,provider_location=None,replication_driver_data=None,replication_extended_status=None,replication_status=None,scheduled_at=None,service_uuid=None,shared_targets=True,size=1,snapshot_id=None,snapshots=,source_volid=None,status='creating',terminated_at=None,updated_at=None,use_quota=True,user_id='5ae847e8fa03421baafe80c0a8f5a309',volume_attachment=VolumeAttachmentList,volume_type=VolumeType(b374d8f0-4d45-4684-9788-58a089977ce3),volume_type_id=b374d8f0-4d45-4684-9788-58a089977ce3)}' {{(pid=94008) _task_receiver /opt/stack/data/venv/lib/python3.12/site-packages/taskflow/listeners/logging.py:218}}
Aug 13 16:40:58 devstack devstack@c-api.service[94008]: DEBUG cinder.volume.api [None req-8c85b4fb-04f0-4c37-a3cf-7e5b1168d541 tempest-VolumesDeleteCascade-272197925 tempest-VolumesDeleteCascade-272197925-project-member] Task 'cinder.volume.flows.api.create_volume.QuotaCommitTask;volume:create' (5416ef5f-c34b-4e18-87e1-70b60ce10f65) transitioned into state 'RUNNING' from state 'PENDING' {{(pid=94008) _task_receiver /opt/stack/data/venv/lib/python3.12/site-packages/taskflow/listeners/logging.py:242}}
Aug 13 16:40:58 devstack devstack@c-api.service[94009]: DEBUG cinder.api.middleware.request_id [req-09acb15a-a310-40f0-8e8a-1ac2765cc9b5 req-2093a5d2-6a80-42ea-a0ef-a9cb18e15abc None None] RequestId filter calling following filter/app {{(pid=94009) _context_setter /opt/stack/cinder/cinder/api/middleware/request_id.py:62}}
Aug 13 16:40:58 devstack devstack@c-api.service[94009]: INFO cinder.api.openstack.wsgi [req-09acb15a-a310-40f0-8e8a-1ac2765cc9b5 req-2093a5d2-6a80-42ea-a0ef-a9cb18e15abc tempest-AttachVolumeTestJSON-695220509 tempest-AttachVolumeTestJSON-695220509-project-member] GET http://192.168.122.125/volume/v3/volumes/38efb51c-d7bd-471f-babb-c7459e8c19b1
Aug 13 16:40:58 devstack devstack@c-api.service[94009]: DEBUG cinder.api.openstack.wsgi [req-09acb15a-a310-40f0-8e8a-1ac2765cc9b5 req-2093a5d2-6a80-42ea-a0ef-a9cb18e15abc tempest-AttachVolumeTestJSON-695220509 tempest-AttachVolumeTestJSON-695220509-project-member] Empty body provided in request {{(pid=94009) get_body /opt/stack/cinder/cinder/api/openstack/wsgi.py:725}}
Aug 13 16:40:58 devstack devstack@c-api.service[94009]: DEBUG cinder.api.openstack.wsgi [req-09acb15a-a310-40f0-8e8a-1ac2765cc9b5 req-2093a5d2-6a80-42ea-a0ef-a9cb18e15abc tempest-AttachVolumeTestJSON-695220509 tempest-AttachVolumeTestJSON-695220509-project-member] Calling method 'show' {{(pid=94009) _process_stack /opt/stack/cinder/cinder/api/openstack/wsgi.py:878}}
Aug 13 16:40:58 devstack devstack@c-api.service[94009]: /opt/stack/data/venv/lib/python3.12/site-packages/oslo_context/context.py:102: DeprecationWarning: Policy enforcement is depending on the value of is_admin. This key is deprecated. Please update your policy file to use the standard policy values.
Aug 13 16:40:58 devstack devstack@c-api.service[94009]: warnings.warn(
Aug 13 16:40:58 devstack devstack@c-api.service[94009]: INFO cinder.volume.api [req-09acb15a-a310-40f0-8e8a-1ac2765cc9b5 req-2093a5d2-6a80-42ea-a0ef-a9cb18e15abc tempest-AttachVolumeTestJSON-695220509 tempest-AttachVolumeTestJSON-695220509-project-member] Volume info retrieved successfully.
Aug 13 16:40:58 devstack devstack@c-api.service[94008]: DEBUG cinder.volume.api [None req-8c85b4fb-04f0-4c37-a3cf-7e5b1168d541 tempest-VolumesDeleteCascade-272197925 tempest-VolumesDeleteCascade-272197925-project-member] Task 'cinder.volume.flows.api.create_volume.QuotaCommitTask;volume:create' (5416ef5f-c34b-4e18-87e1-70b60ce10f65) transitioned into state 'SUCCESS' from state 'RUNNING' with result '{'volume_properties': VolumeProperties(attach_status='detached',availability_zone='nova',cgsnapshot_id=None,consistencygroup_id=None,display_description=None,display_name='tempest-VolumesDeleteCascade-Volume-1245218662',encryption_key_id=None,group_id=None,group_type_id=,metadata={},multiattach=False,project_id='a31fb6f901d846e1a7890484e9941532',qos_specs=None,replication_status=,reservations=['2eacea6d-9469-49e7-a6e3-e363dfce3898','849202d8-ccf1-42d7-87b8-55f5302441eb','fec9f02d-5727-4324-acb3-382bb08c8ddc','e1795cf5-4d68-41ca-a9c6-1f796c8832aa'],size=1,snapshot_id=None,source_replicaid=,source_volid=None,status='creating',user_id='5ae847e8fa03421baafe80c0a8f5a309',volume_type_id=b374d8f0-4d45-4684-9788-58a089977ce3)}' {{(pid=94008) _task_receiver /opt/stack/data/venv/lib/python3.12/site-packages/taskflow/listeners/logging.py:218}}
Aug 13 16:40:58 devstack devstack@c-api.service[94008]: DEBUG cinder.volume.api [None req-8c85b4fb-04f0-4c37-a3cf-7e5b1168d541 tempest-VolumesDeleteCascade-272197925 tempest-VolumesDeleteCascade-272197925-project-member] Task 'cinder.volume.flows.api.create_volume.VolumeCastTask;volume:create' (d24223c8-2a9c-4f9d-aaeb-13c5e7aece2e) transitioned into state 'RUNNING' from state 'PENDING' {{(pid=94008) _task_receiver /opt/stack/data/venv/lib/python3.12/site-packages/taskflow/listeners/logging.py:242}}
Aug 13 16:40:58 devstack devstack@c-api.service[94009]: INFO cinder.api.openstack.wsgi [req-09acb15a-a310-40f0-8e8a-1ac2765cc9b5 req-2093a5d2-6a80-42ea-a0ef-a9cb18e15abc tempest-AttachVolumeTestJSON-695220509 tempest-AttachVolumeTestJSON-695220509-project-member] http://192.168.122.125/volume/v3/volumes/38efb51c-d7bd-471f-babb-c7459e8c19b1 returned with HTTP 200
Aug 13 16:40:58 devstack devstack@c-api.service[94009]: [pid: 94009|app: 0|req: 143/281] 192.168.122.125 () {62 vars in 1528 bytes} [Thu Aug 13 16:40:58 2026] GET /volume/v3/volumes/38efb51c-d7bd-471f-babb-c7459e8c19b1 => generated 1328 bytes in 64 msecs (HTTP/1.1 200) 7 headers in 287 bytes (1 switches on core 0)
Aug 13 16:40:58 devstack devstack@c-api.service[94009]: DEBUG cinder.api.middleware.request_id [None req-da76767f-59be-41b7-a54f-c5f636f8d734 None None] RequestId filter calling following filter/app {{(pid=94009) _context_setter /opt/stack/cinder/cinder/api/middleware/request_id.py:62}}
Aug 13 16:40:58 devstack devstack@c-api.service[94009]: INFO cinder.api.openstack.wsgi [None req-da76767f-59be-41b7-a54f-c5f636f8d734 tempest-GroupSnapshotsTest-966462216 tempest-GroupSnapshotsTest-966462216-project-member] POST http://192.168.122.125/volume/v3/groups/12427fa7-0a32-4896-a2a5-1156b6362e9a/action
Aug 13 16:40:58 devstack devstack@c-api.service[94009]: DEBUG cinder.api.openstack.wsgi [None req-da76767f-59be-41b7-a54f-c5f636f8d734 tempest-GroupSnapshotsTest-966462216 tempest-GroupSnapshotsTest-966462216-project-member] Action body: b'{"delete": {"delete-volumes": true}}' {{(pid=94009) get_method /opt/stack/cinder/cinder/api/openstack/wsgi.py:993}}
Aug 13 16:40:58 devstack devstack@c-api.service[94009]: DEBUG cinder.api.openstack.wsgi [None req-da76767f-59be-41b7-a54f-c5f636f8d734 tempest-GroupSnapshotsTest-966462216 tempest-GroupSnapshotsTest-966462216-project-member] Action: 'action', calling method: delete_group, body: {"delete": {"delete-volumes": true}} {{(pid=94009) _process_stack /opt/stack/cinder/cinder/api/openstack/wsgi.py:876}}
Aug 13 16:40:58 devstack devstack@c-api.service[94009]: DEBUG cinder.api.v3.groups [None req-da76767f-59be-41b7-a54f-c5f636f8d734 tempest-GroupSnapshotsTest-966462216 tempest-GroupSnapshotsTest-966462216-project-member] delete called for group 12427fa7-0a32-4896-a2a5-1156b6362e9a {{(pid=94009) _delete /opt/stack/cinder/cinder/api/v3/groups.py:117}}
Aug 13 16:40:58 devstack devstack@c-api.service[94009]: INFO cinder.api.v3.groups [None req-da76767f-59be-41b7-a54f-c5f636f8d734 tempest-GroupSnapshotsTest-966462216 tempest-GroupSnapshotsTest-966462216-project-member] Delete group with id: 12427fa7-0a32-4896-a2a5-1156b6362e9a
Aug 13 16:40:58 devstack devstack@c-api.service[94009]: /opt/stack/data/venv/lib/python3.12/site-packages/oslo_context/context.py:102: DeprecationWarning: Policy enforcement is depending on the value of is_admin. This key is deprecated. Please update your policy file to use the standard policy values.
Aug 13 16:40:58 devstack devstack@c-api.service[94009]: warnings.warn(
Aug 13 16:40:58 devstack devstack@c-api.service[94008]: DEBUG cinder.volume.api [None req-8c85b4fb-04f0-4c37-a3cf-7e5b1168d541 tempest-VolumesDeleteCascade-272197925 tempest-VolumesDeleteCascade-272197925-project-member] Task 'cinder.volume.flows.api.create_volume.VolumeCastTask;volume:create' (d24223c8-2a9c-4f9d-aaeb-13c5e7aece2e) transitioned into state 'SUCCESS' from state 'RUNNING' with result 'None' {{(pid=94008) _task_receiver /opt/stack/data/venv/lib/python3.12/site-packages/taskflow/listeners/logging.py:218}}
Aug 13 16:40:58 devstack devstack@c-api.service[94008]: DEBUG cinder.volume.api [None req-8c85b4fb-04f0-4c37-a3cf-7e5b1168d541 tempest-VolumesDeleteCascade-272197925 tempest-VolumesDeleteCascade-272197925-project-member] Flow 'volume_create_api' (ab9f47d3-a57d-4cfa-8638-3493b98769f4) transitioned into state 'SUCCESS' from state 'RUNNING' {{(pid=94008) _flow_receiver /opt/stack/data/venv/lib/python3.12/site-packages/taskflow/listeners/logging.py:160}}
Aug 13 16:40:58 devstack devstack@c-api.service[94008]: INFO cinder.volume.api [None req-8c85b4fb-04f0-4c37-a3cf-7e5b1168d541 tempest-VolumesDeleteCascade-272197925 tempest-VolumesDeleteCascade-272197925-project-member] Create volume request issued successfully.
Aug 13 16:40:58 devstack devstack@c-api.service[94008]: INFO cinder.api.openstack.wsgi [None req-8c85b4fb-04f0-4c37-a3cf-7e5b1168d541 tempest-VolumesDeleteCascade-272197925 tempest-VolumesDeleteCascade-272197925-project-member] http://192.168.122.125/volume/v3/volumes returned with HTTP 202
Aug 13 16:40:58 devstack devstack@c-api.service[94008]: [pid: 94008|app: 0|req: 139/282] 192.168.122.125 () {60 vars in 1142 bytes} [Thu Aug 13 16:40:57 2026] POST /volume/v3/volumes => generated 760 bytes in 664 msecs (HTTP/1.1 202) 7 headers in 291 bytes (2 switches on core 0)
Aug 13 16:40:58 devstack devstack@c-api.service[94008]: DEBUG cinder.api.middleware.request_id [None req-81e141db-a95b-4b6d-bc42-8eff5fa3b439 None None] RequestId filter calling following filter/app {{(pid=94008) _context_setter /opt/stack/cinder/cinder/api/middleware/request_id.py:62}}
Aug 13 16:40:58 devstack devstack@c-api.service[94008]: INFO cinder.api.openstack.wsgi [None req-81e141db-a95b-4b6d-bc42-8eff5fa3b439 tempest-VolumesDeleteCascade-272197925 tempest-VolumesDeleteCascade-272197925-project-member] GET http://192.168.122.125/volume/v3/volumes/ab734951-1983-415e-9d9d-515b8035c80e
Aug 13 16:40:58 devstack devstack@c-api.service[94008]: DEBUG cinder.api.openstack.wsgi [None req-81e141db-a95b-4b6d-bc42-8eff5fa3b439 tempest-VolumesDeleteCascade-272197925 tempest-VolumesDeleteCascade-272197925-project-member] Empty body provided in request {{(pid=94008) get_body /opt/stack/cinder/cinder/api/openstack/wsgi.py:725}}
Aug 13 16:40:58 devstack devstack@c-api.service[94008]: DEBUG cinder.api.openstack.wsgi [None req-81e141db-a95b-4b6d-bc42-8eff5fa3b439 tempest-VolumesDeleteCascade-272197925 tempest-VolumesDeleteCascade-272197925-project-member] Calling method 'show' {{(pid=94008) _process_stack /opt/stack/cinder/cinder/api/openstack/wsgi.py:878}}
Aug 13 16:40:58 devstack devstack@c-api.service[94008]: /opt/stack/data/venv/lib/python3.12/site-packages/oslo_context/context.py:102: DeprecationWarning: Policy enforcement is depending on the value of is_admin. This key is deprecated. Please update your policy file to use the standard policy values.
Aug 13 16:40:58 devstack devstack@c-api.service[94008]: warnings.warn(
Aug 13 16:40:58 devstack devstack@c-api.service[94008]: INFO cinder.volume.api [None req-81e141db-a95b-4b6d-bc42-8eff5fa3b439 tempest-VolumesDeleteCascade-272197925 tempest-VolumesDeleteCascade-272197925-project-member] Volume info retrieved successfully.
Aug 13 16:40:58 devstack devstack@c-api.service[94008]: INFO cinder.api.openstack.wsgi [None req-81e141db-a95b-4b6d-bc42-8eff5fa3b439 tempest-VolumesDeleteCascade-272197925 tempest-VolumesDeleteCascade-272197925-project-member] http://192.168.122.125/volume/v3/volumes/ab734951-1983-415e-9d9d-515b8035c80e returned with HTTP 200
Aug 13 16:40:58 devstack devstack@c-api.service[94008]: [pid: 94008|app: 0|req: 140/283] 192.168.122.125 () {58 vars in 1232 bytes} [Thu Aug 13 16:40:58 2026] GET /volume/v3/volumes/ab734951-1983-415e-9d9d-515b8035c80e => generated 828 bytes in 56 msecs (HTTP/1.1 200) 7 headers in 285 bytes (1 switches on core 0)
Aug 13 16:40:58 devstack devstack@c-api.service[94009]: INFO cinder.api.openstack.wsgi [None req-da76767f-59be-41b7-a54f-c5f636f8d734 tempest-GroupSnapshotsTest-966462216 tempest-GroupSnapshotsTest-966462216-project-member] http://192.168.122.125/volume/v3/groups/12427fa7-0a32-4896-a2a5-1156b6362e9a/action returned with HTTP 202
Aug 13 16:40:58 devstack devstack@c-api.service[94009]: [pid: 94009|app: 0|req: 144/284] 192.168.122.125 () {62 vars in 1312 bytes} [Thu Aug 13 16:40:58 2026] POST /volume/v3/groups/12427fa7-0a32-4896-a2a5-1156b6362e9a/action => generated 0 bytes in 194 msecs (HTTP/1.1 202) 6 headers in 234 bytes (1 switches on core 0)
Aug 13 16:40:58 devstack devstack@c-api.service[94008]: DEBUG cinder.api.middleware.request_id [None req-ef97bf50-5efd-4c8f-9fc8-a2c3de49e80a None None] RequestId filter calling following filter/app {{(pid=94008) _context_setter /opt/stack/cinder/cinder/api/middleware/request_id.py:62}}
Aug 13 16:40:58 devstack devstack@c-api.service[94008]: INFO cinder.api.openstack.wsgi [None req-ef97bf50-5efd-4c8f-9fc8-a2c3de49e80a tempest-GroupSnapshotsTest-966462216 tempest-GroupSnapshotsTest-966462216-project-member] GET http://192.168.122.125/volume/v3/volumes/a1cc873f-b875-4ed4-9e03-30ccfbca03a7
Aug 13 16:40:58 devstack devstack@c-api.service[94008]: DEBUG cinder.api.openstack.wsgi [None req-ef97bf50-5efd-4c8f-9fc8-a2c3de49e80a tempest-GroupSnapshotsTest-966462216 tempest-GroupSnapshotsTest-966462216-project-member] Empty body provided in request {{(pid=94008) get_body /opt/stack/cinder/cinder/api/openstack/wsgi.py:725}}
Aug 13 16:40:58 devstack devstack@c-api.service[94008]: DEBUG cinder.api.openstack.wsgi [None req-ef97bf50-5efd-4c8f-9fc8-a2c3de49e80a tempest-GroupSnapshotsTest-966462216 tempest-GroupSnapshotsTest-966462216-project-member] Calling method 'show' {{(pid=94008) _process_stack /opt/stack/cinder/cinder/api/openstack/wsgi.py:878}}
Aug 13 16:40:58 devstack devstack@c-api.service[94008]: /opt/stack/data/venv/lib/python3.12/site-packages/oslo_context/context.py:102: DeprecationWarning: Policy enforcement is depending on the value of is_admin. This key is deprecated. Please update your policy file to use the standard policy values.
Aug 13 16:40:58 devstack devstack@c-api.service[94008]: warnings.warn(
Aug 13 16:40:58 devstack devstack@c-api.service[94008]: INFO cinder.volume.api [None req-ef97bf50-5efd-4c8f-9fc8-a2c3de49e80a tempest-GroupSnapshotsTest-966462216 tempest-GroupSnapshotsTest-966462216-project-member] Volume info retrieved successfully.
Aug 13 16:40:58 devstack devstack@c-api.service[94008]: WARNING stevedore.named [None req-ef97bf50-5efd-4c8f-9fc8-a2c3de49e80a tempest-GroupSnapshotsTest-966462216 tempest-GroupSnapshotsTest-966462216-project-member] Could not load cinder.keymgr.conf_key_mgr.ConfKeyManager
Aug 13 16:40:58 devstack devstack@c-api.service[94008]: WARNING castellan.key_manager [None req-ef97bf50-5efd-4c8f-9fc8-a2c3de49e80a tempest-GroupSnapshotsTest-966462216 tempest-GroupSnapshotsTest-966462216-project-member] Deprecation Warning : cinder.keymgr.conf_key_mgr.ConfKeyManager is not a stevedore based driver, trying to load it as a class: stevedore.exception.NoMatches: No 'castellan.drivers' driver found, looking for 'cinder.keymgr.conf_key_mgr.ConfKeyManager'
Aug 13 16:40:58 devstack devstack@c-api.service[94008]: DEBUG oslo_db.sqlalchemy.engines [None req-ef97bf50-5efd-4c8f-9fc8-a2c3de49e80a tempest-GroupSnapshotsTest-966462216 tempest-GroupSnapshotsTest-966462216-project-member] MySQL server mode set to STRICT_TRANS_TABLES,STRICT_ALL_TABLES,NO_ZERO_IN_DATE,NO_ZERO_DATE,ERROR_FOR_DIVISION_BY_ZERO,TRADITIONAL,NO_ENGINE_SUBSTITUTION {{(pid=94008) _check_effective_sql_mode /opt/stack/data/venv/lib/python3.12/site-packages/oslo_db/sqlalchemy/engines.py:325}}
Aug 13 16:40:58 devstack devstack@c-api.service[94008]: /opt/stack/data/venv/lib/python3.12/site-packages/oslo_context/context.py:102: DeprecationWarning: Policy enforcement is depending on the value of is_admin. This key is deprecated. Please update your policy file to use the standard policy values.
Aug 13 16:40:58 devstack devstack@c-api.service[94008]: warnings.warn(
Aug 13 16:40:58 devstack devstack@c-api.service[94008]: INFO cinder.api.openstack.wsgi [None req-ef97bf50-5efd-4c8f-9fc8-a2c3de49e80a tempest-GroupSnapshotsTest-966462216 tempest-GroupSnapshotsTest-966462216-project-member] http://192.168.122.125/volume/v3/volumes/a1cc873f-b875-4ed4-9e03-30ccfbca03a7 returned with HTTP 200
Aug 13 16:40:58 devstack devstack@c-api.service[94008]: [pid: 94008|app: 0|req: 141/285] 192.168.122.125 () {60 vars in 1273 bytes} [Thu Aug 13 16:40:58 2026] GET /volume/v3/volumes/a1cc873f-b875-4ed4-9e03-30ccfbca03a7 => generated 923 bytes in 187 msecs (HTTP/1.1 200) 7 headers in 286 bytes (1 switches on core 0)
Aug 13 16:40:58 devstack devstack@c-api.service[94009]: DEBUG cinder.api.middleware.request_id [req-09acb15a-a310-40f0-8e8a-1ac2765cc9b5 req-78ae17d4-2e9e-4947-82e5-e02c138501a6 None None] RequestId filter calling following filter/app {{(pid=94009) _context_setter /opt/stack/cinder/cinder/api/middleware/request_id.py:62}}
Aug 13 16:40:58 devstack devstack@c-api.service[94009]: INFO cinder.api.openstack.wsgi [req-09acb15a-a310-40f0-8e8a-1ac2765cc9b5 req-78ae17d4-2e9e-4947-82e5-e02c138501a6 tempest-AttachVolumeTestJSON-695220509 tempest-AttachVolumeTestJSON-695220509-project-member] DELETE http://192.168.122.125/volume/v3/attachments/2acd1ba5-8ec3-4f75-ad77-3938abab0b7b
Aug 13 16:40:58 devstack devstack@c-api.service[94009]: DEBUG cinder.api.openstack.wsgi [req-09acb15a-a310-40f0-8e8a-1ac2765cc9b5 req-78ae17d4-2e9e-4947-82e5-e02c138501a6 tempest-AttachVolumeTestJSON-695220509 tempest-AttachVolumeTestJSON-695220509-project-member] Empty body provided in request {{(pid=94009) get_body /opt/stack/cinder/cinder/api/openstack/wsgi.py:725}}
Aug 13 16:40:58 devstack devstack@c-api.service[94009]: DEBUG cinder.api.openstack.wsgi [req-09acb15a-a310-40f0-8e8a-1ac2765cc9b5 req-78ae17d4-2e9e-4947-82e5-e02c138501a6 tempest-AttachVolumeTestJSON-695220509 tempest-AttachVolumeTestJSON-695220509-project-member] Calling method 'version_select' {{(pid=94009) _process_stack /opt/stack/cinder/cinder/api/openstack/wsgi.py:878}}
Aug 13 16:40:59 devstack devstack@c-api.service[94009]: /opt/stack/data/venv/lib/python3.12/site-packages/oslo_context/context.py:102: DeprecationWarning: Policy enforcement is depending on the value of is_admin. This key is deprecated. Please update your policy file to use the standard policy values.
Aug 13 16:40:59 devstack devstack@c-api.service[94009]: warnings.warn(
Aug 13 16:40:59 devstack devstack@c-api.service[94008]: DEBUG cinder.api.middleware.request_id [None req-f8389548-15ed-4e5f-9383-2cb012f35672 None None] RequestId filter calling following filter/app {{(pid=94008) _context_setter /opt/stack/cinder/cinder/api/middleware/request_id.py:62}}
Aug 13 16:40:59 devstack devstack@c-api.service[94008]: INFO cinder.api.openstack.wsgi [None req-f8389548-15ed-4e5f-9383-2cb012f35672 tempest-AttachVolumeTestJSON-695220509 tempest-AttachVolumeTestJSON-695220509-project-member] GET http://192.168.122.125/volume/v3/volumes/38efb51c-d7bd-471f-babb-c7459e8c19b1
Aug 13 16:40:59 devstack devstack@c-api.service[94008]: DEBUG cinder.api.openstack.wsgi [None req-f8389548-15ed-4e5f-9383-2cb012f35672 tempest-AttachVolumeTestJSON-695220509 tempest-AttachVolumeTestJSON-695220509-project-member] Empty body provided in request {{(pid=94008) get_body /opt/stack/cinder/cinder/api/openstack/wsgi.py:725}}
Aug 13 16:40:59 devstack devstack@c-api.service[94008]: DEBUG cinder.api.openstack.wsgi [None req-f8389548-15ed-4e5f-9383-2cb012f35672 tempest-AttachVolumeTestJSON-695220509 tempest-AttachVolumeTestJSON-695220509-project-member] Calling method 'show' {{(pid=94008) _process_stack /opt/stack/cinder/cinder/api/openstack/wsgi.py:878}}
Aug 13 16:40:59 devstack devstack@c-api.service[94008]: /opt/stack/data/venv/lib/python3.12/site-packages/oslo_context/context.py:102: DeprecationWarning: Policy enforcement is depending on the value of is_admin. This key is deprecated. Please update your policy file to use the standard policy values.
Aug 13 16:40:59 devstack devstack@c-api.service[94008]: warnings.warn(
Aug 13 16:40:59 devstack devstack@c-api.service[94008]: INFO cinder.volume.api [None req-f8389548-15ed-4e5f-9383-2cb012f35672 tempest-AttachVolumeTestJSON-695220509 tempest-AttachVolumeTestJSON-695220509-project-member] Volume info retrieved successfully.
Aug 13 16:40:59 devstack devstack@c-api.service[94008]: INFO cinder.api.openstack.wsgi [None req-f8389548-15ed-4e5f-9383-2cb012f35672 tempest-AttachVolumeTestJSON-695220509 tempest-AttachVolumeTestJSON-695220509-project-member] http://192.168.122.125/volume/v3/volumes/38efb51c-d7bd-471f-babb-c7459e8c19b1 returned with HTTP 200
Aug 13 16:40:59 devstack devstack@c-api.service[94008]: [pid: 94008|app: 0|req: 142/286] 192.168.122.125 () {58 vars in 1232 bytes} [Thu Aug 13 16:40:59 2026] GET /volume/v3/volumes/38efb51c-d7bd-471f-babb-c7459e8c19b1 => generated 1147 bytes in 131 msecs (HTTP/1.1 200) 7 headers in 286 bytes (1 switches on core 0)
Aug 13 16:40:59 devstack devstack@c-api.service[94009]: INFO cinder.api.openstack.wsgi [req-09acb15a-a310-40f0-8e8a-1ac2765cc9b5 req-78ae17d4-2e9e-4947-82e5-e02c138501a6 tempest-AttachVolumeTestJSON-695220509 tempest-AttachVolumeTestJSON-695220509-project-member] http://192.168.122.125/volume/v3/attachments/2acd1ba5-8ec3-4f75-ad77-3938abab0b7b returned with HTTP 200
Aug 13 16:40:59 devstack devstack@c-api.service[94009]: [pid: 94009|app: 0|req: 145/287] 192.168.122.125 () {64 vars in 1562 bytes} [Thu Aug 13 16:40:58 2026] DELETE /volume/v3/attachments/2acd1ba5-8ec3-4f75-ad77-3938abab0b7b => generated 19 bytes in 352 msecs (HTTP/1.1 200) 7 headers in 285 bytes (1 switches on core 0)
Aug 13 16:40:59 devstack devstack@c-api.service[94008]: DEBUG cinder.api.middleware.request_id [None req-8195ba5a-550c-4244-b734-591d8dc36ddd None None] RequestId filter calling following filter/app {{(pid=94008) _context_setter /opt/stack/cinder/cinder/api/middleware/request_id.py:62}}
Aug 13 16:40:59 devstack devstack@c-api.service[94008]: INFO cinder.api.openstack.wsgi [None req-8195ba5a-550c-4244-b734-591d8dc36ddd tempest-VolumesDeleteCascade-272197925 tempest-VolumesDeleteCascade-272197925-project-member] GET http://192.168.122.125/volume/v3/volumes/ab734951-1983-415e-9d9d-515b8035c80e
Aug 13 16:40:59 devstack devstack@c-api.service[94008]: DEBUG cinder.api.openstack.wsgi [None req-8195ba5a-550c-4244-b734-591d8dc36ddd tempest-VolumesDeleteCascade-272197925 tempest-VolumesDeleteCascade-272197925-project-member] Empty body provided in request {{(pid=94008) get_body /opt/stack/cinder/cinder/api/openstack/wsgi.py:725}}
Aug 13 16:40:59 devstack devstack@c-api.service[94008]: DEBUG cinder.api.openstack.wsgi [None req-8195ba5a-550c-4244-b734-591d8dc36ddd tempest-VolumesDeleteCascade-272197925 tempest-VolumesDeleteCascade-272197925-project-member] Calling method 'show' {{(pid=94008) _process_stack /opt/stack/cinder/cinder/api/openstack/wsgi.py:878}}
Aug 13 16:40:59 devstack devstack@c-api.service[94008]: /opt/stack/data/venv/lib/python3.12/site-packages/oslo_context/context.py:102: DeprecationWarning: Policy enforcement is depending on the value of is_admin. This key is deprecated. Please update your policy file to use the standard policy values.
Aug 13 16:40:59 devstack devstack@c-api.service[94008]: warnings.warn(
Aug 13 16:40:59 devstack devstack@c-api.service[94008]: INFO cinder.volume.api [None req-8195ba5a-550c-4244-b734-591d8dc36ddd tempest-VolumesDeleteCascade-272197925 tempest-VolumesDeleteCascade-272197925-project-member] Volume info retrieved successfully.
Aug 13 16:40:59 devstack devstack@c-api.service[94008]: INFO cinder.api.openstack.wsgi [None req-8195ba5a-550c-4244-b734-591d8dc36ddd tempest-VolumesDeleteCascade-272197925 tempest-VolumesDeleteCascade-272197925-project-member] http://192.168.122.125/volume/v3/volumes/ab734951-1983-415e-9d9d-515b8035c80e returned with HTTP 200
Aug 13 16:40:59 devstack devstack@c-api.service[94008]: [pid: 94008|app: 0|req: 143/288] 192.168.122.125 () {58 vars in 1232 bytes} [Thu Aug 13 16:40:59 2026] GET /volume/v3/volumes/ab734951-1983-415e-9d9d-515b8035c80e => generated 852 bytes in 57 msecs (HTTP/1.1 200) 7 headers in 285 bytes (1 switches on core 0)
Aug 13 16:40:59 devstack devstack@c-api.service[94009]: DEBUG cinder.api.middleware.request_id [None req-07cf91ac-f60b-4210-8636-f2ebec568262 None None] RequestId filter calling following filter/app {{(pid=94009) _context_setter /opt/stack/cinder/cinder/api/middleware/request_id.py:62}}
Aug 13 16:40:59 devstack devstack@c-api.service[94009]: INFO cinder.api.openstack.wsgi [None req-07cf91ac-f60b-4210-8636-f2ebec568262 tempest-GroupSnapshotsTest-966462216 tempest-GroupSnapshotsTest-966462216-project-member] GET http://192.168.122.125/volume/v3/volumes/a1cc873f-b875-4ed4-9e03-30ccfbca03a7
Aug 13 16:40:59 devstack devstack@c-api.service[94009]: DEBUG cinder.api.openstack.wsgi [None req-07cf91ac-f60b-4210-8636-f2ebec568262 tempest-GroupSnapshotsTest-966462216 tempest-GroupSnapshotsTest-966462216-project-member] Empty body provided in request {{(pid=94009) get_body /opt/stack/cinder/cinder/api/openstack/wsgi.py:725}}
Aug 13 16:40:59 devstack devstack@c-api.service[94009]: DEBUG cinder.api.openstack.wsgi [None req-07cf91ac-f60b-4210-8636-f2ebec568262 tempest-GroupSnapshotsTest-966462216 tempest-GroupSnapshotsTest-966462216-project-member] Calling method 'show' {{(pid=94009) _process_stack /opt/stack/cinder/cinder/api/openstack/wsgi.py:878}}
Aug 13 16:40:59 devstack devstack@c-api.service[94009]: /opt/stack/data/venv/lib/python3.12/site-packages/oslo_context/context.py:102: DeprecationWarning: Policy enforcement is depending on the value of is_admin. This key is deprecated. Please update your policy file to use the standard policy values.
Aug 13 16:40:59 devstack devstack@c-api.service[94009]: warnings.warn(
Aug 13 16:40:59 devstack devstack@c-api.service[94009]: INFO cinder.volume.api [None req-07cf91ac-f60b-4210-8636-f2ebec568262 tempest-GroupSnapshotsTest-966462216 tempest-GroupSnapshotsTest-966462216-project-member] Volume info retrieved successfully.
Aug 13 16:40:59 devstack devstack@c-api.service[94009]: WARNING stevedore.named [None req-07cf91ac-f60b-4210-8636-f2ebec568262 tempest-GroupSnapshotsTest-966462216 tempest-GroupSnapshotsTest-966462216-project-member] Could not load cinder.keymgr.conf_key_mgr.ConfKeyManager
Aug 13 16:40:59 devstack devstack@c-api.service[94009]: WARNING castellan.key_manager [None req-07cf91ac-f60b-4210-8636-f2ebec568262 tempest-GroupSnapshotsTest-966462216 tempest-GroupSnapshotsTest-966462216-project-member] Deprecation Warning : cinder.keymgr.conf_key_mgr.ConfKeyManager is not a stevedore based driver, trying to load it as a class: stevedore.exception.NoMatches: No 'castellan.drivers' driver found, looking for 'cinder.keymgr.conf_key_mgr.ConfKeyManager'
Aug 13 16:40:59 devstack devstack@c-api.service[94009]: DEBUG oslo_db.sqlalchemy.engines [None req-07cf91ac-f60b-4210-8636-f2ebec568262 tempest-GroupSnapshotsTest-966462216 tempest-GroupSnapshotsTest-966462216-project-member] MySQL server mode set to STRICT_TRANS_TABLES,STRICT_ALL_TABLES,NO_ZERO_IN_DATE,NO_ZERO_DATE,ERROR_FOR_DIVISION_BY_ZERO,TRADITIONAL,NO_ENGINE_SUBSTITUTION {{(pid=94009) _check_effective_sql_mode /opt/stack/data/venv/lib/python3.12/site-packages/oslo_db/sqlalchemy/engines.py:325}}
Aug 13 16:40:59 devstack devstack@c-api.service[94009]: /opt/stack/data/venv/lib/python3.12/site-packages/oslo_context/context.py:102: DeprecationWarning: Policy enforcement is depending on the value of is_admin. This key is deprecated. Please update your policy file to use the standard policy values.
Aug 13 16:40:59 devstack devstack@c-api.service[94009]: warnings.warn(
Aug 13 16:40:59 devstack devstack@c-api.service[94009]: INFO cinder.api.openstack.wsgi [None req-07cf91ac-f60b-4210-8636-f2ebec568262 tempest-GroupSnapshotsTest-966462216 tempest-GroupSnapshotsTest-966462216-project-member] http://192.168.122.125/volume/v3/volumes/a1cc873f-b875-4ed4-9e03-30ccfbca03a7 returned with HTTP 200
Aug 13 16:40:59 devstack devstack@c-api.service[94009]: [pid: 94009|app: 0|req: 146/289] 192.168.122.125 () {60 vars in 1273 bytes} [Thu Aug 13 16:40:59 2026] GET /volume/v3/volumes/a1cc873f-b875-4ed4-9e03-30ccfbca03a7 => generated 922 bytes in 164 msecs (HTTP/1.1 200) 7 headers in 286 bytes (1 switches on core 0)
Aug 13 16:41:00 devstack devstack@c-api.service[94008]: DEBUG cinder.api.middleware.request_id [None req-917618ad-fb29-4f1e-b6c8-6f9f1d5d3ca7 None None] RequestId filter calling following filter/app {{(pid=94008) _context_setter /opt/stack/cinder/cinder/api/middleware/request_id.py:62}}
Aug 13 16:41:00 devstack devstack@c-api.service[94008]: INFO cinder.api.openstack.wsgi [None req-917618ad-fb29-4f1e-b6c8-6f9f1d5d3ca7 tempest-AttachVolumeTestJSON-695220509 tempest-AttachVolumeTestJSON-695220509-project-member] GET http://192.168.122.125/volume/v3/volumes/38efb51c-d7bd-471f-babb-c7459e8c19b1
Aug 13 16:41:00 devstack devstack@c-api.service[94008]: DEBUG cinder.api.openstack.wsgi [None req-917618ad-fb29-4f1e-b6c8-6f9f1d5d3ca7 tempest-AttachVolumeTestJSON-695220509 tempest-AttachVolumeTestJSON-695220509-project-member] Empty body provided in request {{(pid=94008) get_body /opt/stack/cinder/cinder/api/openstack/wsgi.py:725}}
Aug 13 16:41:00 devstack devstack@c-api.service[94008]: DEBUG cinder.api.openstack.wsgi [None req-917618ad-fb29-4f1e-b6c8-6f9f1d5d3ca7 tempest-AttachVolumeTestJSON-695220509 tempest-AttachVolumeTestJSON-695220509-project-member] Calling method 'show' {{(pid=94008) _process_stack /opt/stack/cinder/cinder/api/openstack/wsgi.py:878}}
Aug 13 16:41:00 devstack devstack@c-api.service[94008]: /opt/stack/data/venv/lib/python3.12/site-packages/oslo_context/context.py:102: DeprecationWarning: Policy enforcement is depending on the value of is_admin. This key is deprecated. Please update your policy file to use the standard policy values.
Aug 13 16:41:00 devstack devstack@c-api.service[94008]: warnings.warn(
Aug 13 16:41:00 devstack devstack@c-api.service[94008]: INFO cinder.volume.api [None req-917618ad-fb29-4f1e-b6c8-6f9f1d5d3ca7 tempest-AttachVolumeTestJSON-695220509 tempest-AttachVolumeTestJSON-695220509-project-member] Volume info retrieved successfully.
Aug 13 16:41:00 devstack devstack@c-api.service[94008]: INFO cinder.api.openstack.wsgi [None req-917618ad-fb29-4f1e-b6c8-6f9f1d5d3ca7 tempest-AttachVolumeTestJSON-695220509 tempest-AttachVolumeTestJSON-695220509-project-member] http://192.168.122.125/volume/v3/volumes/38efb51c-d7bd-471f-babb-c7459e8c19b1 returned with HTTP 200
Aug 13 16:41:00 devstack devstack@c-api.service[94008]: [pid: 94008|app: 0|req: 144/290] 192.168.122.125 () {58 vars in 1232 bytes} [Thu Aug 13 16:41:00 2026] GET /volume/v3/volumes/38efb51c-d7bd-471f-babb-c7459e8c19b1 => generated 852 bytes in 71 msecs (HTTP/1.1 200) 7 headers in 285 bytes (1 switches on core 0)
Aug 13 16:41:00 devstack devstack@c-api.service[94009]: DEBUG cinder.api.middleware.request_id [None req-0b593a6f-f11c-4e78-8f79-6d37e7b14d34 None None] RequestId filter calling following filter/app {{(pid=94009) _context_setter /opt/stack/cinder/cinder/api/middleware/request_id.py:62}}
Aug 13 16:41:00 devstack devstack@c-api.service[94009]: INFO cinder.api.openstack.wsgi [None req-0b593a6f-f11c-4e78-8f79-6d37e7b14d34 tempest-VolumesDeleteCascade-272197925 tempest-VolumesDeleteCascade-272197925-project-member] GET http://192.168.122.125/volume/v3/volumes/ab734951-1983-415e-9d9d-515b8035c80e
Aug 13 16:41:00 devstack devstack@c-api.service[94009]: DEBUG cinder.api.openstack.wsgi [None req-0b593a6f-f11c-4e78-8f79-6d37e7b14d34 tempest-VolumesDeleteCascade-272197925 tempest-VolumesDeleteCascade-272197925-project-member] Empty body provided in request {{(pid=94009) get_body /opt/stack/cinder/cinder/api/openstack/wsgi.py:725}}
Aug 13 16:41:00 devstack devstack@c-api.service[94009]: DEBUG cinder.api.openstack.wsgi [None req-0b593a6f-f11c-4e78-8f79-6d37e7b14d34 tempest-VolumesDeleteCascade-272197925 tempest-VolumesDeleteCascade-272197925-project-member] Calling method 'show' {{(pid=94009) _process_stack /opt/stack/cinder/cinder/api/openstack/wsgi.py:878}}
Aug 13 16:41:00 devstack devstack@c-api.service[94009]: /opt/stack/data/venv/lib/python3.12/site-packages/oslo_context/context.py:102: DeprecationWarning: Policy enforcement is depending on the value of is_admin. This key is deprecated. Please update your policy file to use the standard policy values.
Aug 13 16:41:00 devstack devstack@c-api.service[94009]: warnings.warn(
Aug 13 16:41:00 devstack devstack@c-api.service[94009]: INFO cinder.volume.api [None req-0b593a6f-f11c-4e78-8f79-6d37e7b14d34 tempest-VolumesDeleteCascade-272197925 tempest-VolumesDeleteCascade-272197925-project-member] Volume info retrieved successfully.
Aug 13 16:41:00 devstack devstack@c-api.service[94009]: INFO cinder.api.openstack.wsgi [None req-0b593a6f-f11c-4e78-8f79-6d37e7b14d34 tempest-VolumesDeleteCascade-272197925 tempest-VolumesDeleteCascade-272197925-project-member] http://192.168.122.125/volume/v3/volumes/ab734951-1983-415e-9d9d-515b8035c80e returned with HTTP 200
Aug 13 16:41:00 devstack devstack@c-api.service[94009]: [pid: 94009|app: 0|req: 147/291] 192.168.122.125 () {58 vars in 1232 bytes} [Thu Aug 13 16:41:00 2026] GET /volume/v3/volumes/ab734951-1983-415e-9d9d-515b8035c80e => generated 853 bytes in 94 msecs (HTTP/1.1 200) 7 headers in 285 bytes (1 switches on core 0)
Aug 13 16:41:00 devstack devstack@c-api.service[94008]: DEBUG cinder.api.middleware.request_id [None req-2b11cf6a-3581-4d74-a57b-da10c20b1684 None None] RequestId filter calling following filter/app {{(pid=94008) _context_setter /opt/stack/cinder/cinder/api/middleware/request_id.py:62}}
Aug 13 16:41:00 devstack devstack@c-api.service[94008]: INFO cinder.api.openstack.wsgi [None req-2b11cf6a-3581-4d74-a57b-da10c20b1684 tempest-VolumesDeleteCascade-272197925 tempest-VolumesDeleteCascade-272197925-project-member] POST http://192.168.122.125/volume/v3/snapshots
Aug 13 16:41:00 devstack devstack@c-api.service[94008]: DEBUG cinder.api.openstack.wsgi [None req-2b11cf6a-3581-4d74-a57b-da10c20b1684 tempest-VolumesDeleteCascade-272197925 tempest-VolumesDeleteCascade-272197925-project-member] Action: 'create', calling method: create, body: {"snapshot": {"volume_id": "ab734951-1983-415e-9d9d-515b8035c80e", "name": "tempest-VolumesDeleteCascade-Snapshot-2140111079"}} {{(pid=94008) _process_stack /opt/stack/cinder/cinder/api/openstack/wsgi.py:876}}
Aug 13 16:41:00 devstack devstack@c-api.service[94008]: /opt/stack/data/venv/lib/python3.12/site-packages/oslo_context/context.py:102: DeprecationWarning: Policy enforcement is depending on the value of is_admin. This key is deprecated. Please update your policy file to use the standard policy values.
Aug 13 16:41:00 devstack devstack@c-api.service[94008]: warnings.warn(
Aug 13 16:41:00 devstack devstack@c-api.service[94008]: INFO cinder.volume.api [None req-2b11cf6a-3581-4d74-a57b-da10c20b1684 tempest-VolumesDeleteCascade-272197925 tempest-VolumesDeleteCascade-272197925-project-member] Volume info retrieved successfully.
Aug 13 16:41:00 devstack devstack@c-api.service[94008]: INFO cinder.api.v3.snapshots [None req-2b11cf6a-3581-4d74-a57b-da10c20b1684 tempest-VolumesDeleteCascade-272197925 tempest-VolumesDeleteCascade-272197925-project-member] Create snapshot from volume ab734951-1983-415e-9d9d-515b8035c80e
Aug 13 16:41:00 devstack devstack@c-api.service[94008]: WARNING cinder.quota [None req-2b11cf6a-3581-4d74-a57b-da10c20b1684 tempest-VolumesDeleteCascade-272197925 tempest-VolumesDeleteCascade-272197925-project-member] Deprecated: Default quota for resource: snapshots_QuobyteHD is set by the default quota flag: quota_snapshots_QuobyteHD, it is now deprecated. Please use the default quota class for default quota.
Aug 13 16:41:00 devstack devstack@c-api.service[94008]: DEBUG cinder.quota [None req-2b11cf6a-3581-4d74-a57b-da10c20b1684 tempest-VolumesDeleteCascade-272197925 tempest-VolumesDeleteCascade-272197925-project-member] Created reservations ['3cfe28c1-1649-4d39-bcad-c08750b0c194', '4ea2846e-c914-4276-bcb0-b6b3931b03a7', '112fe048-a535-48b2-8380-3a2da1d7bf1e', '9c7c568e-921b-47e4-b5e0-ebbf878ce042'] {{(pid=94008) reserve /opt/stack/cinder/cinder/quota.py:752}}
Aug 13 16:41:01 devstack devstack@c-api.service[94009]: DEBUG cinder.api.middleware.request_id [None req-583ea656-77c6-488e-98df-c27d5b56fe48 None None] RequestId filter calling following filter/app {{(pid=94009) _context_setter /opt/stack/cinder/cinder/api/middleware/request_id.py:62}}
Aug 13 16:41:01 devstack devstack@c-api.service[94009]: INFO cinder.api.openstack.wsgi [None req-583ea656-77c6-488e-98df-c27d5b56fe48 tempest-GroupSnapshotsTest-966462216 tempest-GroupSnapshotsTest-966462216-project-member] GET http://192.168.122.125/volume/v3/volumes/a1cc873f-b875-4ed4-9e03-30ccfbca03a7
Aug 13 16:41:01 devstack devstack@c-api.service[94009]: DEBUG cinder.api.openstack.wsgi [None req-583ea656-77c6-488e-98df-c27d5b56fe48 tempest-GroupSnapshotsTest-966462216 tempest-GroupSnapshotsTest-966462216-project-member] Empty body provided in request {{(pid=94009) get_body /opt/stack/cinder/cinder/api/openstack/wsgi.py:725}}
Aug 13 16:41:01 devstack devstack@c-api.service[94009]: DEBUG cinder.api.openstack.wsgi [None req-583ea656-77c6-488e-98df-c27d5b56fe48 tempest-GroupSnapshotsTest-966462216 tempest-GroupSnapshotsTest-966462216-project-member] Calling method 'show' {{(pid=94009) _process_stack /opt/stack/cinder/cinder/api/openstack/wsgi.py:878}}
Aug 13 16:41:01 devstack devstack@c-api.service[94008]: INFO cinder.volume.api [None req-2b11cf6a-3581-4d74-a57b-da10c20b1684 tempest-VolumesDeleteCascade-272197925 tempest-VolumesDeleteCascade-272197925-project-member] Snapshot create request issued successfully.
Aug 13 16:41:01 devstack devstack@c-api.service[94008]: INFO cinder.api.openstack.wsgi [None req-2b11cf6a-3581-4d74-a57b-da10c20b1684 tempest-VolumesDeleteCascade-272197925 tempest-VolumesDeleteCascade-272197925-project-member] http://192.168.122.125/volume/v3/snapshots returned with HTTP 202
Aug 13 16:41:01 devstack devstack@c-api.service[94008]: [pid: 94008|app: 0|req: 145/292] 192.168.122.125 () {60 vars in 1149 bytes} [Thu Aug 13 16:41:00 2026] POST /volume/v3/snapshots => generated 307 bytes in 302 msecs (HTTP/1.1 202) 7 headers in 291 bytes (1 switches on core 0)
Aug 13 16:41:01 devstack devstack@c-api.service[94009]: INFO cinder.api.openstack.wsgi [None req-583ea656-77c6-488e-98df-c27d5b56fe48 tempest-GroupSnapshotsTest-966462216 tempest-GroupSnapshotsTest-966462216-project-member] http://192.168.122.125/volume/v3/volumes/a1cc873f-b875-4ed4-9e03-30ccfbca03a7 returned with HTTP 404
Aug 13 16:41:01 devstack devstack@c-api.service[94009]: [pid: 94009|app: 0|req: 148/293] 192.168.122.125 () {60 vars in 1273 bytes} [Thu Aug 13 16:41:01 2026] GET /volume/v3/volumes/a1cc873f-b875-4ed4-9e03-30ccfbca03a7 => generated 109 bytes in 49 msecs (HTTP/1.1 404) 7 headers in 293 bytes (1 switches on core 0)
Aug 13 16:41:01 devstack devstack@c-api.service[94008]: DEBUG cinder.api.middleware.request_id [None req-23a7b6a3-5e84-4e30-ae80-61802dee395a None None] RequestId filter calling following filter/app {{(pid=94008) _context_setter /opt/stack/cinder/cinder/api/middleware/request_id.py:62}}
Aug 13 16:41:01 devstack devstack@c-api.service[94009]: DEBUG cinder.api.middleware.request_id [None req-558b3e47-a7e5-4452-a471-9aad6680cb79 None None] RequestId filter calling following filter/app {{(pid=94009) _context_setter /opt/stack/cinder/cinder/api/middleware/request_id.py:62}}
Aug 13 16:41:01 devstack devstack@c-api.service[94008]: INFO cinder.api.openstack.wsgi [None req-23a7b6a3-5e84-4e30-ae80-61802dee395a tempest-VolumesDeleteCascade-272197925 tempest-VolumesDeleteCascade-272197925-project-member] GET http://192.168.122.125/volume/v3/snapshots/e3cdc394-e344-43d1-a2bd-0a1e87ad6ae4
Aug 13 16:41:01 devstack devstack@c-api.service[94008]: DEBUG cinder.api.openstack.wsgi [None req-23a7b6a3-5e84-4e30-ae80-61802dee395a tempest-VolumesDeleteCascade-272197925 tempest-VolumesDeleteCascade-272197925-project-member] Empty body provided in request {{(pid=94008) get_body /opt/stack/cinder/cinder/api/openstack/wsgi.py:725}}
Aug 13 16:41:01 devstack devstack@c-api.service[94008]: DEBUG cinder.api.openstack.wsgi [None req-23a7b6a3-5e84-4e30-ae80-61802dee395a tempest-VolumesDeleteCascade-272197925 tempest-VolumesDeleteCascade-272197925-project-member] Calling method 'show' {{(pid=94008) _process_stack /opt/stack/cinder/cinder/api/openstack/wsgi.py:878}}
Aug 13 16:41:01 devstack devstack@c-api.service[94009]: INFO cinder.api.openstack.wsgi [None req-558b3e47-a7e5-4452-a471-9aad6680cb79 tempest-GroupSnapshotsTest-966462216 tempest-GroupSnapshotsTest-966462216-project-member] GET http://192.168.122.125/volume/v3/groups/12427fa7-0a32-4896-a2a5-1156b6362e9a
Aug 13 16:41:01 devstack devstack@c-api.service[94009]: DEBUG cinder.api.openstack.wsgi [None req-558b3e47-a7e5-4452-a471-9aad6680cb79 tempest-GroupSnapshotsTest-966462216 tempest-GroupSnapshotsTest-966462216-project-member] Empty body provided in request {{(pid=94009) get_body /opt/stack/cinder/cinder/api/openstack/wsgi.py:725}}
Aug 13 16:41:01 devstack devstack@c-api.service[94009]: DEBUG cinder.api.openstack.wsgi [None req-558b3e47-a7e5-4452-a471-9aad6680cb79 tempest-GroupSnapshotsTest-966462216 tempest-GroupSnapshotsTest-966462216-project-member] Calling method 'version_select' {{(pid=94009) _process_stack /opt/stack/cinder/cinder/api/openstack/wsgi.py:878}}
Aug 13 16:41:01 devstack devstack@c-api.service[94009]: DEBUG cinder.api.v3.groups [None req-558b3e47-a7e5-4452-a471-9aad6680cb79 tempest-GroupSnapshotsTest-966462216 tempest-GroupSnapshotsTest-966462216-project-member] show called for member 12427fa7-0a32-4896-a2a5-1156b6362e9a {{(pid=94009) show /opt/stack/cinder/cinder/api/v3/groups.py:58}}
Aug 13 16:41:01 devstack devstack@c-api.service[94008]: /opt/stack/data/venv/lib/python3.12/site-packages/oslo_context/context.py:102: DeprecationWarning: Policy enforcement is depending on the value of is_admin. This key is deprecated. Please update your policy file to use the standard policy values.
Aug 13 16:41:01 devstack devstack@c-api.service[94008]: warnings.warn(
Aug 13 16:41:01 devstack devstack@c-api.service[94009]: INFO cinder.api.openstack.wsgi [None req-558b3e47-a7e5-4452-a471-9aad6680cb79 tempest-GroupSnapshotsTest-966462216 tempest-GroupSnapshotsTest-966462216-project-member] http://192.168.122.125/volume/v3/groups/12427fa7-0a32-4896-a2a5-1156b6362e9a returned with HTTP 404
Aug 13 16:41:01 devstack devstack@c-api.service[94008]: INFO cinder.volume.api [None req-23a7b6a3-5e84-4e30-ae80-61802dee395a tempest-VolumesDeleteCascade-272197925 tempest-VolumesDeleteCascade-272197925-project-member] Snapshot retrieved successfully.
Aug 13 16:41:01 devstack devstack@c-api.service[94009]: [pid: 94009|app: 0|req: 149/294] 192.168.122.125 () {60 vars in 1270 bytes} [Thu Aug 13 16:41:01 2026] GET /volume/v3/groups/12427fa7-0a32-4896-a2a5-1156b6362e9a => generated 108 bytes in 31 msecs (HTTP/1.1 404) 7 headers in 293 bytes (1 switches on core 0)
Aug 13 16:41:01 devstack devstack@c-api.service[94008]: INFO cinder.api.openstack.wsgi [None req-23a7b6a3-5e84-4e30-ae80-61802dee395a tempest-VolumesDeleteCascade-272197925 tempest-VolumesDeleteCascade-272197925-project-member] http://192.168.122.125/volume/v3/snapshots/e3cdc394-e344-43d1-a2bd-0a1e87ad6ae4 returned with HTTP 200
Aug 13 16:41:01 devstack devstack@c-api.service[94008]: [pid: 94008|app: 0|req: 146/295] 192.168.122.125 () {58 vars in 1238 bytes} [Thu Aug 13 16:41:01 2026] GET /volume/v3/snapshots/e3cdc394-e344-43d1-a2bd-0a1e87ad6ae4 => generated 439 bytes in 45 msecs (HTTP/1.1 200) 7 headers in 285 bytes (1 switches on core 0)
Aug 13 16:41:01 devstack devstack@c-api.service[94009]: DEBUG cinder.api.middleware.request_id [None req-6ac0c85d-72fa-438e-92d8-529b4d34968f None None] RequestId filter calling following filter/app {{(pid=94009) _context_setter /opt/stack/cinder/cinder/api/middleware/request_id.py:62}}
Aug 13 16:41:01 devstack devstack@c-api.service[94009]: INFO cinder.api.openstack.wsgi [None req-6ac0c85d-72fa-438e-92d8-529b4d34968f tempest-GroupSnapshotsTest-882092374 tempest-GroupSnapshotsTest-882092374-project-admin] DELETE http://192.168.122.125/volume/v3/group_types/90edb123-a8c4-40b5-b651-b4b14018c9a7
Aug 13 16:41:01 devstack devstack@c-api.service[94009]: DEBUG cinder.api.openstack.wsgi [None req-6ac0c85d-72fa-438e-92d8-529b4d34968f tempest-GroupSnapshotsTest-882092374 tempest-GroupSnapshotsTest-882092374-project-admin] Empty body provided in request {{(pid=94009) get_body /opt/stack/cinder/cinder/api/openstack/wsgi.py:725}}
Aug 13 16:41:01 devstack devstack@c-api.service[94009]: DEBUG cinder.api.openstack.wsgi [None req-6ac0c85d-72fa-438e-92d8-529b4d34968f tempest-GroupSnapshotsTest-882092374 tempest-GroupSnapshotsTest-882092374-project-admin] Calling method 'version_select' {{(pid=94009) _process_stack /opt/stack/cinder/cinder/api/openstack/wsgi.py:878}}
Aug 13 16:41:01 devstack devstack@c-api.service[94009]: INFO cinder.api.openstack.wsgi [None req-6ac0c85d-72fa-438e-92d8-529b4d34968f tempest-GroupSnapshotsTest-882092374 tempest-GroupSnapshotsTest-882092374-project-admin] http://192.168.122.125/volume/v3/group_types/90edb123-a8c4-40b5-b651-b4b14018c9a7 returned with HTTP 202
Aug 13 16:41:01 devstack devstack@c-api.service[94009]: [pid: 94009|app: 0|req: 150/296] 192.168.122.125 () {60 vars in 1288 bytes} [Thu Aug 13 16:41:01 2026] DELETE /volume/v3/group_types/90edb123-a8c4-40b5-b651-b4b14018c9a7 => generated 0 bytes in 81 msecs (HTTP/1.1 202) 6 headers in 234 bytes (1 switches on core 0)
Aug 13 16:41:01 devstack devstack@c-api.service[94008]: DEBUG cinder.api.middleware.request_id [None req-9a0ba9a3-6f64-41c0-be7a-02d3995d333c None None] RequestId filter calling following filter/app {{(pid=94008) _context_setter /opt/stack/cinder/cinder/api/middleware/request_id.py:62}}
Aug 13 16:41:01 devstack devstack@c-api.service[94008]: INFO cinder.api.openstack.wsgi [None req-9a0ba9a3-6f64-41c0-be7a-02d3995d333c tempest-GroupSnapshotsTest-882092374 tempest-GroupSnapshotsTest-882092374-project-admin] DELETE http://192.168.122.125/volume/v3/types/53d295a3-3db7-41c3-983c-ac84fa5c923c
Aug 13 16:41:01 devstack devstack@c-api.service[94008]: DEBUG cinder.api.openstack.wsgi [None req-9a0ba9a3-6f64-41c0-be7a-02d3995d333c tempest-GroupSnapshotsTest-882092374 tempest-GroupSnapshotsTest-882092374-project-admin] Empty body provided in request {{(pid=94008) get_body /opt/stack/cinder/cinder/api/openstack/wsgi.py:725}}
Aug 13 16:41:01 devstack devstack@c-api.service[94008]: DEBUG cinder.api.openstack.wsgi [None req-9a0ba9a3-6f64-41c0-be7a-02d3995d333c tempest-GroupSnapshotsTest-882092374 tempest-GroupSnapshotsTest-882092374-project-admin] Calling method '_delete' {{(pid=94008) _process_stack /opt/stack/cinder/cinder/api/openstack/wsgi.py:878}}
Aug 13 16:41:01 devstack devstack@c-api.service[94008]: INFO cinder.api.openstack.wsgi [None req-9a0ba9a3-6f64-41c0-be7a-02d3995d333c tempest-GroupSnapshotsTest-882092374 tempest-GroupSnapshotsTest-882092374-project-admin] http://192.168.122.125/volume/v3/types/53d295a3-3db7-41c3-983c-ac84fa5c923c returned with HTTP 202
Aug 13 16:41:01 devstack devstack@c-api.service[94008]: [pid: 94008|app: 0|req: 147/297] 192.168.122.125 () {58 vars in 1229 bytes} [Thu Aug 13 16:41:01 2026] DELETE /volume/v3/types/53d295a3-3db7-41c3-983c-ac84fa5c923c => generated 0 bytes in 133 msecs (HTTP/1.1 202) 6 headers in 233 bytes (1 switches on core 0)
