Aug 21 18:21:03 devstack cinder-volume[94486]: DEBUG oslo_concurrency.lockutils [None req-7461ae8d-b0a5-4049-b6a9-b3a8e2e194d5 tempest-VolumesTestJSON-1927002011 None] Lock "quobyte_ensure" "released" by "cinder.volume.drivers.quobyte.QuobyteDriver._ensure_shares_mounted" :: held 0.010s {{(pid=94486) inner /opt/stack/data/venv/lib/python3.12/site-packages/oslo_concurrency/lockutils.py:544}}
Aug 21 18:21:03 devstack sudo[101330]: pam_unix(sudo:session): session opened for user root(uid=0) by (uid=1000)
Aug 21 18:21:03 devstack cinder-volume[94486]: DEBUG oslo_concurrency.processutils [None req-7461ae8d-b0a5-4049-b6a9-b3a8e2e194d5 tempest-VolumesTestJSON-1927002011 None] Running cmd (subprocess): sudo cinder-rootwrap /etc/cinder/rootwrap.conf df --portability --block-size 1 /opt/stack/data/cinder/mnt/90d31ac13703bf733a67abc9728a1971 {{(pid=94486) execute /opt/stack/data/venv/lib/python3.12/site-packages/oslo_concurrency/processutils.py:440}}
Aug 21 18:21:03 devstack sudo[101332]: quobyte : PWD=/ ; USER=root ; COMMAND=/opt/stack/data/venv/bin/cinder-rootwrap /etc/cinder/rootwrap.conf df --portability --block-size 1 /opt/stack/data/cinder/mnt/90d31ac13703bf733a67abc9728a1971
Aug 21 18:21:03 devstack sudo[101332]: pam_unix(sudo:session): session opened for user root(uid=0) by (uid=1000)
Aug 21 18:21:03 devstack sudo[101332]: pam_unix(sudo:session): session closed for user root
Aug 21 18:21:03 devstack cinder-volume[94486]: DEBUG oslo_concurrency.processutils [None req-7461ae8d-b0a5-4049-b6a9-b3a8e2e194d5 tempest-VolumesTestJSON-1927002011 None] CMD "sudo cinder-rootwrap /etc/cinder/rootwrap.conf df --portability --block-size 1 /opt/stack/data/cinder/mnt/90d31ac13703bf733a67abc9728a1971" returned: 0 in 0.383s {{(pid=94486) execute /opt/stack/data/venv/lib/python3.12/site-packages/oslo_concurrency/processutils.py:468}}
Aug 21 18:21:03 devstack cinder-volume[94486]: DEBUG cinder.manager [None req-7461ae8d-b0a5-4049-b6a9-b3a8e2e194d5 tempest-VolumesTestJSON-1927002011 None] Notifying Schedulers of capabilities ... {{(pid=94486) _publish_service_capabilities /opt/stack/cinder/cinder/manager.py:219}}
Aug 21 18:21:03 devstack cinder-volume[94486]: INFO cinder.volume.manager [None req-7461ae8d-b0a5-4049-b6a9-b3a8e2e194d5 tempest-VolumesTestJSON-1927002011 None] Deleted volume successfully.
Aug 21 18:21:03 devstack cinder-volume[94486]: DEBUG cinder.coordination [None req-7461ae8d-b0a5-4049-b6a9-b3a8e2e194d5 tempest-VolumesTestJSON-1927002011 None] Lock "cinder-a3783db9-647b-4fd2-819f-a558d21d6439-delete_volume" released by "delete_volume" :: held 2.045s {{(pid=94486) __release /opt/stack/cinder/cinder/coordination.py:152}}
Aug 21 18:21:03 devstack cinder-volume[94486]: DEBUG cinder.coordination [None req-1122e5c2-fb32-46ea-9555-b6145633648c tempest-VolumesTestJSON-1927002011 None] Acquiring lock "cinder-26959db3-e7d1-42ba-bbb1-10cb93a1b654-delete_volume" by "delete_volume" {{(pid=94486) __acquire /opt/stack/cinder/cinder/coordination.py:138}}
Aug 21 18:21:03 devstack cinder-volume[94486]: DEBUG cinder.coordination [None req-1122e5c2-fb32-46ea-9555-b6145633648c tempest-VolumesTestJSON-1927002011 None] Lock "cinder-26959db3-e7d1-42ba-bbb1-10cb93a1b654-delete_volume" acquired by "delete_volume" :: waited 0.048s {{(pid=94486) __acquire /opt/stack/cinder/cinder/coordination.py:141}}
Aug 21 18:21:04 devstack cinder-volume[94486]: DEBUG cinder.coordination [None req-1122e5c2-fb32-46ea-9555-b6145633648c tempest-VolumesTestJSON-1927002011 None] Acquiring lock "cinder-quobyte-26959db3-e7d1-42ba-bbb1-10cb93a1b654" by "delete_volume" {{(pid=94486) __acquire /opt/stack/cinder/cinder/coordination.py:138}}
Aug 21 18:21:04 devstack cinder-volume[94486]: DEBUG cinder.coordination [None req-1122e5c2-fb32-46ea-9555-b6145633648c tempest-VolumesTestJSON-1927002011 None] Lock "cinder-quobyte-26959db3-e7d1-42ba-bbb1-10cb93a1b654" acquired by "delete_volume" :: waited 0.051s {{(pid=94486) __acquire /opt/stack/cinder/cinder/coordination.py:141}}
Aug 21 18:21:04 devstack cinder-volume[94486]: DEBUG oslo.privsep.daemon [-] privsep: reply[84287687-63a3-4f87-9d26-c23c6834db98]: (4, 'qcow2') {{(pid=95698) _call_back /opt/stack/data/venv/lib/python3.12/site-packages/oslo_privsep/daemon.py:580}}
Aug 21 18:21:04 devstack cinder-volume[94486]: DEBUG oslo_concurrency.processutils [None req-1122e5c2-fb32-46ea-9555-b6145633648c tempest-VolumesTestJSON-1927002011 None] Running cmd (subprocess): /opt/stack/data/venv/bin/python3.12 -m oslo_concurrency.prlimit --as=1073741824 --cpu=60 -- sudo cinder-rootwrap /etc/cinder/rootwrap.conf env LC_ALL=C qemu-img info -f qcow2 --output=json --force-share /opt/stack/data/cinder/mnt/90d31ac13703bf733a67abc9728a1971/volume-26959db3-e7d1-42ba-bbb1-10cb93a1b654 {{(pid=94486) execute /opt/stack/data/venv/lib/python3.12/site-packages/oslo_concurrency/processutils.py:440}}
Aug 21 18:21:04 devstack sudo[101347]: quobyte : PWD=/ ; USER=root ; COMMAND=/opt/stack/data/venv/bin/cinder-rootwrap /etc/cinder/rootwrap.conf env LC_ALL=C qemu-img info -f qcow2 --output=json --force-share /opt/stack/data/cinder/mnt/90d31ac13703bf733a67abc9728a1971/volume-26959db3-e7d1-42ba-bbb1-10cb93a1b654
Aug 21 18:21:04 devstack sudo[101347]: pam_unix(sudo:session): session opened for user root(uid=0) by (uid=1000)
Aug 21 18:21:05 devstack sudo[101347]: pam_unix(sudo:session): session closed for user root
Aug 21 18:21:05 devstack cinder-volume[94486]: DEBUG oslo_concurrency.processutils [None req-1122e5c2-fb32-46ea-9555-b6145633648c tempest-VolumesTestJSON-1927002011 None] CMD "/opt/stack/data/venv/bin/python3.12 -m oslo_concurrency.prlimit --as=1073741824 --cpu=60 -- sudo cinder-rootwrap /etc/cinder/rootwrap.conf env LC_ALL=C qemu-img info -f qcow2 --output=json --force-share /opt/stack/data/cinder/mnt/90d31ac13703bf733a67abc9728a1971/volume-26959db3-e7d1-42ba-bbb1-10cb93a1b654" returned: 0 in 1.046s {{(pid=94486) execute /opt/stack/data/venv/lib/python3.12/site-packages/oslo_concurrency/processutils.py:468}}
Aug 21 18:21:05 devstack cinder-volume[94486]: DEBUG oslo_concurrency.processutils [None req-1122e5c2-fb32-46ea-9555-b6145633648c tempest-VolumesTestJSON-1927002011 None] Running cmd (subprocess): sudo cinder-rootwrap /etc/cinder/rootwrap.conf rm -f /opt/stack/data/cinder/mnt/90d31ac13703bf733a67abc9728a1971/volume-26959db3-e7d1-42ba-bbb1-10cb93a1b654 {{(pid=94486) execute /opt/stack/data/venv/lib/python3.12/site-packages/oslo_concurrency/processutils.py:440}}
Aug 21 18:21:05 devstack sudo[101352]: quobyte : PWD=/ ; USER=root ; COMMAND=/opt/stack/data/venv/bin/cinder-rootwrap /etc/cinder/rootwrap.conf rm -f /opt/stack/data/cinder/mnt/90d31ac13703bf733a67abc9728a1971/volume-26959db3-e7d1-42ba-bbb1-10cb93a1b654
Aug 21 18:21:05 devstack sudo[101352]: pam_unix(sudo:session): session opened for user root(uid=0) by (uid=1000)
Aug 21 18:21:05 devstack sudo[101352]: pam_unix(sudo:session): session closed for user root
Aug 21 18:21:05 devstack cinder-volume[94486]: DEBUG oslo_concurrency.processutils [None req-1122e5c2-fb32-46ea-9555-b6145633648c tempest-VolumesTestJSON-1927002011 None] CMD "sudo cinder-rootwrap /etc/cinder/rootwrap.conf rm -f /opt/stack/data/cinder/mnt/90d31ac13703bf733a67abc9728a1971/volume-26959db3-e7d1-42ba-bbb1-10cb93a1b654" returned: 0 in 0.453s {{(pid=94486) execute /opt/stack/data/venv/lib/python3.12/site-packages/oslo_concurrency/processutils.py:468}}
Aug 21 18:21:05 devstack cinder-volume[94486]: DEBUG cinder.coordination [None req-1122e5c2-fb32-46ea-9555-b6145633648c tempest-VolumesTestJSON-1927002011 None] Lock "cinder-quobyte-26959db3-e7d1-42ba-bbb1-10cb93a1b654" released by "delete_volume" :: held 1.627s {{(pid=94486) __release /opt/stack/cinder/cinder/coordination.py:152}}
Aug 21 18:21:05 devstack cinder-volume[94486]: DEBUG cinder.quota [None req-1122e5c2-fb32-46ea-9555-b6145633648c tempest-VolumesTestJSON-1927002011 None] Created reservations ['07b6f525-7602-4b57-a8c6-033c178a2b76', 'd748bca3-3995-4207-946e-13e8c8d21742', '274360fe-00f8-41b0-889a-c2016a331341', '91835519-aa10-4dcd-a075-0b18d8d58ad4'] {{(pid=94486) reserve /opt/stack/cinder/cinder/quota.py:752}}
Aug 21 18:21:06 devstack cinder-volume[94486]: DEBUG oslo_concurrency.lockutils [None req-1122e5c2-fb32-46ea-9555-b6145633648c tempest-VolumesTestJSON-1927002011 None] Acquiring lock "quobyte_ensure" by "cinder.volume.drivers.quobyte.QuobyteDriver._ensure_shares_mounted" {{(pid=94486) inner /opt/stack/data/venv/lib/python3.12/site-packages/oslo_concurrency/lockutils.py:512}}
Aug 21 18:21:06 devstack cinder-volume[94486]: DEBUG oslo_concurrency.lockutils [None req-1122e5c2-fb32-46ea-9555-b6145633648c tempest-VolumesTestJSON-1927002011 None] Lock "quobyte_ensure" acquired by "cinder.volume.drivers.quobyte.QuobyteDriver._ensure_shares_mounted" :: waited 0.004s {{(pid=94486) inner /opt/stack/data/venv/lib/python3.12/site-packages/oslo_concurrency/lockutils.py:525}}
Aug 21 18:21:06 devstack cinder-volume[94486]: DEBUG cinder.volume.drivers.quobyte [None req-1122e5c2-fb32-46ea-9555-b6145633648c tempest-VolumesTestJSON-1927002011 None] Quobyte Volume URL set to: {'osci02.corp.quobyte.com/cinder-vol-dc0f0abe-8b69-44dd-935f-273b2d14d93e': None} {{(pid=94486) _load_shares_config /opt/stack/cinder/cinder/volume/drivers/quobyte.py:665}}
Aug 21 18:21:06 devstack cinder-volume[94486]: DEBUG cinder.volume.drivers.quobyte [None req-1122e5c2-fb32-46ea-9555-b6145633648c tempest-VolumesTestJSON-1927002011 None] Available shares ['osci02.corp.quobyte.com/cinder-vol-dc0f0abe-8b69-44dd-935f-273b2d14d93e'] {{(pid=94486) _ensure_shares_mounted /opt/stack/cinder/cinder/volume/drivers/quobyte.py:695}}
Aug 21 18:21:06 devstack cinder-volume[94486]: DEBUG oslo_concurrency.lockutils [None req-1122e5c2-fb32-46ea-9555-b6145633648c tempest-VolumesTestJSON-1927002011 None] Lock "quobyte_ensure" "released" by "cinder.volume.drivers.quobyte.QuobyteDriver._ensure_shares_mounted" :: held 0.024s {{(pid=94486) inner /opt/stack/data/venv/lib/python3.12/site-packages/oslo_concurrency/lockutils.py:544}}
Aug 21 18:21:06 devstack cinder-volume[94486]: DEBUG oslo_concurrency.processutils [None req-1122e5c2-fb32-46ea-9555-b6145633648c tempest-VolumesTestJSON-1927002011 None] Running cmd (subprocess): sudo cinder-rootwrap /etc/cinder/rootwrap.conf df --portability --block-size 1 /opt/stack/data/cinder/mnt/90d31ac13703bf733a67abc9728a1971 {{(pid=94486) execute /opt/stack/data/venv/lib/python3.12/site-packages/oslo_concurrency/processutils.py:440}}
Aug 21 18:21:06 devstack sudo[101356]: quobyte : PWD=/ ; USER=root ; COMMAND=/opt/stack/data/venv/bin/cinder-rootwrap /etc/cinder/rootwrap.conf df --portability --block-size 1 /opt/stack/data/cinder/mnt/90d31ac13703bf733a67abc9728a1971
Aug 21 18:21:06 devstack sudo[101356]: pam_unix(sudo:session): session opened for user root(uid=0) by (uid=1000)
Aug 21 18:21:06 devstack sudo[101356]: pam_unix(sudo:session): session closed for user root
Aug 21 18:21:06 devstack cinder-volume[94486]: DEBUG cinder.coordination [None req-934d7e81-d733-4006-9d9e-5601b8a015bb tempest-VolumesTestJSON-1927002011 None] Acquiring lock "cinder-19e8b9d0-2801-4c09-a154-55b61e3851ee-delete_volume" by "delete_volume" {{(pid=94486) __acquire /opt/stack/cinder/cinder/coordination.py:138}}
Aug 21 18:21:06 devstack cinder-volume[94486]: DEBUG oslo_concurrency.processutils [None req-1122e5c2-fb32-46ea-9555-b6145633648c tempest-VolumesTestJSON-1927002011 None] CMD "sudo cinder-rootwrap /etc/cinder/rootwrap.conf df --portability --block-size 1 /opt/stack/data/cinder/mnt/90d31ac13703bf733a67abc9728a1971" returned: 0 in 0.594s {{(pid=94486) execute /opt/stack/data/venv/lib/python3.12/site-packages/oslo_concurrency/processutils.py:468}}
Aug 21 18:21:06 devstack cinder-volume[94486]: DEBUG cinder.manager [None req-1122e5c2-fb32-46ea-9555-b6145633648c tempest-VolumesTestJSON-1927002011 None] Notifying Schedulers of capabilities ... {{(pid=94486) _publish_service_capabilities /opt/stack/cinder/cinder/manager.py:219}}
Aug 21 18:21:06 devstack cinder-volume[94486]: INFO cinder.volume.manager [None req-1122e5c2-fb32-46ea-9555-b6145633648c tempest-VolumesTestJSON-1927002011 None] Deleted volume successfully.
Aug 21 18:21:06 devstack cinder-volume[94486]: DEBUG cinder.coordination [None req-934d7e81-d733-4006-9d9e-5601b8a015bb tempest-VolumesTestJSON-1927002011 None] Lock "cinder-19e8b9d0-2801-4c09-a154-55b61e3851ee-delete_volume" acquired by "delete_volume" :: waited 0.072s {{(pid=94486) __acquire /opt/stack/cinder/cinder/coordination.py:141}}
Aug 21 18:21:06 devstack cinder-volume[94486]: DEBUG cinder.coordination [None req-1122e5c2-fb32-46ea-9555-b6145633648c tempest-VolumesTestJSON-1927002011 None] Lock "cinder-26959db3-e7d1-42ba-bbb1-10cb93a1b654-delete_volume" released by "delete_volume" :: held 2.918s {{(pid=94486) __release /opt/stack/cinder/cinder/coordination.py:152}}
Aug 21 18:21:06 devstack cinder-volume[94486]: DEBUG cinder.coordination [None req-934d7e81-d733-4006-9d9e-5601b8a015bb tempest-VolumesTestJSON-1927002011 None] Acquiring lock "cinder-quobyte-19e8b9d0-2801-4c09-a154-55b61e3851ee" by "delete_volume" {{(pid=94486) __acquire /opt/stack/cinder/cinder/coordination.py:138}}
Aug 21 18:21:06 devstack cinder-volume[94486]: DEBUG cinder.coordination [None req-934d7e81-d733-4006-9d9e-5601b8a015bb tempest-VolumesTestJSON-1927002011 None] Lock "cinder-quobyte-19e8b9d0-2801-4c09-a154-55b61e3851ee" acquired by "delete_volume" :: waited 0.042s {{(pid=94486) __acquire /opt/stack/cinder/cinder/coordination.py:141}}
Aug 21 18:21:06 devstack cinder-volume[94486]: DEBUG oslo.privsep.daemon [-] privsep: reply[e5be45e3-1f39-4bbc-b1f2-f8969777a3ea]: (4, 'qcow2') {{(pid=95698) _call_back /opt/stack/data/venv/lib/python3.12/site-packages/oslo_privsep/daemon.py:580}}
Aug 21 18:21:06 devstack cinder-volume[94486]: DEBUG oslo_concurrency.processutils [None req-934d7e81-d733-4006-9d9e-5601b8a015bb tempest-VolumesTestJSON-1927002011 None] Running cmd (subprocess): /opt/stack/data/venv/bin/python3.12 -m oslo_concurrency.prlimit --as=1073741824 --cpu=60 -- sudo cinder-rootwrap /etc/cinder/rootwrap.conf env LC_ALL=C qemu-img info -f qcow2 --output=json --force-share /opt/stack/data/cinder/mnt/90d31ac13703bf733a67abc9728a1971/volume-19e8b9d0-2801-4c09-a154-55b61e3851ee {{(pid=94486) execute /opt/stack/data/venv/lib/python3.12/site-packages/oslo_concurrency/processutils.py:440}}
Aug 21 18:21:07 devstack sudo[101361]: quobyte : PWD=/ ; USER=root ; COMMAND=/opt/stack/data/venv/bin/cinder-rootwrap /etc/cinder/rootwrap.conf env LC_ALL=C qemu-img info -f qcow2 --output=json --force-share /opt/stack/data/cinder/mnt/90d31ac13703bf733a67abc9728a1971/volume-19e8b9d0-2801-4c09-a154-55b61e3851ee
Aug 21 18:21:07 devstack sudo[101361]: pam_unix(sudo:session): session opened for user root(uid=0) by (uid=1000)
Aug 21 18:21:08 devstack cinder-volume[94486]: INFO cinder.volume.manager [None req-6f24e97f-b82a-46bf-906a-5aea2da79f64 tempest-GroupsV320Test-2027288924 None] Group tempest-GroupsV320Test-Group-1116532122: creating
Aug 21 18:21:08 devstack cinder-volume[94486]: INFO cinder.volume.manager [req-b3dbf8fc-93a1-4d30-8122-d709662d8081 req-3f031d58-da0e-4c19-a587-db5db41f3add tempest-ServerActionsTestOtherA-120117413 None] Terminate volume connection completed successfully.
Aug 21 18:21:08 devstack cinder-volume[94486]: DEBUG cinder.volume.manager [req-b3dbf8fc-93a1-4d30-8122-d709662d8081 req-3f031d58-da0e-4c19-a587-db5db41f3add tempest-ServerActionsTestOtherA-120117413 None] Deleting attachment 838f83fe-4f16-4041-9452-924eccddef5e. {{(pid=94486) attachment_delete /opt/stack/cinder/cinder/volume/manager.py:5055}}
Aug 21 18:21:08 devstack cinder-volume[94486]: INFO cinder.volume.manager [None req-6f24e97f-b82a-46bf-906a-5aea2da79f64 tempest-GroupsV320Test-2027288924 None] Group tempest-GroupsV320Test-Group-1116532122: created successfully
Aug 21 18:21:08 devstack cinder-volume[94486]: INFO cinder.volume.manager [None req-6f24e97f-b82a-46bf-906a-5aea2da79f64 tempest-GroupsV320Test-2027288924 None] Create group completed successfully.
Aug 21 18:21:08 devstack sudo[101361]: pam_unix(sudo:session): session closed for user root
Aug 21 18:21:08 devstack cinder-volume[94486]: DEBUG oslo_concurrency.processutils [None req-934d7e81-d733-4006-9d9e-5601b8a015bb tempest-VolumesTestJSON-1927002011 None] CMD "/opt/stack/data/venv/bin/python3.12 -m oslo_concurrency.prlimit --as=1073741824 --cpu=60 -- sudo cinder-rootwrap /etc/cinder/rootwrap.conf env LC_ALL=C qemu-img info -f qcow2 --output=json --force-share /opt/stack/data/cinder/mnt/90d31ac13703bf733a67abc9728a1971/volume-19e8b9d0-2801-4c09-a154-55b61e3851ee" returned: 0 in 1.523s {{(pid=94486) execute /opt/stack/data/venv/lib/python3.12/site-packages/oslo_concurrency/processutils.py:468}}
Aug 21 18:21:08 devstack cinder-volume[94486]: DEBUG oslo_concurrency.processutils [None req-934d7e81-d733-4006-9d9e-5601b8a015bb tempest-VolumesTestJSON-1927002011 None] Running cmd (subprocess): sudo cinder-rootwrap /etc/cinder/rootwrap.conf rm -f /opt/stack/data/cinder/mnt/90d31ac13703bf733a67abc9728a1971/volume-19e8b9d0-2801-4c09-a154-55b61e3851ee {{(pid=94486) execute /opt/stack/data/venv/lib/python3.12/site-packages/oslo_concurrency/processutils.py:440}}
Aug 21 18:21:08 devstack sudo[101372]: quobyte : PWD=/ ; USER=root ; COMMAND=/opt/stack/data/venv/bin/cinder-rootwrap /etc/cinder/rootwrap.conf rm -f /opt/stack/data/cinder/mnt/90d31ac13703bf733a67abc9728a1971/volume-19e8b9d0-2801-4c09-a154-55b61e3851ee
Aug 21 18:21:08 devstack sudo[101372]: pam_unix(sudo:session): session opened for user root(uid=0) by (uid=1000)
Aug 21 18:21:09 devstack sudo[101372]: pam_unix(sudo:session): session closed for user root
Aug 21 18:21:09 devstack cinder-volume[94486]: DEBUG oslo_concurrency.processutils [None req-934d7e81-d733-4006-9d9e-5601b8a015bb tempest-VolumesTestJSON-1927002011 None] CMD "sudo cinder-rootwrap /etc/cinder/rootwrap.conf rm -f /opt/stack/data/cinder/mnt/90d31ac13703bf733a67abc9728a1971/volume-19e8b9d0-2801-4c09-a154-55b61e3851ee" returned: 0 in 0.617s {{(pid=94486) execute /opt/stack/data/venv/lib/python3.12/site-packages/oslo_concurrency/processutils.py:468}}
Aug 21 18:21:09 devstack cinder-volume[94486]: DEBUG cinder.coordination [None req-934d7e81-d733-4006-9d9e-5601b8a015bb tempest-VolumesTestJSON-1927002011 None] Lock "cinder-quobyte-19e8b9d0-2801-4c09-a154-55b61e3851ee" released by "delete_volume" :: held 2.232s {{(pid=94486) __release /opt/stack/cinder/cinder/coordination.py:152}}
Aug 21 18:21:09 devstack cinder-volume[94486]: DEBUG cinder.quota [None req-934d7e81-d733-4006-9d9e-5601b8a015bb tempest-VolumesTestJSON-1927002011 None] Created reservations ['f1536c41-f08a-4fb8-a918-b40a5d8e639b', '18864fe3-39f6-4c42-8949-00750c15eff9', '3b61a9f8-bcc0-46e0-803a-07ea57477505', 'd3b79791-d1f7-4319-89da-3d320af01a18'] {{(pid=94486) reserve /opt/stack/cinder/cinder/quota.py:752}}
Aug 21 18:21:09 devstack cinder-volume[94486]: DEBUG oslo_concurrency.lockutils [None req-934d7e81-d733-4006-9d9e-5601b8a015bb tempest-VolumesTestJSON-1927002011 None] Acquiring lock "quobyte_ensure" by "cinder.volume.drivers.quobyte.QuobyteDriver._ensure_shares_mounted" {{(pid=94486) inner /opt/stack/data/venv/lib/python3.12/site-packages/oslo_concurrency/lockutils.py:512}}
Aug 21 18:21:09 devstack cinder-volume[94486]: DEBUG oslo_concurrency.lockutils [None req-934d7e81-d733-4006-9d9e-5601b8a015bb tempest-VolumesTestJSON-1927002011 None] Lock "quobyte_ensure" acquired by "cinder.volume.drivers.quobyte.QuobyteDriver._ensure_shares_mounted" :: waited 0.001s {{(pid=94486) inner /opt/stack/data/venv/lib/python3.12/site-packages/oslo_concurrency/lockutils.py:525}}
Aug 21 18:21:09 devstack cinder-volume[94486]: DEBUG cinder.volume.drivers.quobyte [None req-934d7e81-d733-4006-9d9e-5601b8a015bb tempest-VolumesTestJSON-1927002011 None] Quobyte Volume URL set to: {'osci02.corp.quobyte.com/cinder-vol-dc0f0abe-8b69-44dd-935f-273b2d14d93e': None} {{(pid=94486) _load_shares_config /opt/stack/cinder/cinder/volume/drivers/quobyte.py:665}}
Aug 21 18:21:09 devstack cinder-volume[94486]: DEBUG cinder.volume.drivers.quobyte [None req-934d7e81-d733-4006-9d9e-5601b8a015bb tempest-VolumesTestJSON-1927002011 None] Available shares ['osci02.corp.quobyte.com/cinder-vol-dc0f0abe-8b69-44dd-935f-273b2d14d93e'] {{(pid=94486) _ensure_shares_mounted /opt/stack/cinder/cinder/volume/drivers/quobyte.py:695}}
Aug 21 18:21:09 devstack cinder-volume[94486]: DEBUG oslo_concurrency.lockutils [None req-934d7e81-d733-4006-9d9e-5601b8a015bb tempest-VolumesTestJSON-1927002011 None] Lock "quobyte_ensure" "released" by "cinder.volume.drivers.quobyte.QuobyteDriver._ensure_shares_mounted" :: held 0.042s {{(pid=94486) inner /opt/stack/data/venv/lib/python3.12/site-packages/oslo_concurrency/lockutils.py:544}}
Aug 21 18:21:09 devstack cinder-volume[94486]: DEBUG oslo_concurrency.processutils [None req-934d7e81-d733-4006-9d9e-5601b8a015bb tempest-VolumesTestJSON-1927002011 None] Running cmd (subprocess): sudo cinder-rootwrap /etc/cinder/rootwrap.conf df --portability --block-size 1 /opt/stack/data/cinder/mnt/90d31ac13703bf733a67abc9728a1971 {{(pid=94486) execute /opt/stack/data/venv/lib/python3.12/site-packages/oslo_concurrency/processutils.py:440}}
Aug 21 18:21:09 devstack sudo[101376]: quobyte : PWD=/ ; USER=root ; COMMAND=/opt/stack/data/venv/bin/cinder-rootwrap /etc/cinder/rootwrap.conf df --portability --block-size 1 /opt/stack/data/cinder/mnt/90d31ac13703bf733a67abc9728a1971
Aug 21 18:21:09 devstack sudo[101376]: pam_unix(sudo:session): session opened for user root(uid=0) by (uid=1000)
Aug 21 18:21:09 devstack sudo[101330]: pam_unix(sudo:session): session closed for user root
Aug 21 18:21:09 devstack cinder-volume[94486]: DEBUG oslo_concurrency.processutils [None req-1d049493-add4-4cb0-974c-536ce7a1bf6d tempest-GroupsV314Test-2041790082 None] CMD "sudo cinder-rootwrap /etc/cinder/rootwrap.conf qemu-img convert -O qcow2 /opt/stack/data/cinder/mnt/90d31ac13703bf733a67abc9728a1971/volume-abe75415-30af-494d-81d1-cc392faa12a7 /opt/stack/data/cinder/mnt/90d31ac13703bf733a67abc9728a1971/volume-4fe3cdfe-fd21-4b1c-b257-958f4fd75125" returned: 0 in 6.754s {{(pid=94486) execute /opt/stack/data/venv/lib/python3.12/site-packages/oslo_concurrency/processutils.py:468}}
Aug 21 18:21:09 devstack cinder-volume[94486]: DEBUG cinder.image.image_utils [None req-1d049493-add4-4cb0-974c-536ce7a1bf6d tempest-GroupsV314Test-2041790082 None] Image conversion details: src /opt/stack/data/cinder/mnt/90d31ac13703bf733a67abc9728a1971/volume-abe75415-30af-494d-81d1-cc392faa12a7, size 1024.00 MB, duration 6.76 sec, destination /opt/stack/data/cinder/mnt/90d31ac13703bf733a67abc9728a1971/volume-4fe3cdfe-fd21-4b1c-b257-958f4fd75125 {{(pid=94486) _convert_image /opt/stack/cinder/cinder/image/image_utils.py:536}}
Aug 21 18:21:09 devstack cinder-volume[94486]: INFO cinder.image.image_utils [None req-1d049493-add4-4cb0-974c-536ce7a1bf6d tempest-GroupsV314Test-2041790082 None] Converted 1024.00 MB image at 151.57 MB/s
Aug 21 18:21:09 devstack cinder-volume[94486]: WARNING cinder.volume.drivers.remotefs [None req-1d049493-add4-4cb0-974c-536ce7a1bf6d tempest-GroupsV314Test-2041790082 None] /opt/stack/data/cinder/mnt/90d31ac13703bf733a67abc9728a1971/volume-4fe3cdfe-fd21-4b1c-b257-958f4fd75125 is being set with open permissions: ugo+rw: NotImplementedError
Aug 21 18:21:09 devstack cinder-volume[94486]: DEBUG oslo_concurrency.processutils [None req-1d049493-add4-4cb0-974c-536ce7a1bf6d tempest-GroupsV314Test-2041790082 None] Running cmd (subprocess): sudo cinder-rootwrap /etc/cinder/rootwrap.conf chmod ugo+rw /opt/stack/data/cinder/mnt/90d31ac13703bf733a67abc9728a1971/volume-4fe3cdfe-fd21-4b1c-b257-958f4fd75125 {{(pid=94486) execute /opt/stack/data/venv/lib/python3.12/site-packages/oslo_concurrency/processutils.py:440}}
Aug 21 18:21:09 devstack sudo[101379]: quobyte : PWD=/ ; USER=root ; COMMAND=/opt/stack/data/venv/bin/cinder-rootwrap /etc/cinder/rootwrap.conf chmod ugo+rw /opt/stack/data/cinder/mnt/90d31ac13703bf733a67abc9728a1971/volume-4fe3cdfe-fd21-4b1c-b257-958f4fd75125
Aug 21 18:21:09 devstack sudo[101379]: pam_unix(sudo:session): session opened for user root(uid=0) by (uid=1000)
Aug 21 18:21:09 devstack sudo[101376]: pam_unix(sudo:session): session closed for user root
Aug 21 18:21:09 devstack cinder-volume[94486]: DEBUG oslo_concurrency.processutils [None req-934d7e81-d733-4006-9d9e-5601b8a015bb tempest-VolumesTestJSON-1927002011 None] CMD "sudo cinder-rootwrap /etc/cinder/rootwrap.conf df --portability --block-size 1 /opt/stack/data/cinder/mnt/90d31ac13703bf733a67abc9728a1971" returned: 0 in 0.426s {{(pid=94486) execute /opt/stack/data/venv/lib/python3.12/site-packages/oslo_concurrency/processutils.py:468}}
Aug 21 18:21:09 devstack cinder-volume[94486]: DEBUG cinder.manager [None req-934d7e81-d733-4006-9d9e-5601b8a015bb tempest-VolumesTestJSON-1927002011 None] Notifying Schedulers of capabilities ... {{(pid=94486) _publish_service_capabilities /opt/stack/cinder/cinder/manager.py:219}}
Aug 21 18:21:09 devstack cinder-volume[94486]: INFO cinder.volume.manager [None req-934d7e81-d733-4006-9d9e-5601b8a015bb tempest-VolumesTestJSON-1927002011 None] Deleted volume successfully.
Aug 21 18:21:10 devstack cinder-volume[94486]: DEBUG cinder.coordination [None req-934d7e81-d733-4006-9d9e-5601b8a015bb tempest-VolumesTestJSON-1927002011 None] Lock "cinder-19e8b9d0-2801-4c09-a154-55b61e3851ee-delete_volume" released by "delete_volume" :: held 3.305s {{(pid=94486) __release /opt/stack/cinder/cinder/coordination.py:152}}
Aug 21 18:21:10 devstack sudo[101379]: pam_unix(sudo:session): session closed for user root
Aug 21 18:21:10 devstack cinder-volume[94486]: DEBUG oslo_concurrency.processutils [None req-1d049493-add4-4cb0-974c-536ce7a1bf6d tempest-GroupsV314Test-2041790082 None] CMD "sudo cinder-rootwrap /etc/cinder/rootwrap.conf chmod ugo+rw /opt/stack/data/cinder/mnt/90d31ac13703bf733a67abc9728a1971/volume-4fe3cdfe-fd21-4b1c-b257-958f4fd75125" returned: 0 in 0.446s {{(pid=94486) execute /opt/stack/data/venv/lib/python3.12/site-packages/oslo_concurrency/processutils.py:468}}
Aug 21 18:21:10 devstack cinder-volume[94486]: DEBUG cinder.coordination [None req-1d049493-add4-4cb0-974c-536ce7a1bf6d tempest-GroupsV314Test-2041790082 None] Lock "cinder-quobyte-4fe3cdfe-fd21-4b1c-b257-958f4fd75125" released by "_copy_volume_from_snapshot" :: held 8.647s {{(pid=94486) __release /opt/stack/cinder/cinder/coordination.py:152}}
Aug 21 18:21:10 devstack cinder-volume[94486]: DEBUG cinder.coordination [None req-1d049493-add4-4cb0-974c-536ce7a1bf6d tempest-GroupsV314Test-2041790082 None] Acquiring lock "cinder-quobyte-aa1de544-ffe4-4f6a-b9ca-8efaf5f9adf0" by "_delete_snapshot" {{(pid=94486) __acquire /opt/stack/cinder/cinder/coordination.py:138}}
Aug 21 18:21:10 devstack cinder-volume[94486]: DEBUG cinder.coordination [None req-1d049493-add4-4cb0-974c-536ce7a1bf6d tempest-GroupsV314Test-2041790082 None] Lock "cinder-quobyte-aa1de544-ffe4-4f6a-b9ca-8efaf5f9adf0" acquired by "_delete_snapshot" :: waited 0.039s {{(pid=94486) __acquire /opt/stack/cinder/cinder/coordination.py:141}}
Aug 21 18:21:10 devstack cinder-volume[94486]: DEBUG cinder.volume.drivers.remotefs [None req-1d049493-add4-4cb0-974c-536ce7a1bf6d tempest-GroupsV314Test-2041790082 None] Deleting offline snapshot aa1de544-ffe4-4f6a-b9ca-8efaf5f9adf0 of volume abe75415-30af-494d-81d1-cc392faa12a7 {{(pid=94486) _delete_snapshot /opt/stack/cinder/cinder/volume/drivers/remotefs.py:1288}}
Aug 21 18:21:10 devstack cinder-volume[94486]: DEBUG cinder.volume.drivers.remotefs [None req-1d049493-add4-4cb0-974c-536ce7a1bf6d tempest-GroupsV314Test-2041790082 None] snapshot_file for this snap is: volume-abe75415-30af-494d-81d1-cc392faa12a7.aa1de544-ffe4-4f6a-b9ca-8efaf5f9adf0 {{(pid=94486) _delete_snapshot /opt/stack/cinder/cinder/volume/drivers/remotefs.py:1317}}
Aug 21 18:21:10 devstack cinder-volume[94486]: DEBUG oslo.privsep.daemon [-] privsep: reply[96df0102-591b-4d5e-abb8-aa0833ae7020]: (4, 'qcow2') {{(pid=95698) _call_back /opt/stack/data/venv/lib/python3.12/site-packages/oslo_privsep/daemon.py:580}}
Aug 21 18:21:10 devstack cinder-volume[94486]: DEBUG oslo_concurrency.processutils [None req-1d049493-add4-4cb0-974c-536ce7a1bf6d tempest-GroupsV314Test-2041790082 None] Running cmd (subprocess): /opt/stack/data/venv/bin/python3.12 -m oslo_concurrency.prlimit --as=1073741824 --cpu=60 -- sudo cinder-rootwrap /etc/cinder/rootwrap.conf env LC_ALL=C qemu-img info -f qcow2 --output=json --force-share /opt/stack/data/cinder/mnt/90d31ac13703bf733a67abc9728a1971/volume-abe75415-30af-494d-81d1-cc392faa12a7.aa1de544-ffe4-4f6a-b9ca-8efaf5f9adf0 {{(pid=94486) execute /opt/stack/data/venv/lib/python3.12/site-packages/oslo_concurrency/processutils.py:440}}
Aug 21 18:21:10 devstack cinder-volume[94486]: DEBUG cinder.quota [None req-458bde6e-91b3-4ce7-a256-e66881e37c6b tempest-GroupsV320Test-2027288924 None] Created reservations ['2a557a28-d3a3-431c-9955-06d6ff8493c9'] {{(pid=94486) reserve /opt/stack/cinder/cinder/quota.py:752}}
Aug 21 18:21:10 devstack sudo[101390]: quobyte : PWD=/ ; USER=root ; COMMAND=/opt/stack/data/venv/bin/cinder-rootwrap /etc/cinder/rootwrap.conf env LC_ALL=C qemu-img info -f qcow2 --output=json --force-share /opt/stack/data/cinder/mnt/90d31ac13703bf733a67abc9728a1971/volume-abe75415-30af-494d-81d1-cc392faa12a7.aa1de544-ffe4-4f6a-b9ca-8efaf5f9adf0
Aug 21 18:21:10 devstack sudo[101390]: pam_unix(sudo:session): session opened for user root(uid=0) by (uid=1000)
Aug 21 18:21:10 devstack cinder-volume[94486]: DEBUG oslo_concurrency.lockutils [None req-458bde6e-91b3-4ce7-a256-e66881e37c6b tempest-GroupsV320Test-2027288924 None] Acquiring lock "quobyte_ensure" by "cinder.volume.drivers.quobyte.QuobyteDriver._ensure_shares_mounted" {{(pid=94486) inner /opt/stack/data/venv/lib/python3.12/site-packages/oslo_concurrency/lockutils.py:512}}
Aug 21 18:21:10 devstack cinder-volume[94486]: DEBUG oslo_concurrency.lockutils [None req-458bde6e-91b3-4ce7-a256-e66881e37c6b tempest-GroupsV320Test-2027288924 None] Lock "quobyte_ensure" acquired by "cinder.volume.drivers.quobyte.QuobyteDriver._ensure_shares_mounted" :: waited 0.001s {{(pid=94486) inner /opt/stack/data/venv/lib/python3.12/site-packages/oslo_concurrency/lockutils.py:525}}
Aug 21 18:21:10 devstack cinder-volume[94486]: DEBUG cinder.volume.drivers.quobyte [None req-458bde6e-91b3-4ce7-a256-e66881e37c6b tempest-GroupsV320Test-2027288924 None] Quobyte Volume URL set to: {'osci02.corp.quobyte.com/cinder-vol-dc0f0abe-8b69-44dd-935f-273b2d14d93e': None} {{(pid=94486) _load_shares_config /opt/stack/cinder/cinder/volume/drivers/quobyte.py:665}}
Aug 21 18:21:10 devstack cinder-volume[94486]: DEBUG cinder.volume.drivers.quobyte [None req-458bde6e-91b3-4ce7-a256-e66881e37c6b tempest-GroupsV320Test-2027288924 None] Available shares ['osci02.corp.quobyte.com/cinder-vol-dc0f0abe-8b69-44dd-935f-273b2d14d93e'] {{(pid=94486) _ensure_shares_mounted /opt/stack/cinder/cinder/volume/drivers/quobyte.py:695}}
Aug 21 18:21:10 devstack cinder-volume[94486]: DEBUG oslo_concurrency.lockutils [None req-458bde6e-91b3-4ce7-a256-e66881e37c6b tempest-GroupsV320Test-2027288924 None] Lock "quobyte_ensure" "released" by "cinder.volume.drivers.quobyte.QuobyteDriver._ensure_shares_mounted" :: held 0.015s {{(pid=94486) inner /opt/stack/data/venv/lib/python3.12/site-packages/oslo_concurrency/lockutils.py:544}}
Aug 21 18:21:10 devstack cinder-volume[94486]: DEBUG oslo_concurrency.processutils [None req-458bde6e-91b3-4ce7-a256-e66881e37c6b tempest-GroupsV320Test-2027288924 None] Running cmd (subprocess): sudo cinder-rootwrap /etc/cinder/rootwrap.conf df --portability --block-size 1 /opt/stack/data/cinder/mnt/90d31ac13703bf733a67abc9728a1971 {{(pid=94486) execute /opt/stack/data/venv/lib/python3.12/site-packages/oslo_concurrency/processutils.py:440}}
Aug 21 18:21:10 devstack sudo[101404]: quobyte : PWD=/ ; USER=root ; COMMAND=/opt/stack/data/venv/bin/cinder-rootwrap /etc/cinder/rootwrap.conf df --portability --block-size 1 /opt/stack/data/cinder/mnt/90d31ac13703bf733a67abc9728a1971
Aug 21 18:21:10 devstack sudo[101404]: pam_unix(sudo:session): session opened for user root(uid=0) by (uid=1000)
Aug 21 18:21:11 devstack sudo[101404]: pam_unix(sudo:session): session closed for user root
Aug 21 18:21:11 devstack cinder-volume[94486]: DEBUG oslo_concurrency.processutils [None req-458bde6e-91b3-4ce7-a256-e66881e37c6b tempest-GroupsV320Test-2027288924 None] CMD "sudo cinder-rootwrap /etc/cinder/rootwrap.conf df --portability --block-size 1 /opt/stack/data/cinder/mnt/90d31ac13703bf733a67abc9728a1971" returned: 0 in 0.493s {{(pid=94486) execute /opt/stack/data/venv/lib/python3.12/site-packages/oslo_concurrency/processutils.py:468}}
Aug 21 18:21:11 devstack cinder-volume[94486]: DEBUG cinder.manager [None req-458bde6e-91b3-4ce7-a256-e66881e37c6b tempest-GroupsV320Test-2027288924 None] Notifying Schedulers of capabilities ... {{(pid=94486) _publish_service_capabilities /opt/stack/cinder/cinder/manager.py:219}}
Aug 21 18:21:11 devstack cinder-volume[94486]: INFO cinder.volume.manager [None req-458bde6e-91b3-4ce7-a256-e66881e37c6b tempest-GroupsV320Test-2027288924 None] Delete group completed successfully.
Aug 21 18:21:11 devstack sudo[101390]: pam_unix(sudo:session): session closed for user root
Aug 21 18:21:11 devstack cinder-volume[94486]: DEBUG oslo_concurrency.processutils [None req-1d049493-add4-4cb0-974c-536ce7a1bf6d tempest-GroupsV314Test-2041790082 None] CMD "/opt/stack/data/venv/bin/python3.12 -m oslo_concurrency.prlimit --as=1073741824 --cpu=60 -- sudo cinder-rootwrap /etc/cinder/rootwrap.conf env LC_ALL=C qemu-img info -f qcow2 --output=json --force-share /opt/stack/data/cinder/mnt/90d31ac13703bf733a67abc9728a1971/volume-abe75415-30af-494d-81d1-cc392faa12a7.aa1de544-ffe4-4f6a-b9ca-8efaf5f9adf0" returned: 0 in 0.889s {{(pid=94486) execute /opt/stack/data/venv/lib/python3.12/site-packages/oslo_concurrency/processutils.py:468}}
Aug 21 18:21:11 devstack cinder-volume[94486]: DEBUG cinder.volume.drivers.remotefs [None req-1d049493-add4-4cb0-974c-536ce7a1bf6d tempest-GroupsV314Test-2041790082 None] Fetching qemu-img info with special backing_file_template: (/opt/stack/data/cinder/mnt/[0-9a-f]+/)?(volume-abe75415-30af-494d-81d1-cc392faa12a7(.(tmp-snap-)?[0-9a-f-]+)?|volume_from_snapshot_cache/(tmp-snap-)?[0-9a-f-]+(.(child-|parent-)[0-9a-f-]+)?)$ {{(pid=94486) _qemu_img_info_base /opt/stack/cinder/cinder/volume/drivers/remotefs.py:896}}
Aug 21 18:21:11 devstack cinder-volume[94486]: DEBUG oslo.privsep.daemon [-] privsep: reply[28cea64b-48c7-4289-8bbc-bb1348f48ea4]: (4, 'qcow2') {{(pid=95698) _call_back /opt/stack/data/venv/lib/python3.12/site-packages/oslo_privsep/daemon.py:580}}
Aug 21 18:21:11 devstack cinder-volume[94486]: DEBUG oslo_concurrency.processutils [None req-1d049493-add4-4cb0-974c-536ce7a1bf6d tempest-GroupsV314Test-2041790082 None] Running cmd (subprocess): /opt/stack/data/venv/bin/python3.12 -m oslo_concurrency.prlimit --as=1073741824 --cpu=60 -- sudo cinder-rootwrap /etc/cinder/rootwrap.conf env LC_ALL=C qemu-img info -f qcow2 --output=json --force-share /opt/stack/data/cinder/mnt/90d31ac13703bf733a67abc9728a1971/volume-abe75415-30af-494d-81d1-cc392faa12a7 {{(pid=94486) execute /opt/stack/data/venv/lib/python3.12/site-packages/oslo_concurrency/processutils.py:440}}
Aug 21 18:21:11 devstack sudo[101418]: quobyte : PWD=/ ; USER=root ; COMMAND=/opt/stack/data/venv/bin/cinder-rootwrap /etc/cinder/rootwrap.conf env LC_ALL=C qemu-img info -f qcow2 --output=json --force-share /opt/stack/data/cinder/mnt/90d31ac13703bf733a67abc9728a1971/volume-abe75415-30af-494d-81d1-cc392faa12a7
Aug 21 18:21:11 devstack sudo[101418]: pam_unix(sudo:session): session opened for user root(uid=0) by (uid=1000)
Aug 21 18:21:12 devstack sudo[101418]: pam_unix(sudo:session): session closed for user root
Aug 21 18:21:12 devstack cinder-volume[94486]: DEBUG oslo_concurrency.processutils [None req-1d049493-add4-4cb0-974c-536ce7a1bf6d tempest-GroupsV314Test-2041790082 None] CMD "/opt/stack/data/venv/bin/python3.12 -m oslo_concurrency.prlimit --as=1073741824 --cpu=60 -- sudo cinder-rootwrap /etc/cinder/rootwrap.conf env LC_ALL=C qemu-img info -f qcow2 --output=json --force-share /opt/stack/data/cinder/mnt/90d31ac13703bf733a67abc9728a1971/volume-abe75415-30af-494d-81d1-cc392faa12a7" returned: 0 in 0.843s {{(pid=94486) execute /opt/stack/data/venv/lib/python3.12/site-packages/oslo_concurrency/processutils.py:468}}
Aug 21 18:21:12 devstack cinder-volume[94486]: DEBUG oslo_concurrency.processutils [None req-1d049493-add4-4cb0-974c-536ce7a1bf6d tempest-GroupsV314Test-2041790082 None] Running cmd (subprocess): sudo cinder-rootwrap /etc/cinder/rootwrap.conf qemu-img commit -d /opt/stack/data/cinder/mnt/90d31ac13703bf733a67abc9728a1971/volume-abe75415-30af-494d-81d1-cc392faa12a7.aa1de544-ffe4-4f6a-b9ca-8efaf5f9adf0 {{(pid=94486) execute /opt/stack/data/venv/lib/python3.12/site-packages/oslo_concurrency/processutils.py:440}}
Aug 21 18:21:12 devstack sudo[101426]: quobyte : PWD=/ ; USER=root ; COMMAND=/opt/stack/data/venv/bin/cinder-rootwrap /etc/cinder/rootwrap.conf qemu-img commit -d /opt/stack/data/cinder/mnt/90d31ac13703bf733a67abc9728a1971/volume-abe75415-30af-494d-81d1-cc392faa12a7.aa1de544-ffe4-4f6a-b9ca-8efaf5f9adf0
Aug 21 18:21:12 devstack sudo[101426]: pam_unix(sudo:session): session opened for user root(uid=0) by (uid=1000)
Aug 21 18:21:12 devstack sudo[101426]: pam_unix(sudo:session): session closed for user root
Aug 21 18:21:12 devstack cinder-volume[94486]: DEBUG oslo_concurrency.processutils [None req-1d049493-add4-4cb0-974c-536ce7a1bf6d tempest-GroupsV314Test-2041790082 None] CMD "sudo cinder-rootwrap /etc/cinder/rootwrap.conf qemu-img commit -d /opt/stack/data/cinder/mnt/90d31ac13703bf733a67abc9728a1971/volume-abe75415-30af-494d-81d1-cc392faa12a7.aa1de544-ffe4-4f6a-b9ca-8efaf5f9adf0" returned: 0 in 0.650s {{(pid=94486) execute /opt/stack/data/venv/lib/python3.12/site-packages/oslo_concurrency/processutils.py:468}}
Aug 21 18:21:12 devstack cinder-volume[94486]: DEBUG oslo_concurrency.processutils [None req-1d049493-add4-4cb0-974c-536ce7a1bf6d tempest-GroupsV314Test-2041790082 None] Running cmd (subprocess): sudo cinder-rootwrap /etc/cinder/rootwrap.conf rm -f /opt/stack/data/cinder/mnt/90d31ac13703bf733a67abc9728a1971/volume-abe75415-30af-494d-81d1-cc392faa12a7.aa1de544-ffe4-4f6a-b9ca-8efaf5f9adf0 {{(pid=94486) execute /opt/stack/data/venv/lib/python3.12/site-packages/oslo_concurrency/processutils.py:440}}
Aug 21 18:21:12 devstack sudo[101433]: quobyte : PWD=/ ; USER=root ; COMMAND=/opt/stack/data/venv/bin/cinder-rootwrap /etc/cinder/rootwrap.conf rm -f /opt/stack/data/cinder/mnt/90d31ac13703bf733a67abc9728a1971/volume-abe75415-30af-494d-81d1-cc392faa12a7.aa1de544-ffe4-4f6a-b9ca-8efaf5f9adf0
Aug 21 18:21:12 devstack sudo[101433]: pam_unix(sudo:session): session opened for user root(uid=0) by (uid=1000)
Aug 21 18:21:13 devstack sudo[101433]: pam_unix(sudo:session): session closed for user root
Aug 21 18:21:13 devstack cinder-volume[94486]: DEBUG oslo_concurrency.processutils [None req-1d049493-add4-4cb0-974c-536ce7a1bf6d tempest-GroupsV314Test-2041790082 None] CMD "sudo cinder-rootwrap /etc/cinder/rootwrap.conf rm -f /opt/stack/data/cinder/mnt/90d31ac13703bf733a67abc9728a1971/volume-abe75415-30af-494d-81d1-cc392faa12a7.aa1de544-ffe4-4f6a-b9ca-8efaf5f9adf0" returned: 0 in 0.420s {{(pid=94486) execute /opt/stack/data/venv/lib/python3.12/site-packages/oslo_concurrency/processutils.py:468}}
Aug 21 18:21:13 devstack cinder-volume[94486]: DEBUG cinder.coordination [None req-1d049493-add4-4cb0-974c-536ce7a1bf6d tempest-GroupsV314Test-2041790082 None] Lock "cinder-quobyte-aa1de544-ffe4-4f6a-b9ca-8efaf5f9adf0" released by "_delete_snapshot" :: held 2.961s {{(pid=94486) __release /opt/stack/cinder/cinder/coordination.py:152}}
Aug 21 18:21:13 devstack cinder-volume[94486]: DEBUG oslo_concurrency.lockutils [None req-1d049493-add4-4cb0-974c-536ce7a1bf6d tempest-GroupsV314Test-2041790082 None] Lock "quobyte" "released" by "cinder.volume.drivers.quobyte.QuobyteDriver.create_cloned_volume" :: held 14.221s {{(pid=94486) inner /opt/stack/data/venv/lib/python3.12/site-packages/oslo_concurrency/lockutils.py:544}}
Aug 21 18:21:13 devstack cinder-volume[94486]: INFO cinder.volume.manager [None req-1d049493-add4-4cb0-974c-536ce7a1bf6d tempest-GroupsV314Test-2041790082 None] Create group from source-group-6bf4cd23-7b26-4431-92b8-7ff000e879da completed successfully.
Aug 21 18:21:14 devstack cinder-volume[94486]: DEBUG cinder.coordination [None req-0a395d18-fb04-4fe9-98c6-183d6010c883 tempest-GroupsV314Test-2041790082 None] Acquiring lock "cinder-quobyte-4fe3cdfe-fd21-4b1c-b257-958f4fd75125" by "delete_volume" {{(pid=94486) __acquire /opt/stack/cinder/cinder/coordination.py:138}}
Aug 21 18:21:14 devstack cinder-volume[94486]: DEBUG cinder.coordination [None req-0a395d18-fb04-4fe9-98c6-183d6010c883 tempest-GroupsV314Test-2041790082 None] Lock "cinder-quobyte-4fe3cdfe-fd21-4b1c-b257-958f4fd75125" acquired by "delete_volume" :: waited 0.022s {{(pid=94486) __acquire /opt/stack/cinder/cinder/coordination.py:141}}
Aug 21 18:21:14 devstack cinder-volume[94486]: DEBUG oslo.privsep.daemon [-] privsep: reply[f99a1708-e9e0-4be3-9077-6964edb137f4]: (4, 'qcow2') {{(pid=95698) _call_back /opt/stack/data/venv/lib/python3.12/site-packages/oslo_privsep/daemon.py:580}}
Aug 21 18:21:14 devstack cinder-volume[94486]: DEBUG oslo_concurrency.processutils [None req-0a395d18-fb04-4fe9-98c6-183d6010c883 tempest-GroupsV314Test-2041790082 None] Running cmd (subprocess): /opt/stack/data/venv/bin/python3.12 -m oslo_concurrency.prlimit --as=1073741824 --cpu=60 -- sudo cinder-rootwrap /etc/cinder/rootwrap.conf env LC_ALL=C qemu-img info -f qcow2 --output=json --force-share /opt/stack/data/cinder/mnt/90d31ac13703bf733a67abc9728a1971/volume-4fe3cdfe-fd21-4b1c-b257-958f4fd75125 {{(pid=94486) execute /opt/stack/data/venv/lib/python3.12/site-packages/oslo_concurrency/processutils.py:440}}
Aug 21 18:21:14 devstack sudo[101473]: quobyte : PWD=/ ; USER=root ; COMMAND=/opt/stack/data/venv/bin/cinder-rootwrap /etc/cinder/rootwrap.conf env LC_ALL=C qemu-img info -f qcow2 --output=json --force-share /opt/stack/data/cinder/mnt/90d31ac13703bf733a67abc9728a1971/volume-4fe3cdfe-fd21-4b1c-b257-958f4fd75125
Aug 21 18:21:14 devstack sudo[101473]: pam_unix(sudo:session): session opened for user root(uid=0) by (uid=1000)
Aug 21 18:21:14 devstack sudo[101473]: pam_unix(sudo:session): session closed for user root
Aug 21 18:21:14 devstack cinder-volume[94486]: DEBUG oslo_concurrency.processutils [None req-0a395d18-fb04-4fe9-98c6-183d6010c883 tempest-GroupsV314Test-2041790082 None] CMD "/opt/stack/data/venv/bin/python3.12 -m oslo_concurrency.prlimit --as=1073741824 --cpu=60 -- sudo cinder-rootwrap /etc/cinder/rootwrap.conf env LC_ALL=C qemu-img info -f qcow2 --output=json --force-share /opt/stack/data/cinder/mnt/90d31ac13703bf733a67abc9728a1971/volume-4fe3cdfe-fd21-4b1c-b257-958f4fd75125" returned: 0 in 0.584s {{(pid=94486) execute /opt/stack/data/venv/lib/python3.12/site-packages/oslo_concurrency/processutils.py:468}}
Aug 21 18:21:14 devstack cinder-volume[94486]: DEBUG oslo_concurrency.processutils [None req-0a395d18-fb04-4fe9-98c6-183d6010c883 tempest-GroupsV314Test-2041790082 None] Running cmd (subprocess): sudo cinder-rootwrap /etc/cinder/rootwrap.conf rm -f /opt/stack/data/cinder/mnt/90d31ac13703bf733a67abc9728a1971/volume-4fe3cdfe-fd21-4b1c-b257-958f4fd75125 {{(pid=94486) execute /opt/stack/data/venv/lib/python3.12/site-packages/oslo_concurrency/processutils.py:440}}
Aug 21 18:21:14 devstack sudo[101479]: quobyte : PWD=/ ; USER=root ; COMMAND=/opt/stack/data/venv/bin/cinder-rootwrap /etc/cinder/rootwrap.conf rm -f /opt/stack/data/cinder/mnt/90d31ac13703bf733a67abc9728a1971/volume-4fe3cdfe-fd21-4b1c-b257-958f4fd75125
Aug 21 18:21:14 devstack sudo[101479]: pam_unix(sudo:session): session opened for user root(uid=0) by (uid=1000)
Aug 21 18:21:15 devstack sudo[101479]: pam_unix(sudo:session): session closed for user root
Aug 21 18:21:15 devstack cinder-volume[94486]: DEBUG oslo_concurrency.processutils [None req-0a395d18-fb04-4fe9-98c6-183d6010c883 tempest-GroupsV314Test-2041790082 None] CMD "sudo cinder-rootwrap /etc/cinder/rootwrap.conf rm -f /opt/stack/data/cinder/mnt/90d31ac13703bf733a67abc9728a1971/volume-4fe3cdfe-fd21-4b1c-b257-958f4fd75125" returned: 0 in 0.411s {{(pid=94486) execute /opt/stack/data/venv/lib/python3.12/site-packages/oslo_concurrency/processutils.py:468}}
Aug 21 18:21:15 devstack cinder-volume[94486]: DEBUG cinder.coordination [None req-0a395d18-fb04-4fe9-98c6-183d6010c883 tempest-GroupsV314Test-2041790082 None] Lock "cinder-quobyte-4fe3cdfe-fd21-4b1c-b257-958f4fd75125" released by "delete_volume" :: held 1.083s {{(pid=94486) __release /opt/stack/cinder/cinder/coordination.py:152}}
Aug 21 18:21:15 devstack cinder-volume[94486]: DEBUG cinder.quota [None req-0a395d18-fb04-4fe9-98c6-183d6010c883 tempest-GroupsV314Test-2041790082 None] Created reservations ['2cabc6da-a4ec-4957-b25d-4aa3224f8d20'] {{(pid=94486) reserve /opt/stack/cinder/cinder/quota.py:752}}
Aug 21 18:21:15 devstack cinder-volume[94486]: WARNING cinder.quota [None req-0a395d18-fb04-4fe9-98c6-183d6010c883 tempest-GroupsV314Test-2041790082 None] Deprecated: Default quota for resource: volumes_tempest-GroupsV314Test-volume-type-1318726573 is set by the default quota flag: quota_volumes_tempest-GroupsV314Test-volume-type-1318726573, it is now deprecated. Please use the default quota class for default quota.
Aug 21 18:21:15 devstack cinder-volume[94486]: WARNING cinder.quota [None req-0a395d18-fb04-4fe9-98c6-183d6010c883 tempest-GroupsV314Test-2041790082 None] Deprecated: Default quota for resource: gigabytes_tempest-GroupsV314Test-volume-type-1318726573 is set by the default quota flag: quota_gigabytes_tempest-GroupsV314Test-volume-type-1318726573, it is now deprecated. Please use the default quota class for default quota.
Aug 21 18:21:15 devstack cinder-volume[94486]: DEBUG cinder.quota [None req-0a395d18-fb04-4fe9-98c6-183d6010c883 tempest-GroupsV314Test-2041790082 None] Created reservations ['f376d552-40e3-41d2-aae5-491daf2c1975', '1aa48b45-39d0-44df-b039-e5b04bbf9cde', 'f0b4f275-6121-4da9-96dd-a1d4e3c8295c', 'c06942e6-ed17-46f1-8764-35422bd4afa2'] {{(pid=94486) reserve /opt/stack/cinder/cinder/quota.py:752}}
Aug 21 18:21:15 devstack cinder-volume[94486]: DEBUG oslo_concurrency.lockutils [None req-0a395d18-fb04-4fe9-98c6-183d6010c883 tempest-GroupsV314Test-2041790082 None] Acquiring lock "quobyte_ensure" by "cinder.volume.drivers.quobyte.QuobyteDriver._ensure_shares_mounted" {{(pid=94486) inner /opt/stack/data/venv/lib/python3.12/site-packages/oslo_concurrency/lockutils.py:512}}
Aug 21 18:21:15 devstack cinder-volume[94486]: DEBUG oslo_concurrency.lockutils [None req-0a395d18-fb04-4fe9-98c6-183d6010c883 tempest-GroupsV314Test-2041790082 None] Lock "quobyte_ensure" acquired by "cinder.volume.drivers.quobyte.QuobyteDriver._ensure_shares_mounted" :: waited 0.001s {{(pid=94486) inner /opt/stack/data/venv/lib/python3.12/site-packages/oslo_concurrency/lockutils.py:525}}
Aug 21 18:21:15 devstack cinder-volume[94486]: DEBUG cinder.volume.drivers.quobyte [None req-0a395d18-fb04-4fe9-98c6-183d6010c883 tempest-GroupsV314Test-2041790082 None] Quobyte Volume URL set to: {'osci02.corp.quobyte.com/cinder-vol-dc0f0abe-8b69-44dd-935f-273b2d14d93e': None} {{(pid=94486) _load_shares_config /opt/stack/cinder/cinder/volume/drivers/quobyte.py:665}}
Aug 21 18:21:15 devstack cinder-volume[94486]: DEBUG cinder.volume.drivers.quobyte [None req-0a395d18-fb04-4fe9-98c6-183d6010c883 tempest-GroupsV314Test-2041790082 None] Available shares ['osci02.corp.quobyte.com/cinder-vol-dc0f0abe-8b69-44dd-935f-273b2d14d93e'] {{(pid=94486) _ensure_shares_mounted /opt/stack/cinder/cinder/volume/drivers/quobyte.py:695}}
Aug 21 18:21:15 devstack cinder-volume[94486]: DEBUG oslo_concurrency.lockutils [None req-0a395d18-fb04-4fe9-98c6-183d6010c883 tempest-GroupsV314Test-2041790082 None] Lock "quobyte_ensure" "released" by "cinder.volume.drivers.quobyte.QuobyteDriver._ensure_shares_mounted" :: held 0.006s {{(pid=94486) inner /opt/stack/data/venv/lib/python3.12/site-packages/oslo_concurrency/lockutils.py:544}}
Aug 21 18:21:15 devstack cinder-volume[94486]: DEBUG oslo_concurrency.processutils [None req-0a395d18-fb04-4fe9-98c6-183d6010c883 tempest-GroupsV314Test-2041790082 None] Running cmd (subprocess): sudo cinder-rootwrap /etc/cinder/rootwrap.conf df --portability --block-size 1 /opt/stack/data/cinder/mnt/90d31ac13703bf733a67abc9728a1971 {{(pid=94486) execute /opt/stack/data/venv/lib/python3.12/site-packages/oslo_concurrency/processutils.py:440}}
Aug 21 18:21:15 devstack sudo[101482]: quobyte : PWD=/ ; USER=root ; COMMAND=/opt/stack/data/venv/bin/cinder-rootwrap /etc/cinder/rootwrap.conf df --portability --block-size 1 /opt/stack/data/cinder/mnt/90d31ac13703bf733a67abc9728a1971
Aug 21 18:21:15 devstack sudo[101482]: pam_unix(sudo:session): session opened for user root(uid=0) by (uid=1000)
Aug 21 18:21:16 devstack sudo[101482]: pam_unix(sudo:session): session closed for user root
Aug 21 18:21:16 devstack cinder-volume[94486]: DEBUG oslo_concurrency.processutils [None req-0a395d18-fb04-4fe9-98c6-183d6010c883 tempest-GroupsV314Test-2041790082 None] CMD "sudo cinder-rootwrap /etc/cinder/rootwrap.conf df --portability --block-size 1 /opt/stack/data/cinder/mnt/90d31ac13703bf733a67abc9728a1971" returned: 0 in 0.304s {{(pid=94486) execute /opt/stack/data/venv/lib/python3.12/site-packages/oslo_concurrency/processutils.py:468}}
Aug 21 18:21:16 devstack cinder-volume[94486]: DEBUG cinder.manager [None req-0a395d18-fb04-4fe9-98c6-183d6010c883 tempest-GroupsV314Test-2041790082 None] Notifying Schedulers of capabilities ... {{(pid=94486) _publish_service_capabilities /opt/stack/cinder/cinder/manager.py:219}}
