Jul 10 15:41:55 devstack devstack@g-api.service[77021]: DEBUG glance.common.config [None req-426ebe80-0149-4381-99f9-7e3f65877a49 None None] barbican_service_user.keyfile = None {{(pid=77021) log_opt_values /opt/stack/data/venv/lib/python3.12/site-packages/oslo_config/cfg.py:3253}}
Jul 10 15:41:55 devstack devstack@g-api.service[77021]: DEBUG glance.common.config [None req-426ebe80-0149-4381-99f9-7e3f65877a49 None None] barbican_service_user.split_loggers = False {{(pid=77021) log_opt_values /opt/stack/data/venv/lib/python3.12/site-packages/oslo_config/cfg.py:3253}}
Jul 10 15:41:55 devstack devstack@g-api.service[77021]: DEBUG glance.common.config [None req-426ebe80-0149-4381-99f9-7e3f65877a49 None None] barbican_service_user.timeout = None {{(pid=77021) log_opt_values /opt/stack/data/venv/lib/python3.12/site-packages/oslo_config/cfg.py:3253}}
Jul 10 15:41:55 devstack devstack@g-api.service[77021]: DEBUG glance.common.config [None req-426ebe80-0149-4381-99f9-7e3f65877a49 None None] database.asyncio_connection = **** {{(pid=77021) log_opt_values /opt/stack/data/venv/lib/python3.12/site-packages/oslo_config/cfg.py:3253}}
Jul 10 15:41:55 devstack devstack@g-api.service[77021]: DEBUG glance.common.config [None req-426ebe80-0149-4381-99f9-7e3f65877a49 None None] database.asyncio_slave_connection = **** {{(pid=77021) log_opt_values /opt/stack/data/venv/lib/python3.12/site-packages/oslo_config/cfg.py:3253}}
Jul 10 15:41:55 devstack devstack@g-api.service[77021]: DEBUG glance.common.config [None req-426ebe80-0149-4381-99f9-7e3f65877a49 None None] database.backend = sqlalchemy {{(pid=77021) log_opt_values /opt/stack/data/venv/lib/python3.12/site-packages/oslo_config/cfg.py:3253}}
Jul 10 15:41:55 devstack devstack@g-api.service[77021]: DEBUG glance.common.config [None req-426ebe80-0149-4381-99f9-7e3f65877a49 None None] database.connection = **** {{(pid=77021) log_opt_values /opt/stack/data/venv/lib/python3.12/site-packages/oslo_config/cfg.py:3253}}
Jul 10 15:41:55 devstack devstack@g-api.service[77021]: DEBUG glance.common.config [None req-426ebe80-0149-4381-99f9-7e3f65877a49 None None] database.connection_debug = 0 {{(pid=77021) log_opt_values /opt/stack/data/venv/lib/python3.12/site-packages/oslo_config/cfg.py:3253}}
Jul 10 15:41:55 devstack devstack@g-api.service[77021]: DEBUG glance.common.config [None req-426ebe80-0149-4381-99f9-7e3f65877a49 None None] database.connection_parameters = {{(pid=77021) log_opt_values /opt/stack/data/venv/lib/python3.12/site-packages/oslo_config/cfg.py:3253}}
Jul 10 15:41:55 devstack devstack@g-api.service[77021]: DEBUG glance.common.config [None req-426ebe80-0149-4381-99f9-7e3f65877a49 None None] database.connection_recycle_time = 3600 {{(pid=77021) log_opt_values /opt/stack/data/venv/lib/python3.12/site-packages/oslo_config/cfg.py:3253}}
Jul 10 15:41:55 devstack devstack@g-api.service[77021]: DEBUG glance.common.config [None req-426ebe80-0149-4381-99f9-7e3f65877a49 None None] database.connection_trace = False {{(pid=77021) log_opt_values /opt/stack/data/venv/lib/python3.12/site-packages/oslo_config/cfg.py:3253}}
Jul 10 15:41:55 devstack devstack@g-api.service[77021]: DEBUG glance.common.config [None req-426ebe80-0149-4381-99f9-7e3f65877a49 None None] database.db_inc_retry_interval = True {{(pid=77021) log_opt_values /opt/stack/data/venv/lib/python3.12/site-packages/oslo_config/cfg.py:3253}}
Jul 10 15:41:55 devstack devstack@g-api.service[77021]: DEBUG glance.common.config [None req-426ebe80-0149-4381-99f9-7e3f65877a49 None None] database.db_max_retries = 20 {{(pid=77021) log_opt_values /opt/stack/data/venv/lib/python3.12/site-packages/oslo_config/cfg.py:3253}}
Jul 10 15:41:55 devstack devstack@g-api.service[77021]: DEBUG glance.common.config [None req-426ebe80-0149-4381-99f9-7e3f65877a49 None None] database.db_max_retry_interval = 10 {{(pid=77021) log_opt_values /opt/stack/data/venv/lib/python3.12/site-packages/oslo_config/cfg.py:3253}}
Jul 10 15:41:55 devstack devstack@g-api.service[77021]: DEBUG glance.common.config [None req-426ebe80-0149-4381-99f9-7e3f65877a49 None None] database.db_retry_interval = 1 {{(pid=77021) log_opt_values /opt/stack/data/venv/lib/python3.12/site-packages/oslo_config/cfg.py:3253}}
Jul 10 15:41:55 devstack devstack@g-api.service[77021]: DEBUG glance.common.config [None req-426ebe80-0149-4381-99f9-7e3f65877a49 None None] database.max_overflow = 50 {{(pid=77021) log_opt_values /opt/stack/data/venv/lib/python3.12/site-packages/oslo_config/cfg.py:3253}}
Jul 10 15:41:55 devstack devstack@g-api.service[77021]: DEBUG glance.common.config [None req-426ebe80-0149-4381-99f9-7e3f65877a49 None None] database.max_pool_size = 5 {{(pid=77021) log_opt_values /opt/stack/data/venv/lib/python3.12/site-packages/oslo_config/cfg.py:3253}}
Jul 10 15:41:55 devstack devstack@g-api.service[77021]: DEBUG glance.common.config [None req-426ebe80-0149-4381-99f9-7e3f65877a49 None None] database.max_retries = 10 {{(pid=77021) log_opt_values /opt/stack/data/venv/lib/python3.12/site-packages/oslo_config/cfg.py:3253}}
Jul 10 15:41:55 devstack devstack@g-api.service[77021]: DEBUG glance.common.config [None req-426ebe80-0149-4381-99f9-7e3f65877a49 None None] database.mysql_sql_mode = TRADITIONAL {{(pid=77021) log_opt_values /opt/stack/data/venv/lib/python3.12/site-packages/oslo_config/cfg.py:3253}}
Jul 10 15:41:55 devstack devstack@g-api.service[77021]: DEBUG glance.common.config [None req-426ebe80-0149-4381-99f9-7e3f65877a49 None None] database.mysql_wsrep_sync_wait = None {{(pid=77021) log_opt_values /opt/stack/data/venv/lib/python3.12/site-packages/oslo_config/cfg.py:3253}}
Jul 10 15:41:55 devstack devstack@g-api.service[77021]: DEBUG glance.common.config [None req-426ebe80-0149-4381-99f9-7e3f65877a49 None None] database.pool_timeout = None {{(pid=77021) log_opt_values /opt/stack/data/venv/lib/python3.12/site-packages/oslo_config/cfg.py:3253}}
Jul 10 15:41:55 devstack devstack@g-api.service[77021]: DEBUG glance.common.config [None req-426ebe80-0149-4381-99f9-7e3f65877a49 None None] database.retry_interval = 10 {{(pid=77021) log_opt_values /opt/stack/data/venv/lib/python3.12/site-packages/oslo_config/cfg.py:3253}}
Jul 10 15:41:55 devstack devstack@g-api.service[77021]: DEBUG glance.common.config [None req-426ebe80-0149-4381-99f9-7e3f65877a49 None None] database.slave_connection = **** {{(pid=77021) log_opt_values /opt/stack/data/venv/lib/python3.12/site-packages/oslo_config/cfg.py:3253}}
Jul 10 15:41:55 devstack devstack@g-api.service[77021]: DEBUG glance.common.config [None req-426ebe80-0149-4381-99f9-7e3f65877a49 None None] database.sqlite_synchronous = True {{(pid=77021) log_opt_values /opt/stack/data/venv/lib/python3.12/site-packages/oslo_config/cfg.py:3253}}
Jul 10 15:41:55 devstack devstack@g-api.service[77021]: DEBUG glance.common.config [None req-426ebe80-0149-4381-99f9-7e3f65877a49 None None] database.synchronous_reader = True {{(pid=77021) log_opt_values /opt/stack/data/venv/lib/python3.12/site-packages/oslo_config/cfg.py:3253}}
Jul 10 15:41:55 devstack devstack@g-api.service[77021]: DEBUG glance.common.config [None req-426ebe80-0149-4381-99f9-7e3f65877a49 None None] database.use_db_reconnect = False {{(pid=77021) log_opt_values /opt/stack/data/venv/lib/python3.12/site-packages/oslo_config/cfg.py:3253}}
Jul 10 15:41:55 devstack devstack@g-api.service[77021]: DEBUG glance.common.config [None req-426ebe80-0149-4381-99f9-7e3f65877a49 None None] healthcheck.allowed_source_ranges = [] {{(pid=77021) log_opt_values /opt/stack/data/venv/lib/python3.12/site-packages/oslo_config/cfg.py:3253}}
Jul 10 15:41:55 devstack devstack@g-api.service[77021]: DEBUG glance.common.config [None req-426ebe80-0149-4381-99f9-7e3f65877a49 None None] healthcheck.backends = ['disable_by_file'] {{(pid=77021) log_opt_values /opt/stack/data/venv/lib/python3.12/site-packages/oslo_config/cfg.py:3253}}
Jul 10 15:41:55 devstack devstack@g-api.service[77021]: DEBUG glance.common.config [None req-426ebe80-0149-4381-99f9-7e3f65877a49 None None] healthcheck.detailed = False {{(pid=77021) log_opt_values /opt/stack/data/venv/lib/python3.12/site-packages/oslo_config/cfg.py:3253}}
Jul 10 15:41:55 devstack devstack@g-api.service[77021]: DEBUG glance.common.config [None req-426ebe80-0149-4381-99f9-7e3f65877a49 None None] healthcheck.disable_by_file_path = None {{(pid=77021) log_opt_values /opt/stack/data/venv/lib/python3.12/site-packages/oslo_config/cfg.py:3253}}
Jul 10 15:41:55 devstack devstack@g-api.service[77021]: DEBUG glance.common.config [None req-426ebe80-0149-4381-99f9-7e3f65877a49 None None] healthcheck.ignore_proxied_requests = False {{(pid=77021) log_opt_values /opt/stack/data/venv/lib/python3.12/site-packages/oslo_config/cfg.py:3253}}
Jul 10 15:41:55 devstack devstack@g-api.service[77021]: DEBUG glance.common.config [None req-426ebe80-0149-4381-99f9-7e3f65877a49 None None] ******************************************************************************** {{(pid=77021) log_opt_values /opt/stack/data/venv/lib/python3.12/site-packages/oslo_config/cfg.py:3260}}
Jul 10 15:41:55 devstack devstack@g-api.service[77021]: WSGI app 0 (mountpoint='') ready in 6 seconds on interpreter 0x7c807d6a4668 pid: 77021 (default app)
Jul 10 15:41:59 devstack devstack@g-api.service[77020]: DEBUG glance.api.middleware.version_negotiation [None req-04cdfeaf-2d33-4013-a17b-672799e6756f None None] Determining version of request: GET / Accept: application/json {{(pid=77020) process_request /opt/stack/glance/glance/api/middleware/version_negotiation.py:44}}
Jul 10 15:41:59 devstack devstack@g-api.service[77020]: DEBUG glance.api.middleware.version_negotiation [None req-04cdfeaf-2d33-4013-a17b-672799e6756f None None] Using url versioning {{(pid=77020) process_request /opt/stack/glance/glance/api/middleware/version_negotiation.py:57}}
Jul 10 15:41:59 devstack devstack@g-api.service[77020]: DEBUG glance.api.middleware.version_negotiation [None req-04cdfeaf-2d33-4013-a17b-672799e6756f None None] Unknown version. Returning version choices. {{(pid=77020) process_request /opt/stack/glance/glance/api/middleware/version_negotiation.py:64}}
Jul 10 15:41:59 devstack devstack@g-api.service[77020]: [pid: 77020|app: 0|req: 2/2] 127.0.0.1 () {34 vars in 516 bytes} [Fri Jul 10 15:41:59 2026] GET / => generated 1557 bytes in 2 msecs (HTTP/1.1 300) 3 headers in 106 bytes (1 switches on core 0)
Jul 10 15:41:59 devstack devstack@g-api.service[77021]: DEBUG glance.api.middleware.version_negotiation [None req-426ebe80-0149-4381-99f9-7e3f65877a49 None None] Determining version of request: POST /v2/images Accept: */* {{(pid=77021) process_request /opt/stack/glance/glance/api/middleware/version_negotiation.py:44}}
Jul 10 15:41:59 devstack devstack@g-api.service[77021]: DEBUG glance.api.middleware.version_negotiation [None req-426ebe80-0149-4381-99f9-7e3f65877a49 None None] Using url versioning {{(pid=77021) process_request /opt/stack/glance/glance/api/middleware/version_negotiation.py:57}}
Jul 10 15:41:59 devstack devstack@g-api.service[77021]: DEBUG glance.api.middleware.version_negotiation [None req-426ebe80-0149-4381-99f9-7e3f65877a49 None None] Matched version: v2 {{(pid=77021) process_request /opt/stack/glance/glance/api/middleware/version_negotiation.py:69}}
Jul 10 15:41:59 devstack devstack@g-api.service[77021]: DEBUG glance.api.middleware.version_negotiation [None req-426ebe80-0149-4381-99f9-7e3f65877a49 None None] new path /v2/images {{(pid=77021) process_request /opt/stack/glance/glance/api/middleware/version_negotiation.py:70}}
Jul 10 15:42:00 devstack devstack@g-api.service[77021]: [pid: 77021|app: 0|req: 1/3] 127.0.0.1 () {40 vars in 779 bytes} [Fri Jul 10 15:41:59 2026] POST /v2/images => generated 807 bytes in 1190 msecs (HTTP/1.1 201) 6 headers in 314 bytes (1 switches on core 0)
Jul 10 15:42:00 devstack devstack@g-api.service[77020]: DEBUG glance.api.middleware.version_negotiation [None req-04cdfeaf-2d33-4013-a17b-672799e6756f None None] Determining version of request: PUT /v2/images/980bf5e0-e973-48f3-bc1f-383f924c4467/file Accept: {{(pid=77020) process_request /opt/stack/glance/glance/api/middleware/version_negotiation.py:44}}
Jul 10 15:42:00 devstack devstack@g-api.service[77020]: DEBUG glance.api.middleware.version_negotiation [None req-04cdfeaf-2d33-4013-a17b-672799e6756f None None] Using url versioning {{(pid=77020) process_request /opt/stack/glance/glance/api/middleware/version_negotiation.py:57}}
Jul 10 15:42:00 devstack devstack@g-api.service[77020]: DEBUG glance.api.middleware.version_negotiation [None req-04cdfeaf-2d33-4013-a17b-672799e6756f None None] Matched version: v2 {{(pid=77020) process_request /opt/stack/glance/glance/api/middleware/version_negotiation.py:69}}
Jul 10 15:42:00 devstack devstack@g-api.service[77020]: DEBUG glance.api.middleware.version_negotiation [None req-04cdfeaf-2d33-4013-a17b-672799e6756f None None] new path /v2/images/980bf5e0-e973-48f3-bc1f-383f924c4467/file {{(pid=77020) process_request /opt/stack/glance/glance/api/middleware/version_negotiation.py:70}}
Jul 10 15:42:01 devstack devstack@g-api.service[77020]: INFO glance.api.v2.image_data [None req-47d72b3b-0bbe-4293-8d8e-0a64c294d1e4 admin admin] Unable to create trust: no such option collect_timing in group [keystone_authtoken] Use the existing user token.
Jul 10 15:42:02 devstack devstack@g-api.service[77020]: DEBUG glance.location [None req-47d72b3b-0bbe-4293-8d8e-0a64c294d1e4 admin admin] Enabling in-flight format inspection for qcow2 {{(pid=77020) set_data /opt/stack/glance/glance/location.py:596}}
Jul 10 15:42:02 devstack devstack@g-api.service[77020]: DEBUG oslo_utils.imageutils.format_inspector [None req-47d72b3b-0bbe-4293-8d8e-0a64c294d1e4 admin admin] Format inspector for vmdk does not match, excluding from consideration (Signature KDMV not found: b'QFI\xfb') {{(pid=77020) _process_chunk /opt/stack/data/venv/lib/python3.12/site-packages/oslo_utils/imageutils/format_inspector.py:1758}}
Jul 10 15:42:02 devstack devstack@g-api.service[77020]: DEBUG oslo_utils.imageutils.format_inspector [None req-47d72b3b-0bbe-4293-8d8e-0a64c294d1e4 admin admin] Format inspector for vhdx does not match, excluding from consideration (Region signature not found at 30000) {{(pid=77020) _process_chunk /opt/stack/data/venv/lib/python3.12/site-packages/oslo_utils/imageutils/format_inspector.py:1758}}
Jul 10 15:42:02 devstack devstack@g-api.service[77020]: DEBUG glance_store._drivers.filesystem [None req-47d72b3b-0bbe-4293-8d8e-0a64c294d1e4 admin admin] Wrote 21692416 bytes to /opt/stack/data/glance/images/980bf5e0-e973-48f3-bc1f-383f924c4467 with checksum 87617e24a5e30cb3b87fda8c0764838f and multihash 9a9bce0083a00939ec17c11febbfc767aa211aaa54f51e75c5a8b271a9b5637c77205a518b7a2007cb391d23cceb01e0e4e8d64832317151bc85b734b92a7be0 {{(pid=77020) add /opt/stack/data/venv/lib/python3.12/site-packages/glance_store/_drivers/filesystem.py:899}}
Jul 10 15:42:02 devstack devstack@g-api.service[77020]: INFO glance.location [None req-47d72b3b-0bbe-4293-8d8e-0a64c294d1e4 admin admin] Image format matched and virtual size computed: 117440512
Jul 10 15:42:02 devstack devstack@g-api.service[77020]: DEBUG glance_store.backend [None req-47d72b3b-0bbe-4293-8d8e-0a64c294d1e4 admin admin] Skipping store.set_acls... not implemented. {{(pid=77020) set_acls /opt/stack/data/venv/lib/python3.12/site-packages/glance_store/backend.py:507}}
Jul 10 15:42:02 devstack devstack@g-api.service[77020]: [pid: 77020|app: 0|req: 3/4] 127.0.0.1 () {40 vars in 872 bytes} [Fri Jul 10 15:42:00 2026] PUT /v2/images/980bf5e0-e973-48f3-bc1f-383f924c4467/file => generated 0 bytes in 1839 msecs (HTTP/1.1 204) 4 headers in 171 bytes (1 switches on core 0)
Jul 10 15:42:02 devstack devstack@g-api.service[77021]: DEBUG glance.api.middleware.version_negotiation [None req-8cf88fe7-f09c-4708-b301-a40fc45abfb1 admin admin] Determining version of request: GET /v2/images/980bf5e0-e973-48f3-bc1f-383f924c4467 Accept: */* {{(pid=77021) process_request /opt/stack/glance/glance/api/middleware/version_negotiation.py:44}}
Jul 10 15:42:02 devstack devstack@g-api.service[77021]: DEBUG glance.api.middleware.version_negotiation [None req-8cf88fe7-f09c-4708-b301-a40fc45abfb1 admin admin] Using url versioning {{(pid=77021) process_request /opt/stack/glance/glance/api/middleware/version_negotiation.py:57}}
Jul 10 15:42:02 devstack devstack@g-api.service[77021]: DEBUG glance.api.middleware.version_negotiation [None req-8cf88fe7-f09c-4708-b301-a40fc45abfb1 admin admin] Matched version: v2 {{(pid=77021) process_request /opt/stack/glance/glance/api/middleware/version_negotiation.py:69}}
Jul 10 15:42:02 devstack devstack@g-api.service[77021]: DEBUG glance.api.middleware.version_negotiation [None req-8cf88fe7-f09c-4708-b301-a40fc45abfb1 admin admin] new path /v2/images/980bf5e0-e973-48f3-bc1f-383f924c4467 {{(pid=77021) process_request /opt/stack/glance/glance/api/middleware/version_negotiation.py:70}}
Jul 10 15:42:02 devstack devstack@g-api.service[77021]: [pid: 77021|app: 0|req: 2/5] 127.0.0.1 () {36 vars in 799 bytes} [Fri Jul 10 15:42:02 2026] GET /v2/images/980bf5e0-e973-48f3-bc1f-383f924c4467 => generated 976 bytes in 23 msecs (HTTP/1.1 200) 4 headers in 157 bytes (1 switches on core 0)
Jul 10 15:42:12 devstack devstack@g-api.service[77020]: DEBUG dbcounter [-] [77020] Writing DB stats glance:INSERT=5,glance:SELECT=16,glance:UPDATE=2 {{(pid=77020) stat_writer /opt/stack/data/venv/lib/python3.12/site-packages/dbcounter.py:115}}
Jul 10 15:42:12 devstack devstack@g-api.service[77021]: DEBUG dbcounter [-] [77021] Writing DB stats glance:INSERT=9,glance:SELECT=6 {{(pid=77021) stat_writer /opt/stack/data/venv/lib/python3.12/site-packages/dbcounter.py:115}}
Jul 10 15:42:48 devstack devstack@g-api.service[77020]: DEBUG glance.api.middleware.version_negotiation [None req-47d72b3b-0bbe-4293-8d8e-0a64c294d1e4 admin admin] Determining version of request: GET / Accept: application/json {{(pid=77020) process_request /opt/stack/glance/glance/api/middleware/version_negotiation.py:44}}
Jul 10 15:42:48 devstack devstack@g-api.service[77020]: DEBUG glance.api.middleware.version_negotiation [None req-47d72b3b-0bbe-4293-8d8e-0a64c294d1e4 admin admin] Using url versioning {{(pid=77020) process_request /opt/stack/glance/glance/api/middleware/version_negotiation.py:57}}
Jul 10 15:42:48 devstack devstack@g-api.service[77020]: DEBUG glance.api.middleware.version_negotiation [None req-47d72b3b-0bbe-4293-8d8e-0a64c294d1e4 admin admin] Unknown version. Returning version choices. {{(pid=77020) process_request /opt/stack/glance/glance/api/middleware/version_negotiation.py:64}}
Jul 10 15:42:48 devstack devstack@g-api.service[77020]: [pid: 77020|app: 0|req: 4/6] 127.0.0.1 () {34 vars in 516 bytes} [Fri Jul 10 15:42:48 2026] GET / => generated 1557 bytes in 3 msecs (HTTP/1.1 300) 3 headers in 106 bytes (1 switches on core 0)
Jul 10 15:42:48 devstack devstack@g-api.service[77021]: DEBUG glance.api.middleware.version_negotiation [None req-93025739-aa78-4806-88ba-2bc45ff33d90 admin admin] Determining version of request: GET /v2/images Accept: application/json {{(pid=77021) process_request /opt/stack/glance/glance/api/middleware/version_negotiation.py:44}}
Jul 10 15:42:48 devstack devstack@g-api.service[77021]: DEBUG glance.api.middleware.version_negotiation [None req-93025739-aa78-4806-88ba-2bc45ff33d90 admin admin] Using url versioning {{(pid=77021) process_request /opt/stack/glance/glance/api/middleware/version_negotiation.py:57}}
Jul 10 15:42:48 devstack devstack@g-api.service[77021]: DEBUG glance.api.middleware.version_negotiation [None req-93025739-aa78-4806-88ba-2bc45ff33d90 admin admin] Matched version: v2 {{(pid=77021) process_request /opt/stack/glance/glance/api/middleware/version_negotiation.py:69}}
Jul 10 15:42:48 devstack devstack@g-api.service[77021]: DEBUG glance.api.middleware.version_negotiation [None req-93025739-aa78-4806-88ba-2bc45ff33d90 admin admin] new path /v2/images {{(pid=77021) process_request /opt/stack/glance/glance/api/middleware/version_negotiation.py:70}}
Jul 10 15:42:48 devstack devstack@g-api.service[77021]: [pid: 77021|app: 0|req: 3/7] 127.0.0.1 () {36 vars in 738 bytes} [Fri Jul 10 15:42:48 2026] GET /v2/images => generated 1045 bytes in 92 msecs (HTTP/1.1 200) 4 headers in 158 bytes (1 switches on core 0)
Jul 10 15:42:58 devstack devstack@g-api.service[77021]: DEBUG dbcounter [-] [77021] Writing DB stats glance:SELECT=1 {{(pid=77021) stat_writer /opt/stack/data/venv/lib/python3.12/site-packages/dbcounter.py:115}}
Jul 10 15:42:59 devstack devstack@g-api.service[77020]: DEBUG glance.api.middleware.version_negotiation [None req-47d72b3b-0bbe-4293-8d8e-0a64c294d1e4 admin admin] Determining version of request: GET / Accept: application/json {{(pid=77020) process_request /opt/stack/glance/glance/api/middleware/version_negotiation.py:44}}
Jul 10 15:42:59 devstack devstack@g-api.service[77020]: DEBUG glance.api.middleware.version_negotiation [None req-47d72b3b-0bbe-4293-8d8e-0a64c294d1e4 admin admin] Using url versioning {{(pid=77020) process_request /opt/stack/glance/glance/api/middleware/version_negotiation.py:57}}
Jul 10 15:42:59 devstack devstack@g-api.service[77020]: DEBUG glance.api.middleware.version_negotiation [None req-47d72b3b-0bbe-4293-8d8e-0a64c294d1e4 admin admin] Unknown version. Returning version choices. {{(pid=77020) process_request /opt/stack/glance/glance/api/middleware/version_negotiation.py:64}}
Jul 10 15:42:59 devstack devstack@g-api.service[77020]: [pid: 77020|app: 0|req: 5/8] 127.0.0.1 () {34 vars in 516 bytes} [Fri Jul 10 15:42:59 2026] GET / => generated 1557 bytes in 4 msecs (HTTP/1.1 300) 3 headers in 106 bytes (1 switches on core 0)
Jul 10 15:42:59 devstack devstack@g-api.service[77021]: DEBUG glance.api.middleware.version_negotiation [None req-42d2a66c-c2c1-43ea-8a61-0e2922ab8fe5 admin admin] Determining version of request: GET /v2/images/980bf5e0-e973-48f3-bc1f-383f924c4467 Accept: */* {{(pid=77021) process_request /opt/stack/glance/glance/api/middleware/version_negotiation.py:44}}
Jul 10 15:42:59 devstack devstack@g-api.service[77021]: DEBUG glance.api.middleware.version_negotiation [None req-42d2a66c-c2c1-43ea-8a61-0e2922ab8fe5 admin admin] Using url versioning {{(pid=77021) process_request /opt/stack/glance/glance/api/middleware/version_negotiation.py:57}}
Jul 10 15:42:59 devstack devstack@g-api.service[77021]: DEBUG glance.api.middleware.version_negotiation [None req-42d2a66c-c2c1-43ea-8a61-0e2922ab8fe5 admin admin] Matched version: v2 {{(pid=77021) process_request /opt/stack/glance/glance/api/middleware/version_negotiation.py:69}}
Jul 10 15:42:59 devstack devstack@g-api.service[77021]: DEBUG glance.api.middleware.version_negotiation [None req-42d2a66c-c2c1-43ea-8a61-0e2922ab8fe5 admin admin] new path /v2/images/980bf5e0-e973-48f3-bc1f-383f924c4467 {{(pid=77021) process_request /opt/stack/glance/glance/api/middleware/version_negotiation.py:70}}
Jul 10 15:42:59 devstack devstack@g-api.service[77021]: [pid: 77021|app: 0|req: 4/9] 127.0.0.1 () {36 vars in 799 bytes} [Fri Jul 10 15:42:59 2026] GET /v2/images/980bf5e0-e973-48f3-bc1f-383f924c4467 => generated 976 bytes in 70 msecs (HTTP/1.1 200) 4 headers in 157 bytes (1 switches on core 0)
Jul 10 15:43:05 devstack devstack@g-api.service[77020]: DEBUG glance.api.middleware.version_negotiation [None req-47d72b3b-0bbe-4293-8d8e-0a64c294d1e4 admin admin] Determining version of request: GET / Accept: application/json {{(pid=77020) process_request /opt/stack/glance/glance/api/middleware/version_negotiation.py:44}}
Jul 10 15:43:05 devstack devstack@g-api.service[77020]: DEBUG glance.api.middleware.version_negotiation [None req-47d72b3b-0bbe-4293-8d8e-0a64c294d1e4 admin admin] Using url versioning {{(pid=77020) process_request /opt/stack/glance/glance/api/middleware/version_negotiation.py:57}}
Jul 10 15:43:05 devstack devstack@g-api.service[77020]: DEBUG glance.api.middleware.version_negotiation [None req-47d72b3b-0bbe-4293-8d8e-0a64c294d1e4 admin admin] Unknown version. Returning version choices. {{(pid=77020) process_request /opt/stack/glance/glance/api/middleware/version_negotiation.py:64}}
Jul 10 15:43:05 devstack devstack@g-api.service[77020]: [pid: 77020|app: 0|req: 6/10] 127.0.0.1 () {34 vars in 516 bytes} [Fri Jul 10 15:43:05 2026] GET / => generated 1557 bytes in 2 msecs (HTTP/1.1 300) 3 headers in 106 bytes (1 switches on core 0)
Jul 10 15:43:05 devstack devstack@g-api.service[77021]: DEBUG glance.api.middleware.version_negotiation [None req-18c7f480-095e-4e1b-b794-ef101aeeab75 admin admin] Determining version of request: GET /v2/images/980bf5e0-e973-48f3-bc1f-383f924c4467 Accept: */* {{(pid=77021) process_request /opt/stack/glance/glance/api/middleware/version_negotiation.py:44}}
Jul 10 15:43:05 devstack devstack@g-api.service[77021]: DEBUG glance.api.middleware.version_negotiation [None req-18c7f480-095e-4e1b-b794-ef101aeeab75 admin admin] Using url versioning {{(pid=77021) process_request /opt/stack/glance/glance/api/middleware/version_negotiation.py:57}}
Jul 10 15:43:05 devstack devstack@g-api.service[77021]: DEBUG glance.api.middleware.version_negotiation [None req-18c7f480-095e-4e1b-b794-ef101aeeab75 admin admin] Matched version: v2 {{(pid=77021) process_request /opt/stack/glance/glance/api/middleware/version_negotiation.py:69}}
Jul 10 15:43:05 devstack devstack@g-api.service[77021]: DEBUG glance.api.middleware.version_negotiation [None req-18c7f480-095e-4e1b-b794-ef101aeeab75 admin admin] new path /v2/images/980bf5e0-e973-48f3-bc1f-383f924c4467 {{(pid=77021) process_request /opt/stack/glance/glance/api/middleware/version_negotiation.py:70}}
Jul 10 15:43:05 devstack devstack@g-api.service[77021]: [pid: 77021|app: 0|req: 5/11] 127.0.0.1 () {36 vars in 799 bytes} [Fri Jul 10 15:43:05 2026] GET /v2/images/980bf5e0-e973-48f3-bc1f-383f924c4467 => generated 976 bytes in 71 msecs (HTTP/1.1 200) 4 headers in 157 bytes (1 switches on core 0)
Jul 10 15:43:15 devstack devstack@g-api.service[77021]: DEBUG dbcounter [-] [77021] Writing DB stats glance:SELECT=4 {{(pid=77021) stat_writer /opt/stack/data/venv/lib/python3.12/site-packages/dbcounter.py:115}}
Jul 10 15:44:22 devstack devstack@g-api.service[77020]: DEBUG glance.api.middleware.version_negotiation [None req-47d72b3b-0bbe-4293-8d8e-0a64c294d1e4 admin admin] Determining version of request: GET / Accept: application/json {{(pid=77020) process_request /opt/stack/glance/glance/api/middleware/version_negotiation.py:44}}
Jul 10 15:44:22 devstack devstack@g-api.service[77020]: DEBUG glance.api.middleware.version_negotiation [None req-47d72b3b-0bbe-4293-8d8e-0a64c294d1e4 admin admin] Using url versioning {{(pid=77020) process_request /opt/stack/glance/glance/api/middleware/version_negotiation.py:57}}
Jul 10 15:44:22 devstack devstack@g-api.service[77020]: DEBUG glance.api.middleware.version_negotiation [None req-47d72b3b-0bbe-4293-8d8e-0a64c294d1e4 admin admin] Unknown version. Returning version choices. {{(pid=77020) process_request /opt/stack/glance/glance/api/middleware/version_negotiation.py:64}}
Jul 10 15:44:22 devstack devstack@g-api.service[77020]: [pid: 77020|app: 0|req: 7/12] 127.0.0.1 () {36 vars in 485 bytes} [Fri Jul 10 15:44:22 2026] GET / => generated 1557 bytes in 2 msecs (HTTP/1.1 300) 3 headers in 106 bytes (1 switches on core 0)
Jul 10 15:47:19 devstack devstack@g-api.service[77021]: DEBUG glance.api.middleware.version_negotiation [None req-3d610b4d-9b8f-4909-8b07-1eeaf5f410a6 admin admin] Determining version of request: GET / Accept: application/json {{(pid=77021) process_request /opt/stack/glance/glance/api/middleware/version_negotiation.py:44}}
Jul 10 15:47:19 devstack devstack@g-api.service[77021]: DEBUG glance.api.middleware.version_negotiation [None req-3d610b4d-9b8f-4909-8b07-1eeaf5f410a6 admin admin] Using url versioning {{(pid=77021) process_request /opt/stack/glance/glance/api/middleware/version_negotiation.py:57}}
Jul 10 15:47:19 devstack devstack@g-api.service[77021]: DEBUG glance.api.middleware.version_negotiation [None req-3d610b4d-9b8f-4909-8b07-1eeaf5f410a6 admin admin] Unknown version. Returning version choices. {{(pid=77021) process_request /opt/stack/glance/glance/api/middleware/version_negotiation.py:64}}
Jul 10 15:47:19 devstack devstack@g-api.service[77021]: [pid: 77021|app: 0|req: 6/13] 127.0.0.1 () {34 vars in 502 bytes} [Fri Jul 10 15:47:19 2026] GET / => generated 1557 bytes in 4 msecs (HTTP/1.1 300) 3 headers in 106 bytes (1 switches on core 0)
Jul 10 15:47:19 devstack devstack@g-api.service[77020]: DEBUG glance.api.middleware.version_negotiation [None req-47d72b3b-0bbe-4293-8d8e-0a64c294d1e4 admin admin] Determining version of request: GET /v2/images/980bf5e0-e973-48f3-bc1f-383f924c4467 Accept: */* {{(pid=77020) process_request /opt/stack/glance/glance/api/middleware/version_negotiation.py:44}}
Jul 10 15:47:19 devstack devstack@g-api.service[77020]: DEBUG glance.api.middleware.version_negotiation [None req-47d72b3b-0bbe-4293-8d8e-0a64c294d1e4 admin admin] Using url versioning {{(pid=77020) process_request /opt/stack/glance/glance/api/middleware/version_negotiation.py:57}}
Jul 10 15:47:19 devstack devstack@g-api.service[77020]: DEBUG glance.api.middleware.version_negotiation [None req-47d72b3b-0bbe-4293-8d8e-0a64c294d1e4 admin admin] Matched version: v2 {{(pid=77020) process_request /opt/stack/glance/glance/api/middleware/version_negotiation.py:69}}
Jul 10 15:47:19 devstack devstack@g-api.service[77020]: DEBUG glance.api.middleware.version_negotiation [None req-47d72b3b-0bbe-4293-8d8e-0a64c294d1e4 admin admin] new path /v2/images/980bf5e0-e973-48f3-bc1f-383f924c4467 {{(pid=77020) process_request /opt/stack/glance/glance/api/middleware/version_negotiation.py:70}}
Jul 10 15:47:19 devstack devstack@g-api.service[77020]: [pid: 77020|app: 0|req: 8/14] 127.0.0.1 () {42 vars in 1058 bytes} [Fri Jul 10 15:47:19 2026] GET /v2/images/980bf5e0-e973-48f3-bc1f-383f924c4467 => generated 976 bytes in 352 msecs (HTTP/1.1 200) 4 headers in 157 bytes (1 switches on core 0)
Jul 10 15:47:19 devstack devstack@g-api.service[77021]: DEBUG glance.api.middleware.version_negotiation [None req-3d610b4d-9b8f-4909-8b07-1eeaf5f410a6 admin admin] Determining version of request: GET /v2/schemas/image Accept: */* {{(pid=77021) process_request /opt/stack/glance/glance/api/middleware/version_negotiation.py:44}}
Jul 10 15:47:19 devstack devstack@g-api.service[77021]: DEBUG glance.api.middleware.version_negotiation [None req-3d610b4d-9b8f-4909-8b07-1eeaf5f410a6 admin admin] Using url versioning {{(pid=77021) process_request /opt/stack/glance/glance/api/middleware/version_negotiation.py:57}}
Jul 10 15:47:19 devstack devstack@g-api.service[77021]: DEBUG glance.api.middleware.version_negotiation [None req-3d610b4d-9b8f-4909-8b07-1eeaf5f410a6 admin admin] Matched version: v2 {{(pid=77021) process_request /opt/stack/glance/glance/api/middleware/version_negotiation.py:69}}
Jul 10 15:47:19 devstack devstack@g-api.service[77021]: DEBUG glance.api.middleware.version_negotiation [None req-3d610b4d-9b8f-4909-8b07-1eeaf5f410a6 admin admin] new path /v2/schemas/image {{(pid=77021) process_request /opt/stack/glance/glance/api/middleware/version_negotiation.py:70}}
Jul 10 15:47:19 devstack devstack@g-api.service[77021]: [pid: 77021|app: 0|req: 7/15] 127.0.0.1 () {42 vars in 998 bytes} [Fri Jul 10 15:47:19 2026] GET /v2/schemas/image => generated 6083 bytes in 10 msecs (HTTP/1.1 200) 4 headers in 158 bytes (1 switches on core 0)
Jul 10 15:47:24 devstack devstack@g-api.service[77020]: DEBUG glance.api.middleware.version_negotiation [None req-772ae092-6f66-40d0-8c4a-b0111fd3b579 tempest-DeleteServersTestJSON-1023489511 tempest-DeleteServersTestJSON-1023489511-project-member] Determining version of request: GET / Accept: application/json {{(pid=77020) process_request /opt/stack/glance/glance/api/middleware/version_negotiation.py:44}}
Jul 10 15:47:24 devstack devstack@g-api.service[77020]: DEBUG glance.api.middleware.version_negotiation [None req-772ae092-6f66-40d0-8c4a-b0111fd3b579 tempest-DeleteServersTestJSON-1023489511 tempest-DeleteServersTestJSON-1023489511-project-member] Using url versioning {{(pid=77020) process_request /opt/stack/glance/glance/api/middleware/version_negotiation.py:57}}
Jul 10 15:47:24 devstack devstack@g-api.service[77020]: DEBUG glance.api.middleware.version_negotiation [None req-772ae092-6f66-40d0-8c4a-b0111fd3b579 tempest-DeleteServersTestJSON-1023489511 tempest-DeleteServersTestJSON-1023489511-project-member] Unknown version. Returning version choices. {{(pid=77020) process_request /opt/stack/glance/glance/api/middleware/version_negotiation.py:64}}
Jul 10 15:47:24 devstack devstack@g-api.service[77020]: [pid: 77020|app: 0|req: 9/16] 127.0.0.1 () {34 vars in 502 bytes} [Fri Jul 10 15:47:24 2026] GET / => generated 1557 bytes in 2 msecs (HTTP/1.1 300) 3 headers in 106 bytes (1 switches on core 0)
Jul 10 15:47:24 devstack devstack@g-api.service[77021]: DEBUG glance.api.middleware.version_negotiation [None req-772ae092-6f66-40d0-8c4a-b0111fd3b579 tempest-DeleteServersTestJSON-1023489511 tempest-DeleteServersTestJSON-1023489511-project-member] Determining version of request: GET /v2/images/980bf5e0-e973-48f3-bc1f-383f924c4467 Accept: */* {{(pid=77021) process_request /opt/stack/glance/glance/api/middleware/version_negotiation.py:44}}
Jul 10 15:47:24 devstack devstack@g-api.service[77021]: DEBUG glance.api.middleware.version_negotiation [None req-772ae092-6f66-40d0-8c4a-b0111fd3b579 tempest-DeleteServersTestJSON-1023489511 tempest-DeleteServersTestJSON-1023489511-project-member] Using url versioning {{(pid=77021) process_request /opt/stack/glance/glance/api/middleware/version_negotiation.py:57}}
Jul 10 15:47:24 devstack devstack@g-api.service[77021]: DEBUG glance.api.middleware.version_negotiation [None req-772ae092-6f66-40d0-8c4a-b0111fd3b579 tempest-DeleteServersTestJSON-1023489511 tempest-DeleteServersTestJSON-1023489511-project-member] Matched version: v2 {{(pid=77021) process_request /opt/stack/glance/glance/api/middleware/version_negotiation.py:69}}
Jul 10 15:47:24 devstack devstack@g-api.service[77021]: DEBUG glance.api.middleware.version_negotiation [None req-772ae092-6f66-40d0-8c4a-b0111fd3b579 tempest-DeleteServersTestJSON-1023489511 tempest-DeleteServersTestJSON-1023489511-project-member] new path /v2/images/980bf5e0-e973-48f3-bc1f-383f924c4467 {{(pid=77021) process_request /opt/stack/glance/glance/api/middleware/version_negotiation.py:70}}
Jul 10 15:47:25 devstack devstack@g-api.service[77021]: [pid: 77021|app: 0|req: 8/17] 127.0.0.1 () {42 vars in 1058 bytes} [Fri Jul 10 15:47:24 2026] GET /v2/images/980bf5e0-e973-48f3-bc1f-383f924c4467 => generated 976 bytes in 247 msecs (HTTP/1.1 200) 4 headers in 157 bytes (1 switches on core 0)
Jul 10 15:47:25 devstack devstack@g-api.service[77020]: DEBUG glance.api.middleware.version_negotiation [None req-772ae092-6f66-40d0-8c4a-b0111fd3b579 tempest-DeleteServersTestJSON-1023489511 tempest-DeleteServersTestJSON-1023489511-project-member] Determining version of request: GET /v2/schemas/image Accept: */* {{(pid=77020) process_request /opt/stack/glance/glance/api/middleware/version_negotiation.py:44}}
Jul 10 15:47:25 devstack devstack@g-api.service[77020]: DEBUG glance.api.middleware.version_negotiation [None req-772ae092-6f66-40d0-8c4a-b0111fd3b579 tempest-DeleteServersTestJSON-1023489511 tempest-DeleteServersTestJSON-1023489511-project-member] Using url versioning {{(pid=77020) process_request /opt/stack/glance/glance/api/middleware/version_negotiation.py:57}}
Jul 10 15:47:25 devstack devstack@g-api.service[77020]: DEBUG glance.api.middleware.version_negotiation [None req-772ae092-6f66-40d0-8c4a-b0111fd3b579 tempest-DeleteServersTestJSON-1023489511 tempest-DeleteServersTestJSON-1023489511-project-member] Matched version: v2 {{(pid=77020) process_request /opt/stack/glance/glance/api/middleware/version_negotiation.py:69}}
Jul 10 15:47:25 devstack devstack@g-api.service[77020]: DEBUG glance.api.middleware.version_negotiation [None req-772ae092-6f66-40d0-8c4a-b0111fd3b579 tempest-DeleteServersTestJSON-1023489511 tempest-DeleteServersTestJSON-1023489511-project-member] new path /v2/schemas/image {{(pid=77020) process_request /opt/stack/glance/glance/api/middleware/version_negotiation.py:70}}
Jul 10 15:47:25 devstack devstack@g-api.service[77020]: [pid: 77020|app: 0|req: 10/18] 127.0.0.1 () {42 vars in 998 bytes} [Fri Jul 10 15:47:25 2026] GET /v2/schemas/image => generated 6083 bytes in 6 msecs (HTTP/1.1 200) 4 headers in 158 bytes (1 switches on core 0)
Jul 10 15:47:29 devstack devstack@g-api.service[77020]: DEBUG dbcounter [-] [77020] Writing DB stats glance:SELECT=2 {{(pid=77020) stat_writer /opt/stack/data/venv/lib/python3.12/site-packages/dbcounter.py:115}}
Jul 10 15:47:35 devstack devstack@g-api.service[77021]: DEBUG dbcounter [-] [77021] Writing DB stats glance:SELECT=2 {{(pid=77021) stat_writer /opt/stack/data/venv/lib/python3.12/site-packages/dbcounter.py:115}}
Jul 10 15:47:39 devstack devstack@g-api.service[77021]: DEBUG glance.api.middleware.version_negotiation [None req-e52d41c2-84b5-4b1b-9c0a-9bda334188c7 tempest-ServersNegativeTestJSON-447045243 tempest-ServersNegativeTestJSON-447045243-project-member] Determining version of request: GET /v2/images/980bf5e0-e973-48f3-bc1f-383f924c4467 Accept: */* {{(pid=77021) process_request /opt/stack/glance/glance/api/middleware/version_negotiation.py:44}}
Jul 10 15:47:39 devstack devstack@g-api.service[77021]: DEBUG glance.api.middleware.version_negotiation [None req-e52d41c2-84b5-4b1b-9c0a-9bda334188c7 tempest-ServersNegativeTestJSON-447045243 tempest-ServersNegativeTestJSON-447045243-project-member] Using url versioning {{(pid=77021) process_request /opt/stack/glance/glance/api/middleware/version_negotiation.py:57}}
Jul 10 15:47:39 devstack devstack@g-api.service[77021]: DEBUG glance.api.middleware.version_negotiation [None req-e52d41c2-84b5-4b1b-9c0a-9bda334188c7 tempest-ServersNegativeTestJSON-447045243 tempest-ServersNegativeTestJSON-447045243-project-member] Matched version: v2 {{(pid=77021) process_request /opt/stack/glance/glance/api/middleware/version_negotiation.py:69}}
Jul 10 15:47:39 devstack devstack@g-api.service[77021]: DEBUG glance.api.middleware.version_negotiation [None req-e52d41c2-84b5-4b1b-9c0a-9bda334188c7 tempest-ServersNegativeTestJSON-447045243 tempest-ServersNegativeTestJSON-447045243-project-member] new path /v2/images/980bf5e0-e973-48f3-bc1f-383f924c4467 {{(pid=77021) process_request /opt/stack/glance/glance/api/middleware/version_negotiation.py:70}}
Jul 10 15:47:39 devstack devstack@g-api.service[77021]: [pid: 77021|app: 0|req: 9/19] 127.0.0.1 () {42 vars in 1058 bytes} [Fri Jul 10 15:47:39 2026] GET /v2/images/980bf5e0-e973-48f3-bc1f-383f924c4467 => generated 976 bytes in 23 msecs (HTTP/1.1 200) 4 headers in 157 bytes (1 switches on core 0)
Jul 10 15:47:39 devstack devstack@g-api.service[77020]: DEBUG glance.api.middleware.version_negotiation [None req-e52d41c2-84b5-4b1b-9c0a-9bda334188c7 tempest-ServersNegativeTestJSON-447045243 tempest-ServersNegativeTestJSON-447045243-project-member] Determining version of request: GET /v2/images/980bf5e0-e973-48f3-bc1f-383f924c4467/file Accept: */* {{(pid=77020) process_request /opt/stack/glance/glance/api/middleware/version_negotiation.py:44}}
Jul 10 15:47:39 devstack devstack@g-api.service[77020]: DEBUG glance.api.middleware.version_negotiation [None req-e52d41c2-84b5-4b1b-9c0a-9bda334188c7 tempest-ServersNegativeTestJSON-447045243 tempest-ServersNegativeTestJSON-447045243-project-member] Using url versioning {{(pid=77020) process_request /opt/stack/glance/glance/api/middleware/version_negotiation.py:57}}
Jul 10 15:47:39 devstack devstack@g-api.service[77020]: DEBUG glance.api.middleware.version_negotiation [None req-e52d41c2-84b5-4b1b-9c0a-9bda334188c7 tempest-ServersNegativeTestJSON-447045243 tempest-ServersNegativeTestJSON-447045243-project-member] Matched version: v2 {{(pid=77020) process_request /opt/stack/glance/glance/api/middleware/version_negotiation.py:69}}
Jul 10 15:47:39 devstack devstack@g-api.service[77020]: DEBUG glance.api.middleware.version_negotiation [None req-e52d41c2-84b5-4b1b-9c0a-9bda334188c7 tempest-ServersNegativeTestJSON-447045243 tempest-ServersNegativeTestJSON-447045243-project-member] new path /v2/images/980bf5e0-e973-48f3-bc1f-383f924c4467/file {{(pid=77020) process_request /opt/stack/glance/glance/api/middleware/version_negotiation.py:70}}
Jul 10 15:47:39 devstack devstack@g-api.service[77020]: DEBUG glance_store._drivers.filesystem [None req-e52d41c2-84b5-4b1b-9c0a-9bda334188c7 tempest-ServersNegativeTestJSON-447045243 tempest-ServersNegativeTestJSON-447045243-project-member] Found image at /opt/stack/data/glance/images/980bf5e0-e973-48f3-bc1f-383f924c4467. Returning in ChunkedFile. {{(pid=77020) get /opt/stack/data/venv/lib/python3.12/site-packages/glance_store/_drivers/filesystem.py:724}}
Jul 10 15:47:39 devstack devstack@g-api.service[77020]: DEBUG glance.image_cache [None req-e52d41c2-84b5-4b1b-9c0a-9bda334188c7 tempest-ServersNegativeTestJSON-447045243 tempest-ServersNegativeTestJSON-447045243-project-member] Tee'ing image '980bf5e0-e973-48f3-bc1f-383f924c4467' into cache {{(pid=77020) get_caching_iter /opt/stack/glance/glance/image_cache/__init__.py:356}}
Jul 10 15:47:40 devstack devstack@g-api.service[77020]: DEBUG glance.image_cache.drivers.centralized_db [None req-e52d41c2-84b5-4b1b-9c0a-9bda334188c7 tempest-ServersNegativeTestJSON-447045243 tempest-ServersNegativeTestJSON-447045243-project-member] Fetch finished, moving '/opt/stack/data/glance/cache/incomplete/980bf5e0-e973-48f3-bc1f-383f924c4467' to '/opt/stack/data/glance/cache/980bf5e0-e973-48f3-bc1f-383f924c4467' {{(pid=77020) commit /opt/stack/glance/glance/image_cache/drivers/centralized_db.py:243}}
Jul 10 15:47:40 devstack devstack@g-api.service[77020]: DEBUG glance.image_cache.drivers.centralized_db [None req-e52d41c2-84b5-4b1b-9c0a-9bda334188c7 tempest-ServersNegativeTestJSON-447045243 tempest-ServersNegativeTestJSON-447045243-project-member] Image cached successfully. {{(pid=77020) commit /opt/stack/glance/glance/image_cache/drivers/centralized_db.py:258}}
Jul 10 15:47:40 devstack devstack@g-api.service[77020]: [pid: 77020|app: 0|req: 11/20] 127.0.0.1 () {42 vars in 1068 bytes} [Fri Jul 10 15:47:39 2026] GET /v2/images/980bf5e0-e973-48f3-bc1f-383f924c4467/file => generated 21692416 bytes in 529 msecs (HTTP/1.1 200) 4 headers in 191 bytes (336 switches on core 0)
Jul 10 15:47:40 devstack devstack@g-api.service[77021]: DEBUG glance.api.middleware.version_negotiation [None req-e52d41c2-84b5-4b1b-9c0a-9bda334188c7 tempest-ServersNegativeTestJSON-447045243 tempest-ServersNegativeTestJSON-447045243-project-member] Determining version of request: GET /v2/images/980bf5e0-e973-48f3-bc1f-383f924c4467 Accept: */* {{(pid=77021) process_request /opt/stack/glance/glance/api/middleware/version_negotiation.py:44}}
Jul 10 15:47:40 devstack devstack@g-api.service[77021]: DEBUG glance.api.middleware.version_negotiation [None req-e52d41c2-84b5-4b1b-9c0a-9bda334188c7 tempest-ServersNegativeTestJSON-447045243 tempest-ServersNegativeTestJSON-447045243-project-member] Using url versioning {{(pid=77021) process_request /opt/stack/glance/glance/api/middleware/version_negotiation.py:57}}
Jul 10 15:47:40 devstack devstack@g-api.service[77021]: DEBUG glance.api.middleware.version_negotiation [None req-e52d41c2-84b5-4b1b-9c0a-9bda334188c7 tempest-ServersNegativeTestJSON-447045243 tempest-ServersNegativeTestJSON-447045243-project-member] Matched version: v2 {{(pid=77021) process_request /opt/stack/glance/glance/api/middleware/version_negotiation.py:69}}
Jul 10 15:47:40 devstack devstack@g-api.service[77021]: DEBUG glance.api.middleware.version_negotiation [None req-e52d41c2-84b5-4b1b-9c0a-9bda334188c7 tempest-ServersNegativeTestJSON-447045243 tempest-ServersNegativeTestJSON-447045243-project-member] new path /v2/images/980bf5e0-e973-48f3-bc1f-383f924c4467 {{(pid=77021) process_request /opt/stack/glance/glance/api/middleware/version_negotiation.py:70}}
Jul 10 15:47:40 devstack devstack@g-api.service[77021]: [pid: 77021|app: 0|req: 10/21] 127.0.0.1 () {42 vars in 1058 bytes} [Fri Jul 10 15:47:40 2026] GET /v2/images/980bf5e0-e973-48f3-bc1f-383f924c4467 => generated 976 bytes in 31 msecs (HTTP/1.1 200) 4 headers in 157 bytes (1 switches on core 0)
Jul 10 15:47:40 devstack devstack@g-api.service[77020]: DEBUG glance.api.middleware.version_negotiation [None req-e52d41c2-84b5-4b1b-9c0a-9bda334188c7 tempest-ServersNegativeTestJSON-447045243 tempest-ServersNegativeTestJSON-447045243-project-member] Determining version of request: GET /v2/schemas/image Accept: */* {{(pid=77020) process_request /opt/stack/glance/glance/api/middleware/version_negotiation.py:44}}
Jul 10 15:47:40 devstack devstack@g-api.service[77020]: DEBUG glance.api.middleware.version_negotiation [None req-e52d41c2-84b5-4b1b-9c0a-9bda334188c7 tempest-ServersNegativeTestJSON-447045243 tempest-ServersNegativeTestJSON-447045243-project-member] Using url versioning {{(pid=77020) process_request /opt/stack/glance/glance/api/middleware/version_negotiation.py:57}}
Jul 10 15:47:40 devstack devstack@g-api.service[77020]: DEBUG glance.api.middleware.version_negotiation [None req-e52d41c2-84b5-4b1b-9c0a-9bda334188c7 tempest-ServersNegativeTestJSON-447045243 tempest-ServersNegativeTestJSON-447045243-project-member] Matched version: v2 {{(pid=77020) process_request /opt/stack/glance/glance/api/middleware/version_negotiation.py:69}}
Jul 10 15:47:40 devstack devstack@g-api.service[77020]: DEBUG glance.api.middleware.version_negotiation [None req-e52d41c2-84b5-4b1b-9c0a-9bda334188c7 tempest-ServersNegativeTestJSON-447045243 tempest-ServersNegativeTestJSON-447045243-project-member] new path /v2/schemas/image {{(pid=77020) process_request /opt/stack/glance/glance/api/middleware/version_negotiation.py:70}}
Jul 10 15:47:40 devstack devstack@g-api.service[77020]: [pid: 77020|app: 0|req: 12/22] 127.0.0.1 () {42 vars in 998 bytes} [Fri Jul 10 15:47:40 2026] GET /v2/schemas/image => generated 6083 bytes in 14 msecs (HTTP/1.1 200) 4 headers in 158 bytes (1 switches on core 0)
Jul 10 15:47:46 devstack devstack@g-api.service[77021]: DEBUG glance.api.middleware.version_negotiation [None req-e52d41c2-84b5-4b1b-9c0a-9bda334188c7 tempest-ServersNegativeTestJSON-447045243 tempest-ServersNegativeTestJSON-447045243-project-member] Determining version of request: GET /v2/images/980bf5e0-e973-48f3-bc1f-383f924c4467 Accept: */* {{(pid=77021) process_request /opt/stack/glance/glance/api/middleware/version_negotiation.py:44}}
Jul 10 15:47:46 devstack devstack@g-api.service[77021]: DEBUG glance.api.middleware.version_negotiation [None req-e52d41c2-84b5-4b1b-9c0a-9bda334188c7 tempest-ServersNegativeTestJSON-447045243 tempest-ServersNegativeTestJSON-447045243-project-member] Using url versioning {{(pid=77021) process_request /opt/stack/glance/glance/api/middleware/version_negotiation.py:57}}
Jul 10 15:47:46 devstack devstack@g-api.service[77021]: DEBUG glance.api.middleware.version_negotiation [None req-e52d41c2-84b5-4b1b-9c0a-9bda334188c7 tempest-ServersNegativeTestJSON-447045243 tempest-ServersNegativeTestJSON-447045243-project-member] Matched version: v2 {{(pid=77021) process_request /opt/stack/glance/glance/api/middleware/version_negotiation.py:69}}
Jul 10 15:47:46 devstack devstack@g-api.service[77021]: DEBUG glance.api.middleware.version_negotiation [None req-e52d41c2-84b5-4b1b-9c0a-9bda334188c7 tempest-ServersNegativeTestJSON-447045243 tempest-ServersNegativeTestJSON-447045243-project-member] new path /v2/images/980bf5e0-e973-48f3-bc1f-383f924c4467 {{(pid=77021) process_request /opt/stack/glance/glance/api/middleware/version_negotiation.py:70}}
Jul 10 15:47:46 devstack devstack@g-api.service[77021]: [pid: 77021|app: 0|req: 11/23] 127.0.0.1 () {42 vars in 1058 bytes} [Fri Jul 10 15:47:46 2026] GET /v2/images/980bf5e0-e973-48f3-bc1f-383f924c4467 => generated 976 bytes in 27 msecs (HTTP/1.1 200) 4 headers in 157 bytes (1 switches on core 0)
Jul 10 15:47:46 devstack devstack@g-api.service[77020]: DEBUG glance.api.middleware.version_negotiation [None req-e52d41c2-84b5-4b1b-9c0a-9bda334188c7 tempest-ServersNegativeTestJSON-447045243 tempest-ServersNegativeTestJSON-447045243-project-member] Determining version of request: GET /v2/schemas/image Accept: */* {{(pid=77020) process_request /opt/stack/glance/glance/api/middleware/version_negotiation.py:44}}
Jul 10 15:47:46 devstack devstack@g-api.service[77020]: DEBUG glance.api.middleware.version_negotiation [None req-e52d41c2-84b5-4b1b-9c0a-9bda334188c7 tempest-ServersNegativeTestJSON-447045243 tempest-ServersNegativeTestJSON-447045243-project-member] Using url versioning {{(pid=77020) process_request /opt/stack/glance/glance/api/middleware/version_negotiation.py:57}}
Jul 10 15:47:46 devstack devstack@g-api.service[77020]: DEBUG glance.api.middleware.version_negotiation [None req-e52d41c2-84b5-4b1b-9c0a-9bda334188c7 tempest-ServersNegativeTestJSON-447045243 tempest-ServersNegativeTestJSON-447045243-project-member] Matched version: v2 {{(pid=77020) process_request /opt/stack/glance/glance/api/middleware/version_negotiation.py:69}}
Jul 10 15:47:46 devstack devstack@g-api.service[77020]: DEBUG glance.api.middleware.version_negotiation [None req-e52d41c2-84b5-4b1b-9c0a-9bda334188c7 tempest-ServersNegativeTestJSON-447045243 tempest-ServersNegativeTestJSON-447045243-project-member] new path /v2/schemas/image {{(pid=77020) process_request /opt/stack/glance/glance/api/middleware/version_negotiation.py:70}}
Jul 10 15:47:46 devstack devstack@g-api.service[77020]: [pid: 77020|app: 0|req: 13/24] 127.0.0.1 () {42 vars in 998 bytes} [Fri Jul 10 15:47:46 2026] GET /v2/schemas/image => generated 6083 bytes in 12 msecs (HTTP/1.1 200) 4 headers in 158 bytes (1 switches on core 0)
