Jul 10 15:52:10 devstack cinder-volume[87420]: DEBUG oslo.privsep.daemon [-] privsep: reply[2b6d6226-a043-4fc5-81cf-1e46df5b881a]: (4, 'qcow2') {{(pid=88516) _call_back /opt/stack/data/venv/lib/python3.12/site-packages/oslo_privsep/daemon.py:580}}
Jul 10 15:52:10 devstack cinder-volume[87420]: DEBUG oslo_concurrency.processutils [None req-a07c321e-a0d8-4082-b6c7-1633cc1886ef tempest-GroupsV314Test-1609463789 None] Running cmd (subprocess): /opt/stack/data/venv/bin/python3.12 -m oslo_concurrency.prlimit --as=1073741824 --cpu=60 -- sudo cinder-rootwrap /etc/cinder/rootwrap.conf env LC_ALL=C qemu-img info -f qcow2 --output=json --force-share /opt/stack/data/cinder/mnt/e46885a652eea9f6a5c0327d29b648fd/volume-895188c1-5fef-49e9-9efd-71a7854a8f5e {{(pid=87420) execute /opt/stack/data/venv/lib/python3.12/site-packages/oslo_concurrency/processutils.py:440}}
Jul 10 15:52:10 devstack sudo[91987]: quobyte : PWD=/ ; USER=root ; COMMAND=/opt/stack/data/venv/bin/cinder-rootwrap /etc/cinder/rootwrap.conf env LC_ALL=C qemu-img info -f qcow2 --output=json --force-share /opt/stack/data/cinder/mnt/e46885a652eea9f6a5c0327d29b648fd/volume-895188c1-5fef-49e9-9efd-71a7854a8f5e
Jul 10 15:52:10 devstack sudo[91987]: pam_unix(sudo:session): session opened for user root(uid=0) by (uid=1000)
Jul 10 15:52:11 devstack sudo[91987]: pam_unix(sudo:session): session closed for user root
Jul 10 15:52:11 devstack cinder-volume[87420]: DEBUG oslo_concurrency.processutils [None req-a07c321e-a0d8-4082-b6c7-1633cc1886ef tempest-GroupsV314Test-1609463789 None] CMD "/opt/stack/data/venv/bin/python3.12 -m oslo_concurrency.prlimit --as=1073741824 --cpu=60 -- sudo cinder-rootwrap /etc/cinder/rootwrap.conf env LC_ALL=C qemu-img info -f qcow2 --output=json --force-share /opt/stack/data/cinder/mnt/e46885a652eea9f6a5c0327d29b648fd/volume-895188c1-5fef-49e9-9efd-71a7854a8f5e" returned: 0 in 1.169s {{(pid=87420) execute /opt/stack/data/venv/lib/python3.12/site-packages/oslo_concurrency/processutils.py:468}}
Jul 10 15:52:11 devstack cinder-volume[87420]: DEBUG oslo_concurrency.processutils [None req-a07c321e-a0d8-4082-b6c7-1633cc1886ef tempest-GroupsV314Test-1609463789 None] Running cmd (subprocess): sudo cinder-rootwrap /etc/cinder/rootwrap.conf qemu-img create -f qcow2 -o backing_file=/opt/stack/data/cinder/mnt/e46885a652eea9f6a5c0327d29b648fd/volume-895188c1-5fef-49e9-9efd-71a7854a8f5e,backing_fmt=qcow2 /opt/stack/data/cinder/mnt/e46885a652eea9f6a5c0327d29b648fd/volume-895188c1-5fef-49e9-9efd-71a7854a8f5e.95525ab1-20d4-4224-96a2-a47fe895f731 1G {{(pid=87420) execute /opt/stack/data/venv/lib/python3.12/site-packages/oslo_concurrency/processutils.py:440}}
Jul 10 15:52:11 devstack sudo[91992]: quobyte : PWD=/ ; USER=root ; COMMAND=/opt/stack/data/venv/bin/cinder-rootwrap /etc/cinder/rootwrap.conf qemu-img create -f qcow2 -o backing_file=/opt/stack/data/cinder/mnt/e46885a652eea9f6a5c0327d29b648fd/volume-895188c1-5fef-49e9-9efd-71a7854a8f5e,backing_fmt=qcow2 /opt/stack/data/cinder/mnt/e46885a652eea9f6a5c0327d29b648fd/volume-895188c1-5fef-49e9-9efd-71a7854a8f5e.95525ab1-20d4-4224-96a2-a47fe895f731 1G
Jul 10 15:52:11 devstack sudo[91992]: pam_unix(sudo:session): session opened for user root(uid=0) by (uid=1000)
Jul 10 15:52:12 devstack sudo[91992]: pam_unix(sudo:session): session closed for user root
Jul 10 15:52:12 devstack cinder-volume[87420]: DEBUG oslo_concurrency.processutils [None req-a07c321e-a0d8-4082-b6c7-1633cc1886ef tempest-GroupsV314Test-1609463789 None] CMD "sudo cinder-rootwrap /etc/cinder/rootwrap.conf qemu-img create -f qcow2 -o backing_file=/opt/stack/data/cinder/mnt/e46885a652eea9f6a5c0327d29b648fd/volume-895188c1-5fef-49e9-9efd-71a7854a8f5e,backing_fmt=qcow2 /opt/stack/data/cinder/mnt/e46885a652eea9f6a5c0327d29b648fd/volume-895188c1-5fef-49e9-9efd-71a7854a8f5e.95525ab1-20d4-4224-96a2-a47fe895f731 1G" returned: 0 in 1.233s {{(pid=87420) execute /opt/stack/data/venv/lib/python3.12/site-packages/oslo_concurrency/processutils.py:468}}
Jul 10 15:52:12 devstack cinder-volume[87420]: DEBUG oslo_concurrency.processutils [None req-a07c321e-a0d8-4082-b6c7-1633cc1886ef tempest-GroupsV314Test-1609463789 None] Running cmd (subprocess): sudo cinder-rootwrap /etc/cinder/rootwrap.conf qemu-img rebase -u -b volume-895188c1-5fef-49e9-9efd-71a7854a8f5e -F qcow2 /opt/stack/data/cinder/mnt/e46885a652eea9f6a5c0327d29b648fd/volume-895188c1-5fef-49e9-9efd-71a7854a8f5e.95525ab1-20d4-4224-96a2-a47fe895f731 {{(pid=87420) execute /opt/stack/data/venv/lib/python3.12/site-packages/oslo_concurrency/processutils.py:440}}
Jul 10 15:52:12 devstack sudo[91998]: quobyte : PWD=/ ; USER=root ; COMMAND=/opt/stack/data/venv/bin/cinder-rootwrap /etc/cinder/rootwrap.conf qemu-img rebase -u -b volume-895188c1-5fef-49e9-9efd-71a7854a8f5e -F qcow2 /opt/stack/data/cinder/mnt/e46885a652eea9f6a5c0327d29b648fd/volume-895188c1-5fef-49e9-9efd-71a7854a8f5e.95525ab1-20d4-4224-96a2-a47fe895f731
Jul 10 15:52:12 devstack sudo[91998]: pam_unix(sudo:session): session opened for user root(uid=0) by (uid=1000)
Jul 10 15:52:13 devstack sudo[91998]: pam_unix(sudo:session): session closed for user root
Jul 10 15:52:13 devstack cinder-volume[87420]: DEBUG oslo_concurrency.processutils [None req-a07c321e-a0d8-4082-b6c7-1633cc1886ef tempest-GroupsV314Test-1609463789 None] CMD "sudo cinder-rootwrap /etc/cinder/rootwrap.conf qemu-img rebase -u -b volume-895188c1-5fef-49e9-9efd-71a7854a8f5e -F qcow2 /opt/stack/data/cinder/mnt/e46885a652eea9f6a5c0327d29b648fd/volume-895188c1-5fef-49e9-9efd-71a7854a8f5e.95525ab1-20d4-4224-96a2-a47fe895f731" returned: 0 in 0.941s {{(pid=87420) execute /opt/stack/data/venv/lib/python3.12/site-packages/oslo_concurrency/processutils.py:468}}
Jul 10 15:52:13 devstack cinder-volume[87420]: WARNING cinder.volume.drivers.remotefs [None req-a07c321e-a0d8-4082-b6c7-1633cc1886ef tempest-GroupsV314Test-1609463789 None] /opt/stack/data/cinder/mnt/e46885a652eea9f6a5c0327d29b648fd/volume-895188c1-5fef-49e9-9efd-71a7854a8f5e.95525ab1-20d4-4224-96a2-a47fe895f731 is being set with open permissions: ugo+rw: NotImplementedError
Jul 10 15:52:13 devstack cinder-volume[87420]: DEBUG oslo_concurrency.processutils [None req-a07c321e-a0d8-4082-b6c7-1633cc1886ef tempest-GroupsV314Test-1609463789 None] Running cmd (subprocess): sudo cinder-rootwrap /etc/cinder/rootwrap.conf chmod ugo+rw /opt/stack/data/cinder/mnt/e46885a652eea9f6a5c0327d29b648fd/volume-895188c1-5fef-49e9-9efd-71a7854a8f5e.95525ab1-20d4-4224-96a2-a47fe895f731 {{(pid=87420) execute /opt/stack/data/venv/lib/python3.12/site-packages/oslo_concurrency/processutils.py:440}}
Jul 10 15:52:13 devstack sudo[92004]: quobyte : PWD=/ ; USER=root ; COMMAND=/opt/stack/data/venv/bin/cinder-rootwrap /etc/cinder/rootwrap.conf chmod ugo+rw /opt/stack/data/cinder/mnt/e46885a652eea9f6a5c0327d29b648fd/volume-895188c1-5fef-49e9-9efd-71a7854a8f5e.95525ab1-20d4-4224-96a2-a47fe895f731
Jul 10 15:52:13 devstack sudo[92004]: pam_unix(sudo:session): session opened for user root(uid=0) by (uid=1000)
Jul 10 15:52:14 devstack sudo[92004]: pam_unix(sudo:session): session closed for user root
Jul 10 15:52:14 devstack cinder-volume[87420]: DEBUG oslo_concurrency.processutils [None req-a07c321e-a0d8-4082-b6c7-1633cc1886ef tempest-GroupsV314Test-1609463789 None] CMD "sudo cinder-rootwrap /etc/cinder/rootwrap.conf chmod ugo+rw /opt/stack/data/cinder/mnt/e46885a652eea9f6a5c0327d29b648fd/volume-895188c1-5fef-49e9-9efd-71a7854a8f5e.95525ab1-20d4-4224-96a2-a47fe895f731" returned: 0 in 1.040s {{(pid=87420) execute /opt/stack/data/venv/lib/python3.12/site-packages/oslo_concurrency/processutils.py:468}}
Jul 10 15:52:14 devstack cinder-volume[87420]: DEBUG oslo_concurrency.processutils [None req-a07c321e-a0d8-4082-b6c7-1633cc1886ef tempest-GroupsV314Test-1609463789 None] Running cmd (subprocess): sudo cinder-rootwrap /etc/cinder/rootwrap.conf truncate -s0 /opt/stack/data/cinder/mnt/e46885a652eea9f6a5c0327d29b648fd/volume-895188c1-5fef-49e9-9efd-71a7854a8f5e.info {{(pid=87420) execute /opt/stack/data/venv/lib/python3.12/site-packages/oslo_concurrency/processutils.py:440}}
Jul 10 15:52:14 devstack sudo[92010]: quobyte : PWD=/ ; USER=root ; COMMAND=/opt/stack/data/venv/bin/cinder-rootwrap /etc/cinder/rootwrap.conf truncate -s0 /opt/stack/data/cinder/mnt/e46885a652eea9f6a5c0327d29b648fd/volume-895188c1-5fef-49e9-9efd-71a7854a8f5e.info
Jul 10 15:52:14 devstack sudo[92010]: pam_unix(sudo:session): session opened for user root(uid=0) by (uid=1000)
Jul 10 15:52:15 devstack sudo[92010]: pam_unix(sudo:session): session closed for user root
Jul 10 15:52:15 devstack cinder-volume[87420]: DEBUG oslo_concurrency.processutils [None req-a07c321e-a0d8-4082-b6c7-1633cc1886ef tempest-GroupsV314Test-1609463789 None] CMD "sudo cinder-rootwrap /etc/cinder/rootwrap.conf truncate -s0 /opt/stack/data/cinder/mnt/e46885a652eea9f6a5c0327d29b648fd/volume-895188c1-5fef-49e9-9efd-71a7854a8f5e.info" returned: 0 in 1.180s {{(pid=87420) execute /opt/stack/data/venv/lib/python3.12/site-packages/oslo_concurrency/processutils.py:468}}
Jul 10 15:52:15 devstack cinder-volume[87420]: WARNING cinder.volume.drivers.remotefs [None req-a07c321e-a0d8-4082-b6c7-1633cc1886ef tempest-GroupsV314Test-1609463789 None] /opt/stack/data/cinder/mnt/e46885a652eea9f6a5c0327d29b648fd/volume-895188c1-5fef-49e9-9efd-71a7854a8f5e.info is being set with open permissions: ugo+rw: NotImplementedError
Jul 10 15:52:15 devstack cinder-volume[87420]: DEBUG oslo_concurrency.processutils [None req-a07c321e-a0d8-4082-b6c7-1633cc1886ef tempest-GroupsV314Test-1609463789 None] Running cmd (subprocess): sudo cinder-rootwrap /etc/cinder/rootwrap.conf chmod ugo+rw /opt/stack/data/cinder/mnt/e46885a652eea9f6a5c0327d29b648fd/volume-895188c1-5fef-49e9-9efd-71a7854a8f5e.info {{(pid=87420) execute /opt/stack/data/venv/lib/python3.12/site-packages/oslo_concurrency/processutils.py:440}}
Jul 10 15:52:15 devstack sudo[92013]: quobyte : PWD=/ ; USER=root ; COMMAND=/opt/stack/data/venv/bin/cinder-rootwrap /etc/cinder/rootwrap.conf chmod ugo+rw /opt/stack/data/cinder/mnt/e46885a652eea9f6a5c0327d29b648fd/volume-895188c1-5fef-49e9-9efd-71a7854a8f5e.info
Jul 10 15:52:15 devstack sudo[92013]: pam_unix(sudo:session): session opened for user root(uid=0) by (uid=1000)
Jul 10 15:52:16 devstack sudo[92013]: pam_unix(sudo:session): session closed for user root
Jul 10 15:52:16 devstack cinder-volume[87420]: DEBUG oslo_concurrency.processutils [None req-a07c321e-a0d8-4082-b6c7-1633cc1886ef tempest-GroupsV314Test-1609463789 None] CMD "sudo cinder-rootwrap /etc/cinder/rootwrap.conf chmod ugo+rw /opt/stack/data/cinder/mnt/e46885a652eea9f6a5c0327d29b648fd/volume-895188c1-5fef-49e9-9efd-71a7854a8f5e.info" returned: 0 in 0.730s {{(pid=87420) execute /opt/stack/data/venv/lib/python3.12/site-packages/oslo_concurrency/processutils.py:468}}
Jul 10 15:52:16 devstack cinder-volume[87420]: DEBUG cinder.coordination [None req-a07c321e-a0d8-4082-b6c7-1633cc1886ef tempest-GroupsV314Test-1609463789 None] Acquiring lock "cinder-quobyte-34c9f9d0-fff2-4f52-b003-22ce451d5e05" by "_copy_volume_from_snapshot" {{(pid=87420) __acquire /opt/stack/cinder/cinder/coordination.py:138}}
Jul 10 15:52:16 devstack cinder-volume[87420]: DEBUG cinder.coordination [None req-a07c321e-a0d8-4082-b6c7-1633cc1886ef tempest-GroupsV314Test-1609463789 None] Lock "cinder-quobyte-34c9f9d0-fff2-4f52-b003-22ce451d5e05" acquired by "_copy_volume_from_snapshot" :: waited 0.019s {{(pid=87420) __acquire /opt/stack/cinder/cinder/coordination.py:141}}
Jul 10 15:52:16 devstack cinder-volume[87420]: DEBUG cinder.volume.drivers.quobyte [None req-a07c321e-a0d8-4082-b6c7-1633cc1886ef tempest-GroupsV314Test-1609463789 None] snapshot: 95525ab1-20d4-4224-96a2-a47fe895f731, volume: 34c9f9d0-fff2-4f52-b003-22ce451d5e05, {{(pid=87420) _copy_volume_from_snapshot /opt/stack/cinder/cinder/volume/drivers/quobyte.py:401}}
Jul 10 15:52:16 devstack cinder-volume[87420]: DEBUG oslo_concurrency.lockutils [None req-a07c321e-a0d8-4082-b6c7-1633cc1886ef tempest-GroupsV314Test-1609463789 None] Acquiring lock "quobyte_ensure" by "cinder.volume.drivers.quobyte.QuobyteDriver._ensure_shares_mounted" {{(pid=87420) inner /opt/stack/data/venv/lib/python3.12/site-packages/oslo_concurrency/lockutils.py:511}}
Jul 10 15:52:16 devstack cinder-volume[87420]: DEBUG oslo_concurrency.lockutils [None req-a07c321e-a0d8-4082-b6c7-1633cc1886ef tempest-GroupsV314Test-1609463789 None] Lock "quobyte_ensure" acquired by "cinder.volume.drivers.quobyte.QuobyteDriver._ensure_shares_mounted" :: waited 0.002s {{(pid=87420) inner /opt/stack/data/venv/lib/python3.12/site-packages/oslo_concurrency/lockutils.py:524}}
Jul 10 15:52:16 devstack cinder-volume[87420]: DEBUG cinder.volume.drivers.quobyte [None req-a07c321e-a0d8-4082-b6c7-1633cc1886ef tempest-GroupsV314Test-1609463789 None] Quobyte Volume URL set to: {'osci02.corp.quobyte.com/cinder-vol-1faaa6e7-d7a6-4d70-b623-a36fde166c80': None} {{(pid=87420) _load_shares_config /opt/stack/cinder/cinder/volume/drivers/quobyte.py:617}}
Jul 10 15:52:16 devstack cinder-volume[87420]: DEBUG cinder.volume.drivers.quobyte [None req-a07c321e-a0d8-4082-b6c7-1633cc1886ef tempest-GroupsV314Test-1609463789 None] Available shares ['osci02.corp.quobyte.com/cinder-vol-1faaa6e7-d7a6-4d70-b623-a36fde166c80'] {{(pid=87420) _ensure_shares_mounted /opt/stack/cinder/cinder/volume/drivers/quobyte.py:647}}
Jul 10 15:52:16 devstack cinder-volume[87420]: DEBUG oslo_concurrency.lockutils [None req-a07c321e-a0d8-4082-b6c7-1633cc1886ef tempest-GroupsV314Test-1609463789 None] Lock "quobyte_ensure" "released" by "cinder.volume.drivers.quobyte.QuobyteDriver._ensure_shares_mounted" :: held 0.011s {{(pid=87420) inner /opt/stack/data/venv/lib/python3.12/site-packages/oslo_concurrency/lockutils.py:543}}
Jul 10 15:52:16 devstack cinder-volume[87420]: DEBUG oslo.privsep.daemon [-] privsep: reply[1185a30b-8d90-4e4e-857a-b668c834295a]: (4, 'qcow2') {{(pid=88516) _call_back /opt/stack/data/venv/lib/python3.12/site-packages/oslo_privsep/daemon.py:580}}
Jul 10 15:52:16 devstack cinder-volume[87420]: DEBUG oslo_concurrency.processutils [None req-a07c321e-a0d8-4082-b6c7-1633cc1886ef tempest-GroupsV314Test-1609463789 None] Running cmd (subprocess): /opt/stack/data/venv/bin/python3.12 -m oslo_concurrency.prlimit --as=1073741824 --cpu=60 -- sudo cinder-rootwrap /etc/cinder/rootwrap.conf env LC_ALL=C qemu-img info -f qcow2 --output=json --force-share /opt/stack/data/cinder/mnt/e46885a652eea9f6a5c0327d29b648fd/volume-895188c1-5fef-49e9-9efd-71a7854a8f5e.95525ab1-20d4-4224-96a2-a47fe895f731 {{(pid=87420) execute /opt/stack/data/venv/lib/python3.12/site-packages/oslo_concurrency/processutils.py:440}}
Jul 10 15:52:16 devstack sudo[92016]: quobyte : PWD=/ ; USER=root ; COMMAND=/opt/stack/data/venv/bin/cinder-rootwrap /etc/cinder/rootwrap.conf env LC_ALL=C qemu-img info -f qcow2 --output=json --force-share /opt/stack/data/cinder/mnt/e46885a652eea9f6a5c0327d29b648fd/volume-895188c1-5fef-49e9-9efd-71a7854a8f5e.95525ab1-20d4-4224-96a2-a47fe895f731
Jul 10 15:52:16 devstack sudo[92016]: pam_unix(sudo:session): session opened for user root(uid=0) by (uid=1000)
Jul 10 15:52:17 devstack cinder-volume[87420]: DEBUG oslo_service.periodic_task [None req-455bd79a-5746-4ca5-a328-355979282c01 None None] Running periodic task VolumeManager.publish_service_capabilities {{(pid=87420) run_periodic_tasks /opt/stack/data/venv/lib/python3.12/site-packages/oslo_service/periodic_task.py:225}}
Jul 10 15:52:17 devstack cinder-volume[87420]: DEBUG oslo_concurrency.lockutils [None req-455bd79a-5746-4ca5-a328-355979282c01 None None] Acquiring lock "quobyte_ensure" by "cinder.volume.drivers.quobyte.QuobyteDriver._ensure_shares_mounted" {{(pid=87420) inner /opt/stack/data/venv/lib/python3.12/site-packages/oslo_concurrency/lockutils.py:511}}
Jul 10 15:52:17 devstack cinder-volume[87420]: DEBUG oslo_concurrency.lockutils [None req-455bd79a-5746-4ca5-a328-355979282c01 None None] Lock "quobyte_ensure" acquired by "cinder.volume.drivers.quobyte.QuobyteDriver._ensure_shares_mounted" :: waited 0.001s {{(pid=87420) inner /opt/stack/data/venv/lib/python3.12/site-packages/oslo_concurrency/lockutils.py:524}}
Jul 10 15:52:17 devstack cinder-volume[87420]: DEBUG cinder.volume.drivers.quobyte [None req-455bd79a-5746-4ca5-a328-355979282c01 None None] Quobyte Volume URL set to: {'osci02.corp.quobyte.com/cinder-vol-1faaa6e7-d7a6-4d70-b623-a36fde166c80': None} {{(pid=87420) _load_shares_config /opt/stack/cinder/cinder/volume/drivers/quobyte.py:617}}
Jul 10 15:52:17 devstack cinder-volume[87420]: DEBUG cinder.volume.drivers.quobyte [None req-455bd79a-5746-4ca5-a328-355979282c01 None None] Available shares ['osci02.corp.quobyte.com/cinder-vol-1faaa6e7-d7a6-4d70-b623-a36fde166c80'] {{(pid=87420) _ensure_shares_mounted /opt/stack/cinder/cinder/volume/drivers/quobyte.py:647}}
Jul 10 15:52:17 devstack cinder-volume[87420]: DEBUG oslo_concurrency.lockutils [None req-455bd79a-5746-4ca5-a328-355979282c01 None None] Lock "quobyte_ensure" "released" by "cinder.volume.drivers.quobyte.QuobyteDriver._ensure_shares_mounted" :: held 0.016s {{(pid=87420) inner /opt/stack/data/venv/lib/python3.12/site-packages/oslo_concurrency/lockutils.py:543}}
Jul 10 15:52:17 devstack cinder-volume[87420]: DEBUG oslo_concurrency.processutils [None req-455bd79a-5746-4ca5-a328-355979282c01 None None] Running cmd (subprocess): sudo cinder-rootwrap /etc/cinder/rootwrap.conf df --portability --block-size 1 /opt/stack/data/cinder/mnt/e46885a652eea9f6a5c0327d29b648fd {{(pid=87420) execute /opt/stack/data/venv/lib/python3.12/site-packages/oslo_concurrency/processutils.py:440}}
Jul 10 15:52:17 devstack sudo[92018]: quobyte : PWD=/ ; USER=root ; COMMAND=/opt/stack/data/venv/bin/cinder-rootwrap /etc/cinder/rootwrap.conf df --portability --block-size 1 /opt/stack/data/cinder/mnt/e46885a652eea9f6a5c0327d29b648fd
Jul 10 15:52:17 devstack sudo[92018]: pam_unix(sudo:session): session opened for user root(uid=0) by (uid=1000)
Jul 10 15:52:17 devstack sudo[92016]: pam_unix(sudo:session): session closed for user root
Jul 10 15:52:17 devstack cinder-volume[87420]: DEBUG oslo_concurrency.processutils [None req-a07c321e-a0d8-4082-b6c7-1633cc1886ef tempest-GroupsV314Test-1609463789 None] CMD "/opt/stack/data/venv/bin/python3.12 -m oslo_concurrency.prlimit --as=1073741824 --cpu=60 -- sudo cinder-rootwrap /etc/cinder/rootwrap.conf env LC_ALL=C qemu-img info -f qcow2 --output=json --force-share /opt/stack/data/cinder/mnt/e46885a652eea9f6a5c0327d29b648fd/volume-895188c1-5fef-49e9-9efd-71a7854a8f5e.95525ab1-20d4-4224-96a2-a47fe895f731" returned: 0 in 1.060s {{(pid=87420) execute /opt/stack/data/venv/lib/python3.12/site-packages/oslo_concurrency/processutils.py:468}}
Jul 10 15:52:17 devstack cinder-volume[87420]: DEBUG cinder.volume.drivers.remotefs [None req-a07c321e-a0d8-4082-b6c7-1633cc1886ef tempest-GroupsV314Test-1609463789 None] Fetching qemu-img info with special backing_file_template: (/opt/stack/data/cinder/mnt/[0-9a-f]+/)?(volume-895188c1-5fef-49e9-9efd-71a7854a8f5e(.(tmp-snap-)?[0-9a-f-]+)?|volume_from_snapshot_cache/(tmp-snap-)?[0-9a-f-]+(.(child-|parent-)[0-9a-f-]+)?)$ {{(pid=87420) _qemu_img_info_base /opt/stack/cinder/cinder/volume/drivers/remotefs.py:896}}
Jul 10 15:52:17 devstack cinder-volume[87420]: DEBUG cinder.volume.drivers.quobyte [None req-a07c321e-a0d8-4082-b6c7-1633cc1886ef tempest-GroupsV314Test-1609463789 None] will copy from snapshot at /opt/stack/data/cinder/mnt/e46885a652eea9f6a5c0327d29b648fd/volume-895188c1-5fef-49e9-9efd-71a7854a8f5e {{(pid=87420) _copy_volume_from_snapshot /opt/stack/cinder/cinder/volume/drivers/quobyte.py:420}}
Jul 10 15:52:17 devstack cinder-volume[87420]: DEBUG cinder.volume.drivers.quobyte [None req-a07c321e-a0d8-4082-b6c7-1633cc1886ef tempest-GroupsV314Test-1609463789 None] Creating direct copy from snapshot {{(pid=87420) _copy_volume_from_snapshot /opt/stack/cinder/cinder/volume/drivers/quobyte.py:428}}
Jul 10 15:52:17 devstack cinder-volume[87420]: DEBUG oslo.privsep.daemon [-] privsep: reply[4aeeef4a-96d2-4bad-8f9d-542d5b6052ea]: (4, 'qcow2') {{(pid=88516) _call_back /opt/stack/data/venv/lib/python3.12/site-packages/oslo_privsep/daemon.py:580}}
Jul 10 15:52:17 devstack cinder-volume[87420]: DEBUG oslo_concurrency.processutils [None req-a07c321e-a0d8-4082-b6c7-1633cc1886ef tempest-GroupsV314Test-1609463789 None] Running cmd (subprocess): /opt/stack/data/venv/bin/python3.12 -m oslo_concurrency.prlimit --as=1073741824 --cpu=60 -- sudo cinder-rootwrap /etc/cinder/rootwrap.conf env LC_ALL=C qemu-img info -f qcow2 --output=json /opt/stack/data/cinder/mnt/e46885a652eea9f6a5c0327d29b648fd/volume-895188c1-5fef-49e9-9efd-71a7854a8f5e {{(pid=87420) execute /opt/stack/data/venv/lib/python3.12/site-packages/oslo_concurrency/processutils.py:440}}
Jul 10 15:52:17 devstack sudo[92026]: quobyte : PWD=/ ; USER=root ; COMMAND=/opt/stack/data/venv/bin/cinder-rootwrap /etc/cinder/rootwrap.conf env LC_ALL=C qemu-img info -f qcow2 --output=json /opt/stack/data/cinder/mnt/e46885a652eea9f6a5c0327d29b648fd/volume-895188c1-5fef-49e9-9efd-71a7854a8f5e
Jul 10 15:52:17 devstack sudo[92026]: pam_unix(sudo:session): session opened for user root(uid=0) by (uid=1000)
Jul 10 15:52:18 devstack sudo[92018]: pam_unix(sudo:session): session closed for user root
Jul 10 15:52:18 devstack cinder-volume[87420]: DEBUG oslo_concurrency.processutils [None req-455bd79a-5746-4ca5-a328-355979282c01 None None] CMD "sudo cinder-rootwrap /etc/cinder/rootwrap.conf df --portability --block-size 1 /opt/stack/data/cinder/mnt/e46885a652eea9f6a5c0327d29b648fd" returned: 0 in 0.964s {{(pid=87420) execute /opt/stack/data/venv/lib/python3.12/site-packages/oslo_concurrency/processutils.py:468}}
Jul 10 15:52:18 devstack cinder-volume[87420]: DEBUG cinder.manager [None req-455bd79a-5746-4ca5-a328-355979282c01 None None] Notifying Schedulers of capabilities ... {{(pid=87420) _publish_service_capabilities /opt/stack/cinder/cinder/manager.py:219}}
Jul 10 15:52:18 devstack cinder-volume[87420]: DEBUG oslo_service.periodic_task [None req-455bd79a-5746-4ca5-a328-355979282c01 None None] Running periodic task VolumeManager._thread_info {{(pid=87420) run_periodic_tasks /opt/stack/data/venv/lib/python3.12/site-packages/oslo_service/periodic_task.py:225}}
Jul 10 15:52:18 devstack cinder-volume[87420]: DEBUG cinder.volume.manager [None req-455bd79a-5746-4ca5-a328-355979282c01 None None] thread count: 8 {{(pid=87420) _thread_info /opt/stack/cinder/cinder/volume/manager.py:5472}}
Jul 10 15:52:18 devstack cinder-volume[87420]: DEBUG cinder.volume.manager [None req-455bd79a-5746-4ca5-a328-355979282c01 None None] thread info: [<_MainThread(MainThread, started 133639250378880)>, , , , , , , ] {{(pid=87420) _thread_info /opt/stack/cinder/cinder/volume/manager.py:5473}}
Jul 10 15:52:18 devstack sudo[92026]: pam_unix(sudo:session): session closed for user root
Jul 10 15:52:18 devstack cinder-volume[87420]: DEBUG oslo_concurrency.processutils [None req-a07c321e-a0d8-4082-b6c7-1633cc1886ef tempest-GroupsV314Test-1609463789 None] CMD "/opt/stack/data/venv/bin/python3.12 -m oslo_concurrency.prlimit --as=1073741824 --cpu=60 -- sudo cinder-rootwrap /etc/cinder/rootwrap.conf env LC_ALL=C qemu-img info -f qcow2 --output=json /opt/stack/data/cinder/mnt/e46885a652eea9f6a5c0327d29b648fd/volume-895188c1-5fef-49e9-9efd-71a7854a8f5e" returned: 0 in 1.084s {{(pid=87420) execute /opt/stack/data/venv/lib/python3.12/site-packages/oslo_concurrency/processutils.py:468}}
Jul 10 15:52:18 devstack cinder-volume[87420]: DEBUG cinder.utils [None req-a07c321e-a0d8-4082-b6c7-1633cc1886ef tempest-GroupsV314Test-1609463789 None] Path /opt/stack/data/cinder/mnt/e46885a652eea9f6a5c0327d29b648fd/volume-34c9f9d0-fff2-4f52-b003-22ce451d5e05 not found in is_blk_device check {{(pid=87420) is_blk_device /opt/stack/cinder/cinder/utils.py:615}}
Jul 10 15:52:18 devstack cinder-volume[87420]: DEBUG oslo_concurrency.processutils [None req-a07c321e-a0d8-4082-b6c7-1633cc1886ef tempest-GroupsV314Test-1609463789 None] Running cmd (subprocess): sudo cinder-rootwrap /etc/cinder/rootwrap.conf qemu-img convert -O qcow2 /opt/stack/data/cinder/mnt/e46885a652eea9f6a5c0327d29b648fd/volume-895188c1-5fef-49e9-9efd-71a7854a8f5e /opt/stack/data/cinder/mnt/e46885a652eea9f6a5c0327d29b648fd/volume-34c9f9d0-fff2-4f52-b003-22ce451d5e05 {{(pid=87420) execute /opt/stack/data/venv/lib/python3.12/site-packages/oslo_concurrency/processutils.py:440}}
Jul 10 15:52:18 devstack sudo[92047]: quobyte : PWD=/ ; USER=root ; COMMAND=/opt/stack/data/venv/bin/cinder-rootwrap /etc/cinder/rootwrap.conf qemu-img convert -O qcow2 /opt/stack/data/cinder/mnt/e46885a652eea9f6a5c0327d29b648fd/volume-895188c1-5fef-49e9-9efd-71a7854a8f5e /opt/stack/data/cinder/mnt/e46885a652eea9f6a5c0327d29b648fd/volume-34c9f9d0-fff2-4f52-b003-22ce451d5e05
Jul 10 15:52:18 devstack sudo[92047]: pam_unix(sudo:session): session opened for user root(uid=0) by (uid=1000)
Jul 10 15:52:24 devstack cinder-volume[87420]: DEBUG dbcounter [-] [87420] Writing DB stats cinder:UPDATE=42,cinder:DELETE=2,cinder:SELECT=33,cinder:INSERT=9 {{(pid=87420) stat_writer /opt/stack/data/venv/lib/python3.12/site-packages/dbcounter.py:115}}
Jul 10 15:52:24 devstack cinder-volume[87420]: DEBUG dbcounter [-] [87420] Writing DB stats cinder:UPDATE=31,cinder:SELECT=31,cinder:DELETE=2,cinder:INSERT=8 {{(pid=87420) stat_writer /opt/stack/data/venv/lib/python3.12/site-packages/dbcounter.py:115}}
Jul 10 15:52:26 devstack sudo[92047]: pam_unix(sudo:session): session closed for user root
Jul 10 15:52:26 devstack cinder-volume[87420]: DEBUG oslo_concurrency.processutils [None req-a07c321e-a0d8-4082-b6c7-1633cc1886ef tempest-GroupsV314Test-1609463789 None] CMD "sudo cinder-rootwrap /etc/cinder/rootwrap.conf qemu-img convert -O qcow2 /opt/stack/data/cinder/mnt/e46885a652eea9f6a5c0327d29b648fd/volume-895188c1-5fef-49e9-9efd-71a7854a8f5e /opt/stack/data/cinder/mnt/e46885a652eea9f6a5c0327d29b648fd/volume-34c9f9d0-fff2-4f52-b003-22ce451d5e05" returned: 0 in 7.303s {{(pid=87420) execute /opt/stack/data/venv/lib/python3.12/site-packages/oslo_concurrency/processutils.py:468}}
Jul 10 15:52:26 devstack cinder-volume[87420]: DEBUG oslo.privsep.daemon [-] privsep: reply[9e311fdf-bfc5-483b-80c0-fb5c7e9f822a]: (4, 'qcow2') {{(pid=88516) _call_back /opt/stack/data/venv/lib/python3.12/site-packages/oslo_privsep/daemon.py:580}}
Jul 10 15:52:26 devstack cinder-volume[87420]: DEBUG oslo_concurrency.processutils [None req-a07c321e-a0d8-4082-b6c7-1633cc1886ef tempest-GroupsV314Test-1609463789 None] Running cmd (subprocess): /opt/stack/data/venv/bin/python3.12 -m oslo_concurrency.prlimit --as=1073741824 --cpu=60 -- sudo cinder-rootwrap /etc/cinder/rootwrap.conf env LC_ALL=C qemu-img info -f qcow2 --output=json /opt/stack/data/cinder/mnt/e46885a652eea9f6a5c0327d29b648fd/volume-895188c1-5fef-49e9-9efd-71a7854a8f5e {{(pid=87420) execute /opt/stack/data/venv/lib/python3.12/site-packages/oslo_concurrency/processutils.py:440}}
Jul 10 15:52:26 devstack sudo[92124]: quobyte : PWD=/ ; USER=root ; COMMAND=/opt/stack/data/venv/bin/cinder-rootwrap /etc/cinder/rootwrap.conf env LC_ALL=C qemu-img info -f qcow2 --output=json /opt/stack/data/cinder/mnt/e46885a652eea9f6a5c0327d29b648fd/volume-895188c1-5fef-49e9-9efd-71a7854a8f5e
Jul 10 15:52:26 devstack sudo[92124]: pam_unix(sudo:session): session opened for user root(uid=0) by (uid=1000)
Jul 10 15:52:27 devstack sudo[92124]: pam_unix(sudo:session): session closed for user root
Jul 10 15:52:27 devstack cinder-volume[87420]: DEBUG oslo_concurrency.processutils [None req-a07c321e-a0d8-4082-b6c7-1633cc1886ef tempest-GroupsV314Test-1609463789 None] CMD "/opt/stack/data/venv/bin/python3.12 -m oslo_concurrency.prlimit --as=1073741824 --cpu=60 -- sudo cinder-rootwrap /etc/cinder/rootwrap.conf env LC_ALL=C qemu-img info -f qcow2 --output=json /opt/stack/data/cinder/mnt/e46885a652eea9f6a5c0327d29b648fd/volume-895188c1-5fef-49e9-9efd-71a7854a8f5e" returned: 0 in 1.364s {{(pid=87420) execute /opt/stack/data/venv/lib/python3.12/site-packages/oslo_concurrency/processutils.py:468}}
Jul 10 15:52:27 devstack cinder-volume[87420]: DEBUG cinder.image.image_utils [None req-a07c321e-a0d8-4082-b6c7-1633cc1886ef tempest-GroupsV314Test-1609463789 None] Image conversion details: src /opt/stack/data/cinder/mnt/e46885a652eea9f6a5c0327d29b648fd/volume-895188c1-5fef-49e9-9efd-71a7854a8f5e, size 1024.00 MB, duration 7.30 sec, destination /opt/stack/data/cinder/mnt/e46885a652eea9f6a5c0327d29b648fd/volume-34c9f9d0-fff2-4f52-b003-22ce451d5e05 {{(pid=87420) _convert_image /opt/stack/cinder/cinder/image/image_utils.py:536}}
Jul 10 15:52:27 devstack cinder-volume[87420]: INFO cinder.image.image_utils [None req-a07c321e-a0d8-4082-b6c7-1633cc1886ef tempest-GroupsV314Test-1609463789 None] Converted 1024.00 MB image at 140.19 MB/s
Jul 10 15:52:27 devstack cinder-volume[87420]: WARNING cinder.volume.drivers.remotefs [None req-a07c321e-a0d8-4082-b6c7-1633cc1886ef tempest-GroupsV314Test-1609463789 None] /opt/stack/data/cinder/mnt/e46885a652eea9f6a5c0327d29b648fd/volume-34c9f9d0-fff2-4f52-b003-22ce451d5e05 is being set with open permissions: ugo+rw: NotImplementedError
Jul 10 15:52:27 devstack cinder-volume[87420]: DEBUG oslo_concurrency.processutils [None req-a07c321e-a0d8-4082-b6c7-1633cc1886ef tempest-GroupsV314Test-1609463789 None] Running cmd (subprocess): sudo cinder-rootwrap /etc/cinder/rootwrap.conf chmod ugo+rw /opt/stack/data/cinder/mnt/e46885a652eea9f6a5c0327d29b648fd/volume-34c9f9d0-fff2-4f52-b003-22ce451d5e05 {{(pid=87420) execute /opt/stack/data/venv/lib/python3.12/site-packages/oslo_concurrency/processutils.py:440}}
Jul 10 15:52:27 devstack sudo[92172]: quobyte : PWD=/ ; USER=root ; COMMAND=/opt/stack/data/venv/bin/cinder-rootwrap /etc/cinder/rootwrap.conf chmod ugo+rw /opt/stack/data/cinder/mnt/e46885a652eea9f6a5c0327d29b648fd/volume-34c9f9d0-fff2-4f52-b003-22ce451d5e05
Jul 10 15:52:27 devstack sudo[92172]: pam_unix(sudo:session): session opened for user root(uid=0) by (uid=1000)
Jul 10 15:52:28 devstack sudo[92172]: pam_unix(sudo:session): session closed for user root
Jul 10 15:52:28 devstack cinder-volume[87420]: DEBUG oslo_concurrency.processutils [None req-a07c321e-a0d8-4082-b6c7-1633cc1886ef tempest-GroupsV314Test-1609463789 None] CMD "sudo cinder-rootwrap /etc/cinder/rootwrap.conf chmod ugo+rw /opt/stack/data/cinder/mnt/e46885a652eea9f6a5c0327d29b648fd/volume-34c9f9d0-fff2-4f52-b003-22ce451d5e05" returned: 0 in 0.651s {{(pid=87420) execute /opt/stack/data/venv/lib/python3.12/site-packages/oslo_concurrency/processutils.py:468}}
Jul 10 15:52:28 devstack cinder-volume[87420]: DEBUG cinder.coordination [None req-a07c321e-a0d8-4082-b6c7-1633cc1886ef tempest-GroupsV314Test-1609463789 None] Lock "cinder-quobyte-34c9f9d0-fff2-4f52-b003-22ce451d5e05" released by "_copy_volume_from_snapshot" :: held 11.580s {{(pid=87420) __release /opt/stack/cinder/cinder/coordination.py:152}}
Jul 10 15:52:28 devstack cinder-volume[87420]: DEBUG cinder.coordination [None req-a07c321e-a0d8-4082-b6c7-1633cc1886ef tempest-GroupsV314Test-1609463789 None] Acquiring lock "cinder-quobyte-95525ab1-20d4-4224-96a2-a47fe895f731" by "_delete_snapshot" {{(pid=87420) __acquire /opt/stack/cinder/cinder/coordination.py:138}}
Jul 10 15:52:28 devstack cinder-volume[87420]: DEBUG cinder.coordination [None req-a07c321e-a0d8-4082-b6c7-1633cc1886ef tempest-GroupsV314Test-1609463789 None] Lock "cinder-quobyte-95525ab1-20d4-4224-96a2-a47fe895f731" acquired by "_delete_snapshot" :: waited 0.015s {{(pid=87420) __acquire /opt/stack/cinder/cinder/coordination.py:141}}
Jul 10 15:52:28 devstack cinder-volume[87420]: DEBUG cinder.volume.drivers.remotefs [None req-a07c321e-a0d8-4082-b6c7-1633cc1886ef tempest-GroupsV314Test-1609463789 None] Deleting offline snapshot 95525ab1-20d4-4224-96a2-a47fe895f731 of volume 895188c1-5fef-49e9-9efd-71a7854a8f5e {{(pid=87420) _delete_snapshot /opt/stack/cinder/cinder/volume/drivers/remotefs.py:1288}}
Jul 10 15:52:28 devstack cinder-volume[87420]: DEBUG cinder.volume.drivers.remotefs [None req-a07c321e-a0d8-4082-b6c7-1633cc1886ef tempest-GroupsV314Test-1609463789 None] snapshot_file for this snap is: volume-895188c1-5fef-49e9-9efd-71a7854a8f5e.95525ab1-20d4-4224-96a2-a47fe895f731 {{(pid=87420) _delete_snapshot /opt/stack/cinder/cinder/volume/drivers/remotefs.py:1317}}
Jul 10 15:52:28 devstack cinder-volume[87420]: DEBUG oslo.privsep.daemon [-] privsep: reply[95fb9a0b-e594-4e61-8733-ebbb2bcf4bbd]: (4, 'qcow2') {{(pid=88516) _call_back /opt/stack/data/venv/lib/python3.12/site-packages/oslo_privsep/daemon.py:580}}
Jul 10 15:52:28 devstack cinder-volume[87420]: DEBUG oslo_concurrency.processutils [None req-a07c321e-a0d8-4082-b6c7-1633cc1886ef tempest-GroupsV314Test-1609463789 None] Running cmd (subprocess): /opt/stack/data/venv/bin/python3.12 -m oslo_concurrency.prlimit --as=1073741824 --cpu=60 -- sudo cinder-rootwrap /etc/cinder/rootwrap.conf env LC_ALL=C qemu-img info -f qcow2 --output=json --force-share /opt/stack/data/cinder/mnt/e46885a652eea9f6a5c0327d29b648fd/volume-895188c1-5fef-49e9-9efd-71a7854a8f5e.95525ab1-20d4-4224-96a2-a47fe895f731 {{(pid=87420) execute /opt/stack/data/venv/lib/python3.12/site-packages/oslo_concurrency/processutils.py:440}}
Jul 10 15:52:28 devstack sudo[92176]: quobyte : PWD=/ ; USER=root ; COMMAND=/opt/stack/data/venv/bin/cinder-rootwrap /etc/cinder/rootwrap.conf env LC_ALL=C qemu-img info -f qcow2 --output=json --force-share /opt/stack/data/cinder/mnt/e46885a652eea9f6a5c0327d29b648fd/volume-895188c1-5fef-49e9-9efd-71a7854a8f5e.95525ab1-20d4-4224-96a2-a47fe895f731
Jul 10 15:52:28 devstack sudo[92176]: pam_unix(sudo:session): session opened for user root(uid=0) by (uid=1000)
Jul 10 15:52:28 devstack sudo[92176]: pam_unix(sudo:session): session closed for user root
Jul 10 15:52:29 devstack cinder-volume[87420]: DEBUG oslo_concurrency.processutils [None req-a07c321e-a0d8-4082-b6c7-1633cc1886ef tempest-GroupsV314Test-1609463789 None] CMD "/opt/stack/data/venv/bin/python3.12 -m oslo_concurrency.prlimit --as=1073741824 --cpu=60 -- sudo cinder-rootwrap /etc/cinder/rootwrap.conf env LC_ALL=C qemu-img info -f qcow2 --output=json --force-share /opt/stack/data/cinder/mnt/e46885a652eea9f6a5c0327d29b648fd/volume-895188c1-5fef-49e9-9efd-71a7854a8f5e.95525ab1-20d4-4224-96a2-a47fe895f731" returned: 0 in 0.756s {{(pid=87420) execute /opt/stack/data/venv/lib/python3.12/site-packages/oslo_concurrency/processutils.py:468}}
Jul 10 15:52:29 devstack cinder-volume[87420]: DEBUG cinder.volume.drivers.remotefs [None req-a07c321e-a0d8-4082-b6c7-1633cc1886ef tempest-GroupsV314Test-1609463789 None] Fetching qemu-img info with special backing_file_template: (/opt/stack/data/cinder/mnt/[0-9a-f]+/)?(volume-895188c1-5fef-49e9-9efd-71a7854a8f5e(.(tmp-snap-)?[0-9a-f-]+)?|volume_from_snapshot_cache/(tmp-snap-)?[0-9a-f-]+(.(child-|parent-)[0-9a-f-]+)?)$ {{(pid=87420) _qemu_img_info_base /opt/stack/cinder/cinder/volume/drivers/remotefs.py:896}}
Jul 10 15:52:29 devstack cinder-volume[87420]: DEBUG oslo.privsep.daemon [-] privsep: reply[adc24238-1b43-4cb7-b81e-7ca540fc90fc]: (4, 'qcow2') {{(pid=88516) _call_back /opt/stack/data/venv/lib/python3.12/site-packages/oslo_privsep/daemon.py:580}}
Jul 10 15:52:29 devstack cinder-volume[87420]: DEBUG oslo_concurrency.processutils [None req-a07c321e-a0d8-4082-b6c7-1633cc1886ef tempest-GroupsV314Test-1609463789 None] Running cmd (subprocess): /opt/stack/data/venv/bin/python3.12 -m oslo_concurrency.prlimit --as=1073741824 --cpu=60 -- sudo cinder-rootwrap /etc/cinder/rootwrap.conf env LC_ALL=C qemu-img info -f qcow2 --output=json --force-share /opt/stack/data/cinder/mnt/e46885a652eea9f6a5c0327d29b648fd/volume-895188c1-5fef-49e9-9efd-71a7854a8f5e {{(pid=87420) execute /opt/stack/data/venv/lib/python3.12/site-packages/oslo_concurrency/processutils.py:440}}
Jul 10 15:52:29 devstack sudo[92181]: quobyte : PWD=/ ; USER=root ; COMMAND=/opt/stack/data/venv/bin/cinder-rootwrap /etc/cinder/rootwrap.conf env LC_ALL=C qemu-img info -f qcow2 --output=json --force-share /opt/stack/data/cinder/mnt/e46885a652eea9f6a5c0327d29b648fd/volume-895188c1-5fef-49e9-9efd-71a7854a8f5e
Jul 10 15:52:29 devstack sudo[92181]: pam_unix(sudo:session): session opened for user root(uid=0) by (uid=1000)
Jul 10 15:52:29 devstack sudo[92181]: pam_unix(sudo:session): session closed for user root
Jul 10 15:52:29 devstack cinder-volume[87420]: DEBUG oslo_concurrency.processutils [None req-a07c321e-a0d8-4082-b6c7-1633cc1886ef tempest-GroupsV314Test-1609463789 None] CMD "/opt/stack/data/venv/bin/python3.12 -m oslo_concurrency.prlimit --as=1073741824 --cpu=60 -- sudo cinder-rootwrap /etc/cinder/rootwrap.conf env LC_ALL=C qemu-img info -f qcow2 --output=json --force-share /opt/stack/data/cinder/mnt/e46885a652eea9f6a5c0327d29b648fd/volume-895188c1-5fef-49e9-9efd-71a7854a8f5e" returned: 0 in 0.823s {{(pid=87420) execute /opt/stack/data/venv/lib/python3.12/site-packages/oslo_concurrency/processutils.py:468}}
Jul 10 15:52:29 devstack cinder-volume[87420]: DEBUG oslo_concurrency.processutils [None req-a07c321e-a0d8-4082-b6c7-1633cc1886ef tempest-GroupsV314Test-1609463789 None] Running cmd (subprocess): sudo cinder-rootwrap /etc/cinder/rootwrap.conf qemu-img commit -d /opt/stack/data/cinder/mnt/e46885a652eea9f6a5c0327d29b648fd/volume-895188c1-5fef-49e9-9efd-71a7854a8f5e.95525ab1-20d4-4224-96a2-a47fe895f731 {{(pid=87420) execute /opt/stack/data/venv/lib/python3.12/site-packages/oslo_concurrency/processutils.py:440}}
Jul 10 15:52:29 devstack sudo[92186]: quobyte : PWD=/ ; USER=root ; COMMAND=/opt/stack/data/venv/bin/cinder-rootwrap /etc/cinder/rootwrap.conf qemu-img commit -d /opt/stack/data/cinder/mnt/e46885a652eea9f6a5c0327d29b648fd/volume-895188c1-5fef-49e9-9efd-71a7854a8f5e.95525ab1-20d4-4224-96a2-a47fe895f731
Jul 10 15:52:29 devstack sudo[92186]: pam_unix(sudo:session): session opened for user root(uid=0) by (uid=1000)
Jul 10 15:52:30 devstack sudo[92186]: pam_unix(sudo:session): session closed for user root
Jul 10 15:52:30 devstack cinder-volume[87420]: DEBUG oslo_concurrency.processutils [None req-a07c321e-a0d8-4082-b6c7-1633cc1886ef tempest-GroupsV314Test-1609463789 None] CMD "sudo cinder-rootwrap /etc/cinder/rootwrap.conf qemu-img commit -d /opt/stack/data/cinder/mnt/e46885a652eea9f6a5c0327d29b648fd/volume-895188c1-5fef-49e9-9efd-71a7854a8f5e.95525ab1-20d4-4224-96a2-a47fe895f731" returned: 0 in 1.085s {{(pid=87420) execute /opt/stack/data/venv/lib/python3.12/site-packages/oslo_concurrency/processutils.py:468}}
Jul 10 15:52:30 devstack cinder-volume[87420]: DEBUG oslo_concurrency.processutils [None req-a07c321e-a0d8-4082-b6c7-1633cc1886ef tempest-GroupsV314Test-1609463789 None] Running cmd (subprocess): sudo cinder-rootwrap /etc/cinder/rootwrap.conf rm -f /opt/stack/data/cinder/mnt/e46885a652eea9f6a5c0327d29b648fd/volume-895188c1-5fef-49e9-9efd-71a7854a8f5e.95525ab1-20d4-4224-96a2-a47fe895f731 {{(pid=87420) execute /opt/stack/data/venv/lib/python3.12/site-packages/oslo_concurrency/processutils.py:440}}
Jul 10 15:52:30 devstack sudo[92224]: quobyte : PWD=/ ; USER=root ; COMMAND=/opt/stack/data/venv/bin/cinder-rootwrap /etc/cinder/rootwrap.conf rm -f /opt/stack/data/cinder/mnt/e46885a652eea9f6a5c0327d29b648fd/volume-895188c1-5fef-49e9-9efd-71a7854a8f5e.95525ab1-20d4-4224-96a2-a47fe895f731
Jul 10 15:52:30 devstack sudo[92224]: pam_unix(sudo:session): session opened for user root(uid=0) by (uid=1000)
Jul 10 15:52:32 devstack sudo[92224]: pam_unix(sudo:session): session closed for user root
Jul 10 15:52:32 devstack cinder-volume[87420]: DEBUG oslo_concurrency.processutils [None req-a07c321e-a0d8-4082-b6c7-1633cc1886ef tempest-GroupsV314Test-1609463789 None] CMD "sudo cinder-rootwrap /etc/cinder/rootwrap.conf rm -f /opt/stack/data/cinder/mnt/e46885a652eea9f6a5c0327d29b648fd/volume-895188c1-5fef-49e9-9efd-71a7854a8f5e.95525ab1-20d4-4224-96a2-a47fe895f731" returned: 0 in 1.112s {{(pid=87420) execute /opt/stack/data/venv/lib/python3.12/site-packages/oslo_concurrency/processutils.py:468}}
Jul 10 15:52:32 devstack cinder-volume[87420]: DEBUG cinder.coordination [None req-a07c321e-a0d8-4082-b6c7-1633cc1886ef tempest-GroupsV314Test-1609463789 None] Lock "cinder-quobyte-95525ab1-20d4-4224-96a2-a47fe895f731" released by "_delete_snapshot" :: held 3.884s {{(pid=87420) __release /opt/stack/cinder/cinder/coordination.py:152}}
Jul 10 15:52:32 devstack cinder-volume[87420]: DEBUG oslo_concurrency.lockutils [None req-a07c321e-a0d8-4082-b6c7-1633cc1886ef tempest-GroupsV314Test-1609463789 None] Lock "quobyte" "released" by "cinder.volume.drivers.quobyte.QuobyteDriver.create_cloned_volume" :: held 22.014s {{(pid=87420) inner /opt/stack/data/venv/lib/python3.12/site-packages/oslo_concurrency/lockutils.py:543}}
Jul 10 15:52:32 devstack cinder-volume[87420]: INFO cinder.volume.manager [None req-a07c321e-a0d8-4082-b6c7-1633cc1886ef tempest-GroupsV314Test-1609463789 None] Create group from source-group-a5e2df2e-1fb0-4fc9-af4d-114a74ccb3e0 completed successfully.
Jul 10 15:52:33 devstack cinder-volume[87420]: DEBUG cinder.coordination [None req-09809343-4c0c-44a2-9aa1-6838eb0998cb tempest-GroupsV314Test-1609463789 None] Acquiring lock "cinder-quobyte-34c9f9d0-fff2-4f52-b003-22ce451d5e05" by "delete_volume" {{(pid=87420) __acquire /opt/stack/cinder/cinder/coordination.py:138}}
Jul 10 15:52:33 devstack cinder-volume[87420]: DEBUG cinder.coordination [None req-09809343-4c0c-44a2-9aa1-6838eb0998cb tempest-GroupsV314Test-1609463789 None] Lock "cinder-quobyte-34c9f9d0-fff2-4f52-b003-22ce451d5e05" acquired by "delete_volume" :: waited 0.029s {{(pid=87420) __acquire /opt/stack/cinder/cinder/coordination.py:141}}
Jul 10 15:52:33 devstack cinder-volume[87420]: DEBUG oslo.privsep.daemon [-] privsep: reply[e5ed0cb0-3781-4a96-84a7-81023e823af0]: (4, 'qcow2') {{(pid=88516) _call_back /opt/stack/data/venv/lib/python3.12/site-packages/oslo_privsep/daemon.py:580}}
Jul 10 15:52:33 devstack cinder-volume[87420]: DEBUG oslo_concurrency.processutils [None req-09809343-4c0c-44a2-9aa1-6838eb0998cb tempest-GroupsV314Test-1609463789 None] Running cmd (subprocess): /opt/stack/data/venv/bin/python3.12 -m oslo_concurrency.prlimit --as=1073741824 --cpu=60 -- sudo cinder-rootwrap /etc/cinder/rootwrap.conf env LC_ALL=C qemu-img info -f qcow2 --output=json --force-share /opt/stack/data/cinder/mnt/e46885a652eea9f6a5c0327d29b648fd/volume-34c9f9d0-fff2-4f52-b003-22ce451d5e05 {{(pid=87420) execute /opt/stack/data/venv/lib/python3.12/site-packages/oslo_concurrency/processutils.py:440}}
Jul 10 15:52:33 devstack sudo[92263]: quobyte : PWD=/ ; USER=root ; COMMAND=/opt/stack/data/venv/bin/cinder-rootwrap /etc/cinder/rootwrap.conf env LC_ALL=C qemu-img info -f qcow2 --output=json --force-share /opt/stack/data/cinder/mnt/e46885a652eea9f6a5c0327d29b648fd/volume-34c9f9d0-fff2-4f52-b003-22ce451d5e05
Jul 10 15:52:33 devstack sudo[92263]: pam_unix(sudo:session): session opened for user root(uid=0) by (uid=1000)
Jul 10 15:52:34 devstack sudo[92263]: pam_unix(sudo:session): session closed for user root
Jul 10 15:52:34 devstack cinder-volume[87420]: DEBUG oslo_concurrency.processutils [None req-09809343-4c0c-44a2-9aa1-6838eb0998cb tempest-GroupsV314Test-1609463789 None] CMD "/opt/stack/data/venv/bin/python3.12 -m oslo_concurrency.prlimit --as=1073741824 --cpu=60 -- sudo cinder-rootwrap /etc/cinder/rootwrap.conf env LC_ALL=C qemu-img info -f qcow2 --output=json --force-share /opt/stack/data/cinder/mnt/e46885a652eea9f6a5c0327d29b648fd/volume-34c9f9d0-fff2-4f52-b003-22ce451d5e05" returned: 0 in 0.966s {{(pid=87420) execute /opt/stack/data/venv/lib/python3.12/site-packages/oslo_concurrency/processutils.py:468}}
Jul 10 15:52:34 devstack cinder-volume[87420]: DEBUG oslo_concurrency.processutils [None req-09809343-4c0c-44a2-9aa1-6838eb0998cb tempest-GroupsV314Test-1609463789 None] Running cmd (subprocess): sudo cinder-rootwrap /etc/cinder/rootwrap.conf rm -f /opt/stack/data/cinder/mnt/e46885a652eea9f6a5c0327d29b648fd/volume-34c9f9d0-fff2-4f52-b003-22ce451d5e05 {{(pid=87420) execute /opt/stack/data/venv/lib/python3.12/site-packages/oslo_concurrency/processutils.py:440}}
Jul 10 15:52:34 devstack sudo[92273]: quobyte : PWD=/ ; USER=root ; COMMAND=/opt/stack/data/venv/bin/cinder-rootwrap /etc/cinder/rootwrap.conf rm -f /opt/stack/data/cinder/mnt/e46885a652eea9f6a5c0327d29b648fd/volume-34c9f9d0-fff2-4f52-b003-22ce451d5e05
Jul 10 15:52:34 devstack sudo[92273]: pam_unix(sudo:session): session opened for user root(uid=0) by (uid=1000)
Jul 10 15:52:35 devstack cinder-volume[87420]: DEBUG cinder.volume.flows.manager.create_volume [None req-f7ab3cbb-8bfa-46b1-84b7-41c5b39f3f36 tempest-ServerActionsTestOtherA-1627818978 None] Volume reschedule parameters: True retry: {'num_attempts': 1, 'backends': ['devstack@QuobyteHD#QuobyteHD'], 'hosts': ['devstack@QuobyteHD#QuobyteHD']} {{(pid=87420) get_flow /opt/stack/cinder/cinder/volume/flows/manager/create_volume.py:1397}}
Jul 10 15:52:35 devstack cinder-volume[87420]: DEBUG cinder.volume.manager [None req-f7ab3cbb-8bfa-46b1-84b7-41c5b39f3f36 tempest-ServerActionsTestOtherA-1627818978 None] Flow 'volume_create_manager' (7445295a-a8f0-460a-8a6d-4cef83362065) transitioned into state 'RUNNING' from state 'PENDING' {{(pid=87420) _flow_receiver /opt/stack/data/venv/lib/python3.12/site-packages/taskflow/listeners/logging.py:160}}
Jul 10 15:52:35 devstack cinder-volume[87420]: DEBUG cinder.volume.manager [None req-f7ab3cbb-8bfa-46b1-84b7-41c5b39f3f36 tempest-ServerActionsTestOtherA-1627818978 None] Task 'cinder.volume.flows.manager.create_volume.ExtractVolumeRefTask;volume:create' (6ed836c9-3688-45d3-b834-562d6bcc5c45) transitioned into state 'RUNNING' from state 'PENDING' {{(pid=87420) _task_receiver /opt/stack/data/venv/lib/python3.12/site-packages/taskflow/listeners/logging.py:242}}
Jul 10 15:52:35 devstack cinder-volume[87420]: DEBUG cinder.volume.manager [None req-f7ab3cbb-8bfa-46b1-84b7-41c5b39f3f36 tempest-ServerActionsTestOtherA-1627818978 None] Task 'cinder.volume.flows.manager.create_volume.ExtractVolumeRefTask;volume:create' (6ed836c9-3688-45d3-b834-562d6bcc5c45) transitioned into state 'SUCCESS' from state 'RUNNING' with result 'Volume(_name_id=None,admin_metadata=,attach_status='detached',availability_zone='nova',bootable=False,cluster=,cluster_name=None,consistencygroup=,consistencygroup_id=None,created_at=2026-07-10T13:52:35Z,deleted=False,deleted_at=None,display_description=None,display_name='tempest-ServerActionsTestOtherA-volume-227409640',ec2_id=None,encryption_key_id=None,glance_metadata=,group=,group_id=None,host='devstack@QuobyteHD#QuobyteHD',id=3282387e-9817-4aa9-9920-a817fca74afa,launched_at=None,metadata={},migration_status=None,multiattach=False,previous_status=None,project_id='5c152475b87646bbb49f9f3829922944',provider_auth=None,provider_geometry=None,provider_id=None,provider_location=None,replication_driver_data=None,replication_extended_status=None,replication_status=None,scheduled_at=2026-07-10T13:52:35Z,service_uuid=None,shared_targets=True,size=1,snapshot_id=None,snapshots=,source_volid=None,status='creating',terminated_at=None,updated_at=2026-07-10T13:52:35Z,use_quota=True,user_id='62ada516d55a4582b7e96a0cec7296d8',volume_attachment=VolumeAttachmentList,volume_type=VolumeType(bee4d3cf-e075-472d-8e2e-be61b43593b1),volume_type_id=bee4d3cf-e075-472d-8e2e-be61b43593b1)' {{(pid=87420) _task_receiver /opt/stack/data/venv/lib/python3.12/site-packages/taskflow/listeners/logging.py:218}}
Jul 10 15:52:35 devstack cinder-volume[87420]: DEBUG cinder.volume.manager [None req-f7ab3cbb-8bfa-46b1-84b7-41c5b39f3f36 tempest-ServerActionsTestOtherA-1627818978 None] Task 'cinder.volume.flows.manager.create_volume.OnFailureRescheduleTask;volume:create' (926a73aa-af18-4e26-8eb9-df24eb1fcabb) transitioned into state 'RUNNING' from state 'PENDING' {{(pid=87420) _task_receiver /opt/stack/data/venv/lib/python3.12/site-packages/taskflow/listeners/logging.py:242}}
Jul 10 15:52:35 devstack cinder-volume[87420]: DEBUG cinder.volume.manager [None req-f7ab3cbb-8bfa-46b1-84b7-41c5b39f3f36 tempest-ServerActionsTestOtherA-1627818978 None] Task 'cinder.volume.flows.manager.create_volume.OnFailureRescheduleTask;volume:create' (926a73aa-af18-4e26-8eb9-df24eb1fcabb) transitioned into state 'SUCCESS' from state 'RUNNING' with result 'None' {{(pid=87420) _task_receiver /opt/stack/data/venv/lib/python3.12/site-packages/taskflow/listeners/logging.py:218}}
Jul 10 15:52:35 devstack cinder-volume[87420]: DEBUG cinder.volume.manager [None req-f7ab3cbb-8bfa-46b1-84b7-41c5b39f3f36 tempest-ServerActionsTestOtherA-1627818978 None] Task 'cinder.volume.flows.manager.create_volume.ExtractVolumeSpecTask;volume:create' (dd3f5c43-dd7d-4c1d-9d55-993f73aa8d64) transitioned into state 'RUNNING' from state 'PENDING' {{(pid=87420) _task_receiver /opt/stack/data/venv/lib/python3.12/site-packages/taskflow/listeners/logging.py:242}}
Jul 10 15:52:35 devstack cinder-volume[87420]: DEBUG cinder.volume.manager [None req-f7ab3cbb-8bfa-46b1-84b7-41c5b39f3f36 tempest-ServerActionsTestOtherA-1627818978 None] Task 'cinder.volume.flows.manager.create_volume.ExtractVolumeSpecTask;volume:create' (dd3f5c43-dd7d-4c1d-9d55-993f73aa8d64) transitioned into state 'SUCCESS' from state 'RUNNING' with result '{'status': 'creating', 'type': 'raw', 'volume_id': '3282387e-9817-4aa9-9920-a817fca74afa', 'volume_name': 'volume-3282387e-9817-4aa9-9920-a817fca74afa', 'volume_size': 1}' {{(pid=87420) _task_receiver /opt/stack/data/venv/lib/python3.12/site-packages/taskflow/listeners/logging.py:218}}
Jul 10 15:52:35 devstack cinder-volume[87420]: DEBUG cinder.volume.manager [None req-f7ab3cbb-8bfa-46b1-84b7-41c5b39f3f36 tempest-ServerActionsTestOtherA-1627818978 None] Task 'cinder.volume.flows.manager.create_volume.NotifyVolumeActionTask;volume:create, create.start' (4f96fe4c-328f-4d70-b5ff-32b34210d46b) transitioned into state 'RUNNING' from state 'PENDING' {{(pid=87420) _task_receiver /opt/stack/data/venv/lib/python3.12/site-packages/taskflow/listeners/logging.py:242}}
