Jun 25 17:56:19 devstack cinder-volume[93948]: DEBUG cinder.volume.drivers.quobyte [None req-5787be01-c450-4033-a5d5-3ad0d2f26c1c tempest-GroupSnapshotsTest-2016099334 None] <== create_volume: return (3045ms) {'provider_location': 'osci02.corp.quobyte.com/cinder-vol-65e1932c-6abb-4b1e-9f5f-a9a257921548'} {{(pid=93948) trace_logging_wrapper /opt/stack/cinder/cinder/volume/volume_utils.py:1522}}
Jun 25 17:56:19 devstack cinder-volume[93948]: DEBUG oslo_concurrency.lockutils [None req-5787be01-c450-4033-a5d5-3ad0d2f26c1c tempest-GroupSnapshotsTest-2016099334 None] Lock "quobyte" "released" by "cinder.volume.drivers.quobyte.QuobyteDriver.create_volume" :: held 3.048s {{(pid=93948) inner /opt/stack/data/venv/lib/python3.12/site-packages/oslo_concurrency/lockutils.py:543}}
Jun 25 17:56:19 devstack cinder-volume[93948]: DEBUG cinder.volume.manager [None req-5787be01-c450-4033-a5d5-3ad0d2f26c1c tempest-GroupSnapshotsTest-2016099334 None] Task 'cinder.volume.flows.manager.create_volume.CreateVolumeFromSpecTask;volume:create' (a58d7dbf-eb83-4e50-bf23-849401dcb483) transitioned into state 'SUCCESS' from state 'RUNNING' with result '{'status': 'creating', 'volume_name': 'volume-0f648eed-400f-434f-be67-767cb09fd264', 'volume_size': 1}' {{(pid=93948) _task_receiver /opt/stack/data/venv/lib/python3.12/site-packages/taskflow/listeners/logging.py:218}}
Jun 25 17:56:19 devstack cinder-volume[93948]: DEBUG cinder.volume.manager [None req-5787be01-c450-4033-a5d5-3ad0d2f26c1c tempest-GroupSnapshotsTest-2016099334 None] Task 'cinder.volume.flows.manager.create_volume.CreateVolumeOnFinishTask;volume:create, create.end' (996c8a62-792d-4444-84d5-3cbd3a47758e) transitioned into state 'RUNNING' from state 'PENDING' {{(pid=93948) _task_receiver /opt/stack/data/venv/lib/python3.12/site-packages/taskflow/listeners/logging.py:242}}
Jun 25 17:56:19 devstack cinder-volume[93948]: INFO cinder.volume.flows.manager.create_volume [None req-5787be01-c450-4033-a5d5-3ad0d2f26c1c tempest-GroupSnapshotsTest-2016099334 None] Volume volume-0f648eed-400f-434f-be67-767cb09fd264 (0f648eed-400f-434f-be67-767cb09fd264): created successfully
Jun 25 17:56:19 devstack cinder-volume[93948]: DEBUG cinder.volume.manager [None req-5787be01-c450-4033-a5d5-3ad0d2f26c1c tempest-GroupSnapshotsTest-2016099334 None] Task 'cinder.volume.flows.manager.create_volume.CreateVolumeOnFinishTask;volume:create, create.end' (996c8a62-792d-4444-84d5-3cbd3a47758e) transitioned into state 'SUCCESS' from state 'RUNNING' with result 'None' {{(pid=93948) _task_receiver /opt/stack/data/venv/lib/python3.12/site-packages/taskflow/listeners/logging.py:218}}
Jun 25 17:56:19 devstack cinder-volume[93948]: DEBUG cinder.volume.manager [None req-5787be01-c450-4033-a5d5-3ad0d2f26c1c tempest-GroupSnapshotsTest-2016099334 None] Flow 'volume_create_manager' (43eb3d9d-aab3-41d6-b38b-9437db219f18) transitioned into state 'SUCCESS' from state 'RUNNING' {{(pid=93948) _flow_receiver /opt/stack/data/venv/lib/python3.12/site-packages/taskflow/listeners/logging.py:160}}
Jun 25 17:56:19 devstack cinder-volume[93948]: INFO cinder.volume.manager [None req-5787be01-c450-4033-a5d5-3ad0d2f26c1c tempest-GroupSnapshotsTest-2016099334 None] Created volume successfully.
Jun 25 17:56:21 devstack cinder-volume[93948]: INFO cinder.volume.manager [None req-73f49b35-7833-451b-a0b2-54df0a27d14e tempest-GroupSnapshotsTest-2016099334 None] Update group completed successfully.
Jun 25 17:56:22 devstack cinder-volume[93948]: DEBUG oslo_service.periodic_task [None req-06caa2ba-936c-4493-be30-22349fc10150 None None] Running periodic task VolumeManager.publish_service_capabilities {{(pid=93948) run_periodic_tasks /opt/stack/data/venv/lib/python3.12/site-packages/oslo_service/periodic_task.py:225}}
Jun 25 17:56:22 devstack cinder-volume[93948]: DEBUG oslo_concurrency.lockutils [None req-06caa2ba-936c-4493-be30-22349fc10150 None None] Acquiring lock "quobyte_ensure" by "cinder.volume.drivers.quobyte.QuobyteDriver._ensure_shares_mounted" {{(pid=93948) inner /opt/stack/data/venv/lib/python3.12/site-packages/oslo_concurrency/lockutils.py:511}}
Jun 25 17:56:22 devstack cinder-volume[93948]: DEBUG oslo_concurrency.lockutils [None req-06caa2ba-936c-4493-be30-22349fc10150 None None] Lock "quobyte_ensure" acquired by "cinder.volume.drivers.quobyte.QuobyteDriver._ensure_shares_mounted" :: waited 0.000s {{(pid=93948) inner /opt/stack/data/venv/lib/python3.12/site-packages/oslo_concurrency/lockutils.py:524}}
Jun 25 17:56:22 devstack cinder-volume[93948]: DEBUG cinder.volume.drivers.quobyte [None req-06caa2ba-936c-4493-be30-22349fc10150 None None] Quobyte Volume URL set to: {'osci02.corp.quobyte.com/cinder-vol-65e1932c-6abb-4b1e-9f5f-a9a257921548': None} {{(pid=93948) _load_shares_config /opt/stack/cinder/cinder/volume/drivers/quobyte.py:617}}
Jun 25 17:56:22 devstack cinder-volume[93948]: DEBUG cinder.volume.drivers.quobyte [None req-06caa2ba-936c-4493-be30-22349fc10150 None None] Available shares ['osci02.corp.quobyte.com/cinder-vol-65e1932c-6abb-4b1e-9f5f-a9a257921548'] {{(pid=93948) _ensure_shares_mounted /opt/stack/cinder/cinder/volume/drivers/quobyte.py:647}}
Jun 25 17:56:22 devstack cinder-volume[93948]: DEBUG oslo_concurrency.lockutils [None req-06caa2ba-936c-4493-be30-22349fc10150 None None] Lock "quobyte_ensure" "released" by "cinder.volume.drivers.quobyte.QuobyteDriver._ensure_shares_mounted" :: held 0.012s {{(pid=93948) inner /opt/stack/data/venv/lib/python3.12/site-packages/oslo_concurrency/lockutils.py:543}}
Jun 25 17:56:22 devstack cinder-volume[93948]: DEBUG oslo_concurrency.processutils [None req-06caa2ba-936c-4493-be30-22349fc10150 None None] Running cmd (subprocess): sudo cinder-rootwrap /etc/cinder/rootwrap.conf df --portability --block-size 1 /opt/stack/data/cinder/mnt/533e5e109f16d4345a82773fc11f71d6 {{(pid=93948) execute /opt/stack/data/venv/lib/python3.12/site-packages/oslo_concurrency/processutils.py:440}}
Jun 25 17:56:22 devstack sudo[102682]: quobyte : PWD=/ ; USER=root ; COMMAND=/opt/stack/data/venv/bin/cinder-rootwrap /etc/cinder/rootwrap.conf df --portability --block-size 1 /opt/stack/data/cinder/mnt/533e5e109f16d4345a82773fc11f71d6
Jun 25 17:56:22 devstack sudo[102682]: pam_unix(sudo:session): session opened for user root(uid=0) by (uid=1000)
Jun 25 17:56:22 devstack cinder-volume[93948]: INFO cinder.volume.manager [None req-14c09224-ba99-49b5-a12a-0a3b4ce9ac87 tempest-GroupSnapshotsTest-2016099334 None] Update group completed successfully.
Jun 25 17:56:23 devstack sudo[102682]: pam_unix(sudo:session): session closed for user root
Jun 25 17:56:23 devstack cinder-volume[93948]: DEBUG oslo_concurrency.processutils [None req-06caa2ba-936c-4493-be30-22349fc10150 None None] CMD "sudo cinder-rootwrap /etc/cinder/rootwrap.conf df --portability --block-size 1 /opt/stack/data/cinder/mnt/533e5e109f16d4345a82773fc11f71d6" returned: 0 in 0.892s {{(pid=93948) execute /opt/stack/data/venv/lib/python3.12/site-packages/oslo_concurrency/processutils.py:468}}
Jun 25 17:56:23 devstack cinder-volume[93948]: DEBUG cinder.manager [None req-06caa2ba-936c-4493-be30-22349fc10150 None None] Notifying Schedulers of capabilities ... {{(pid=93948) _publish_service_capabilities /opt/stack/cinder/cinder/manager.py:219}}
Jun 25 17:56:23 devstack cinder-volume[93948]: DEBUG oslo_service.periodic_task [None req-06caa2ba-936c-4493-be30-22349fc10150 None None] Running periodic task VolumeManager._thread_info {{(pid=93948) run_periodic_tasks /opt/stack/data/venv/lib/python3.12/site-packages/oslo_service/periodic_task.py:225}}
Jun 25 17:56:23 devstack cinder-volume[93948]: DEBUG cinder.volume.manager [None req-06caa2ba-936c-4493-be30-22349fc10150 None None] thread count: 8 {{(pid=93948) _thread_info /opt/stack/cinder/cinder/volume/manager.py:5562}}
Jun 25 17:56:23 devstack cinder-volume[93948]: DEBUG cinder.volume.manager [None req-06caa2ba-936c-4493-be30-22349fc10150 None None] thread info: [<_MainThread(MainThread, started 140007516475520)>, , , , , , , ] {{(pid=93948) _thread_info /opt/stack/cinder/cinder/volume/manager.py:5563}}
Jun 25 17:56:23 devstack cinder-volume[93948]: INFO cinder.volume.manager [None req-763b717c-4f21-42db-8fb5-6f2b3eb4ec8b tempest-GroupSnapshotsTest-2016099334 None] Update group completed successfully.
Jun 25 17:56:24 devstack cinder-volume[93948]: INFO cinder.volume.manager [req-8492977d-00e5-43b2-b847-ddc5adac1c02 req-06a34f48-6921-4680-81e2-a6909274625a tempest-AttachVolumeTestJSON-1538111622 None] Terminate volume connection completed successfully.
Jun 25 17:56:24 devstack cinder-volume[93948]: DEBUG cinder.volume.manager [req-8492977d-00e5-43b2-b847-ddc5adac1c02 req-06a34f48-6921-4680-81e2-a6909274625a tempest-AttachVolumeTestJSON-1538111622 None] Deleting attachment fb9265ea-d45a-4583-b35c-5580858e4e88. {{(pid=93948) attachment_delete /opt/stack/cinder/cinder/volume/manager.py:5145}}
Jun 25 17:56:24 devstack cinder-volume[93948]: INFO cinder.volume.manager [None req-43ec4ac8-ea70-41cc-badb-659cb9f8be71 tempest-GroupSnapshotsTest-2016099334 None] Update group completed successfully.
Jun 25 17:56:26 devstack cinder-volume[93948]: INFO cinder.volume.manager [None req-cbff84d2-bd6c-47ec-b188-bbf82a6c947d tempest-GroupSnapshotsTest-2016099334 None] GroupSnapshot 45f279c8-3361-412d-bff1-c5127bf996e4: creating.
Jun 25 17:56:26 devstack cinder-volume[93948]: DEBUG cinder.volume.manager [None req-cbff84d2-bd6c-47ec-b188-bbf82a6c947d tempest-GroupSnapshotsTest-2016099334 None] Group snapshot 45f279c8-3361-412d-bff1-c5127bf996e4: creating. {{(pid=93948) create_group_snapshot /opt/stack/cinder/cinder/volume/manager.py:4213}}
Jun 25 17:56:26 devstack cinder-volume[93948]: DEBUG oslo_concurrency.lockutils [None req-cbff84d2-bd6c-47ec-b188-bbf82a6c947d tempest-GroupSnapshotsTest-2016099334 None] Acquiring lock "quobyte" by "cinder.volume.drivers.quobyte.QuobyteDriver.create_snapshot" {{(pid=93948) inner /opt/stack/data/venv/lib/python3.12/site-packages/oslo_concurrency/lockutils.py:511}}
Jun 25 17:56:26 devstack cinder-volume[93948]: DEBUG oslo_concurrency.lockutils [None req-cbff84d2-bd6c-47ec-b188-bbf82a6c947d tempest-GroupSnapshotsTest-2016099334 None] Lock "quobyte" acquired by "cinder.volume.drivers.quobyte.QuobyteDriver.create_snapshot" :: waited 0.001s {{(pid=93948) inner /opt/stack/data/venv/lib/python3.12/site-packages/oslo_concurrency/lockutils.py:524}}
Jun 25 17:56:26 devstack cinder-volume[93948]: DEBUG cinder.volume.drivers.remotefs [None req-cbff84d2-bd6c-47ec-b188-bbf82a6c947d tempest-GroupSnapshotsTest-2016099334 None] Creating offline snapshot 9c8e9854-2e16-4ff7-a7c6-eb71d3bb0c2c of volume 34004ed6-a86c-43cd-9e0d-f28011ee61fb {{(pid=93948) _create_snapshot /opt/stack/cinder/cinder/volume/drivers/remotefs.py:1816}}
Jun 25 17:56:27 devstack cinder-volume[93948]: DEBUG oslo.privsep.daemon [-] privsep: reply[2acecf08-2c98-46ab-bdab-967cc4510d6b]: (4, 'qcow2') {{(pid=95255) _call_back /opt/stack/data/venv/lib/python3.12/site-packages/oslo_privsep/daemon.py:580}}
Jun 25 17:56:27 devstack cinder-volume[93948]: DEBUG oslo_concurrency.processutils [None req-cbff84d2-bd6c-47ec-b188-bbf82a6c947d tempest-GroupSnapshotsTest-2016099334 None] Running cmd (subprocess): /opt/stack/data/venv/bin/python3.12 -m oslo_concurrency.prlimit --as=1073741824 --cpu=60 -- sudo cinder-rootwrap /etc/cinder/rootwrap.conf env LC_ALL=C qemu-img info -f qcow2 --output=json --force-share /opt/stack/data/cinder/mnt/533e5e109f16d4345a82773fc11f71d6/volume-34004ed6-a86c-43cd-9e0d-f28011ee61fb {{(pid=93948) execute /opt/stack/data/venv/lib/python3.12/site-packages/oslo_concurrency/processutils.py:440}}
Jun 25 17:56:27 devstack sudo[102750]: quobyte : PWD=/ ; USER=root ; COMMAND=/opt/stack/data/venv/bin/cinder-rootwrap /etc/cinder/rootwrap.conf env LC_ALL=C qemu-img info -f qcow2 --output=json --force-share /opt/stack/data/cinder/mnt/533e5e109f16d4345a82773fc11f71d6/volume-34004ed6-a86c-43cd-9e0d-f28011ee61fb
Jun 25 17:56:27 devstack sudo[102750]: pam_unix(sudo:session): session opened for user root(uid=0) by (uid=1000)
Jun 25 17:56:27 devstack cinder-volume[93948]: INFO cinder.volume.manager [req-e4aa7572-23d1-448f-9852-95dcea8f84d6 req-0d4f7577-1282-41c7-a74d-80fb8244f0dd tempest-AttachVolumeTestJSON-1538111622 None] Terminate volume connection completed successfully.
Jun 25 17:56:27 devstack cinder-volume[93948]: DEBUG cinder.volume.manager [req-e4aa7572-23d1-448f-9852-95dcea8f84d6 req-0d4f7577-1282-41c7-a74d-80fb8244f0dd tempest-AttachVolumeTestJSON-1538111622 None] Deleting attachment e448502e-2059-4203-9766-e5840b3803ce. {{(pid=93948) attachment_delete /opt/stack/cinder/cinder/volume/manager.py:5145}}
Jun 25 17:56:28 devstack sudo[102750]: pam_unix(sudo:session): session closed for user root
Jun 25 17:56:28 devstack cinder-volume[93948]: DEBUG oslo_concurrency.processutils [None req-cbff84d2-bd6c-47ec-b188-bbf82a6c947d tempest-GroupSnapshotsTest-2016099334 None] CMD "/opt/stack/data/venv/bin/python3.12 -m oslo_concurrency.prlimit --as=1073741824 --cpu=60 -- sudo cinder-rootwrap /etc/cinder/rootwrap.conf env LC_ALL=C qemu-img info -f qcow2 --output=json --force-share /opt/stack/data/cinder/mnt/533e5e109f16d4345a82773fc11f71d6/volume-34004ed6-a86c-43cd-9e0d-f28011ee61fb" returned: 0 in 1.173s {{(pid=93948) execute /opt/stack/data/venv/lib/python3.12/site-packages/oslo_concurrency/processutils.py:468}}
Jun 25 17:56:28 devstack cinder-volume[93948]: DEBUG oslo_concurrency.processutils [None req-cbff84d2-bd6c-47ec-b188-bbf82a6c947d tempest-GroupSnapshotsTest-2016099334 None] Running cmd (subprocess): sudo cinder-rootwrap /etc/cinder/rootwrap.conf qemu-img create -f qcow2 -o backing_file=/opt/stack/data/cinder/mnt/533e5e109f16d4345a82773fc11f71d6/volume-34004ed6-a86c-43cd-9e0d-f28011ee61fb,backing_fmt=qcow2 /opt/stack/data/cinder/mnt/533e5e109f16d4345a82773fc11f71d6/volume-34004ed6-a86c-43cd-9e0d-f28011ee61fb.9c8e9854-2e16-4ff7-a7c6-eb71d3bb0c2c 1G {{(pid=93948) execute /opt/stack/data/venv/lib/python3.12/site-packages/oslo_concurrency/processutils.py:440}}
Jun 25 17:56:28 devstack sudo[102778]: quobyte : PWD=/ ; USER=root ; COMMAND=/opt/stack/data/venv/bin/cinder-rootwrap /etc/cinder/rootwrap.conf qemu-img create -f qcow2 -o backing_file=/opt/stack/data/cinder/mnt/533e5e109f16d4345a82773fc11f71d6/volume-34004ed6-a86c-43cd-9e0d-f28011ee61fb,backing_fmt=qcow2 /opt/stack/data/cinder/mnt/533e5e109f16d4345a82773fc11f71d6/volume-34004ed6-a86c-43cd-9e0d-f28011ee61fb.9c8e9854-2e16-4ff7-a7c6-eb71d3bb0c2c 1G
Jun 25 17:56:28 devstack sudo[102778]: pam_unix(sudo:session): session opened for user root(uid=0) by (uid=1000)
Jun 25 17:56:29 devstack sudo[102778]: pam_unix(sudo:session): session closed for user root
Jun 25 17:56:29 devstack cinder-volume[93948]: DEBUG oslo_concurrency.processutils [None req-cbff84d2-bd6c-47ec-b188-bbf82a6c947d tempest-GroupSnapshotsTest-2016099334 None] CMD "sudo cinder-rootwrap /etc/cinder/rootwrap.conf qemu-img create -f qcow2 -o backing_file=/opt/stack/data/cinder/mnt/533e5e109f16d4345a82773fc11f71d6/volume-34004ed6-a86c-43cd-9e0d-f28011ee61fb,backing_fmt=qcow2 /opt/stack/data/cinder/mnt/533e5e109f16d4345a82773fc11f71d6/volume-34004ed6-a86c-43cd-9e0d-f28011ee61fb.9c8e9854-2e16-4ff7-a7c6-eb71d3bb0c2c 1G" returned: 0 in 1.518s {{(pid=93948) execute /opt/stack/data/venv/lib/python3.12/site-packages/oslo_concurrency/processutils.py:468}}
Jun 25 17:56:29 devstack cinder-volume[93948]: DEBUG oslo_concurrency.processutils [None req-cbff84d2-bd6c-47ec-b188-bbf82a6c947d tempest-GroupSnapshotsTest-2016099334 None] Running cmd (subprocess): sudo cinder-rootwrap /etc/cinder/rootwrap.conf qemu-img rebase -u -b volume-34004ed6-a86c-43cd-9e0d-f28011ee61fb -F qcow2 /opt/stack/data/cinder/mnt/533e5e109f16d4345a82773fc11f71d6/volume-34004ed6-a86c-43cd-9e0d-f28011ee61fb.9c8e9854-2e16-4ff7-a7c6-eb71d3bb0c2c {{(pid=93948) execute /opt/stack/data/venv/lib/python3.12/site-packages/oslo_concurrency/processutils.py:440}}
Jun 25 17:56:29 devstack sudo[102801]: quobyte : PWD=/ ; USER=root ; COMMAND=/opt/stack/data/venv/bin/cinder-rootwrap /etc/cinder/rootwrap.conf qemu-img rebase -u -b volume-34004ed6-a86c-43cd-9e0d-f28011ee61fb -F qcow2 /opt/stack/data/cinder/mnt/533e5e109f16d4345a82773fc11f71d6/volume-34004ed6-a86c-43cd-9e0d-f28011ee61fb.9c8e9854-2e16-4ff7-a7c6-eb71d3bb0c2c
Jun 25 17:56:29 devstack sudo[102801]: pam_unix(sudo:session): session opened for user root(uid=0) by (uid=1000)
Jun 25 17:56:29 devstack cinder-volume[93948]: DEBUG cinder.volume.flows.manager.create_volume [None req-3d397f5b-2036-478c-b3ac-beca03b98460 tempest-ServerRescueNegativeTestJSON-1103029535 None] Volume reschedule parameters: True retry: {'num_attempts': 1, 'backends': ['devstack@QuobyteHD#QuobyteHD'], 'hosts': ['devstack@QuobyteHD#QuobyteHD']} {{(pid=93948) get_flow /opt/stack/cinder/cinder/volume/flows/manager/create_volume.py:1397}}
Jun 25 17:56:29 devstack cinder-volume[93948]: DEBUG cinder.volume.manager [None req-3d397f5b-2036-478c-b3ac-beca03b98460 tempest-ServerRescueNegativeTestJSON-1103029535 None] Flow 'volume_create_manager' (178e854c-365b-4f4c-83e1-0464ce48b545) transitioned into state 'RUNNING' from state 'PENDING' {{(pid=93948) _flow_receiver /opt/stack/data/venv/lib/python3.12/site-packages/taskflow/listeners/logging.py:160}}
Jun 25 17:56:30 devstack cinder-volume[93948]: DEBUG cinder.volume.manager [None req-3d397f5b-2036-478c-b3ac-beca03b98460 tempest-ServerRescueNegativeTestJSON-1103029535 None] Task 'cinder.volume.flows.manager.create_volume.ExtractVolumeRefTask;volume:create' (a0dc364e-a561-4caf-95d9-1f1086dd5c96) transitioned into state 'RUNNING' from state 'PENDING' {{(pid=93948) _task_receiver /opt/stack/data/venv/lib/python3.12/site-packages/taskflow/listeners/logging.py:242}}
Jun 25 17:56:30 devstack cinder-volume[93948]: DEBUG cinder.volume.manager [None req-3d397f5b-2036-478c-b3ac-beca03b98460 tempest-ServerRescueNegativeTestJSON-1103029535 None] Task 'cinder.volume.flows.manager.create_volume.ExtractVolumeRefTask;volume:create' (a0dc364e-a561-4caf-95d9-1f1086dd5c96) transitioned into state 'SUCCESS' from state 'RUNNING' with result 'Volume(_name_id=None,admin_metadata=,attach_status='detached',availability_zone='nova',bootable=False,cluster=,cluster_name=None,consistencygroup=,consistencygroup_id=None,created_at=2026-06-25T15:56:29Z,deleted=False,deleted_at=None,display_description=None,display_name='tempest-ServerRescueNegativeTestJSON-volume-2147318371',ec2_id=None,encryption_key_id=None,glance_metadata=,group=,group_id=None,host='devstack@QuobyteHD#QuobyteHD',id=c9e561ef-cdd2-4400-8ced-afa700b312a4,launched_at=None,metadata={},migration_status=None,multiattach=False,previous_status=None,project_id='a89453611ae14b1b9ba5d16feebd3bd8',provider_auth=None,provider_geometry=None,provider_id=None,provider_location=None,replication_driver_data=None,replication_extended_status=None,replication_status=None,scheduled_at=2026-06-25T15:56:30Z,service_uuid=None,shared_targets=True,size=1,snapshot_id=None,snapshots=,source_volid=None,status='creating',terminated_at=None,updated_at=2026-06-25T15:56:30Z,use_quota=True,user_id='455214988d3a4e21915da23c94a749a7',volume_attachment=VolumeAttachmentList,volume_type=VolumeType(ddf7ccac-96cc-4019-aeb9-4c2a362052cf),volume_type_id=ddf7ccac-96cc-4019-aeb9-4c2a362052cf)' {{(pid=93948) _task_receiver /opt/stack/data/venv/lib/python3.12/site-packages/taskflow/listeners/logging.py:218}}
Jun 25 17:56:30 devstack cinder-volume[93948]: DEBUG cinder.volume.manager [None req-3d397f5b-2036-478c-b3ac-beca03b98460 tempest-ServerRescueNegativeTestJSON-1103029535 None] Task 'cinder.volume.flows.manager.create_volume.OnFailureRescheduleTask;volume:create' (65e0dd82-6f0c-46a3-bc46-3e9264341f1d) transitioned into state 'RUNNING' from state 'PENDING' {{(pid=93948) _task_receiver /opt/stack/data/venv/lib/python3.12/site-packages/taskflow/listeners/logging.py:242}}
Jun 25 17:56:30 devstack cinder-volume[93948]: DEBUG cinder.volume.manager [None req-3d397f5b-2036-478c-b3ac-beca03b98460 tempest-ServerRescueNegativeTestJSON-1103029535 None] Task 'cinder.volume.flows.manager.create_volume.OnFailureRescheduleTask;volume:create' (65e0dd82-6f0c-46a3-bc46-3e9264341f1d) transitioned into state 'SUCCESS' from state 'RUNNING' with result 'None' {{(pid=93948) _task_receiver /opt/stack/data/venv/lib/python3.12/site-packages/taskflow/listeners/logging.py:218}}
Jun 25 17:56:30 devstack cinder-volume[93948]: DEBUG cinder.volume.manager [None req-3d397f5b-2036-478c-b3ac-beca03b98460 tempest-ServerRescueNegativeTestJSON-1103029535 None] Task 'cinder.volume.flows.manager.create_volume.ExtractVolumeSpecTask;volume:create' (a56d8190-7e95-47c0-96fc-274e1d470478) transitioned into state 'RUNNING' from state 'PENDING' {{(pid=93948) _task_receiver /opt/stack/data/venv/lib/python3.12/site-packages/taskflow/listeners/logging.py:242}}
Jun 25 17:56:30 devstack cinder-volume[93948]: DEBUG cinder.volume.manager [None req-3d397f5b-2036-478c-b3ac-beca03b98460 tempest-ServerRescueNegativeTestJSON-1103029535 None] Task 'cinder.volume.flows.manager.create_volume.ExtractVolumeSpecTask;volume:create' (a56d8190-7e95-47c0-96fc-274e1d470478) transitioned into state 'SUCCESS' from state 'RUNNING' with result '{'status': 'creating', 'type': 'raw', 'volume_id': 'c9e561ef-cdd2-4400-8ced-afa700b312a4', 'volume_name': 'volume-c9e561ef-cdd2-4400-8ced-afa700b312a4', 'volume_size': 1}' {{(pid=93948) _task_receiver /opt/stack/data/venv/lib/python3.12/site-packages/taskflow/listeners/logging.py:218}}
Jun 25 17:56:30 devstack cinder-volume[93948]: DEBUG cinder.volume.manager [None req-3d397f5b-2036-478c-b3ac-beca03b98460 tempest-ServerRescueNegativeTestJSON-1103029535 None] Task 'cinder.volume.flows.manager.create_volume.NotifyVolumeActionTask;volume:create, create.start' (a5eadaad-fa9e-4cb3-be45-5dc02d977030) transitioned into state 'RUNNING' from state 'PENDING' {{(pid=93948) _task_receiver /opt/stack/data/venv/lib/python3.12/site-packages/taskflow/listeners/logging.py:242}}
Jun 25 17:56:30 devstack cinder-volume[93948]: DEBUG cinder.volume.manager [None req-3d397f5b-2036-478c-b3ac-beca03b98460 tempest-ServerRescueNegativeTestJSON-1103029535 None] Task 'cinder.volume.flows.manager.create_volume.NotifyVolumeActionTask;volume:create, create.start' (a5eadaad-fa9e-4cb3-be45-5dc02d977030) transitioned into state 'SUCCESS' from state 'RUNNING' with result 'None' {{(pid=93948) _task_receiver /opt/stack/data/venv/lib/python3.12/site-packages/taskflow/listeners/logging.py:218}}
Jun 25 17:56:30 devstack cinder-volume[93948]: DEBUG cinder.volume.manager [None req-3d397f5b-2036-478c-b3ac-beca03b98460 tempest-ServerRescueNegativeTestJSON-1103029535 None] Task 'cinder.volume.flows.manager.create_volume.CreateVolumeFromSpecTask;volume:create' (57a6b3af-7cff-41ae-99b5-118223236b91) transitioned into state 'RUNNING' from state 'PENDING' {{(pid=93948) _task_receiver /opt/stack/data/venv/lib/python3.12/site-packages/taskflow/listeners/logging.py:242}}
Jun 25 17:56:30 devstack cinder-volume[93948]: INFO cinder.volume.flows.manager.create_volume [None req-3d397f5b-2036-478c-b3ac-beca03b98460 tempest-ServerRescueNegativeTestJSON-1103029535 None] Volume c9e561ef-cdd2-4400-8ced-afa700b312a4: being created as raw with specification: {'status': 'creating', 'volume_name': 'volume-c9e561ef-cdd2-4400-8ced-afa700b312a4', 'volume_size': 1}
Jun 25 17:56:30 devstack cinder-volume[93948]: DEBUG oslo_concurrency.lockutils [None req-3d397f5b-2036-478c-b3ac-beca03b98460 tempest-ServerRescueNegativeTestJSON-1103029535 None] Acquiring lock "quobyte" by "cinder.volume.drivers.quobyte.QuobyteDriver.create_volume" {{(pid=93948) inner /opt/stack/data/venv/lib/python3.12/site-packages/oslo_concurrency/lockutils.py:511}}
Jun 25 17:56:31 devstack cinder-volume[93948]: DEBUG cinder.volume.flows.manager.create_volume [None req-23543f7f-9198-4bf6-9422-3576f6cd4991 tempest-AttachVolumeNegativeTest-1323342396 None] Volume reschedule parameters: True retry: {'num_attempts': 1, 'backends': ['devstack@QuobyteHD#QuobyteHD'], 'hosts': ['devstack@QuobyteHD#QuobyteHD']} {{(pid=93948) get_flow /opt/stack/cinder/cinder/volume/flows/manager/create_volume.py:1397}}
Jun 25 17:56:31 devstack sudo[102801]: pam_unix(sudo:session): session closed for user root
Jun 25 17:56:31 devstack cinder-volume[93948]: DEBUG cinder.volume.manager [None req-23543f7f-9198-4bf6-9422-3576f6cd4991 tempest-AttachVolumeNegativeTest-1323342396 None] Flow 'volume_create_manager' (e6ca1fac-00ed-4c9c-a135-b94a11ac1356) transitioned into state 'RUNNING' from state 'PENDING' {{(pid=93948) _flow_receiver /opt/stack/data/venv/lib/python3.12/site-packages/taskflow/listeners/logging.py:160}}
Jun 25 17:56:31 devstack cinder-volume[93948]: DEBUG cinder.volume.manager [None req-23543f7f-9198-4bf6-9422-3576f6cd4991 tempest-AttachVolumeNegativeTest-1323342396 None] Task 'cinder.volume.flows.manager.create_volume.ExtractVolumeRefTask;volume:create' (da141e91-95a5-490f-a6a6-974f08e8acbd) transitioned into state 'RUNNING' from state 'PENDING' {{(pid=93948) _task_receiver /opt/stack/data/venv/lib/python3.12/site-packages/taskflow/listeners/logging.py:242}}
Jun 25 17:56:31 devstack cinder-volume[93948]: DEBUG oslo_concurrency.processutils [None req-cbff84d2-bd6c-47ec-b188-bbf82a6c947d tempest-GroupSnapshotsTest-2016099334 None] CMD "sudo cinder-rootwrap /etc/cinder/rootwrap.conf qemu-img rebase -u -b volume-34004ed6-a86c-43cd-9e0d-f28011ee61fb -F qcow2 /opt/stack/data/cinder/mnt/533e5e109f16d4345a82773fc11f71d6/volume-34004ed6-a86c-43cd-9e0d-f28011ee61fb.9c8e9854-2e16-4ff7-a7c6-eb71d3bb0c2c" returned: 0 in 1.703s {{(pid=93948) execute /opt/stack/data/venv/lib/python3.12/site-packages/oslo_concurrency/processutils.py:468}}
Jun 25 17:56:31 devstack cinder-volume[93948]: WARNING cinder.volume.drivers.remotefs [None req-cbff84d2-bd6c-47ec-b188-bbf82a6c947d tempest-GroupSnapshotsTest-2016099334 None] /opt/stack/data/cinder/mnt/533e5e109f16d4345a82773fc11f71d6/volume-34004ed6-a86c-43cd-9e0d-f28011ee61fb.9c8e9854-2e16-4ff7-a7c6-eb71d3bb0c2c is being set with open permissions: ugo+rw: NotImplementedError
Jun 25 17:56:31 devstack cinder-volume[93948]: DEBUG oslo_concurrency.processutils [None req-cbff84d2-bd6c-47ec-b188-bbf82a6c947d tempest-GroupSnapshotsTest-2016099334 None] Running cmd (subprocess): sudo cinder-rootwrap /etc/cinder/rootwrap.conf chmod ugo+rw /opt/stack/data/cinder/mnt/533e5e109f16d4345a82773fc11f71d6/volume-34004ed6-a86c-43cd-9e0d-f28011ee61fb.9c8e9854-2e16-4ff7-a7c6-eb71d3bb0c2c {{(pid=93948) execute /opt/stack/data/venv/lib/python3.12/site-packages/oslo_concurrency/processutils.py:440}}
Jun 25 17:56:31 devstack cinder-volume[93948]: DEBUG cinder.volume.manager [None req-23543f7f-9198-4bf6-9422-3576f6cd4991 tempest-AttachVolumeNegativeTest-1323342396 None] Task 'cinder.volume.flows.manager.create_volume.ExtractVolumeRefTask;volume:create' (da141e91-95a5-490f-a6a6-974f08e8acbd) transitioned into state 'SUCCESS' from state 'RUNNING' with result 'Volume(_name_id=None,admin_metadata=,attach_status='detached',availability_zone='nova',bootable=False,cluster=,cluster_name=None,consistencygroup=,consistencygroup_id=None,created_at=2026-06-25T15:56:30Z,deleted=False,deleted_at=None,display_description=None,display_name='tempest-AttachVolumeNegativeTest-volume-826171699',ec2_id=None,encryption_key_id=None,glance_metadata=,group=,group_id=None,host='devstack@QuobyteHD#QuobyteHD',id=923cb3fe-c321-427a-90af-0ac644dd5b46,launched_at=None,metadata={},migration_status=None,multiattach=False,previous_status=None,project_id='7511d84a77d248bca1306dc534f1827b',provider_auth=None,provider_geometry=None,provider_id=None,provider_location=None,replication_driver_data=None,replication_extended_status=None,replication_status=None,scheduled_at=2026-06-25T15:56:31Z,service_uuid=None,shared_targets=True,size=1,snapshot_id=None,snapshots=,source_volid=None,status='creating',terminated_at=None,updated_at=2026-06-25T15:56:31Z,use_quota=True,user_id='98c9f7e912dc4e89905118fd4ce44bd6',volume_attachment=VolumeAttachmentList,volume_type=VolumeType(ddf7ccac-96cc-4019-aeb9-4c2a362052cf),volume_type_id=ddf7ccac-96cc-4019-aeb9-4c2a362052cf)' {{(pid=93948) _task_receiver /opt/stack/data/venv/lib/python3.12/site-packages/taskflow/listeners/logging.py:218}}
Jun 25 17:56:31 devstack cinder-volume[93948]: DEBUG cinder.volume.manager [None req-23543f7f-9198-4bf6-9422-3576f6cd4991 tempest-AttachVolumeNegativeTest-1323342396 None] Task 'cinder.volume.flows.manager.create_volume.OnFailureRescheduleTask;volume:create' (7efbf463-69b3-41cc-829e-38517ec176e4) transitioned into state 'RUNNING' from state 'PENDING' {{(pid=93948) _task_receiver /opt/stack/data/venv/lib/python3.12/site-packages/taskflow/listeners/logging.py:242}}
Jun 25 17:56:31 devstack cinder-volume[93948]: DEBUG cinder.volume.manager [None req-23543f7f-9198-4bf6-9422-3576f6cd4991 tempest-AttachVolumeNegativeTest-1323342396 None] Task 'cinder.volume.flows.manager.create_volume.OnFailureRescheduleTask;volume:create' (7efbf463-69b3-41cc-829e-38517ec176e4) transitioned into state 'SUCCESS' from state 'RUNNING' with result 'None' {{(pid=93948) _task_receiver /opt/stack/data/venv/lib/python3.12/site-packages/taskflow/listeners/logging.py:218}}
Jun 25 17:56:31 devstack sudo[102816]: quobyte : PWD=/ ; USER=root ; COMMAND=/opt/stack/data/venv/bin/cinder-rootwrap /etc/cinder/rootwrap.conf chmod ugo+rw /opt/stack/data/cinder/mnt/533e5e109f16d4345a82773fc11f71d6/volume-34004ed6-a86c-43cd-9e0d-f28011ee61fb.9c8e9854-2e16-4ff7-a7c6-eb71d3bb0c2c
Jun 25 17:56:31 devstack cinder-volume[93948]: DEBUG cinder.volume.manager [None req-23543f7f-9198-4bf6-9422-3576f6cd4991 tempest-AttachVolumeNegativeTest-1323342396 None] Task 'cinder.volume.flows.manager.create_volume.ExtractVolumeSpecTask;volume:create' (f15de5a7-e9ca-4326-bed5-04c6ea76801b) transitioned into state 'RUNNING' from state 'PENDING' {{(pid=93948) _task_receiver /opt/stack/data/venv/lib/python3.12/site-packages/taskflow/listeners/logging.py:242}}
Jun 25 17:56:31 devstack sudo[102816]: pam_unix(sudo:session): session opened for user root(uid=0) by (uid=1000)
Jun 25 17:56:31 devstack cinder-volume[93948]: DEBUG cinder.volume.manager [None req-23543f7f-9198-4bf6-9422-3576f6cd4991 tempest-AttachVolumeNegativeTest-1323342396 None] Task 'cinder.volume.flows.manager.create_volume.ExtractVolumeSpecTask;volume:create' (f15de5a7-e9ca-4326-bed5-04c6ea76801b) transitioned into state 'SUCCESS' from state 'RUNNING' with result '{'status': 'creating', 'type': 'raw', 'volume_id': '923cb3fe-c321-427a-90af-0ac644dd5b46', 'volume_name': 'volume-923cb3fe-c321-427a-90af-0ac644dd5b46', 'volume_size': 1}' {{(pid=93948) _task_receiver /opt/stack/data/venv/lib/python3.12/site-packages/taskflow/listeners/logging.py:218}}
Jun 25 17:56:31 devstack cinder-volume[93948]: DEBUG cinder.volume.manager [None req-23543f7f-9198-4bf6-9422-3576f6cd4991 tempest-AttachVolumeNegativeTest-1323342396 None] Task 'cinder.volume.flows.manager.create_volume.NotifyVolumeActionTask;volume:create, create.start' (4e804070-e21b-4a4b-a71e-df34e5e86f26) transitioned into state 'RUNNING' from state 'PENDING' {{(pid=93948) _task_receiver /opt/stack/data/venv/lib/python3.12/site-packages/taskflow/listeners/logging.py:242}}
Jun 25 17:56:31 devstack cinder-volume[93948]: DEBUG cinder.volume.manager [None req-23543f7f-9198-4bf6-9422-3576f6cd4991 tempest-AttachVolumeNegativeTest-1323342396 None] Task 'cinder.volume.flows.manager.create_volume.NotifyVolumeActionTask;volume:create, create.start' (4e804070-e21b-4a4b-a71e-df34e5e86f26) transitioned into state 'SUCCESS' from state 'RUNNING' with result 'None' {{(pid=93948) _task_receiver /opt/stack/data/venv/lib/python3.12/site-packages/taskflow/listeners/logging.py:218}}
Jun 25 17:56:31 devstack cinder-volume[93948]: DEBUG cinder.volume.manager [None req-23543f7f-9198-4bf6-9422-3576f6cd4991 tempest-AttachVolumeNegativeTest-1323342396 None] Task 'cinder.volume.flows.manager.create_volume.CreateVolumeFromSpecTask;volume:create' (cac2aa4a-70fd-4f09-8c4b-4f5a0ebc9666) transitioned into state 'RUNNING' from state 'PENDING' {{(pid=93948) _task_receiver /opt/stack/data/venv/lib/python3.12/site-packages/taskflow/listeners/logging.py:242}}
Jun 25 17:56:31 devstack cinder-volume[93948]: INFO cinder.volume.flows.manager.create_volume [None req-23543f7f-9198-4bf6-9422-3576f6cd4991 tempest-AttachVolumeNegativeTest-1323342396 None] Volume 923cb3fe-c321-427a-90af-0ac644dd5b46: being created as raw with specification: {'status': 'creating', 'volume_name': 'volume-923cb3fe-c321-427a-90af-0ac644dd5b46', 'volume_size': 1}
Jun 25 17:56:31 devstack cinder-volume[93948]: DEBUG oslo_concurrency.lockutils [None req-23543f7f-9198-4bf6-9422-3576f6cd4991 tempest-AttachVolumeNegativeTest-1323342396 None] Acquiring lock "quobyte" by "cinder.volume.drivers.quobyte.QuobyteDriver.create_volume" {{(pid=93948) inner /opt/stack/data/venv/lib/python3.12/site-packages/oslo_concurrency/lockutils.py:511}}
Jun 25 17:56:32 devstack sudo[102816]: pam_unix(sudo:session): session closed for user root
Jun 25 17:56:32 devstack cinder-volume[93948]: DEBUG oslo_concurrency.processutils [None req-cbff84d2-bd6c-47ec-b188-bbf82a6c947d tempest-GroupSnapshotsTest-2016099334 None] CMD "sudo cinder-rootwrap /etc/cinder/rootwrap.conf chmod ugo+rw /opt/stack/data/cinder/mnt/533e5e109f16d4345a82773fc11f71d6/volume-34004ed6-a86c-43cd-9e0d-f28011ee61fb.9c8e9854-2e16-4ff7-a7c6-eb71d3bb0c2c" returned: 0 in 1.282s {{(pid=93948) execute /opt/stack/data/venv/lib/python3.12/site-packages/oslo_concurrency/processutils.py:468}}
Jun 25 17:56:32 devstack cinder-volume[93948]: DEBUG oslo_concurrency.processutils [None req-cbff84d2-bd6c-47ec-b188-bbf82a6c947d tempest-GroupSnapshotsTest-2016099334 None] Running cmd (subprocess): sudo cinder-rootwrap /etc/cinder/rootwrap.conf truncate -s0 /opt/stack/data/cinder/mnt/533e5e109f16d4345a82773fc11f71d6/volume-34004ed6-a86c-43cd-9e0d-f28011ee61fb.info {{(pid=93948) execute /opt/stack/data/venv/lib/python3.12/site-packages/oslo_concurrency/processutils.py:440}}
Jun 25 17:56:32 devstack sudo[102849]: quobyte : PWD=/ ; USER=root ; COMMAND=/opt/stack/data/venv/bin/cinder-rootwrap /etc/cinder/rootwrap.conf truncate -s0 /opt/stack/data/cinder/mnt/533e5e109f16d4345a82773fc11f71d6/volume-34004ed6-a86c-43cd-9e0d-f28011ee61fb.info
Jun 25 17:56:32 devstack sudo[102849]: pam_unix(sudo:session): session opened for user root(uid=0) by (uid=1000)
Jun 25 17:56:33 devstack sudo[102849]: pam_unix(sudo:session): session closed for user root
Jun 25 17:56:33 devstack cinder-volume[93948]: DEBUG oslo_concurrency.processutils [None req-cbff84d2-bd6c-47ec-b188-bbf82a6c947d tempest-GroupSnapshotsTest-2016099334 None] CMD "sudo cinder-rootwrap /etc/cinder/rootwrap.conf truncate -s0 /opt/stack/data/cinder/mnt/533e5e109f16d4345a82773fc11f71d6/volume-34004ed6-a86c-43cd-9e0d-f28011ee61fb.info" returned: 0 in 0.923s {{(pid=93948) execute /opt/stack/data/venv/lib/python3.12/site-packages/oslo_concurrency/processutils.py:468}}
Jun 25 17:56:33 devstack cinder-volume[93948]: WARNING cinder.volume.drivers.remotefs [None req-cbff84d2-bd6c-47ec-b188-bbf82a6c947d tempest-GroupSnapshotsTest-2016099334 None] /opt/stack/data/cinder/mnt/533e5e109f16d4345a82773fc11f71d6/volume-34004ed6-a86c-43cd-9e0d-f28011ee61fb.info is being set with open permissions: ugo+rw: NotImplementedError
Jun 25 17:56:33 devstack cinder-volume[93948]: DEBUG oslo_concurrency.processutils [None req-cbff84d2-bd6c-47ec-b188-bbf82a6c947d tempest-GroupSnapshotsTest-2016099334 None] Running cmd (subprocess): sudo cinder-rootwrap /etc/cinder/rootwrap.conf chmod ugo+rw /opt/stack/data/cinder/mnt/533e5e109f16d4345a82773fc11f71d6/volume-34004ed6-a86c-43cd-9e0d-f28011ee61fb.info {{(pid=93948) execute /opt/stack/data/venv/lib/python3.12/site-packages/oslo_concurrency/processutils.py:440}}
Jun 25 17:56:33 devstack sudo[102854]: quobyte : PWD=/ ; USER=root ; COMMAND=/opt/stack/data/venv/bin/cinder-rootwrap /etc/cinder/rootwrap.conf chmod ugo+rw /opt/stack/data/cinder/mnt/533e5e109f16d4345a82773fc11f71d6/volume-34004ed6-a86c-43cd-9e0d-f28011ee61fb.info
Jun 25 17:56:33 devstack sudo[102854]: pam_unix(sudo:session): session opened for user root(uid=0) by (uid=1000)
Jun 25 17:56:34 devstack sudo[102854]: pam_unix(sudo:session): session closed for user root
Jun 25 17:56:34 devstack cinder-volume[93948]: DEBUG oslo_concurrency.processutils [None req-cbff84d2-bd6c-47ec-b188-bbf82a6c947d tempest-GroupSnapshotsTest-2016099334 None] CMD "sudo cinder-rootwrap /etc/cinder/rootwrap.conf chmod ugo+rw /opt/stack/data/cinder/mnt/533e5e109f16d4345a82773fc11f71d6/volume-34004ed6-a86c-43cd-9e0d-f28011ee61fb.info" returned: 0 in 1.127s {{(pid=93948) execute /opt/stack/data/venv/lib/python3.12/site-packages/oslo_concurrency/processutils.py:468}}
Jun 25 17:56:34 devstack cinder-volume[93948]: DEBUG oslo_concurrency.lockutils [None req-cbff84d2-bd6c-47ec-b188-bbf82a6c947d tempest-GroupSnapshotsTest-2016099334 None] Lock "quobyte" "released" by "cinder.volume.drivers.quobyte.QuobyteDriver.create_snapshot" :: held 7.898s {{(pid=93948) inner /opt/stack/data/venv/lib/python3.12/site-packages/oslo_concurrency/lockutils.py:543}}
Jun 25 17:56:34 devstack cinder-volume[93948]: DEBUG oslo_concurrency.lockutils [None req-cbff84d2-bd6c-47ec-b188-bbf82a6c947d tempest-GroupSnapshotsTest-2016099334 None] Acquiring lock "quobyte" by "cinder.volume.drivers.quobyte.QuobyteDriver.create_snapshot" {{(pid=93948) inner /opt/stack/data/venv/lib/python3.12/site-packages/oslo_concurrency/lockutils.py:511}}
Jun 25 17:56:34 devstack cinder-volume[93948]: DEBUG oslo_concurrency.lockutils [None req-cbff84d2-bd6c-47ec-b188-bbf82a6c947d tempest-GroupSnapshotsTest-2016099334 None] Lock "quobyte" acquired by "cinder.volume.drivers.quobyte.QuobyteDriver.create_snapshot" :: waited 0.001s {{(pid=93948) inner /opt/stack/data/venv/lib/python3.12/site-packages/oslo_concurrency/lockutils.py:524}}
Jun 25 17:56:34 devstack cinder-volume[93948]: DEBUG cinder.volume.drivers.remotefs [None req-cbff84d2-bd6c-47ec-b188-bbf82a6c947d tempest-GroupSnapshotsTest-2016099334 None] Creating offline snapshot cc66e997-3882-42ce-b65d-e00e4e1efa58 of volume 0f648eed-400f-434f-be67-767cb09fd264 {{(pid=93948) _create_snapshot /opt/stack/cinder/cinder/volume/drivers/remotefs.py:1816}}
Jun 25 17:56:34 devstack cinder-volume[93948]: DEBUG oslo.privsep.daemon [-] privsep: reply[805fd92e-42d9-4aef-9a78-20aa3903dbb1]: (4, 'qcow2') {{(pid=95255) _call_back /opt/stack/data/venv/lib/python3.12/site-packages/oslo_privsep/daemon.py:580}}
Jun 25 17:56:34 devstack cinder-volume[93948]: DEBUG oslo_concurrency.processutils [None req-cbff84d2-bd6c-47ec-b188-bbf82a6c947d tempest-GroupSnapshotsTest-2016099334 None] Running cmd (subprocess): /opt/stack/data/venv/bin/python3.12 -m oslo_concurrency.prlimit --as=1073741824 --cpu=60 -- sudo cinder-rootwrap /etc/cinder/rootwrap.conf env LC_ALL=C qemu-img info -f qcow2 --output=json --force-share /opt/stack/data/cinder/mnt/533e5e109f16d4345a82773fc11f71d6/volume-0f648eed-400f-434f-be67-767cb09fd264 {{(pid=93948) execute /opt/stack/data/venv/lib/python3.12/site-packages/oslo_concurrency/processutils.py:440}}
Jun 25 17:56:35 devstack sudo[102859]: quobyte : PWD=/ ; USER=root ; COMMAND=/opt/stack/data/venv/bin/cinder-rootwrap /etc/cinder/rootwrap.conf env LC_ALL=C qemu-img info -f qcow2 --output=json --force-share /opt/stack/data/cinder/mnt/533e5e109f16d4345a82773fc11f71d6/volume-0f648eed-400f-434f-be67-767cb09fd264
Jun 25 17:56:35 devstack sudo[102859]: pam_unix(sudo:session): session opened for user root(uid=0) by (uid=1000)
Jun 25 17:56:35 devstack sudo[102859]: pam_unix(sudo:session): session closed for user root
Jun 25 17:56:35 devstack cinder-volume[93948]: DEBUG oslo_concurrency.processutils [None req-cbff84d2-bd6c-47ec-b188-bbf82a6c947d tempest-GroupSnapshotsTest-2016099334 None] CMD "/opt/stack/data/venv/bin/python3.12 -m oslo_concurrency.prlimit --as=1073741824 --cpu=60 -- sudo cinder-rootwrap /etc/cinder/rootwrap.conf env LC_ALL=C qemu-img info -f qcow2 --output=json --force-share /opt/stack/data/cinder/mnt/533e5e109f16d4345a82773fc11f71d6/volume-0f648eed-400f-434f-be67-767cb09fd264" returned: 0 in 0.821s {{(pid=93948) execute /opt/stack/data/venv/lib/python3.12/site-packages/oslo_concurrency/processutils.py:468}}
Jun 25 17:56:35 devstack cinder-volume[93948]: DEBUG oslo_concurrency.processutils [None req-cbff84d2-bd6c-47ec-b188-bbf82a6c947d tempest-GroupSnapshotsTest-2016099334 None] Running cmd (subprocess): sudo cinder-rootwrap /etc/cinder/rootwrap.conf qemu-img create -f qcow2 -o backing_file=/opt/stack/data/cinder/mnt/533e5e109f16d4345a82773fc11f71d6/volume-0f648eed-400f-434f-be67-767cb09fd264,backing_fmt=qcow2 /opt/stack/data/cinder/mnt/533e5e109f16d4345a82773fc11f71d6/volume-0f648eed-400f-434f-be67-767cb09fd264.cc66e997-3882-42ce-b65d-e00e4e1efa58 1G {{(pid=93948) execute /opt/stack/data/venv/lib/python3.12/site-packages/oslo_concurrency/processutils.py:440}}
Jun 25 17:56:35 devstack sudo[102864]: quobyte : PWD=/ ; USER=root ; COMMAND=/opt/stack/data/venv/bin/cinder-rootwrap /etc/cinder/rootwrap.conf qemu-img create -f qcow2 -o backing_file=/opt/stack/data/cinder/mnt/533e5e109f16d4345a82773fc11f71d6/volume-0f648eed-400f-434f-be67-767cb09fd264,backing_fmt=qcow2 /opt/stack/data/cinder/mnt/533e5e109f16d4345a82773fc11f71d6/volume-0f648eed-400f-434f-be67-767cb09fd264.cc66e997-3882-42ce-b65d-e00e4e1efa58 1G
Jun 25 17:56:35 devstack sudo[102864]: pam_unix(sudo:session): session opened for user root(uid=0) by (uid=1000)
Jun 25 17:56:36 devstack sudo[102864]: pam_unix(sudo:session): session closed for user root
Jun 25 17:56:36 devstack cinder-volume[93948]: DEBUG oslo_concurrency.processutils [None req-cbff84d2-bd6c-47ec-b188-bbf82a6c947d tempest-GroupSnapshotsTest-2016099334 None] CMD "sudo cinder-rootwrap /etc/cinder/rootwrap.conf qemu-img create -f qcow2 -o backing_file=/opt/stack/data/cinder/mnt/533e5e109f16d4345a82773fc11f71d6/volume-0f648eed-400f-434f-be67-767cb09fd264,backing_fmt=qcow2 /opt/stack/data/cinder/mnt/533e5e109f16d4345a82773fc11f71d6/volume-0f648eed-400f-434f-be67-767cb09fd264.cc66e997-3882-42ce-b65d-e00e4e1efa58 1G" returned: 0 in 0.831s {{(pid=93948) execute /opt/stack/data/venv/lib/python3.12/site-packages/oslo_concurrency/processutils.py:468}}
Jun 25 17:56:36 devstack cinder-volume[93948]: DEBUG oslo_concurrency.processutils [None req-cbff84d2-bd6c-47ec-b188-bbf82a6c947d tempest-GroupSnapshotsTest-2016099334 None] Running cmd (subprocess): sudo cinder-rootwrap /etc/cinder/rootwrap.conf qemu-img rebase -u -b volume-0f648eed-400f-434f-be67-767cb09fd264 -F qcow2 /opt/stack/data/cinder/mnt/533e5e109f16d4345a82773fc11f71d6/volume-0f648eed-400f-434f-be67-767cb09fd264.cc66e997-3882-42ce-b65d-e00e4e1efa58 {{(pid=93948) execute /opt/stack/data/venv/lib/python3.12/site-packages/oslo_concurrency/processutils.py:440}}
Jun 25 17:56:36 devstack sudo[102870]: quobyte : PWD=/ ; USER=root ; COMMAND=/opt/stack/data/venv/bin/cinder-rootwrap /etc/cinder/rootwrap.conf qemu-img rebase -u -b volume-0f648eed-400f-434f-be67-767cb09fd264 -F qcow2 /opt/stack/data/cinder/mnt/533e5e109f16d4345a82773fc11f71d6/volume-0f648eed-400f-434f-be67-767cb09fd264.cc66e997-3882-42ce-b65d-e00e4e1efa58
Jun 25 17:56:36 devstack sudo[102870]: pam_unix(sudo:session): session opened for user root(uid=0) by (uid=1000)
Jun 25 17:56:37 devstack sudo[102870]: pam_unix(sudo:session): session closed for user root
Jun 25 17:56:37 devstack cinder-volume[93948]: DEBUG oslo_concurrency.processutils [None req-cbff84d2-bd6c-47ec-b188-bbf82a6c947d tempest-GroupSnapshotsTest-2016099334 None] CMD "sudo cinder-rootwrap /etc/cinder/rootwrap.conf qemu-img rebase -u -b volume-0f648eed-400f-434f-be67-767cb09fd264 -F qcow2 /opt/stack/data/cinder/mnt/533e5e109f16d4345a82773fc11f71d6/volume-0f648eed-400f-434f-be67-767cb09fd264.cc66e997-3882-42ce-b65d-e00e4e1efa58" returned: 0 in 0.763s {{(pid=93948) execute /opt/stack/data/venv/lib/python3.12/site-packages/oslo_concurrency/processutils.py:468}}
Jun 25 17:56:37 devstack cinder-volume[93948]: WARNING cinder.volume.drivers.remotefs [None req-cbff84d2-bd6c-47ec-b188-bbf82a6c947d tempest-GroupSnapshotsTest-2016099334 None] /opt/stack/data/cinder/mnt/533e5e109f16d4345a82773fc11f71d6/volume-0f648eed-400f-434f-be67-767cb09fd264.cc66e997-3882-42ce-b65d-e00e4e1efa58 is being set with open permissions: ugo+rw: NotImplementedError
Jun 25 17:56:37 devstack cinder-volume[93948]: DEBUG oslo_concurrency.processutils [None req-cbff84d2-bd6c-47ec-b188-bbf82a6c947d tempest-GroupSnapshotsTest-2016099334 None] Running cmd (subprocess): sudo cinder-rootwrap /etc/cinder/rootwrap.conf chmod ugo+rw /opt/stack/data/cinder/mnt/533e5e109f16d4345a82773fc11f71d6/volume-0f648eed-400f-434f-be67-767cb09fd264.cc66e997-3882-42ce-b65d-e00e4e1efa58 {{(pid=93948) execute /opt/stack/data/venv/lib/python3.12/site-packages/oslo_concurrency/processutils.py:440}}
Jun 25 17:56:37 devstack sudo[102875]: quobyte : PWD=/ ; USER=root ; COMMAND=/opt/stack/data/venv/bin/cinder-rootwrap /etc/cinder/rootwrap.conf chmod ugo+rw /opt/stack/data/cinder/mnt/533e5e109f16d4345a82773fc11f71d6/volume-0f648eed-400f-434f-be67-767cb09fd264.cc66e997-3882-42ce-b65d-e00e4e1efa58
Jun 25 17:56:37 devstack sudo[102875]: pam_unix(sudo:session): session opened for user root(uid=0) by (uid=1000)
Jun 25 17:56:38 devstack sudo[102875]: pam_unix(sudo:session): session closed for user root
Jun 25 17:56:38 devstack cinder-volume[93948]: DEBUG oslo_concurrency.processutils [None req-cbff84d2-bd6c-47ec-b188-bbf82a6c947d tempest-GroupSnapshotsTest-2016099334 None] CMD "sudo cinder-rootwrap /etc/cinder/rootwrap.conf chmod ugo+rw /opt/stack/data/cinder/mnt/533e5e109f16d4345a82773fc11f71d6/volume-0f648eed-400f-434f-be67-767cb09fd264.cc66e997-3882-42ce-b65d-e00e4e1efa58" returned: 0 in 0.800s {{(pid=93948) execute /opt/stack/data/venv/lib/python3.12/site-packages/oslo_concurrency/processutils.py:468}}
Jun 25 17:56:38 devstack cinder-volume[93948]: DEBUG oslo_concurrency.processutils [None req-cbff84d2-bd6c-47ec-b188-bbf82a6c947d tempest-GroupSnapshotsTest-2016099334 None] Running cmd (subprocess): sudo cinder-rootwrap /etc/cinder/rootwrap.conf truncate -s0 /opt/stack/data/cinder/mnt/533e5e109f16d4345a82773fc11f71d6/volume-0f648eed-400f-434f-be67-767cb09fd264.info {{(pid=93948) execute /opt/stack/data/venv/lib/python3.12/site-packages/oslo_concurrency/processutils.py:440}}
Jun 25 17:56:38 devstack sudo[102878]: quobyte : PWD=/ ; USER=root ; COMMAND=/opt/stack/data/venv/bin/cinder-rootwrap /etc/cinder/rootwrap.conf truncate -s0 /opt/stack/data/cinder/mnt/533e5e109f16d4345a82773fc11f71d6/volume-0f648eed-400f-434f-be67-767cb09fd264.info
Jun 25 17:56:38 devstack sudo[102878]: pam_unix(sudo:session): session opened for user root(uid=0) by (uid=1000)
Jun 25 17:56:38 devstack sudo[102878]: pam_unix(sudo:session): session closed for user root
Jun 25 17:56:38 devstack cinder-volume[93948]: DEBUG oslo_concurrency.processutils [None req-cbff84d2-bd6c-47ec-b188-bbf82a6c947d tempest-GroupSnapshotsTest-2016099334 None] CMD "sudo cinder-rootwrap /etc/cinder/rootwrap.conf truncate -s0 /opt/stack/data/cinder/mnt/533e5e109f16d4345a82773fc11f71d6/volume-0f648eed-400f-434f-be67-767cb09fd264.info" returned: 0 in 0.783s {{(pid=93948) execute /opt/stack/data/venv/lib/python3.12/site-packages/oslo_concurrency/processutils.py:468}}
Jun 25 17:56:38 devstack cinder-volume[93948]: WARNING cinder.volume.drivers.remotefs [None req-cbff84d2-bd6c-47ec-b188-bbf82a6c947d tempest-GroupSnapshotsTest-2016099334 None] /opt/stack/data/cinder/mnt/533e5e109f16d4345a82773fc11f71d6/volume-0f648eed-400f-434f-be67-767cb09fd264.info is being set with open permissions: ugo+rw: NotImplementedError
Jun 25 17:56:38 devstack cinder-volume[93948]: DEBUG oslo_concurrency.processutils [None req-cbff84d2-bd6c-47ec-b188-bbf82a6c947d tempest-GroupSnapshotsTest-2016099334 None] Running cmd (subprocess): sudo cinder-rootwrap /etc/cinder/rootwrap.conf chmod ugo+rw /opt/stack/data/cinder/mnt/533e5e109f16d4345a82773fc11f71d6/volume-0f648eed-400f-434f-be67-767cb09fd264.info {{(pid=93948) execute /opt/stack/data/venv/lib/python3.12/site-packages/oslo_concurrency/processutils.py:440}}
Jun 25 17:56:38 devstack sudo[102881]: quobyte : PWD=/ ; USER=root ; COMMAND=/opt/stack/data/venv/bin/cinder-rootwrap /etc/cinder/rootwrap.conf chmod ugo+rw /opt/stack/data/cinder/mnt/533e5e109f16d4345a82773fc11f71d6/volume-0f648eed-400f-434f-be67-767cb09fd264.info
Jun 25 17:56:38 devstack sudo[102881]: pam_unix(sudo:session): session opened for user root(uid=0) by (uid=1000)
Jun 25 17:56:39 devstack sudo[102881]: pam_unix(sudo:session): session closed for user root
Jun 25 17:56:39 devstack cinder-volume[93948]: DEBUG oslo_concurrency.processutils [None req-cbff84d2-bd6c-47ec-b188-bbf82a6c947d tempest-GroupSnapshotsTest-2016099334 None] CMD "sudo cinder-rootwrap /etc/cinder/rootwrap.conf chmod ugo+rw /opt/stack/data/cinder/mnt/533e5e109f16d4345a82773fc11f71d6/volume-0f648eed-400f-434f-be67-767cb09fd264.info" returned: 0 in 0.769s {{(pid=93948) execute /opt/stack/data/venv/lib/python3.12/site-packages/oslo_concurrency/processutils.py:468}}
Jun 25 17:56:39 devstack cinder-volume[93948]: DEBUG oslo_concurrency.lockutils [None req-cbff84d2-bd6c-47ec-b188-bbf82a6c947d tempest-GroupSnapshotsTest-2016099334 None] Lock "quobyte" "released" by "cinder.volume.drivers.quobyte.QuobyteDriver.create_snapshot" :: held 4.883s {{(pid=93948) inner /opt/stack/data/venv/lib/python3.12/site-packages/oslo_concurrency/lockutils.py:543}}
Jun 25 17:56:39 devstack cinder-volume[93948]: DEBUG oslo_concurrency.lockutils [None req-23543f7f-9198-4bf6-9422-3576f6cd4991 tempest-AttachVolumeNegativeTest-1323342396 None] Lock "quobyte" acquired by "cinder.volume.drivers.quobyte.QuobyteDriver.create_volume" :: waited 8.171s {{(pid=93948) inner /opt/stack/data/venv/lib/python3.12/site-packages/oslo_concurrency/lockutils.py:524}}
