Jun 25 17:58:41 devstack sudo[104968]: quobyte : PWD=/ ; USER=root ; COMMAND=/opt/stack/data/venv/bin/cinder-rootwrap /etc/cinder/rootwrap.conf qemu-img create -f qcow2 -o preallocation=metadata /opt/stack/data/cinder/mnt/533e5e109f16d4345a82773fc11f71d6/volume-d4b8c604-e2b3-4703-af20-1aa1860afdba 1073741824
Jun 25 17:58:41 devstack sudo[104968]: pam_unix(sudo:session): session opened for user root(uid=0) by (uid=1000)
Jun 25 17:58:41 devstack cinder-volume[93948]: DEBUG cinder.coordination [None req-3221079b-6edf-4668-8ed0-dff6ff3ec4d7 tempest-VolumeRetypeWithoutMigrationTest-2066657290 None] Lock "cinder-quobyte-d5dd5432-e736-426b-94c6-e63c77196ee0" released by "delete_volume" :: held 2.245s {{(pid=93948) __release /opt/stack/cinder/cinder/coordination.py:152}}
Jun 25 17:58:41 devstack cinder-volume[93948]: WARNING cinder.quota [None req-3221079b-6edf-4668-8ed0-dff6ff3ec4d7 tempest-VolumeRetypeWithoutMigrationTest-2066657290 None] Deprecated: Default quota for resource: volumes_volume-type-2 is set by the default quota flag: quota_volumes_volume-type-2, it is now deprecated. Please use the default quota class for default quota.
Jun 25 17:58:41 devstack cinder-volume[93948]: WARNING cinder.quota [None req-3221079b-6edf-4668-8ed0-dff6ff3ec4d7 tempest-VolumeRetypeWithoutMigrationTest-2066657290 None] Deprecated: Default quota for resource: gigabytes_volume-type-2 is set by the default quota flag: quota_gigabytes_volume-type-2, it is now deprecated. Please use the default quota class for default quota.
Jun 25 17:58:41 devstack cinder-volume[93948]: DEBUG cinder.quota [None req-3221079b-6edf-4668-8ed0-dff6ff3ec4d7 tempest-VolumeRetypeWithoutMigrationTest-2066657290 None] Created reservations ['102ba80b-727f-4895-bc8b-96f0b181f41c', '4d4d2858-7867-45c1-8a4c-b6daa9a565df', 'adf8bdf0-2f3e-4851-9551-5243c5d95fc6', '6b821137-f201-48b2-994f-762492dff91a'] {{(pid=93948) reserve /opt/stack/cinder/cinder/quota.py:752}}
Jun 25 17:58:42 devstack cinder-volume[93948]: DEBUG oslo_concurrency.lockutils [None req-3221079b-6edf-4668-8ed0-dff6ff3ec4d7 tempest-VolumeRetypeWithoutMigrationTest-2066657290 None] Acquiring lock "quobyte_ensure" by "cinder.volume.drivers.quobyte.QuobyteDriver._ensure_shares_mounted" {{(pid=93948) inner /opt/stack/data/venv/lib/python3.12/site-packages/oslo_concurrency/lockutils.py:511}}
Jun 25 17:58:42 devstack cinder-volume[93948]: DEBUG oslo_concurrency.lockutils [None req-3221079b-6edf-4668-8ed0-dff6ff3ec4d7 tempest-VolumeRetypeWithoutMigrationTest-2066657290 None] Lock "quobyte_ensure" acquired by "cinder.volume.drivers.quobyte.QuobyteDriver._ensure_shares_mounted" :: waited 0.001s {{(pid=93948) inner /opt/stack/data/venv/lib/python3.12/site-packages/oslo_concurrency/lockutils.py:524}}
Jun 25 17:58:42 devstack cinder-volume[93948]: DEBUG cinder.volume.drivers.quobyte [None req-3221079b-6edf-4668-8ed0-dff6ff3ec4d7 tempest-VolumeRetypeWithoutMigrationTest-2066657290 None] Quobyte Volume URL set to: {'osci02.corp.quobyte.com/cinder-vol-65e1932c-6abb-4b1e-9f5f-a9a257921548': None} {{(pid=93948) _load_shares_config /opt/stack/cinder/cinder/volume/drivers/quobyte.py:617}}
Jun 25 17:58:42 devstack cinder-volume[93948]: DEBUG cinder.volume.drivers.quobyte [None req-3221079b-6edf-4668-8ed0-dff6ff3ec4d7 tempest-VolumeRetypeWithoutMigrationTest-2066657290 None] Available shares ['osci02.corp.quobyte.com/cinder-vol-65e1932c-6abb-4b1e-9f5f-a9a257921548'] {{(pid=93948) _ensure_shares_mounted /opt/stack/cinder/cinder/volume/drivers/quobyte.py:647}}
Jun 25 17:58:42 devstack cinder-volume[93948]: DEBUG oslo_concurrency.lockutils [None req-3221079b-6edf-4668-8ed0-dff6ff3ec4d7 tempest-VolumeRetypeWithoutMigrationTest-2066657290 None] Lock "quobyte_ensure" "released" by "cinder.volume.drivers.quobyte.QuobyteDriver._ensure_shares_mounted" :: held 0.016s {{(pid=93948) inner /opt/stack/data/venv/lib/python3.12/site-packages/oslo_concurrency/lockutils.py:543}}
Jun 25 17:58:42 devstack cinder-volume[93948]: DEBUG oslo_concurrency.processutils [None req-3221079b-6edf-4668-8ed0-dff6ff3ec4d7 tempest-VolumeRetypeWithoutMigrationTest-2066657290 None] Running cmd (subprocess): sudo cinder-rootwrap /etc/cinder/rootwrap.conf df --portability --block-size 1 /opt/stack/data/cinder/mnt/533e5e109f16d4345a82773fc11f71d6 {{(pid=93948) execute /opt/stack/data/venv/lib/python3.12/site-packages/oslo_concurrency/processutils.py:440}}
Jun 25 17:58:42 devstack sudo[104971]: quobyte : PWD=/ ; USER=root ; COMMAND=/opt/stack/data/venv/bin/cinder-rootwrap /etc/cinder/rootwrap.conf df --portability --block-size 1 /opt/stack/data/cinder/mnt/533e5e109f16d4345a82773fc11f71d6
Jun 25 17:58:42 devstack sudo[104971]: pam_unix(sudo:session): session opened for user root(uid=0) by (uid=1000)
Jun 25 17:58:43 devstack sudo[104968]: pam_unix(sudo:session): session closed for user root
Jun 25 17:58:43 devstack cinder-volume[93948]: DEBUG oslo_concurrency.processutils [None req-8d6ff754-e919-4d8f-b66c-10177801847e tempest-GroupsV314Test-1405841967 None] CMD "sudo cinder-rootwrap /etc/cinder/rootwrap.conf qemu-img create -f qcow2 -o preallocation=metadata /opt/stack/data/cinder/mnt/533e5e109f16d4345a82773fc11f71d6/volume-d4b8c604-e2b3-4703-af20-1aa1860afdba 1073741824" returned: 0 in 1.314s {{(pid=93948) execute /opt/stack/data/venv/lib/python3.12/site-packages/oslo_concurrency/processutils.py:468}}
Jun 25 17:58:43 devstack sudo[104971]: pam_unix(sudo:session): session closed for user root
Jun 25 17:58:43 devstack cinder-volume[93948]: DEBUG oslo_concurrency.processutils [None req-3221079b-6edf-4668-8ed0-dff6ff3ec4d7 tempest-VolumeRetypeWithoutMigrationTest-2066657290 None] CMD "sudo cinder-rootwrap /etc/cinder/rootwrap.conf df --portability --block-size 1 /opt/stack/data/cinder/mnt/533e5e109f16d4345a82773fc11f71d6" returned: 0 in 1.028s {{(pid=93948) execute /opt/stack/data/venv/lib/python3.12/site-packages/oslo_concurrency/processutils.py:468}}
Jun 25 17:58:43 devstack cinder-volume[93948]: DEBUG cinder.manager [None req-3221079b-6edf-4668-8ed0-dff6ff3ec4d7 tempest-VolumeRetypeWithoutMigrationTest-2066657290 None] Notifying Schedulers of capabilities ... {{(pid=93948) _publish_service_capabilities /opt/stack/cinder/cinder/manager.py:219}}
Jun 25 17:58:43 devstack cinder-volume[93948]: INFO cinder.volume.manager [None req-3221079b-6edf-4668-8ed0-dff6ff3ec4d7 tempest-VolumeRetypeWithoutMigrationTest-2066657290 None] Deleted volume successfully.
Jun 25 17:58:43 devstack cinder-volume[93948]: DEBUG cinder.coordination [None req-3221079b-6edf-4668-8ed0-dff6ff3ec4d7 tempest-VolumeRetypeWithoutMigrationTest-2066657290 None] Lock "cinder-d5dd5432-e736-426b-94c6-e63c77196ee0-delete_volume" released by "delete_volume" :: held 3.666s {{(pid=93948) __release /opt/stack/cinder/cinder/coordination.py:152}}
Jun 25 17:58:43 devstack cinder-volume[93948]: DEBUG oslo_concurrency.processutils [None req-8d6ff754-e919-4d8f-b66c-10177801847e tempest-GroupsV314Test-1405841967 None] Running cmd (subprocess): sudo cinder-rootwrap /etc/cinder/rootwrap.conf chmod ugo+rw /opt/stack/data/cinder/mnt/533e5e109f16d4345a82773fc11f71d6/volume-d4b8c604-e2b3-4703-af20-1aa1860afdba {{(pid=93948) execute /opt/stack/data/venv/lib/python3.12/site-packages/oslo_concurrency/processutils.py:440}}
Jun 25 17:58:43 devstack sudo[104978]: quobyte : PWD=/ ; USER=root ; COMMAND=/opt/stack/data/venv/bin/cinder-rootwrap /etc/cinder/rootwrap.conf chmod ugo+rw /opt/stack/data/cinder/mnt/533e5e109f16d4345a82773fc11f71d6/volume-d4b8c604-e2b3-4703-af20-1aa1860afdba
Jun 25 17:58:43 devstack sudo[104978]: pam_unix(sudo:session): session opened for user root(uid=0) by (uid=1000)
Jun 25 17:58:44 devstack sudo[104978]: pam_unix(sudo:session): session closed for user root
Jun 25 17:58:44 devstack cinder-volume[93948]: DEBUG oslo_concurrency.processutils [None req-8d6ff754-e919-4d8f-b66c-10177801847e tempest-GroupsV314Test-1405841967 None] CMD "sudo cinder-rootwrap /etc/cinder/rootwrap.conf chmod ugo+rw /opt/stack/data/cinder/mnt/533e5e109f16d4345a82773fc11f71d6/volume-d4b8c604-e2b3-4703-af20-1aa1860afdba" returned: 0 in 0.923s {{(pid=93948) execute /opt/stack/data/venv/lib/python3.12/site-packages/oslo_concurrency/processutils.py:468}}
Jun 25 17:58:44 devstack cinder-volume[93948]: DEBUG cinder.volume.drivers.quobyte [None req-8d6ff754-e919-4d8f-b66c-10177801847e tempest-GroupsV314Test-1405841967 None] <== create_volume: return (2330ms) {'provider_location': 'osci02.corp.quobyte.com/cinder-vol-65e1932c-6abb-4b1e-9f5f-a9a257921548'} {{(pid=93948) trace_logging_wrapper /opt/stack/cinder/cinder/volume/volume_utils.py:1522}}
Jun 25 17:58:44 devstack cinder-volume[93948]: DEBUG oslo_concurrency.lockutils [None req-8d6ff754-e919-4d8f-b66c-10177801847e tempest-GroupsV314Test-1405841967 None] Lock "quobyte" "released" by "cinder.volume.drivers.quobyte.QuobyteDriver.create_volume" :: held 2.335s {{(pid=93948) inner /opt/stack/data/venv/lib/python3.12/site-packages/oslo_concurrency/lockutils.py:543}}
Jun 25 17:58:44 devstack cinder-volume[93948]: DEBUG cinder.volume.manager [None req-8d6ff754-e919-4d8f-b66c-10177801847e tempest-GroupsV314Test-1405841967 None] Task 'cinder.volume.flows.manager.create_volume.CreateVolumeFromSpecTask;volume:create' (3a45dd3c-39ac-4abc-a441-fd3788adcfc1) transitioned into state 'SUCCESS' from state 'RUNNING' with result '{'status': 'creating', 'volume_name': 'volume-d4b8c604-e2b3-4703-af20-1aa1860afdba', 'volume_size': 1}' {{(pid=93948) _task_receiver /opt/stack/data/venv/lib/python3.12/site-packages/taskflow/listeners/logging.py:218}}
Jun 25 17:58:44 devstack cinder-volume[93948]: DEBUG cinder.volume.manager [None req-8d6ff754-e919-4d8f-b66c-10177801847e tempest-GroupsV314Test-1405841967 None] Task 'cinder.volume.flows.manager.create_volume.CreateVolumeOnFinishTask;volume:create, create.end' (44e40458-9048-4a65-afe5-d62796e841c0) transitioned into state 'RUNNING' from state 'PENDING' {{(pid=93948) _task_receiver /opt/stack/data/venv/lib/python3.12/site-packages/taskflow/listeners/logging.py:242}}
Jun 25 17:58:44 devstack cinder-volume[93948]: DEBUG dbcounter [-] [93948] Writing DB stats cinder:SELECT=141,cinder:UPDATE=166,cinder:INSERT=40,cinder:DELETE=9 {{(pid=93948) stat_writer /opt/stack/data/venv/lib/python3.12/site-packages/dbcounter.py:115}}
Jun 25 17:58:44 devstack cinder-volume[93948]: INFO cinder.volume.flows.manager.create_volume [None req-8d6ff754-e919-4d8f-b66c-10177801847e tempest-GroupsV314Test-1405841967 None] Volume volume-d4b8c604-e2b3-4703-af20-1aa1860afdba (d4b8c604-e2b3-4703-af20-1aa1860afdba): created successfully
Jun 25 17:58:44 devstack cinder-volume[93948]: DEBUG cinder.volume.manager [None req-8d6ff754-e919-4d8f-b66c-10177801847e tempest-GroupsV314Test-1405841967 None] Task 'cinder.volume.flows.manager.create_volume.CreateVolumeOnFinishTask;volume:create, create.end' (44e40458-9048-4a65-afe5-d62796e841c0) transitioned into state 'SUCCESS' from state 'RUNNING' with result 'None' {{(pid=93948) _task_receiver /opt/stack/data/venv/lib/python3.12/site-packages/taskflow/listeners/logging.py:218}}
Jun 25 17:58:44 devstack cinder-volume[93948]: DEBUG cinder.volume.manager [None req-8d6ff754-e919-4d8f-b66c-10177801847e tempest-GroupsV314Test-1405841967 None] Flow 'volume_create_manager' (6f47cc9b-72c6-4fbf-b7bf-52937471b294) transitioned into state 'SUCCESS' from state 'RUNNING' {{(pid=93948) _flow_receiver /opt/stack/data/venv/lib/python3.12/site-packages/taskflow/listeners/logging.py:160}}
Jun 25 17:58:44 devstack cinder-volume[93948]: INFO cinder.volume.manager [None req-8d6ff754-e919-4d8f-b66c-10177801847e tempest-GroupsV314Test-1405841967 None] Created volume successfully.
Jun 25 17:58:46 devstack cinder-volume[93948]: DEBUG dbcounter [-] [93948] Writing DB stats cinder:SELECT=144,cinder:UPDATE=163,cinder:INSERT=29,cinder:DELETE=10 {{(pid=93948) stat_writer /opt/stack/data/venv/lib/python3.12/site-packages/dbcounter.py:115}}
Jun 25 17:58:46 devstack cinder-volume[93948]: DEBUG oslo_concurrency.lockutils [None req-2fd3d963-e722-47e1-936a-fafab2fb0888 tempest-GroupsV314Test-1405841967 None] Acquiring lock "quobyte" by "cinder.volume.drivers.quobyte.QuobyteDriver.create_cloned_volume" {{(pid=93948) inner /opt/stack/data/venv/lib/python3.12/site-packages/oslo_concurrency/lockutils.py:511}}
Jun 25 17:58:46 devstack cinder-volume[93948]: DEBUG oslo_concurrency.lockutils [None req-2fd3d963-e722-47e1-936a-fafab2fb0888 tempest-GroupsV314Test-1405841967 None] Lock "quobyte" acquired by "cinder.volume.drivers.quobyte.QuobyteDriver.create_cloned_volume" :: waited 0.001s {{(pid=93948) inner /opt/stack/data/venv/lib/python3.12/site-packages/oslo_concurrency/lockutils.py:524}}
Jun 25 17:58:46 devstack cinder-volume[93948]: INFO cinder.volume.drivers.remotefs [None req-2fd3d963-e722-47e1-936a-fafab2fb0888 tempest-GroupsV314Test-1405841967 None] Cloning volume d4b8c604-e2b3-4703-af20-1aa1860afdba to volume 03ac16e3-3b50-4b14-a370-7920f70a2fe7
Jun 25 17:58:46 devstack cinder-volume[93948]: DEBUG cinder.volume.drivers.remotefs [None req-2fd3d963-e722-47e1-936a-fafab2fb0888 tempest-GroupsV314Test-1405841967 None] Creating offline snapshot 2337a11b-1b59-4baf-8fe7-c955f2129a99 of volume d4b8c604-e2b3-4703-af20-1aa1860afdba {{(pid=93948) _create_snapshot /opt/stack/cinder/cinder/volume/drivers/remotefs.py:1816}}
Jun 25 17:58:46 devstack cinder-volume[93948]: DEBUG oslo.privsep.daemon [-] privsep: reply[e4ed4747-8c60-45a2-a6a5-44214a746245]: (4, 'qcow2') {{(pid=95255) _call_back /opt/stack/data/venv/lib/python3.12/site-packages/oslo_privsep/daemon.py:580}}
Jun 25 17:58:46 devstack cinder-volume[93948]: DEBUG oslo_concurrency.processutils [None req-2fd3d963-e722-47e1-936a-fafab2fb0888 tempest-GroupsV314Test-1405841967 None] Running cmd (subprocess): /opt/stack/data/venv/bin/python3.12 -m oslo_concurrency.prlimit --as=1073741824 --cpu=60 -- sudo cinder-rootwrap /etc/cinder/rootwrap.conf env LC_ALL=C qemu-img info -f qcow2 --output=json --force-share /opt/stack/data/cinder/mnt/533e5e109f16d4345a82773fc11f71d6/volume-d4b8c604-e2b3-4703-af20-1aa1860afdba {{(pid=93948) execute /opt/stack/data/venv/lib/python3.12/site-packages/oslo_concurrency/processutils.py:440}}
Jun 25 17:58:47 devstack sudo[104982]: quobyte : PWD=/ ; USER=root ; COMMAND=/opt/stack/data/venv/bin/cinder-rootwrap /etc/cinder/rootwrap.conf env LC_ALL=C qemu-img info -f qcow2 --output=json --force-share /opt/stack/data/cinder/mnt/533e5e109f16d4345a82773fc11f71d6/volume-d4b8c604-e2b3-4703-af20-1aa1860afdba
Jun 25 17:58:47 devstack sudo[104982]: pam_unix(sudo:session): session opened for user root(uid=0) by (uid=1000)
Jun 25 17:58:48 devstack sudo[104982]: pam_unix(sudo:session): session closed for user root
Jun 25 17:58:48 devstack cinder-volume[93948]: DEBUG oslo_concurrency.processutils [None req-2fd3d963-e722-47e1-936a-fafab2fb0888 tempest-GroupsV314Test-1405841967 None] CMD "/opt/stack/data/venv/bin/python3.12 -m oslo_concurrency.prlimit --as=1073741824 --cpu=60 -- sudo cinder-rootwrap /etc/cinder/rootwrap.conf env LC_ALL=C qemu-img info -f qcow2 --output=json --force-share /opt/stack/data/cinder/mnt/533e5e109f16d4345a82773fc11f71d6/volume-d4b8c604-e2b3-4703-af20-1aa1860afdba" returned: 0 in 1.204s {{(pid=93948) execute /opt/stack/data/venv/lib/python3.12/site-packages/oslo_concurrency/processutils.py:468}}
Jun 25 17:58:48 devstack cinder-volume[93948]: DEBUG oslo_concurrency.processutils [None req-2fd3d963-e722-47e1-936a-fafab2fb0888 tempest-GroupsV314Test-1405841967 None] Running cmd (subprocess): sudo cinder-rootwrap /etc/cinder/rootwrap.conf qemu-img create -f qcow2 -o backing_file=/opt/stack/data/cinder/mnt/533e5e109f16d4345a82773fc11f71d6/volume-d4b8c604-e2b3-4703-af20-1aa1860afdba,backing_fmt=qcow2 /opt/stack/data/cinder/mnt/533e5e109f16d4345a82773fc11f71d6/volume-d4b8c604-e2b3-4703-af20-1aa1860afdba.2337a11b-1b59-4baf-8fe7-c955f2129a99 1G {{(pid=93948) execute /opt/stack/data/venv/lib/python3.12/site-packages/oslo_concurrency/processutils.py:440}}
Jun 25 17:58:48 devstack sudo[104988]: quobyte : PWD=/ ; USER=root ; COMMAND=/opt/stack/data/venv/bin/cinder-rootwrap /etc/cinder/rootwrap.conf qemu-img create -f qcow2 -o backing_file=/opt/stack/data/cinder/mnt/533e5e109f16d4345a82773fc11f71d6/volume-d4b8c604-e2b3-4703-af20-1aa1860afdba,backing_fmt=qcow2 /opt/stack/data/cinder/mnt/533e5e109f16d4345a82773fc11f71d6/volume-d4b8c604-e2b3-4703-af20-1aa1860afdba.2337a11b-1b59-4baf-8fe7-c955f2129a99 1G
Jun 25 17:58:48 devstack sudo[104988]: pam_unix(sudo:session): session opened for user root(uid=0) by (uid=1000)
Jun 25 17:58:49 devstack sudo[104988]: pam_unix(sudo:session): session closed for user root
Jun 25 17:58:49 devstack cinder-volume[93948]: DEBUG oslo_concurrency.processutils [None req-2fd3d963-e722-47e1-936a-fafab2fb0888 tempest-GroupsV314Test-1405841967 None] CMD "sudo cinder-rootwrap /etc/cinder/rootwrap.conf qemu-img create -f qcow2 -o backing_file=/opt/stack/data/cinder/mnt/533e5e109f16d4345a82773fc11f71d6/volume-d4b8c604-e2b3-4703-af20-1aa1860afdba,backing_fmt=qcow2 /opt/stack/data/cinder/mnt/533e5e109f16d4345a82773fc11f71d6/volume-d4b8c604-e2b3-4703-af20-1aa1860afdba.2337a11b-1b59-4baf-8fe7-c955f2129a99 1G" returned: 0 in 1.219s {{(pid=93948) execute /opt/stack/data/venv/lib/python3.12/site-packages/oslo_concurrency/processutils.py:468}}
Jun 25 17:58:49 devstack cinder-volume[93948]: DEBUG oslo_concurrency.processutils [None req-2fd3d963-e722-47e1-936a-fafab2fb0888 tempest-GroupsV314Test-1405841967 None] Running cmd (subprocess): sudo cinder-rootwrap /etc/cinder/rootwrap.conf qemu-img rebase -u -b volume-d4b8c604-e2b3-4703-af20-1aa1860afdba -F qcow2 /opt/stack/data/cinder/mnt/533e5e109f16d4345a82773fc11f71d6/volume-d4b8c604-e2b3-4703-af20-1aa1860afdba.2337a11b-1b59-4baf-8fe7-c955f2129a99 {{(pid=93948) execute /opt/stack/data/venv/lib/python3.12/site-packages/oslo_concurrency/processutils.py:440}}
Jun 25 17:58:49 devstack sudo[104994]: quobyte : PWD=/ ; USER=root ; COMMAND=/opt/stack/data/venv/bin/cinder-rootwrap /etc/cinder/rootwrap.conf qemu-img rebase -u -b volume-d4b8c604-e2b3-4703-af20-1aa1860afdba -F qcow2 /opt/stack/data/cinder/mnt/533e5e109f16d4345a82773fc11f71d6/volume-d4b8c604-e2b3-4703-af20-1aa1860afdba.2337a11b-1b59-4baf-8fe7-c955f2129a99
Jun 25 17:58:49 devstack sudo[104994]: pam_unix(sudo:session): session opened for user root(uid=0) by (uid=1000)
Jun 25 17:58:50 devstack sudo[104994]: pam_unix(sudo:session): session closed for user root
Jun 25 17:58:50 devstack cinder-volume[93948]: DEBUG oslo_concurrency.processutils [None req-2fd3d963-e722-47e1-936a-fafab2fb0888 tempest-GroupsV314Test-1405841967 None] CMD "sudo cinder-rootwrap /etc/cinder/rootwrap.conf qemu-img rebase -u -b volume-d4b8c604-e2b3-4703-af20-1aa1860afdba -F qcow2 /opt/stack/data/cinder/mnt/533e5e109f16d4345a82773fc11f71d6/volume-d4b8c604-e2b3-4703-af20-1aa1860afdba.2337a11b-1b59-4baf-8fe7-c955f2129a99" returned: 0 in 0.971s {{(pid=93948) execute /opt/stack/data/venv/lib/python3.12/site-packages/oslo_concurrency/processutils.py:468}}
Jun 25 17:58:50 devstack cinder-volume[93948]: WARNING cinder.volume.drivers.remotefs [None req-2fd3d963-e722-47e1-936a-fafab2fb0888 tempest-GroupsV314Test-1405841967 None] /opt/stack/data/cinder/mnt/533e5e109f16d4345a82773fc11f71d6/volume-d4b8c604-e2b3-4703-af20-1aa1860afdba.2337a11b-1b59-4baf-8fe7-c955f2129a99 is being set with open permissions: ugo+rw: NotImplementedError
Jun 25 17:58:50 devstack cinder-volume[93948]: DEBUG oslo_concurrency.processutils [None req-2fd3d963-e722-47e1-936a-fafab2fb0888 tempest-GroupsV314Test-1405841967 None] Running cmd (subprocess): sudo cinder-rootwrap /etc/cinder/rootwrap.conf chmod ugo+rw /opt/stack/data/cinder/mnt/533e5e109f16d4345a82773fc11f71d6/volume-d4b8c604-e2b3-4703-af20-1aa1860afdba.2337a11b-1b59-4baf-8fe7-c955f2129a99 {{(pid=93948) execute /opt/stack/data/venv/lib/python3.12/site-packages/oslo_concurrency/processutils.py:440}}
Jun 25 17:58:50 devstack sudo[105001]: quobyte : PWD=/ ; USER=root ; COMMAND=/opt/stack/data/venv/bin/cinder-rootwrap /etc/cinder/rootwrap.conf chmod ugo+rw /opt/stack/data/cinder/mnt/533e5e109f16d4345a82773fc11f71d6/volume-d4b8c604-e2b3-4703-af20-1aa1860afdba.2337a11b-1b59-4baf-8fe7-c955f2129a99
Jun 25 17:58:50 devstack sudo[105001]: pam_unix(sudo:session): session opened for user root(uid=0) by (uid=1000)
Jun 25 17:58:51 devstack sudo[105001]: pam_unix(sudo:session): session closed for user root
Jun 25 17:58:51 devstack cinder-volume[93948]: DEBUG oslo_concurrency.processutils [None req-2fd3d963-e722-47e1-936a-fafab2fb0888 tempest-GroupsV314Test-1405841967 None] CMD "sudo cinder-rootwrap /etc/cinder/rootwrap.conf chmod ugo+rw /opt/stack/data/cinder/mnt/533e5e109f16d4345a82773fc11f71d6/volume-d4b8c604-e2b3-4703-af20-1aa1860afdba.2337a11b-1b59-4baf-8fe7-c955f2129a99" returned: 0 in 0.829s {{(pid=93948) execute /opt/stack/data/venv/lib/python3.12/site-packages/oslo_concurrency/processutils.py:468}}
Jun 25 17:58:51 devstack cinder-volume[93948]: DEBUG oslo_concurrency.processutils [None req-2fd3d963-e722-47e1-936a-fafab2fb0888 tempest-GroupsV314Test-1405841967 None] Running cmd (subprocess): sudo cinder-rootwrap /etc/cinder/rootwrap.conf truncate -s0 /opt/stack/data/cinder/mnt/533e5e109f16d4345a82773fc11f71d6/volume-d4b8c604-e2b3-4703-af20-1aa1860afdba.info {{(pid=93948) execute /opt/stack/data/venv/lib/python3.12/site-packages/oslo_concurrency/processutils.py:440}}
Jun 25 17:58:51 devstack sudo[105004]: quobyte : PWD=/ ; USER=root ; COMMAND=/opt/stack/data/venv/bin/cinder-rootwrap /etc/cinder/rootwrap.conf truncate -s0 /opt/stack/data/cinder/mnt/533e5e109f16d4345a82773fc11f71d6/volume-d4b8c604-e2b3-4703-af20-1aa1860afdba.info
Jun 25 17:58:51 devstack sudo[105004]: pam_unix(sudo:session): session opened for user root(uid=0) by (uid=1000)
Jun 25 17:58:52 devstack sudo[105004]: pam_unix(sudo:session): session closed for user root
Jun 25 17:58:52 devstack cinder-volume[93948]: DEBUG oslo_concurrency.processutils [None req-2fd3d963-e722-47e1-936a-fafab2fb0888 tempest-GroupsV314Test-1405841967 None] CMD "sudo cinder-rootwrap /etc/cinder/rootwrap.conf truncate -s0 /opt/stack/data/cinder/mnt/533e5e109f16d4345a82773fc11f71d6/volume-d4b8c604-e2b3-4703-af20-1aa1860afdba.info" returned: 0 in 0.959s {{(pid=93948) execute /opt/stack/data/venv/lib/python3.12/site-packages/oslo_concurrency/processutils.py:468}}
Jun 25 17:58:52 devstack cinder-volume[93948]: WARNING cinder.volume.drivers.remotefs [None req-2fd3d963-e722-47e1-936a-fafab2fb0888 tempest-GroupsV314Test-1405841967 None] /opt/stack/data/cinder/mnt/533e5e109f16d4345a82773fc11f71d6/volume-d4b8c604-e2b3-4703-af20-1aa1860afdba.info is being set with open permissions: ugo+rw: NotImplementedError
Jun 25 17:58:52 devstack cinder-volume[93948]: DEBUG oslo_concurrency.processutils [None req-2fd3d963-e722-47e1-936a-fafab2fb0888 tempest-GroupsV314Test-1405841967 None] Running cmd (subprocess): sudo cinder-rootwrap /etc/cinder/rootwrap.conf chmod ugo+rw /opt/stack/data/cinder/mnt/533e5e109f16d4345a82773fc11f71d6/volume-d4b8c604-e2b3-4703-af20-1aa1860afdba.info {{(pid=93948) execute /opt/stack/data/venv/lib/python3.12/site-packages/oslo_concurrency/processutils.py:440}}
Jun 25 17:58:52 devstack sudo[105008]: quobyte : PWD=/ ; USER=root ; COMMAND=/opt/stack/data/venv/bin/cinder-rootwrap /etc/cinder/rootwrap.conf chmod ugo+rw /opt/stack/data/cinder/mnt/533e5e109f16d4345a82773fc11f71d6/volume-d4b8c604-e2b3-4703-af20-1aa1860afdba.info
Jun 25 17:58:52 devstack sudo[105008]: pam_unix(sudo:session): session opened for user root(uid=0) by (uid=1000)
Jun 25 17:58:53 devstack sudo[105008]: pam_unix(sudo:session): session closed for user root
Jun 25 17:58:53 devstack cinder-volume[93948]: DEBUG oslo_concurrency.processutils [None req-2fd3d963-e722-47e1-936a-fafab2fb0888 tempest-GroupsV314Test-1405841967 None] CMD "sudo cinder-rootwrap /etc/cinder/rootwrap.conf chmod ugo+rw /opt/stack/data/cinder/mnt/533e5e109f16d4345a82773fc11f71d6/volume-d4b8c604-e2b3-4703-af20-1aa1860afdba.info" returned: 0 in 0.969s {{(pid=93948) execute /opt/stack/data/venv/lib/python3.12/site-packages/oslo_concurrency/processutils.py:468}}
Jun 25 17:58:53 devstack cinder-volume[93948]: DEBUG cinder.coordination [None req-2fd3d963-e722-47e1-936a-fafab2fb0888 tempest-GroupsV314Test-1405841967 None] Acquiring lock "cinder-quobyte-03ac16e3-3b50-4b14-a370-7920f70a2fe7" by "_copy_volume_from_snapshot" {{(pid=93948) __acquire /opt/stack/cinder/cinder/coordination.py:138}}
Jun 25 17:58:53 devstack cinder-volume[93948]: DEBUG cinder.coordination [None req-2fd3d963-e722-47e1-936a-fafab2fb0888 tempest-GroupsV314Test-1405841967 None] Lock "cinder-quobyte-03ac16e3-3b50-4b14-a370-7920f70a2fe7" acquired by "_copy_volume_from_snapshot" :: waited 0.024s {{(pid=93948) __acquire /opt/stack/cinder/cinder/coordination.py:141}}
Jun 25 17:58:53 devstack cinder-volume[93948]: DEBUG cinder.volume.drivers.quobyte [None req-2fd3d963-e722-47e1-936a-fafab2fb0888 tempest-GroupsV314Test-1405841967 None] snapshot: 2337a11b-1b59-4baf-8fe7-c955f2129a99, volume: 03ac16e3-3b50-4b14-a370-7920f70a2fe7, {{(pid=93948) _copy_volume_from_snapshot /opt/stack/cinder/cinder/volume/drivers/quobyte.py:401}}
Jun 25 17:58:53 devstack cinder-volume[93948]: DEBUG oslo_concurrency.lockutils [None req-2fd3d963-e722-47e1-936a-fafab2fb0888 tempest-GroupsV314Test-1405841967 None] Acquiring lock "quobyte_ensure" by "cinder.volume.drivers.quobyte.QuobyteDriver._ensure_shares_mounted" {{(pid=93948) inner /opt/stack/data/venv/lib/python3.12/site-packages/oslo_concurrency/lockutils.py:511}}
Jun 25 17:58:53 devstack cinder-volume[93948]: DEBUG oslo_concurrency.lockutils [None req-2fd3d963-e722-47e1-936a-fafab2fb0888 tempest-GroupsV314Test-1405841967 None] Lock "quobyte_ensure" acquired by "cinder.volume.drivers.quobyte.QuobyteDriver._ensure_shares_mounted" :: waited 0.001s {{(pid=93948) inner /opt/stack/data/venv/lib/python3.12/site-packages/oslo_concurrency/lockutils.py:524}}
Jun 25 17:58:53 devstack cinder-volume[93948]: DEBUG cinder.volume.drivers.quobyte [None req-2fd3d963-e722-47e1-936a-fafab2fb0888 tempest-GroupsV314Test-1405841967 None] Quobyte Volume URL set to: {'osci02.corp.quobyte.com/cinder-vol-65e1932c-6abb-4b1e-9f5f-a9a257921548': None} {{(pid=93948) _load_shares_config /opt/stack/cinder/cinder/volume/drivers/quobyte.py:617}}
Jun 25 17:58:53 devstack cinder-volume[93948]: DEBUG cinder.volume.drivers.quobyte [None req-2fd3d963-e722-47e1-936a-fafab2fb0888 tempest-GroupsV314Test-1405841967 None] Available shares ['osci02.corp.quobyte.com/cinder-vol-65e1932c-6abb-4b1e-9f5f-a9a257921548'] {{(pid=93948) _ensure_shares_mounted /opt/stack/cinder/cinder/volume/drivers/quobyte.py:647}}
Jun 25 17:58:53 devstack cinder-volume[93948]: DEBUG oslo_concurrency.lockutils [None req-2fd3d963-e722-47e1-936a-fafab2fb0888 tempest-GroupsV314Test-1405841967 None] Lock "quobyte_ensure" "released" by "cinder.volume.drivers.quobyte.QuobyteDriver._ensure_shares_mounted" :: held 0.014s {{(pid=93948) inner /opt/stack/data/venv/lib/python3.12/site-packages/oslo_concurrency/lockutils.py:543}}
Jun 25 17:58:53 devstack cinder-volume[93948]: DEBUG oslo.privsep.daemon [-] privsep: reply[afc66d5f-b66c-4b10-a60c-6d74ebb27aac]: (4, 'qcow2') {{(pid=95255) _call_back /opt/stack/data/venv/lib/python3.12/site-packages/oslo_privsep/daemon.py:580}}
Jun 25 17:58:53 devstack cinder-volume[93948]: DEBUG oslo_concurrency.processutils [None req-2fd3d963-e722-47e1-936a-fafab2fb0888 tempest-GroupsV314Test-1405841967 None] Running cmd (subprocess): /opt/stack/data/venv/bin/python3.12 -m oslo_concurrency.prlimit --as=1073741824 --cpu=60 -- sudo cinder-rootwrap /etc/cinder/rootwrap.conf env LC_ALL=C qemu-img info -f qcow2 --output=json --force-share /opt/stack/data/cinder/mnt/533e5e109f16d4345a82773fc11f71d6/volume-d4b8c604-e2b3-4703-af20-1aa1860afdba.2337a11b-1b59-4baf-8fe7-c955f2129a99 {{(pid=93948) execute /opt/stack/data/venv/lib/python3.12/site-packages/oslo_concurrency/processutils.py:440}}
Jun 25 17:58:53 devstack sudo[105011]: quobyte : PWD=/ ; USER=root ; COMMAND=/opt/stack/data/venv/bin/cinder-rootwrap /etc/cinder/rootwrap.conf env LC_ALL=C qemu-img info -f qcow2 --output=json --force-share /opt/stack/data/cinder/mnt/533e5e109f16d4345a82773fc11f71d6/volume-d4b8c604-e2b3-4703-af20-1aa1860afdba.2337a11b-1b59-4baf-8fe7-c955f2129a99
Jun 25 17:58:53 devstack sudo[105011]: pam_unix(sudo:session): session opened for user root(uid=0) by (uid=1000)
Jun 25 17:58:54 devstack sudo[105011]: pam_unix(sudo:session): session closed for user root
Jun 25 17:58:54 devstack cinder-volume[93948]: DEBUG oslo_concurrency.processutils [None req-2fd3d963-e722-47e1-936a-fafab2fb0888 tempest-GroupsV314Test-1405841967 None] CMD "/opt/stack/data/venv/bin/python3.12 -m oslo_concurrency.prlimit --as=1073741824 --cpu=60 -- sudo cinder-rootwrap /etc/cinder/rootwrap.conf env LC_ALL=C qemu-img info -f qcow2 --output=json --force-share /opt/stack/data/cinder/mnt/533e5e109f16d4345a82773fc11f71d6/volume-d4b8c604-e2b3-4703-af20-1aa1860afdba.2337a11b-1b59-4baf-8fe7-c955f2129a99" returned: 0 in 1.319s {{(pid=93948) execute /opt/stack/data/venv/lib/python3.12/site-packages/oslo_concurrency/processutils.py:468}}
Jun 25 17:58:54 devstack cinder-volume[93948]: DEBUG cinder.volume.drivers.remotefs [None req-2fd3d963-e722-47e1-936a-fafab2fb0888 tempest-GroupsV314Test-1405841967 None] Fetching qemu-img info with special backing_file_template: (/opt/stack/data/cinder/mnt/[0-9a-f]+/)?(volume-d4b8c604-e2b3-4703-af20-1aa1860afdba(.(tmp-snap-)?[0-9a-f-]+)?|volume_from_snapshot_cache/(tmp-snap-)?[0-9a-f-]+(.(child-|parent-)[0-9a-f-]+)?)$ {{(pid=93948) _qemu_img_info_base /opt/stack/cinder/cinder/volume/drivers/remotefs.py:896}}
Jun 25 17:58:54 devstack cinder-volume[93948]: DEBUG cinder.volume.drivers.quobyte [None req-2fd3d963-e722-47e1-936a-fafab2fb0888 tempest-GroupsV314Test-1405841967 None] will copy from snapshot at /opt/stack/data/cinder/mnt/533e5e109f16d4345a82773fc11f71d6/volume-d4b8c604-e2b3-4703-af20-1aa1860afdba {{(pid=93948) _copy_volume_from_snapshot /opt/stack/cinder/cinder/volume/drivers/quobyte.py:420}}
Jun 25 17:58:54 devstack cinder-volume[93948]: DEBUG cinder.volume.drivers.quobyte [None req-2fd3d963-e722-47e1-936a-fafab2fb0888 tempest-GroupsV314Test-1405841967 None] Creating direct copy from snapshot {{(pid=93948) _copy_volume_from_snapshot /opt/stack/cinder/cinder/volume/drivers/quobyte.py:428}}
Jun 25 17:58:54 devstack cinder-volume[93948]: DEBUG oslo.privsep.daemon [-] privsep: reply[3c3dbea1-24c0-44ea-86f6-d57ad3020237]: (4, 'qcow2') {{(pid=95255) _call_back /opt/stack/data/venv/lib/python3.12/site-packages/oslo_privsep/daemon.py:580}}
Jun 25 17:58:54 devstack cinder-volume[93948]: DEBUG oslo_concurrency.processutils [None req-2fd3d963-e722-47e1-936a-fafab2fb0888 tempest-GroupsV314Test-1405841967 None] Running cmd (subprocess): /opt/stack/data/venv/bin/python3.12 -m oslo_concurrency.prlimit --as=1073741824 --cpu=60 -- sudo cinder-rootwrap /etc/cinder/rootwrap.conf env LC_ALL=C qemu-img info -f qcow2 --output=json /opt/stack/data/cinder/mnt/533e5e109f16d4345a82773fc11f71d6/volume-d4b8c604-e2b3-4703-af20-1aa1860afdba {{(pid=93948) execute /opt/stack/data/venv/lib/python3.12/site-packages/oslo_concurrency/processutils.py:440}}
Jun 25 17:58:54 devstack sudo[105016]: quobyte : PWD=/ ; USER=root ; COMMAND=/opt/stack/data/venv/bin/cinder-rootwrap /etc/cinder/rootwrap.conf env LC_ALL=C qemu-img info -f qcow2 --output=json /opt/stack/data/cinder/mnt/533e5e109f16d4345a82773fc11f71d6/volume-d4b8c604-e2b3-4703-af20-1aa1860afdba
Jun 25 17:58:54 devstack sudo[105016]: pam_unix(sudo:session): session opened for user root(uid=0) by (uid=1000)
Jun 25 17:58:55 devstack sudo[105016]: pam_unix(sudo:session): session closed for user root
Jun 25 17:58:55 devstack cinder-volume[93948]: DEBUG oslo_concurrency.processutils [None req-2fd3d963-e722-47e1-936a-fafab2fb0888 tempest-GroupsV314Test-1405841967 None] CMD "/opt/stack/data/venv/bin/python3.12 -m oslo_concurrency.prlimit --as=1073741824 --cpu=60 -- sudo cinder-rootwrap /etc/cinder/rootwrap.conf env LC_ALL=C qemu-img info -f qcow2 --output=json /opt/stack/data/cinder/mnt/533e5e109f16d4345a82773fc11f71d6/volume-d4b8c604-e2b3-4703-af20-1aa1860afdba" returned: 0 in 1.302s {{(pid=93948) execute /opt/stack/data/venv/lib/python3.12/site-packages/oslo_concurrency/processutils.py:468}}
Jun 25 17:58:55 devstack cinder-volume[93948]: DEBUG cinder.utils [None req-2fd3d963-e722-47e1-936a-fafab2fb0888 tempest-GroupsV314Test-1405841967 None] Path /opt/stack/data/cinder/mnt/533e5e109f16d4345a82773fc11f71d6/volume-03ac16e3-3b50-4b14-a370-7920f70a2fe7 not found in is_blk_device check {{(pid=93948) is_blk_device /opt/stack/cinder/cinder/utils.py:615}}
Jun 25 17:58:55 devstack cinder-volume[93948]: DEBUG oslo_concurrency.processutils [None req-2fd3d963-e722-47e1-936a-fafab2fb0888 tempest-GroupsV314Test-1405841967 None] Running cmd (subprocess): sudo cinder-rootwrap /etc/cinder/rootwrap.conf qemu-img convert -O qcow2 /opt/stack/data/cinder/mnt/533e5e109f16d4345a82773fc11f71d6/volume-d4b8c604-e2b3-4703-af20-1aa1860afdba /opt/stack/data/cinder/mnt/533e5e109f16d4345a82773fc11f71d6/volume-03ac16e3-3b50-4b14-a370-7920f70a2fe7 {{(pid=93948) execute /opt/stack/data/venv/lib/python3.12/site-packages/oslo_concurrency/processutils.py:440}}
Jun 25 17:58:55 devstack sudo[105021]: quobyte : PWD=/ ; USER=root ; COMMAND=/opt/stack/data/venv/bin/cinder-rootwrap /etc/cinder/rootwrap.conf qemu-img convert -O qcow2 /opt/stack/data/cinder/mnt/533e5e109f16d4345a82773fc11f71d6/volume-d4b8c604-e2b3-4703-af20-1aa1860afdba /opt/stack/data/cinder/mnt/533e5e109f16d4345a82773fc11f71d6/volume-03ac16e3-3b50-4b14-a370-7920f70a2fe7
Jun 25 17:58:55 devstack sudo[105021]: pam_unix(sudo:session): session opened for user root(uid=0) by (uid=1000)
Jun 25 17:59:01 devstack cinder-volume[93948]: DEBUG dbcounter [-] [93948] Writing DB stats cinder:SELECT=7 {{(pid=93948) stat_writer /opt/stack/data/venv/lib/python3.12/site-packages/dbcounter.py:115}}
Jun 25 17:59:01 devstack cinder-volume[93948]: DEBUG dbcounter [-] [93948] Writing DB stats cinder:INSERT=2,cinder:SELECT=3,cinder:UPDATE=1 {{(pid=93948) stat_writer /opt/stack/data/venv/lib/python3.12/site-packages/dbcounter.py:115}}
Jun 25 17:59:03 devstack sudo[105021]: pam_unix(sudo:session): session closed for user root
Jun 25 17:59:03 devstack cinder-volume[93948]: DEBUG oslo_concurrency.processutils [None req-2fd3d963-e722-47e1-936a-fafab2fb0888 tempest-GroupsV314Test-1405841967 None] CMD "sudo cinder-rootwrap /etc/cinder/rootwrap.conf qemu-img convert -O qcow2 /opt/stack/data/cinder/mnt/533e5e109f16d4345a82773fc11f71d6/volume-d4b8c604-e2b3-4703-af20-1aa1860afdba /opt/stack/data/cinder/mnt/533e5e109f16d4345a82773fc11f71d6/volume-03ac16e3-3b50-4b14-a370-7920f70a2fe7" returned: 0 in 7.783s {{(pid=93948) execute /opt/stack/data/venv/lib/python3.12/site-packages/oslo_concurrency/processutils.py:468}}
Jun 25 17:59:03 devstack cinder-volume[93948]: DEBUG oslo.privsep.daemon [-] privsep: reply[ba328e07-1683-448e-91f4-3eca2bf94fd5]: (4, 'qcow2') {{(pid=95255) _call_back /opt/stack/data/venv/lib/python3.12/site-packages/oslo_privsep/daemon.py:580}}
Jun 25 17:59:03 devstack cinder-volume[93948]: DEBUG oslo_concurrency.processutils [None req-2fd3d963-e722-47e1-936a-fafab2fb0888 tempest-GroupsV314Test-1405841967 None] Running cmd (subprocess): /opt/stack/data/venv/bin/python3.12 -m oslo_concurrency.prlimit --as=1073741824 --cpu=60 -- sudo cinder-rootwrap /etc/cinder/rootwrap.conf env LC_ALL=C qemu-img info -f qcow2 --output=json /opt/stack/data/cinder/mnt/533e5e109f16d4345a82773fc11f71d6/volume-d4b8c604-e2b3-4703-af20-1aa1860afdba {{(pid=93948) execute /opt/stack/data/venv/lib/python3.12/site-packages/oslo_concurrency/processutils.py:440}}
Jun 25 17:59:03 devstack sudo[105072]: quobyte : PWD=/ ; USER=root ; COMMAND=/opt/stack/data/venv/bin/cinder-rootwrap /etc/cinder/rootwrap.conf env LC_ALL=C qemu-img info -f qcow2 --output=json /opt/stack/data/cinder/mnt/533e5e109f16d4345a82773fc11f71d6/volume-d4b8c604-e2b3-4703-af20-1aa1860afdba
Jun 25 17:59:03 devstack sudo[105072]: pam_unix(sudo:session): session opened for user root(uid=0) by (uid=1000)
Jun 25 17:59:04 devstack cinder-volume[93948]: DEBUG cinder.volume.flows.manager.create_volume [None req-7c3bc858-2ba6-408e-84f0-b6ddc38b7f8b tempest-VolumesImageMetadata-1914972361 None] Volume reschedule parameters: True retry: {'num_attempts': 1, 'backends': ['devstack@QuobyteHD#QuobyteHD'], 'hosts': ['devstack@QuobyteHD#QuobyteHD']} {{(pid=93948) get_flow /opt/stack/cinder/cinder/volume/flows/manager/create_volume.py:1397}}
Jun 25 17:59:04 devstack cinder-volume[93948]: DEBUG cinder.volume.manager [None req-7c3bc858-2ba6-408e-84f0-b6ddc38b7f8b tempest-VolumesImageMetadata-1914972361 None] Flow 'volume_create_manager' (3384f74b-d558-444e-9b7d-f19e2a549b0a) transitioned into state 'RUNNING' from state 'PENDING' {{(pid=93948) _flow_receiver /opt/stack/data/venv/lib/python3.12/site-packages/taskflow/listeners/logging.py:160}}
Jun 25 17:59:04 devstack cinder-volume[93948]: DEBUG cinder.volume.manager [None req-7c3bc858-2ba6-408e-84f0-b6ddc38b7f8b tempest-VolumesImageMetadata-1914972361 None] Task 'cinder.volume.flows.manager.create_volume.ExtractVolumeRefTask;volume:create' (21d3c7e6-fd73-4a22-b573-fb86a89b0a9f) transitioned into state 'RUNNING' from state 'PENDING' {{(pid=93948) _task_receiver /opt/stack/data/venv/lib/python3.12/site-packages/taskflow/listeners/logging.py:242}}
Jun 25 17:59:04 devstack cinder-volume[93948]: DEBUG cinder.volume.manager [None req-7c3bc858-2ba6-408e-84f0-b6ddc38b7f8b tempest-VolumesImageMetadata-1914972361 None] Task 'cinder.volume.flows.manager.create_volume.ExtractVolumeRefTask;volume:create' (21d3c7e6-fd73-4a22-b573-fb86a89b0a9f) transitioned into state 'SUCCESS' from state 'RUNNING' with result 'Volume(_name_id=None,admin_metadata=,attach_status='detached',availability_zone='nova',bootable=False,cluster=,cluster_name=None,consistencygroup=,consistencygroup_id=None,created_at=2026-06-25T15:59:04Z,deleted=False,deleted_at=None,display_description=None,display_name='tempest-VolumesImageMetadata-Volume-1251965809',ec2_id=None,encryption_key_id=None,glance_metadata=,group=,group_id=None,host='devstack@QuobyteHD#QuobyteHD',id=351e8d2e-4b9b-4836-9bfa-ae7c6124bf9d,launched_at=None,metadata={},migration_status=None,multiattach=False,previous_status=None,project_id='11c01b5cb6204bc09b4d639af6fe36cb',provider_auth=None,provider_geometry=None,provider_id=None,provider_location=None,replication_driver_data=None,replication_extended_status=None,replication_status=None,scheduled_at=2026-06-25T15:59:04Z,service_uuid=None,shared_targets=True,size=1,snapshot_id=None,snapshots=,source_volid=None,status='creating',terminated_at=None,updated_at=2026-06-25T15:59:04Z,use_quota=True,user_id='3b615bcb776947b6892d3c94764a2464',volume_attachment=VolumeAttachmentList,volume_type=VolumeType(ddf7ccac-96cc-4019-aeb9-4c2a362052cf),volume_type_id=ddf7ccac-96cc-4019-aeb9-4c2a362052cf)' {{(pid=93948) _task_receiver /opt/stack/data/venv/lib/python3.12/site-packages/taskflow/listeners/logging.py:218}}
Jun 25 17:59:04 devstack cinder-volume[93948]: DEBUG cinder.volume.manager [None req-7c3bc858-2ba6-408e-84f0-b6ddc38b7f8b tempest-VolumesImageMetadata-1914972361 None] Task 'cinder.volume.flows.manager.create_volume.OnFailureRescheduleTask;volume:create' (976ff0ac-f7a4-4716-b757-ac7c4a50fff7) transitioned into state 'RUNNING' from state 'PENDING' {{(pid=93948) _task_receiver /opt/stack/data/venv/lib/python3.12/site-packages/taskflow/listeners/logging.py:242}}
Jun 25 17:59:04 devstack cinder-volume[93948]: DEBUG cinder.volume.manager [None req-7c3bc858-2ba6-408e-84f0-b6ddc38b7f8b tempest-VolumesImageMetadata-1914972361 None] Task 'cinder.volume.flows.manager.create_volume.OnFailureRescheduleTask;volume:create' (976ff0ac-f7a4-4716-b757-ac7c4a50fff7) transitioned into state 'SUCCESS' from state 'RUNNING' with result 'None' {{(pid=93948) _task_receiver /opt/stack/data/venv/lib/python3.12/site-packages/taskflow/listeners/logging.py:218}}
Jun 25 17:59:04 devstack cinder-volume[93948]: DEBUG cinder.volume.manager [None req-7c3bc858-2ba6-408e-84f0-b6ddc38b7f8b tempest-VolumesImageMetadata-1914972361 None] Task 'cinder.volume.flows.manager.create_volume.ExtractVolumeSpecTask;volume:create' (69d05be6-200b-428e-a14c-8db5df5a5880) transitioned into state 'RUNNING' from state 'PENDING' {{(pid=93948) _task_receiver /opt/stack/data/venv/lib/python3.12/site-packages/taskflow/listeners/logging.py:242}}
Jun 25 17:59:04 devstack cinder-volume[93948]: DEBUG cinder.image.glance [None req-7c3bc858-2ba6-408e-84f0-b6ddc38b7f8b tempest-VolumesImageMetadata-1914972361 None] Creating Keystone auth plugin from conf {{(pid=93948) _create_glance_client /opt/stack/cinder/cinder/image/glance.py:135}}
Jun 25 17:59:05 devstack sudo[105072]: pam_unix(sudo:session): session closed for user root
Jun 25 17:59:05 devstack cinder-volume[93948]: DEBUG oslo_concurrency.processutils [None req-2fd3d963-e722-47e1-936a-fafab2fb0888 tempest-GroupsV314Test-1405841967 None] CMD "/opt/stack/data/venv/bin/python3.12 -m oslo_concurrency.prlimit --as=1073741824 --cpu=60 -- sudo cinder-rootwrap /etc/cinder/rootwrap.conf env LC_ALL=C qemu-img info -f qcow2 --output=json /opt/stack/data/cinder/mnt/533e5e109f16d4345a82773fc11f71d6/volume-d4b8c604-e2b3-4703-af20-1aa1860afdba" returned: 0 in 1.353s {{(pid=93948) execute /opt/stack/data/venv/lib/python3.12/site-packages/oslo_concurrency/processutils.py:468}}
Jun 25 17:59:05 devstack cinder-volume[93948]: DEBUG cinder.image.image_utils [None req-2fd3d963-e722-47e1-936a-fafab2fb0888 tempest-GroupsV314Test-1405841967 None] Image conversion details: src /opt/stack/data/cinder/mnt/533e5e109f16d4345a82773fc11f71d6/volume-d4b8c604-e2b3-4703-af20-1aa1860afdba, size 1024.00 MB, duration 7.78 sec, destination /opt/stack/data/cinder/mnt/533e5e109f16d4345a82773fc11f71d6/volume-03ac16e3-3b50-4b14-a370-7920f70a2fe7 {{(pid=93948) _convert_image /opt/stack/cinder/cinder/image/image_utils.py:536}}
Jun 25 17:59:05 devstack cinder-volume[93948]: INFO cinder.image.image_utils [None req-2fd3d963-e722-47e1-936a-fafab2fb0888 tempest-GroupsV314Test-1405841967 None] Converted 1024.00 MB image at 131.55 MB/s
Jun 25 17:59:05 devstack cinder-volume[93948]: WARNING cinder.volume.drivers.remotefs [None req-2fd3d963-e722-47e1-936a-fafab2fb0888 tempest-GroupsV314Test-1405841967 None] /opt/stack/data/cinder/mnt/533e5e109f16d4345a82773fc11f71d6/volume-03ac16e3-3b50-4b14-a370-7920f70a2fe7 is being set with open permissions: ugo+rw: NotImplementedError
Jun 25 17:59:05 devstack cinder-volume[93948]: DEBUG oslo_concurrency.processutils [None req-2fd3d963-e722-47e1-936a-fafab2fb0888 tempest-GroupsV314Test-1405841967 None] Running cmd (subprocess): sudo cinder-rootwrap /etc/cinder/rootwrap.conf chmod ugo+rw /opt/stack/data/cinder/mnt/533e5e109f16d4345a82773fc11f71d6/volume-03ac16e3-3b50-4b14-a370-7920f70a2fe7 {{(pid=93948) execute /opt/stack/data/venv/lib/python3.12/site-packages/oslo_concurrency/processutils.py:440}}
Jun 25 17:59:05 devstack sudo[105077]: quobyte : PWD=/ ; USER=root ; COMMAND=/opt/stack/data/venv/bin/cinder-rootwrap /etc/cinder/rootwrap.conf chmod ugo+rw /opt/stack/data/cinder/mnt/533e5e109f16d4345a82773fc11f71d6/volume-03ac16e3-3b50-4b14-a370-7920f70a2fe7
Jun 25 17:59:05 devstack sudo[105077]: pam_unix(sudo:session): session opened for user root(uid=0) by (uid=1000)
Jun 25 17:59:05 devstack cinder-volume[93948]: DEBUG cinder.volume.manager [None req-7c3bc858-2ba6-408e-84f0-b6ddc38b7f8b tempest-VolumesImageMetadata-1914972361 None] Task 'cinder.volume.flows.manager.create_volume.ExtractVolumeSpecTask;volume:create' (69d05be6-200b-428e-a14c-8db5df5a5880) transitioned into state 'SUCCESS' from state 'RUNNING' with result '{'status': 'creating', 'type': 'image', 'volume_id': '351e8d2e-4b9b-4836-9bfa-ae7c6124bf9d', 'volume_name': 'volume-351e8d2e-4b9b-4836-9bfa-ae7c6124bf9d', 'volume_size': 1, 'image_id': '7b51933e-b274-42ab-8f16-4291857176c5', 'image_location': (None, [{'url': 'file:///opt/stack/data/glance/images/7b51933e-b274-42ab-8f16-4291857176c5', 'metadata': {}}]), 'image_meta': {'name': 'cirros-0.6.3-x86_64-disk', 'disk_format': 'qcow2', 'container_format': 'bare', 'visibility': 'public', 'size': 21692416, 'virtual_size': 117440512, 'status': 'active', 'checksum': '87617e24a5e30cb3b87fda8c0764838f', 'protected': False, 'min_ram': 0, 'min_disk': 0, 'owner': '055ebce508c14bd78e9508adb2df16da', 'os_hidden': False, 'os_hash_algo': 'sha512', 'os_hash_value': '9a9bce0083a00939ec17c11febbfc767aa211aaa54f51e75c5a8b271a9b5637c77205a518b7a2007cb391d23cceb01e0e4e8d64832317151bc85b734b92a7be0', 'id': '7b51933e-b274-42ab-8f16-4291857176c5', 'created_at': datetime.datetime(2026, 6, 25, 15, 42, 53, tzinfo=datetime.timezone.utc), 'updated_at': datetime.datetime(2026, 6, 25, 15, 42, 55, tzinfo=datetime.timezone.utc), 'tags': [], 'file': '/v2/images/7b51933e-b274-42ab-8f16-4291857176c5/file', 'properties': {'hw_rng_model': 'virtio', 'owner_specified.openstack.md5': '', 'owner_specified.openstack.object': 'images/cirros-0.6.3-x86_64-disk', 'owner_specified.openstack.sha256': ''}}, 'image_service': }' {{(pid=93948) _task_receiver /opt/stack/data/venv/lib/python3.12/site-packages/taskflow/listeners/logging.py:218}}
Jun 25 17:59:05 devstack cinder-volume[93948]: DEBUG cinder.volume.manager [None req-7c3bc858-2ba6-408e-84f0-b6ddc38b7f8b tempest-VolumesImageMetadata-1914972361 None] Task 'cinder.volume.flows.manager.create_volume.NotifyVolumeActionTask;volume:create, create.start' (45a0b9d1-9f23-4dd3-84d5-5140a77bca20) transitioned into state 'RUNNING' from state 'PENDING' {{(pid=93948) _task_receiver /opt/stack/data/venv/lib/python3.12/site-packages/taskflow/listeners/logging.py:242}}
Jun 25 17:59:05 devstack cinder-volume[93948]: DEBUG cinder.volume.manager [None req-7c3bc858-2ba6-408e-84f0-b6ddc38b7f8b tempest-VolumesImageMetadata-1914972361 None] Task 'cinder.volume.flows.manager.create_volume.NotifyVolumeActionTask;volume:create, create.start' (45a0b9d1-9f23-4dd3-84d5-5140a77bca20) transitioned into state 'SUCCESS' from state 'RUNNING' with result 'None' {{(pid=93948) _task_receiver /opt/stack/data/venv/lib/python3.12/site-packages/taskflow/listeners/logging.py:218}}
Jun 25 17:59:05 devstack cinder-volume[93948]: DEBUG cinder.volume.manager [None req-7c3bc858-2ba6-408e-84f0-b6ddc38b7f8b tempest-VolumesImageMetadata-1914972361 None] Task 'cinder.volume.flows.manager.create_volume.CreateVolumeFromSpecTask;volume:create' (2ebf206c-b1e2-4d6a-8b64-511e2e204106) transitioned into state 'RUNNING' from state 'PENDING' {{(pid=93948) _task_receiver /opt/stack/data/venv/lib/python3.12/site-packages/taskflow/listeners/logging.py:242}}
Jun 25 17:59:05 devstack cinder-volume[93948]: INFO cinder.volume.flows.manager.create_volume [None req-7c3bc858-2ba6-408e-84f0-b6ddc38b7f8b tempest-VolumesImageMetadata-1914972361 None] Volume 351e8d2e-4b9b-4836-9bfa-ae7c6124bf9d: being created as image with specification: {'status': 'creating', 'volume_name': 'volume-351e8d2e-4b9b-4836-9bfa-ae7c6124bf9d', 'volume_size': 1, 'image_id': '7b51933e-b274-42ab-8f16-4291857176c5', 'image_location': (None, [{'url': 'file:///opt/stack/data/glance/images/7b51933e-b274-42ab-8f16-4291857176c5', 'metadata': {}}]), 'image_meta': {'name': 'cirros-0.6.3-x86_64-disk', 'disk_format': 'qcow2', 'container_format': 'bare', 'visibility': 'public', 'size': 21692416, 'virtual_size': 117440512, 'status': 'active', 'checksum': '87617e24a5e30cb3b87fda8c0764838f', 'protected': False, 'min_ram': 0, 'min_disk': 0, 'owner': '055ebce508c14bd78e9508adb2df16da', 'os_hidden': False, 'os_hash_algo': 'sha512', 'os_hash_value': '9a9bce0083a00939ec17c11febbfc767aa211aaa54f51e75c5a8b271a9b5637c77205a518b7a2007cb391d23cceb01e0e4e8d64832317151bc85b734b92a7be0', 'id': '7b51933e-b274-42ab-8f16-4291857176c5', 'created_at': datetime.datetime(2026, 6, 25, 15, 42, 53, tzinfo=datetime.timezone.utc), 'updated_at': datetime.datetime(2026, 6, 25, 15, 42, 55, tzinfo=datetime.timezone.utc), 'tags': [], 'file': '/v2/images/7b51933e-b274-42ab-8f16-4291857176c5/file', 'properties': {'hw_rng_model': 'virtio', 'owner_specified.openstack.md5': '', 'owner_specified.openstack.object': 'images/cirros-0.6.3-x86_64-disk', 'owner_specified.openstack.sha256': ''}}, 'image_service': }
Jun 25 17:59:05 devstack cinder-volume[93948]: DEBUG cinder.volume.flows.manager.create_volume [None req-7c3bc858-2ba6-408e-84f0-b6ddc38b7f8b tempest-VolumesImageMetadata-1914972361 None] Trying to clone 351e8d2e-4b9b-4836-9bfa-ae7c6124bf9d from image 7b51933e-b274-42ab-8f16-4291857176c5 at location (None, [{'url': 'file:///opt/stack/data/glance/images/7b51933e-b274-42ab-8f16-4291857176c5', 'metadata': {}}]). {{(pid=93948) _create_from_image /opt/stack/cinder/cinder/volume/flows/manager/create_volume.py:1091}}
Jun 25 17:59:06 devstack sudo[105077]: pam_unix(sudo:session): session closed for user root
Jun 25 17:59:06 devstack cinder-volume[93948]: DEBUG oslo_concurrency.processutils [None req-2fd3d963-e722-47e1-936a-fafab2fb0888 tempest-GroupsV314Test-1405841967 None] CMD "sudo cinder-rootwrap /etc/cinder/rootwrap.conf chmod ugo+rw /opt/stack/data/cinder/mnt/533e5e109f16d4345a82773fc11f71d6/volume-03ac16e3-3b50-4b14-a370-7920f70a2fe7" returned: 0 in 1.051s {{(pid=93948) execute /opt/stack/data/venv/lib/python3.12/site-packages/oslo_concurrency/processutils.py:468}}
Jun 25 17:59:06 devstack cinder-volume[93948]: DEBUG cinder.coordination [None req-2fd3d963-e722-47e1-936a-fafab2fb0888 tempest-GroupsV314Test-1405841967 None] Lock "cinder-quobyte-03ac16e3-3b50-4b14-a370-7920f70a2fe7" released by "_copy_volume_from_snapshot" :: held 12.991s {{(pid=93948) __release /opt/stack/cinder/cinder/coordination.py:152}}
