Jan 06 07:16:52 devstack devstack@g-api.service[73538]: DEBUG glance.common.config [None req-83864b1c-7a0e-40ac-87c8-f85b1e52cf7e None None] barbican_service_user.cafile = None {{(pid=73538) log_opt_values /opt/stack/data/venv/lib/python3.10/site-packages/oslo_config/cfg.py:2824}}
Jan 06 07:16:52 devstack devstack@g-api.service[73538]: DEBUG glance.common.config [None req-83864b1c-7a0e-40ac-87c8-f85b1e52cf7e None None] barbican_service_user.certfile = None {{(pid=73538) log_opt_values /opt/stack/data/venv/lib/python3.10/site-packages/oslo_config/cfg.py:2824}}
Jan 06 07:16:52 devstack devstack@g-api.service[73538]: DEBUG glance.common.config [None req-83864b1c-7a0e-40ac-87c8-f85b1e52cf7e None None] barbican_service_user.collect_timing = False {{(pid=73538) log_opt_values /opt/stack/data/venv/lib/python3.10/site-packages/oslo_config/cfg.py:2824}}
Jan 06 07:16:52 devstack devstack@g-api.service[73538]: DEBUG glance.common.config [None req-83864b1c-7a0e-40ac-87c8-f85b1e52cf7e None None] barbican_service_user.insecure = False {{(pid=73538) log_opt_values /opt/stack/data/venv/lib/python3.10/site-packages/oslo_config/cfg.py:2824}}
Jan 06 07:16:52 devstack devstack@g-api.service[73538]: DEBUG glance.common.config [None req-83864b1c-7a0e-40ac-87c8-f85b1e52cf7e None None] barbican_service_user.keyfile = None {{(pid=73538) log_opt_values /opt/stack/data/venv/lib/python3.10/site-packages/oslo_config/cfg.py:2824}}
Jan 06 07:16:52 devstack devstack@g-api.service[73538]: DEBUG glance.common.config [None req-83864b1c-7a0e-40ac-87c8-f85b1e52cf7e None None] barbican_service_user.split_loggers = False {{(pid=73538) log_opt_values /opt/stack/data/venv/lib/python3.10/site-packages/oslo_config/cfg.py:2824}}
Jan 06 07:16:52 devstack devstack@g-api.service[73538]: DEBUG glance.common.config [None req-83864b1c-7a0e-40ac-87c8-f85b1e52cf7e None None] barbican_service_user.timeout = None {{(pid=73538) log_opt_values /opt/stack/data/venv/lib/python3.10/site-packages/oslo_config/cfg.py:2824}}
Jan 06 07:16:52 devstack devstack@g-api.service[73538]: DEBUG glance.common.config [None req-83864b1c-7a0e-40ac-87c8-f85b1e52cf7e None None] database.asyncio_connection = **** {{(pid=73538) log_opt_values /opt/stack/data/venv/lib/python3.10/site-packages/oslo_config/cfg.py:2824}}
Jan 06 07:16:52 devstack devstack@g-api.service[73538]: DEBUG glance.common.config [None req-83864b1c-7a0e-40ac-87c8-f85b1e52cf7e None None] database.asyncio_slave_connection = **** {{(pid=73538) log_opt_values /opt/stack/data/venv/lib/python3.10/site-packages/oslo_config/cfg.py:2824}}
Jan 06 07:16:52 devstack devstack@g-api.service[73538]: DEBUG glance.common.config [None req-83864b1c-7a0e-40ac-87c8-f85b1e52cf7e None None] database.backend = sqlalchemy {{(pid=73538) log_opt_values /opt/stack/data/venv/lib/python3.10/site-packages/oslo_config/cfg.py:2824}}
Jan 06 07:16:52 devstack devstack@g-api.service[73538]: DEBUG glance.common.config [None req-83864b1c-7a0e-40ac-87c8-f85b1e52cf7e None None] database.connection = **** {{(pid=73538) log_opt_values /opt/stack/data/venv/lib/python3.10/site-packages/oslo_config/cfg.py:2824}}
Jan 06 07:16:52 devstack devstack@g-api.service[73538]: DEBUG glance.common.config [None req-83864b1c-7a0e-40ac-87c8-f85b1e52cf7e None None] database.connection_debug = 0 {{(pid=73538) log_opt_values /opt/stack/data/venv/lib/python3.10/site-packages/oslo_config/cfg.py:2824}}
Jan 06 07:16:52 devstack devstack@g-api.service[73538]: DEBUG glance.common.config [None req-83864b1c-7a0e-40ac-87c8-f85b1e52cf7e None None] database.connection_parameters = {{(pid=73538) log_opt_values /opt/stack/data/venv/lib/python3.10/site-packages/oslo_config/cfg.py:2824}}
Jan 06 07:16:52 devstack devstack@g-api.service[73538]: DEBUG glance.common.config [None req-83864b1c-7a0e-40ac-87c8-f85b1e52cf7e None None] database.connection_recycle_time = 3600 {{(pid=73538) log_opt_values /opt/stack/data/venv/lib/python3.10/site-packages/oslo_config/cfg.py:2824}}
Jan 06 07:16:52 devstack devstack@g-api.service[73538]: DEBUG glance.common.config [None req-83864b1c-7a0e-40ac-87c8-f85b1e52cf7e None None] database.connection_trace = False {{(pid=73538) log_opt_values /opt/stack/data/venv/lib/python3.10/site-packages/oslo_config/cfg.py:2824}}
Jan 06 07:16:52 devstack devstack@g-api.service[73538]: DEBUG glance.common.config [None req-83864b1c-7a0e-40ac-87c8-f85b1e52cf7e None None] database.db_inc_retry_interval = True {{(pid=73538) log_opt_values /opt/stack/data/venv/lib/python3.10/site-packages/oslo_config/cfg.py:2824}}
Jan 06 07:16:52 devstack devstack@g-api.service[73538]: DEBUG glance.common.config [None req-83864b1c-7a0e-40ac-87c8-f85b1e52cf7e None None] database.db_max_retries = 20 {{(pid=73538) log_opt_values /opt/stack/data/venv/lib/python3.10/site-packages/oslo_config/cfg.py:2824}}
Jan 06 07:16:52 devstack devstack@g-api.service[73538]: DEBUG glance.common.config [None req-83864b1c-7a0e-40ac-87c8-f85b1e52cf7e None None] database.db_max_retry_interval = 10 {{(pid=73538) log_opt_values /opt/stack/data/venv/lib/python3.10/site-packages/oslo_config/cfg.py:2824}}
Jan 06 07:16:52 devstack devstack@g-api.service[73538]: DEBUG glance.common.config [None req-83864b1c-7a0e-40ac-87c8-f85b1e52cf7e None None] database.db_retry_interval = 1 {{(pid=73538) log_opt_values /opt/stack/data/venv/lib/python3.10/site-packages/oslo_config/cfg.py:2824}}
Jan 06 07:16:52 devstack devstack@g-api.service[73538]: DEBUG glance.common.config [None req-83864b1c-7a0e-40ac-87c8-f85b1e52cf7e None None] database.max_overflow = 50 {{(pid=73538) log_opt_values /opt/stack/data/venv/lib/python3.10/site-packages/oslo_config/cfg.py:2824}}
Jan 06 07:16:52 devstack devstack@g-api.service[73538]: DEBUG glance.common.config [None req-83864b1c-7a0e-40ac-87c8-f85b1e52cf7e None None] database.max_pool_size = 5 {{(pid=73538) log_opt_values /opt/stack/data/venv/lib/python3.10/site-packages/oslo_config/cfg.py:2824}}
Jan 06 07:16:52 devstack devstack@g-api.service[73538]: DEBUG glance.common.config [None req-83864b1c-7a0e-40ac-87c8-f85b1e52cf7e None None] database.max_retries = 10 {{(pid=73538) log_opt_values /opt/stack/data/venv/lib/python3.10/site-packages/oslo_config/cfg.py:2824}}
Jan 06 07:16:52 devstack devstack@g-api.service[73538]: DEBUG glance.common.config [None req-83864b1c-7a0e-40ac-87c8-f85b1e52cf7e None None] database.mysql_sql_mode = TRADITIONAL {{(pid=73538) log_opt_values /opt/stack/data/venv/lib/python3.10/site-packages/oslo_config/cfg.py:2824}}
Jan 06 07:16:52 devstack devstack@g-api.service[73538]: DEBUG glance.common.config [None req-83864b1c-7a0e-40ac-87c8-f85b1e52cf7e None None] database.mysql_wsrep_sync_wait = None {{(pid=73538) log_opt_values /opt/stack/data/venv/lib/python3.10/site-packages/oslo_config/cfg.py:2824}}
Jan 06 07:16:52 devstack devstack@g-api.service[73538]: DEBUG glance.common.config [None req-83864b1c-7a0e-40ac-87c8-f85b1e52cf7e None None] database.pool_timeout = None {{(pid=73538) log_opt_values /opt/stack/data/venv/lib/python3.10/site-packages/oslo_config/cfg.py:2824}}
Jan 06 07:16:52 devstack devstack@g-api.service[73538]: DEBUG glance.common.config [None req-83864b1c-7a0e-40ac-87c8-f85b1e52cf7e None None] database.retry_interval = 10 {{(pid=73538) log_opt_values /opt/stack/data/venv/lib/python3.10/site-packages/oslo_config/cfg.py:2824}}
Jan 06 07:16:52 devstack devstack@g-api.service[73538]: DEBUG glance.common.config [None req-83864b1c-7a0e-40ac-87c8-f85b1e52cf7e None None] database.slave_connection = **** {{(pid=73538) log_opt_values /opt/stack/data/venv/lib/python3.10/site-packages/oslo_config/cfg.py:2824}}
Jan 06 07:16:52 devstack devstack@g-api.service[73538]: DEBUG glance.common.config [None req-83864b1c-7a0e-40ac-87c8-f85b1e52cf7e None None] database.sqlite_synchronous = True {{(pid=73538) log_opt_values /opt/stack/data/venv/lib/python3.10/site-packages/oslo_config/cfg.py:2824}}
Jan 06 07:16:52 devstack devstack@g-api.service[73538]: DEBUG glance.common.config [None req-83864b1c-7a0e-40ac-87c8-f85b1e52cf7e None None] database.use_db_reconnect = False {{(pid=73538) log_opt_values /opt/stack/data/venv/lib/python3.10/site-packages/oslo_config/cfg.py:2824}}
Jan 06 07:16:52 devstack devstack@g-api.service[73538]: DEBUG glance.common.config [None req-83864b1c-7a0e-40ac-87c8-f85b1e52cf7e None None] healthcheck.allowed_source_ranges = [] {{(pid=73538) log_opt_values /opt/stack/data/venv/lib/python3.10/site-packages/oslo_config/cfg.py:2824}}
Jan 06 07:16:52 devstack devstack@g-api.service[73538]: DEBUG glance.common.config [None req-83864b1c-7a0e-40ac-87c8-f85b1e52cf7e None None] healthcheck.backends = ['disable_by_file'] {{(pid=73538) log_opt_values /opt/stack/data/venv/lib/python3.10/site-packages/oslo_config/cfg.py:2824}}
Jan 06 07:16:52 devstack devstack@g-api.service[73538]: DEBUG glance.common.config [None req-83864b1c-7a0e-40ac-87c8-f85b1e52cf7e None None] healthcheck.detailed = False {{(pid=73538) log_opt_values /opt/stack/data/venv/lib/python3.10/site-packages/oslo_config/cfg.py:2824}}
Jan 06 07:16:52 devstack devstack@g-api.service[73538]: DEBUG glance.common.config [None req-83864b1c-7a0e-40ac-87c8-f85b1e52cf7e None None] healthcheck.disable_by_file_path = None {{(pid=73538) log_opt_values /opt/stack/data/venv/lib/python3.10/site-packages/oslo_config/cfg.py:2824}}
Jan 06 07:16:52 devstack devstack@g-api.service[73538]: DEBUG glance.common.config [None req-83864b1c-7a0e-40ac-87c8-f85b1e52cf7e None None] healthcheck.ignore_proxied_requests = False {{(pid=73538) log_opt_values /opt/stack/data/venv/lib/python3.10/site-packages/oslo_config/cfg.py:2824}}
Jan 06 07:16:52 devstack devstack@g-api.service[73538]: DEBUG glance.common.config [None req-83864b1c-7a0e-40ac-87c8-f85b1e52cf7e None None] ******************************************************************************** {{(pid=73538) log_opt_values /opt/stack/data/venv/lib/python3.10/site-packages/oslo_config/cfg.py:2828}}
Jan 06 07:16:52 devstack devstack@g-api.service[73538]: WSGI app 0 (mountpoint='') ready in 4 seconds on interpreter 0x556a3f67b6a0 pid: 73538 (default app)
Jan 06 07:16:54 devstack devstack@g-api.service[73539]: DEBUG glance.api.middleware.version_negotiation [None req-307b53f0-18cc-4527-abb3-186c5c6a3823 None None] Determining version of request: GET / Accept: application/json {{(pid=73539) process_request /opt/stack/glance/glance/api/middleware/version_negotiation.py:44}}
Jan 06 07:16:54 devstack devstack@g-api.service[73539]: DEBUG glance.api.middleware.version_negotiation [None req-307b53f0-18cc-4527-abb3-186c5c6a3823 None None] Using url versioning {{(pid=73539) process_request /opt/stack/glance/glance/api/middleware/version_negotiation.py:57}}
Jan 06 07:16:54 devstack devstack@g-api.service[73539]: DEBUG glance.api.middleware.version_negotiation [None req-307b53f0-18cc-4527-abb3-186c5c6a3823 None None] Unknown version. Returning version choices. {{(pid=73539) process_request /opt/stack/glance/glance/api/middleware/version_negotiation.py:64}}
Jan 06 07:16:54 devstack devstack@g-api.service[73539]: [pid: 73539|app: 0|req: 2/2] 127.0.0.1 () {34 vars in 516 bytes} [Tue Jan 6 07:16:54 2026] GET / => generated 1446 bytes in 3 msecs (HTTP/1.1 300) 3 headers in 106 bytes (1 switches on core 0)
Jan 06 07:16:55 devstack devstack@g-api.service[73538]: DEBUG glance.api.middleware.version_negotiation [None req-83864b1c-7a0e-40ac-87c8-f85b1e52cf7e None None] Determining version of request: POST /v2/images Accept: */* {{(pid=73538) process_request /opt/stack/glance/glance/api/middleware/version_negotiation.py:44}}
Jan 06 07:16:55 devstack devstack@g-api.service[73538]: DEBUG glance.api.middleware.version_negotiation [None req-83864b1c-7a0e-40ac-87c8-f85b1e52cf7e None None] Using url versioning {{(pid=73538) process_request /opt/stack/glance/glance/api/middleware/version_negotiation.py:57}}
Jan 06 07:16:55 devstack devstack@g-api.service[73538]: DEBUG glance.api.middleware.version_negotiation [None req-83864b1c-7a0e-40ac-87c8-f85b1e52cf7e None None] Matched version: v2 {{(pid=73538) process_request /opt/stack/glance/glance/api/middleware/version_negotiation.py:69}}
Jan 06 07:16:55 devstack devstack@g-api.service[73538]: DEBUG glance.api.middleware.version_negotiation [None req-83864b1c-7a0e-40ac-87c8-f85b1e52cf7e None None] new path /v2/images {{(pid=73538) process_request /opt/stack/glance/glance/api/middleware/version_negotiation.py:70}}
Jan 06 07:16:55 devstack devstack@g-api.service[73538]: [pid: 73538|app: 0|req: 1/3] 127.0.0.1 () {40 vars in 779 bytes} [Tue Jan 6 07:16:55 2026] POST /v2/images => generated 807 bytes in 850 msecs (HTTP/1.1 201) 6 headers in 314 bytes (1 switches on core 0)
Jan 06 07:16:55 devstack devstack@g-api.service[73539]: DEBUG glance.api.middleware.version_negotiation [None req-307b53f0-18cc-4527-abb3-186c5c6a3823 None None] Determining version of request: PUT /v2/images/d86576d7-da85-4ade-bcf6-4335e083c3cc/file Accept: {{(pid=73539) process_request /opt/stack/glance/glance/api/middleware/version_negotiation.py:44}}
Jan 06 07:16:55 devstack devstack@g-api.service[73539]: DEBUG glance.api.middleware.version_negotiation [None req-307b53f0-18cc-4527-abb3-186c5c6a3823 None None] Using url versioning {{(pid=73539) process_request /opt/stack/glance/glance/api/middleware/version_negotiation.py:57}}
Jan 06 07:16:55 devstack devstack@g-api.service[73539]: DEBUG glance.api.middleware.version_negotiation [None req-307b53f0-18cc-4527-abb3-186c5c6a3823 None None] Matched version: v2 {{(pid=73539) process_request /opt/stack/glance/glance/api/middleware/version_negotiation.py:69}}
Jan 06 07:16:55 devstack devstack@g-api.service[73539]: DEBUG glance.api.middleware.version_negotiation [None req-307b53f0-18cc-4527-abb3-186c5c6a3823 None None] new path /v2/images/d86576d7-da85-4ade-bcf6-4335e083c3cc/file {{(pid=73539) process_request /opt/stack/glance/glance/api/middleware/version_negotiation.py:70}}
Jan 06 07:16:56 devstack devstack@g-api.service[73539]: INFO glance.api.v2.image_data [None req-10c0ad6f-8ddb-4ae7-8115-fee521e4c622 admin admin] Unable to create trust: no such option collect_timing in group [keystone_authtoken] Use the existing user token.
Jan 06 07:16:56 devstack devstack@g-api.service[73539]: DEBUG glance.location [None req-10c0ad6f-8ddb-4ae7-8115-fee521e4c622 admin admin] Enabling in-flight format inspection for qcow2 {{(pid=73539) set_data /opt/stack/glance/glance/location.py:616}}
Jan 06 07:16:56 devstack devstack@g-api.service[73539]: DEBUG oslo_utils.imageutils.format_inspector [None req-10c0ad6f-8ddb-4ae7-8115-fee521e4c622 admin admin] Format inspector for vmdk does not match, excluding from consideration (Signature KDMV not found: b'QFI\xfb') {{(pid=73539) _process_chunk /opt/stack/data/venv/lib/python3.10/site-packages/oslo_utils/imageutils/format_inspector.py:1537}}
Jan 06 07:16:56 devstack devstack@g-api.service[73539]: DEBUG oslo_utils.imageutils.format_inspector [None req-10c0ad6f-8ddb-4ae7-8115-fee521e4c622 admin admin] Format inspector for vhdx does not match, excluding from consideration (Region signature not found at 30000) {{(pid=73539) _process_chunk /opt/stack/data/venv/lib/python3.10/site-packages/oslo_utils/imageutils/format_inspector.py:1537}}
Jan 06 07:16:57 devstack devstack@g-api.service[73539]: DEBUG glance_store._drivers.filesystem [None req-10c0ad6f-8ddb-4ae7-8115-fee521e4c622 admin admin] Wrote 21692416 bytes to /opt/stack/data/glance/images/d86576d7-da85-4ade-bcf6-4335e083c3cc with checksum 87617e24a5e30cb3b87fda8c0764838f and multihash 9a9bce0083a00939ec17c11febbfc767aa211aaa54f51e75c5a8b271a9b5637c77205a518b7a2007cb391d23cceb01e0e4e8d64832317151bc85b734b92a7be0 {{(pid=73539) add /opt/stack/data/venv/lib/python3.10/site-packages/glance_store/_drivers/filesystem.py:794}}
Jan 06 07:16:57 devstack devstack@g-api.service[73539]: INFO glance.location [None req-10c0ad6f-8ddb-4ae7-8115-fee521e4c622 admin admin] Image format matched and virtual size computed: 117440512
Jan 06 07:16:57 devstack devstack@g-api.service[73539]: DEBUG glance_store.backend [None req-10c0ad6f-8ddb-4ae7-8115-fee521e4c622 admin admin] Skipping store.set_acls... not implemented. {{(pid=73539) set_acls /opt/stack/data/venv/lib/python3.10/site-packages/glance_store/backend.py:507}}
Jan 06 07:16:57 devstack devstack@g-api.service[73539]: [pid: 73539|app: 0|req: 3/4] 127.0.0.1 () {40 vars in 872 bytes} [Tue Jan 6 07:16:55 2026] PUT /v2/images/d86576d7-da85-4ade-bcf6-4335e083c3cc/file => generated 0 bytes in 1337 msecs (HTTP/1.1 204) 4 headers in 171 bytes (1 switches on core 0)
Jan 06 07:16:57 devstack devstack@g-api.service[73538]: DEBUG glance.api.middleware.version_negotiation [None req-83487f0c-fd81-4879-a878-f5b208a3e4df admin admin] Determining version of request: GET /v2/images/d86576d7-da85-4ade-bcf6-4335e083c3cc Accept: */* {{(pid=73538) process_request /opt/stack/glance/glance/api/middleware/version_negotiation.py:44}}
Jan 06 07:16:57 devstack devstack@g-api.service[73538]: DEBUG glance.api.middleware.version_negotiation [None req-83487f0c-fd81-4879-a878-f5b208a3e4df admin admin] Using url versioning {{(pid=73538) process_request /opt/stack/glance/glance/api/middleware/version_negotiation.py:57}}
Jan 06 07:16:57 devstack devstack@g-api.service[73538]: DEBUG glance.api.middleware.version_negotiation [None req-83487f0c-fd81-4879-a878-f5b208a3e4df admin admin] Matched version: v2 {{(pid=73538) process_request /opt/stack/glance/glance/api/middleware/version_negotiation.py:69}}
Jan 06 07:16:57 devstack devstack@g-api.service[73538]: DEBUG glance.api.middleware.version_negotiation [None req-83487f0c-fd81-4879-a878-f5b208a3e4df admin admin] new path /v2/images/d86576d7-da85-4ade-bcf6-4335e083c3cc {{(pid=73538) process_request /opt/stack/glance/glance/api/middleware/version_negotiation.py:70}}
Jan 06 07:16:57 devstack devstack@g-api.service[73538]: [pid: 73538|app: 0|req: 2/5] 127.0.0.1 () {36 vars in 799 bytes} [Tue Jan 6 07:16:57 2026] GET /v2/images/d86576d7-da85-4ade-bcf6-4335e083c3cc => generated 976 bytes in 14 msecs (HTTP/1.1 200) 4 headers in 157 bytes (1 switches on core 0)
Jan 06 07:17:07 devstack devstack@g-api.service[73539]: DEBUG dbcounter [-] [73539] Writing DB stats glance:INSERT=5,glance:SELECT=16,glance:UPDATE=2 {{(pid=73539) stat_writer /opt/stack/data/venv/lib/python3.10/site-packages/dbcounter.py:115}}
Jan 06 07:17:07 devstack devstack@g-api.service[73538]: DEBUG dbcounter [-] [73538] Writing DB stats glance:INSERT=9,glance:SELECT=6 {{(pid=73538) stat_writer /opt/stack/data/venv/lib/python3.10/site-packages/dbcounter.py:115}}
Jan 06 07:17:37 devstack devstack@g-api.service[73539]: DEBUG glance.api.middleware.version_negotiation [None req-10c0ad6f-8ddb-4ae7-8115-fee521e4c622 admin admin] Determining version of request: GET / Accept: application/json {{(pid=73539) process_request /opt/stack/glance/glance/api/middleware/version_negotiation.py:44}}
Jan 06 07:17:37 devstack devstack@g-api.service[73539]: DEBUG glance.api.middleware.version_negotiation [None req-10c0ad6f-8ddb-4ae7-8115-fee521e4c622 admin admin] Using url versioning {{(pid=73539) process_request /opt/stack/glance/glance/api/middleware/version_negotiation.py:57}}
Jan 06 07:17:37 devstack devstack@g-api.service[73539]: DEBUG glance.api.middleware.version_negotiation [None req-10c0ad6f-8ddb-4ae7-8115-fee521e4c622 admin admin] Unknown version. Returning version choices. {{(pid=73539) process_request /opt/stack/glance/glance/api/middleware/version_negotiation.py:64}}
Jan 06 07:17:37 devstack devstack@g-api.service[73539]: [pid: 73539|app: 0|req: 4/6] 127.0.0.1 () {34 vars in 513 bytes} [Tue Jan 6 07:17:37 2026] GET / => generated 1446 bytes in 2 msecs (HTTP/1.1 300) 3 headers in 106 bytes (1 switches on core 0)
Jan 06 07:17:37 devstack devstack@g-api.service[73538]: DEBUG glance.api.middleware.version_negotiation [None req-e04352b1-877d-4f5d-9586-bc238aa77724 admin admin] Determining version of request: GET /v2/images Accept: application/json {{(pid=73538) process_request /opt/stack/glance/glance/api/middleware/version_negotiation.py:44}}
Jan 06 07:17:37 devstack devstack@g-api.service[73538]: DEBUG glance.api.middleware.version_negotiation [None req-e04352b1-877d-4f5d-9586-bc238aa77724 admin admin] Using url versioning {{(pid=73538) process_request /opt/stack/glance/glance/api/middleware/version_negotiation.py:57}}
Jan 06 07:17:37 devstack devstack@g-api.service[73538]: DEBUG glance.api.middleware.version_negotiation [None req-e04352b1-877d-4f5d-9586-bc238aa77724 admin admin] Matched version: v2 {{(pid=73538) process_request /opt/stack/glance/glance/api/middleware/version_negotiation.py:69}}
Jan 06 07:17:37 devstack devstack@g-api.service[73538]: DEBUG glance.api.middleware.version_negotiation [None req-e04352b1-877d-4f5d-9586-bc238aa77724 admin admin] new path /v2/images {{(pid=73538) process_request /opt/stack/glance/glance/api/middleware/version_negotiation.py:70}}
Jan 06 07:17:37 devstack devstack@g-api.service[73538]: [pid: 73538|app: 0|req: 3/7] 127.0.0.1 () {36 vars in 735 bytes} [Tue Jan 6 07:17:37 2026] GET /v2/images => generated 1045 bytes in 65 msecs (HTTP/1.1 200) 4 headers in 158 bytes (1 switches on core 0)
Jan 06 07:17:42 devstack devstack@g-api.service[73539]: DEBUG glance.api.middleware.version_negotiation [None req-10c0ad6f-8ddb-4ae7-8115-fee521e4c622 admin admin] Determining version of request: GET / Accept: application/json {{(pid=73539) process_request /opt/stack/glance/glance/api/middleware/version_negotiation.py:44}}
Jan 06 07:17:42 devstack devstack@g-api.service[73539]: DEBUG glance.api.middleware.version_negotiation [None req-10c0ad6f-8ddb-4ae7-8115-fee521e4c622 admin admin] Using url versioning {{(pid=73539) process_request /opt/stack/glance/glance/api/middleware/version_negotiation.py:57}}
Jan 06 07:17:42 devstack devstack@g-api.service[73539]: DEBUG glance.api.middleware.version_negotiation [None req-10c0ad6f-8ddb-4ae7-8115-fee521e4c622 admin admin] Unknown version. Returning version choices. {{(pid=73539) process_request /opt/stack/glance/glance/api/middleware/version_negotiation.py:64}}
Jan 06 07:17:42 devstack devstack@g-api.service[73539]: [pid: 73539|app: 0|req: 5/8] 127.0.0.1 () {34 vars in 513 bytes} [Tue Jan 6 07:17:42 2026] GET / => generated 1446 bytes in 3 msecs (HTTP/1.1 300) 3 headers in 106 bytes (1 switches on core 0)
Jan 06 07:17:42 devstack devstack@g-api.service[73538]: DEBUG glance.api.middleware.version_negotiation [None req-29136f52-761b-4ff6-8b71-54a2abda5c3e admin admin] Determining version of request: GET /v2/images/d86576d7-da85-4ade-bcf6-4335e083c3cc Accept: */* {{(pid=73538) process_request /opt/stack/glance/glance/api/middleware/version_negotiation.py:44}}
Jan 06 07:17:42 devstack devstack@g-api.service[73538]: DEBUG glance.api.middleware.version_negotiation [None req-29136f52-761b-4ff6-8b71-54a2abda5c3e admin admin] Using url versioning {{(pid=73538) process_request /opt/stack/glance/glance/api/middleware/version_negotiation.py:57}}
Jan 06 07:17:42 devstack devstack@g-api.service[73538]: DEBUG glance.api.middleware.version_negotiation [None req-29136f52-761b-4ff6-8b71-54a2abda5c3e admin admin] Matched version: v2 {{(pid=73538) process_request /opt/stack/glance/glance/api/middleware/version_negotiation.py:69}}
Jan 06 07:17:42 devstack devstack@g-api.service[73538]: DEBUG glance.api.middleware.version_negotiation [None req-29136f52-761b-4ff6-8b71-54a2abda5c3e admin admin] new path /v2/images/d86576d7-da85-4ade-bcf6-4335e083c3cc {{(pid=73538) process_request /opt/stack/glance/glance/api/middleware/version_negotiation.py:70}}
Jan 06 07:17:42 devstack devstack@g-api.service[73538]: [pid: 73538|app: 0|req: 4/9] 127.0.0.1 () {36 vars in 796 bytes} [Tue Jan 6 07:17:42 2026] GET /v2/images/d86576d7-da85-4ade-bcf6-4335e083c3cc => generated 976 bytes in 45 msecs (HTTP/1.1 200) 4 headers in 157 bytes (1 switches on core 0)
Jan 06 07:17:46 devstack devstack@g-api.service[73539]: DEBUG glance.api.middleware.version_negotiation [None req-10c0ad6f-8ddb-4ae7-8115-fee521e4c622 admin admin] Determining version of request: GET / Accept: application/json {{(pid=73539) process_request /opt/stack/glance/glance/api/middleware/version_negotiation.py:44}}
Jan 06 07:17:46 devstack devstack@g-api.service[73539]: DEBUG glance.api.middleware.version_negotiation [None req-10c0ad6f-8ddb-4ae7-8115-fee521e4c622 admin admin] Using url versioning {{(pid=73539) process_request /opt/stack/glance/glance/api/middleware/version_negotiation.py:57}}
Jan 06 07:17:46 devstack devstack@g-api.service[73539]: DEBUG glance.api.middleware.version_negotiation [None req-10c0ad6f-8ddb-4ae7-8115-fee521e4c622 admin admin] Unknown version. Returning version choices. {{(pid=73539) process_request /opt/stack/glance/glance/api/middleware/version_negotiation.py:64}}
Jan 06 07:17:46 devstack devstack@g-api.service[73539]: [pid: 73539|app: 0|req: 6/10] 127.0.0.1 () {34 vars in 513 bytes} [Tue Jan 6 07:17:46 2026] GET / => generated 1446 bytes in 3 msecs (HTTP/1.1 300) 3 headers in 106 bytes (1 switches on core 0)
Jan 06 07:17:46 devstack devstack@g-api.service[73538]: DEBUG glance.api.middleware.version_negotiation [None req-f6a113e1-ca9c-473e-88b9-2f04485d7991 admin admin] Determining version of request: GET /v2/images/d86576d7-da85-4ade-bcf6-4335e083c3cc Accept: */* {{(pid=73538) process_request /opt/stack/glance/glance/api/middleware/version_negotiation.py:44}}
Jan 06 07:17:46 devstack devstack@g-api.service[73538]: DEBUG glance.api.middleware.version_negotiation [None req-f6a113e1-ca9c-473e-88b9-2f04485d7991 admin admin] Using url versioning {{(pid=73538) process_request /opt/stack/glance/glance/api/middleware/version_negotiation.py:57}}
Jan 06 07:17:46 devstack devstack@g-api.service[73538]: DEBUG glance.api.middleware.version_negotiation [None req-f6a113e1-ca9c-473e-88b9-2f04485d7991 admin admin] Matched version: v2 {{(pid=73538) process_request /opt/stack/glance/glance/api/middleware/version_negotiation.py:69}}
Jan 06 07:17:46 devstack devstack@g-api.service[73538]: DEBUG glance.api.middleware.version_negotiation [None req-f6a113e1-ca9c-473e-88b9-2f04485d7991 admin admin] new path /v2/images/d86576d7-da85-4ade-bcf6-4335e083c3cc {{(pid=73538) process_request /opt/stack/glance/glance/api/middleware/version_negotiation.py:70}}
Jan 06 07:17:46 devstack devstack@g-api.service[73538]: [pid: 73538|app: 0|req: 5/11] 127.0.0.1 () {36 vars in 796 bytes} [Tue Jan 6 07:17:46 2026] GET /v2/images/d86576d7-da85-4ade-bcf6-4335e083c3cc => generated 976 bytes in 43 msecs (HTTP/1.1 200) 4 headers in 157 bytes (1 switches on core 0)
Jan 06 07:17:56 devstack devstack@g-api.service[73538]: DEBUG dbcounter [-] [73538] Writing DB stats glance:SELECT=5 {{(pid=73538) stat_writer /opt/stack/data/venv/lib/python3.10/site-packages/dbcounter.py:115}}
Jan 06 07:19:04 devstack devstack@g-api.service[73539]: DEBUG glance.api.middleware.version_negotiation [None req-10c0ad6f-8ddb-4ae7-8115-fee521e4c622 admin admin] Determining version of request: GET / Accept: application/json {{(pid=73539) process_request /opt/stack/glance/glance/api/middleware/version_negotiation.py:44}}
Jan 06 07:19:04 devstack devstack@g-api.service[73539]: DEBUG glance.api.middleware.version_negotiation [None req-10c0ad6f-8ddb-4ae7-8115-fee521e4c622 admin admin] Using url versioning {{(pid=73539) process_request /opt/stack/glance/glance/api/middleware/version_negotiation.py:57}}
Jan 06 07:19:04 devstack devstack@g-api.service[73539]: DEBUG glance.api.middleware.version_negotiation [None req-10c0ad6f-8ddb-4ae7-8115-fee521e4c622 admin admin] Unknown version. Returning version choices. {{(pid=73539) process_request /opt/stack/glance/glance/api/middleware/version_negotiation.py:64}}
Jan 06 07:19:04 devstack devstack@g-api.service[73539]: [pid: 73539|app: 0|req: 7/12] 127.0.0.1 () {36 vars in 484 bytes} [Tue Jan 6 07:19:04 2026] GET / => generated 1446 bytes in 2 msecs (HTTP/1.1 300) 3 headers in 106 bytes (1 switches on core 0)
Jan 06 07:20:01 devstack devstack@g-api.service[73538]: DEBUG glance.api.middleware.version_negotiation [None req-a6a0fe79-6992-4068-b32e-d77e15ceff41 admin admin] Determining version of request: GET /v2/images/d86576d7-da85-4ade-bcf6-4335e083c3cc Accept: application/json {{(pid=73538) process_request /opt/stack/glance/glance/api/middleware/version_negotiation.py:44}}
Jan 06 07:20:01 devstack devstack@g-api.service[73538]: DEBUG glance.api.middleware.version_negotiation [None req-a6a0fe79-6992-4068-b32e-d77e15ceff41 admin admin] Using url versioning {{(pid=73538) process_request /opt/stack/glance/glance/api/middleware/version_negotiation.py:57}}
Jan 06 07:20:01 devstack devstack@g-api.service[73538]: DEBUG glance.api.middleware.version_negotiation [None req-a6a0fe79-6992-4068-b32e-d77e15ceff41 admin admin] Matched version: v2 {{(pid=73538) process_request /opt/stack/glance/glance/api/middleware/version_negotiation.py:69}}
Jan 06 07:20:01 devstack devstack@g-api.service[73538]: DEBUG glance.api.middleware.version_negotiation [None req-a6a0fe79-6992-4068-b32e-d77e15ceff41 admin admin] new path /v2/images/d86576d7-da85-4ade-bcf6-4335e083c3cc {{(pid=73538) process_request /opt/stack/glance/glance/api/middleware/version_negotiation.py:70}}
Jan 06 07:20:01 devstack devstack@g-api.service[73538]: [pid: 73538|app: 0|req: 6/13] 127.0.0.1 () {38 vars in 780 bytes} [Tue Jan 6 07:20:01 2026] GET /v2/images/d86576d7-da85-4ade-bcf6-4335e083c3cc => generated 976 bytes in 136 msecs (HTTP/1.1 200) 4 headers in 157 bytes (1 switches on core 0)
Jan 06 07:20:01 devstack devstack@g-api.service[73539]: DEBUG glance.api.middleware.version_negotiation [None req-10c0ad6f-8ddb-4ae7-8115-fee521e4c622 admin admin] Determining version of request: GET /v2/images/d86576d7-da85-4ade-bcf6-4335e083c3cc/file Accept: application/json {{(pid=73539) process_request /opt/stack/glance/glance/api/middleware/version_negotiation.py:44}}
Jan 06 07:20:01 devstack devstack@g-api.service[73539]: DEBUG glance.api.middleware.version_negotiation [None req-10c0ad6f-8ddb-4ae7-8115-fee521e4c622 admin admin] Using url versioning {{(pid=73539) process_request /opt/stack/glance/glance/api/middleware/version_negotiation.py:57}}
Jan 06 07:20:01 devstack devstack@g-api.service[73539]: DEBUG glance.api.middleware.version_negotiation [None req-10c0ad6f-8ddb-4ae7-8115-fee521e4c622 admin admin] Matched version: v2 {{(pid=73539) process_request /opt/stack/glance/glance/api/middleware/version_negotiation.py:69}}
Jan 06 07:20:01 devstack devstack@g-api.service[73539]: DEBUG glance.api.middleware.version_negotiation [None req-10c0ad6f-8ddb-4ae7-8115-fee521e4c622 admin admin] new path /v2/images/d86576d7-da85-4ade-bcf6-4335e083c3cc/file {{(pid=73539) process_request /opt/stack/glance/glance/api/middleware/version_negotiation.py:70}}
Jan 06 07:20:01 devstack devstack@g-api.service[73539]: DEBUG glance_store._drivers.filesystem [None req-389b2d15-aef4-4b02-bf7b-b65bb03e3d00 tempest-AttachSCSIVolumeTestJSON-859992402 tempest-AttachSCSIVolumeTestJSON-859992402-project-admin] Found image at /opt/stack/data/glance/images/d86576d7-da85-4ade-bcf6-4335e083c3cc. Returning in ChunkedFile. {{(pid=73539) get /opt/stack/data/venv/lib/python3.10/site-packages/glance_store/_drivers/filesystem.py:618}}
Jan 06 07:20:01 devstack devstack@g-api.service[73539]: DEBUG glance.image_cache [None req-389b2d15-aef4-4b02-bf7b-b65bb03e3d00 tempest-AttachSCSIVolumeTestJSON-859992402 tempest-AttachSCSIVolumeTestJSON-859992402-project-admin] Tee'ing image 'd86576d7-da85-4ade-bcf6-4335e083c3cc' into cache {{(pid=73539) get_caching_iter /opt/stack/glance/glance/image_cache/__init__.py:350}}
Jan 06 07:20:01 devstack devstack@g-api.service[73538]: DEBUG glance.api.middleware.version_negotiation [None req-21573c05-ce15-46be-a4de-dd608d17e4d0 tempest-AttachSCSIVolumeTestJSON-859992402 tempest-AttachSCSIVolumeTestJSON-859992402-project-admin] Determining version of request: POST /v2/images Accept: application/json {{(pid=73538) process_request /opt/stack/glance/glance/api/middleware/version_negotiation.py:44}}
Jan 06 07:20:01 devstack devstack@g-api.service[73538]: DEBUG glance.api.middleware.version_negotiation [None req-21573c05-ce15-46be-a4de-dd608d17e4d0 tempest-AttachSCSIVolumeTestJSON-859992402 tempest-AttachSCSIVolumeTestJSON-859992402-project-admin] Using url versioning {{(pid=73538) process_request /opt/stack/glance/glance/api/middleware/version_negotiation.py:57}}
Jan 06 07:20:01 devstack devstack@g-api.service[73538]: DEBUG glance.api.middleware.version_negotiation [None req-21573c05-ce15-46be-a4de-dd608d17e4d0 tempest-AttachSCSIVolumeTestJSON-859992402 tempest-AttachSCSIVolumeTestJSON-859992402-project-admin] Matched version: v2 {{(pid=73538) process_request /opt/stack/glance/glance/api/middleware/version_negotiation.py:69}}
Jan 06 07:20:01 devstack devstack@g-api.service[73538]: DEBUG glance.api.middleware.version_negotiation [None req-21573c05-ce15-46be-a4de-dd608d17e4d0 tempest-AttachSCSIVolumeTestJSON-859992402 tempest-AttachSCSIVolumeTestJSON-859992402-project-admin] new path /v2/images {{(pid=73538) process_request /opt/stack/glance/glance/api/middleware/version_negotiation.py:70}}
Jan 06 07:20:02 devstack devstack@g-api.service[73538]: [pid: 73538|app: 0|req: 7/14] 127.0.0.1 () {40 vars in 728 bytes} [Tue Jan 6 07:20:01 2026] POST /v2/images => generated 690 bytes in 676 msecs (HTTP/1.1 201) 6 headers in 314 bytes (1 switches on core 0)
Jan 06 07:20:02 devstack devstack@g-api.service[73538]: DEBUG glance.api.middleware.version_negotiation [None req-852d45a7-45f4-46dc-8419-5149d6d59b3c tempest-AttachSCSIVolumeTestJSON-859992402 tempest-AttachSCSIVolumeTestJSON-859992402-project-admin] Determining version of request: PUT /v2/images/57de334e-4c46-47d6-8060-a049a19ba7c6/file Accept: {{(pid=73538) process_request /opt/stack/glance/glance/api/middleware/version_negotiation.py:44}}
Jan 06 07:20:02 devstack devstack@g-api.service[73538]: DEBUG glance.api.middleware.version_negotiation [None req-852d45a7-45f4-46dc-8419-5149d6d59b3c tempest-AttachSCSIVolumeTestJSON-859992402 tempest-AttachSCSIVolumeTestJSON-859992402-project-admin] Using url versioning {{(pid=73538) process_request /opt/stack/glance/glance/api/middleware/version_negotiation.py:57}}
Jan 06 07:20:02 devstack devstack@g-api.service[73538]: DEBUG glance.api.middleware.version_negotiation [None req-852d45a7-45f4-46dc-8419-5149d6d59b3c tempest-AttachSCSIVolumeTestJSON-859992402 tempest-AttachSCSIVolumeTestJSON-859992402-project-admin] Matched version: v2 {{(pid=73538) process_request /opt/stack/glance/glance/api/middleware/version_negotiation.py:69}}
Jan 06 07:20:02 devstack devstack@g-api.service[73538]: DEBUG glance.api.middleware.version_negotiation [None req-852d45a7-45f4-46dc-8419-5149d6d59b3c tempest-AttachSCSIVolumeTestJSON-859992402 tempest-AttachSCSIVolumeTestJSON-859992402-project-admin] new path /v2/images/57de334e-4c46-47d6-8060-a049a19ba7c6/file {{(pid=73538) process_request /opt/stack/glance/glance/api/middleware/version_negotiation.py:70}}
Jan 06 07:20:02 devstack devstack@g-api.service[73539]: DEBUG glance.image_cache.drivers.centralized_db [None req-389b2d15-aef4-4b02-bf7b-b65bb03e3d00 tempest-AttachSCSIVolumeTestJSON-859992402 tempest-AttachSCSIVolumeTestJSON-859992402-project-admin] Fetch finished, moving '/opt/stack/data/glance/cache/incomplete/d86576d7-da85-4ade-bcf6-4335e083c3cc' to '/opt/stack/data/glance/cache/d86576d7-da85-4ade-bcf6-4335e083c3cc' {{(pid=73539) commit /opt/stack/glance/glance/image_cache/drivers/centralized_db.py:235}}
Jan 06 07:20:02 devstack devstack@g-api.service[73539]: DEBUG glance.image_cache.drivers.centralized_db [None req-389b2d15-aef4-4b02-bf7b-b65bb03e3d00 tempest-AttachSCSIVolumeTestJSON-859992402 tempest-AttachSCSIVolumeTestJSON-859992402-project-admin] Image cached successfully. {{(pid=73539) commit /opt/stack/glance/glance/image_cache/drivers/centralized_db.py:250}}
Jan 06 07:20:02 devstack devstack@g-api.service[73539]: [pid: 73539|app: 0|req: 8/15] 127.0.0.1 () {38 vars in 790 bytes} [Tue Jan 6 07:20:01 2026] GET /v2/images/d86576d7-da85-4ade-bcf6-4335e083c3cc/file => generated 21692416 bytes in 794 msecs (HTTP/1.1 200) 4 headers in 191 bytes (335 switches on core 0)
Jan 06 07:20:03 devstack devstack@g-api.service[73538]: INFO glance.api.v2.image_data [None req-f992af41-8892-49b8-ab6c-018d4af4e6c1 tempest-AttachSCSIVolumeTestJSON-859992402 tempest-AttachSCSIVolumeTestJSON-859992402-project-admin] Unable to create trust: no such option collect_timing in group [keystone_authtoken] Use the existing user token.
Jan 06 07:20:03 devstack devstack@g-api.service[73538]: DEBUG glance.location [None req-f992af41-8892-49b8-ab6c-018d4af4e6c1 tempest-AttachSCSIVolumeTestJSON-859992402 tempest-AttachSCSIVolumeTestJSON-859992402-project-admin] Enabling in-flight format inspection for qcow2 {{(pid=73538) set_data /opt/stack/glance/glance/location.py:616}}
Jan 06 07:20:03 devstack devstack@g-api.service[73538]: DEBUG oslo_utils.imageutils.format_inspector [None req-f992af41-8892-49b8-ab6c-018d4af4e6c1 tempest-AttachSCSIVolumeTestJSON-859992402 tempest-AttachSCSIVolumeTestJSON-859992402-project-admin] Format inspector for vmdk does not match, excluding from consideration (Signature KDMV not found: b'QFI\xfb') {{(pid=73538) _process_chunk /opt/stack/data/venv/lib/python3.10/site-packages/oslo_utils/imageutils/format_inspector.py:1537}}
Jan 06 07:20:03 devstack devstack@g-api.service[73538]: DEBUG oslo_utils.imageutils.format_inspector [None req-f992af41-8892-49b8-ab6c-018d4af4e6c1 tempest-AttachSCSIVolumeTestJSON-859992402 tempest-AttachSCSIVolumeTestJSON-859992402-project-admin] Format inspector for vhdx does not match, excluding from consideration (Region signature not found at 30000) {{(pid=73538) _process_chunk /opt/stack/data/venv/lib/python3.10/site-packages/oslo_utils/imageutils/format_inspector.py:1537}}
Jan 06 07:20:03 devstack devstack@g-api.service[73539]: DEBUG glance.api.middleware.version_negotiation [None req-389b2d15-aef4-4b02-bf7b-b65bb03e3d00 tempest-AttachSCSIVolumeTestJSON-859992402 tempest-AttachSCSIVolumeTestJSON-859992402-project-admin] Determining version of request: GET / Accept: application/json {{(pid=73539) process_request /opt/stack/glance/glance/api/middleware/version_negotiation.py:44}}
Jan 06 07:20:03 devstack devstack@g-api.service[73539]: DEBUG glance.api.middleware.version_negotiation [None req-389b2d15-aef4-4b02-bf7b-b65bb03e3d00 tempest-AttachSCSIVolumeTestJSON-859992402 tempest-AttachSCSIVolumeTestJSON-859992402-project-admin] Using url versioning {{(pid=73539) process_request /opt/stack/glance/glance/api/middleware/version_negotiation.py:57}}
Jan 06 07:20:03 devstack devstack@g-api.service[73539]: DEBUG glance.api.middleware.version_negotiation [None req-389b2d15-aef4-4b02-bf7b-b65bb03e3d00 tempest-AttachSCSIVolumeTestJSON-859992402 tempest-AttachSCSIVolumeTestJSON-859992402-project-admin] Unknown version. Returning version choices. {{(pid=73539) process_request /opt/stack/glance/glance/api/middleware/version_negotiation.py:64}}
Jan 06 07:20:03 devstack devstack@g-api.service[73539]: [pid: 73539|app: 0|req: 9/16] 127.0.0.1 () {34 vars in 500 bytes} [Tue Jan 6 07:20:03 2026] GET / => generated 1446 bytes in 2 msecs (HTTP/1.1 300) 3 headers in 106 bytes (1 switches on core 0)
Jan 06 07:20:03 devstack devstack@g-api.service[73539]: DEBUG glance.api.middleware.version_negotiation [None req-389b2d15-aef4-4b02-bf7b-b65bb03e3d00 tempest-AttachSCSIVolumeTestJSON-859992402 tempest-AttachSCSIVolumeTestJSON-859992402-project-admin] Determining version of request: GET /v2/images/d86576d7-da85-4ade-bcf6-4335e083c3cc Accept: */* {{(pid=73539) process_request /opt/stack/glance/glance/api/middleware/version_negotiation.py:44}}
Jan 06 07:20:03 devstack devstack@g-api.service[73539]: DEBUG glance.api.middleware.version_negotiation [None req-389b2d15-aef4-4b02-bf7b-b65bb03e3d00 tempest-AttachSCSIVolumeTestJSON-859992402 tempest-AttachSCSIVolumeTestJSON-859992402-project-admin] Using url versioning {{(pid=73539) process_request /opt/stack/glance/glance/api/middleware/version_negotiation.py:57}}
Jan 06 07:20:03 devstack devstack@g-api.service[73539]: DEBUG glance.api.middleware.version_negotiation [None req-389b2d15-aef4-4b02-bf7b-b65bb03e3d00 tempest-AttachSCSIVolumeTestJSON-859992402 tempest-AttachSCSIVolumeTestJSON-859992402-project-admin] Matched version: v2 {{(pid=73539) process_request /opt/stack/glance/glance/api/middleware/version_negotiation.py:69}}
Jan 06 07:20:03 devstack devstack@g-api.service[73539]: DEBUG glance.api.middleware.version_negotiation [None req-389b2d15-aef4-4b02-bf7b-b65bb03e3d00 tempest-AttachSCSIVolumeTestJSON-859992402 tempest-AttachSCSIVolumeTestJSON-859992402-project-admin] new path /v2/images/d86576d7-da85-4ade-bcf6-4335e083c3cc {{(pid=73539) process_request /opt/stack/glance/glance/api/middleware/version_negotiation.py:70}}
Jan 06 07:20:03 devstack devstack@g-api.service[73539]: WARNING keystonemiddleware.auth_token [None req-389b2d15-aef4-4b02-bf7b-b65bb03e3d00 tempest-AttachSCSIVolumeTestJSON-859992402 tempest-AttachSCSIVolumeTestJSON-859992402-project-admin] A valid token was submitted as a service token, but it was not a valid service token. This is incorrect but backwards compatible behaviour. This will be removed in future releases.
Jan 06 07:20:03 devstack devstack@g-api.service[73538]: DEBUG glance_store._drivers.filesystem [None req-f992af41-8892-49b8-ab6c-018d4af4e6c1 tempest-AttachSCSIVolumeTestJSON-859992402 tempest-AttachSCSIVolumeTestJSON-859992402-project-admin] Wrote 21692416 bytes to /opt/stack/data/glance/images/57de334e-4c46-47d6-8060-a049a19ba7c6 with checksum 87617e24a5e30cb3b87fda8c0764838f and multihash 9a9bce0083a00939ec17c11febbfc767aa211aaa54f51e75c5a8b271a9b5637c77205a518b7a2007cb391d23cceb01e0e4e8d64832317151bc85b734b92a7be0 {{(pid=73538) add /opt/stack/data/venv/lib/python3.10/site-packages/glance_store/_drivers/filesystem.py:794}}
Jan 06 07:20:03 devstack devstack@g-api.service[73538]: INFO glance.location [None req-f992af41-8892-49b8-ab6c-018d4af4e6c1 tempest-AttachSCSIVolumeTestJSON-859992402 tempest-AttachSCSIVolumeTestJSON-859992402-project-admin] Image format matched and virtual size computed: 117440512
Jan 06 07:20:03 devstack devstack@g-api.service[73539]: [pid: 73539|app: 0|req: 10/17] 127.0.0.1 () {42 vars in 1055 bytes} [Tue Jan 6 07:20:03 2026] GET /v2/images/d86576d7-da85-4ade-bcf6-4335e083c3cc => generated 976 bytes in 196 msecs (HTTP/1.1 200) 4 headers in 157 bytes (1 switches on core 0)
Jan 06 07:20:03 devstack devstack@g-api.service[73539]: DEBUG glance.api.middleware.version_negotiation [None req-791bea8b-2cd9-4c53-845f-964adbd8960c tempest-ServerActionsTestOtherB-618840146 tempest-ServerActionsTestOtherB-618840146-project-member] Determining version of request: GET /v2/schemas/image Accept: */* {{(pid=73539) process_request /opt/stack/glance/glance/api/middleware/version_negotiation.py:44}}
Jan 06 07:20:03 devstack devstack@g-api.service[73539]: DEBUG glance.api.middleware.version_negotiation [None req-791bea8b-2cd9-4c53-845f-964adbd8960c tempest-ServerActionsTestOtherB-618840146 tempest-ServerActionsTestOtherB-618840146-project-member] Using url versioning {{(pid=73539) process_request /opt/stack/glance/glance/api/middleware/version_negotiation.py:57}}
Jan 06 07:20:03 devstack devstack@g-api.service[73539]: DEBUG glance.api.middleware.version_negotiation [None req-791bea8b-2cd9-4c53-845f-964adbd8960c tempest-ServerActionsTestOtherB-618840146 tempest-ServerActionsTestOtherB-618840146-project-member] Matched version: v2 {{(pid=73539) process_request /opt/stack/glance/glance/api/middleware/version_negotiation.py:69}}
Jan 06 07:20:03 devstack devstack@g-api.service[73539]: DEBUG glance.api.middleware.version_negotiation [None req-791bea8b-2cd9-4c53-845f-964adbd8960c tempest-ServerActionsTestOtherB-618840146 tempest-ServerActionsTestOtherB-618840146-project-member] new path /v2/schemas/image {{(pid=73539) process_request /opt/stack/glance/glance/api/middleware/version_negotiation.py:70}}
Jan 06 07:20:03 devstack devstack@g-api.service[73538]: DEBUG glance_store.backend [None req-f992af41-8892-49b8-ab6c-018d4af4e6c1 tempest-AttachSCSIVolumeTestJSON-859992402 tempest-AttachSCSIVolumeTestJSON-859992402-project-admin] Skipping store.set_acls... not implemented. {{(pid=73538) set_acls /opt/stack/data/venv/lib/python3.10/site-packages/glance_store/backend.py:507}}
Jan 06 07:20:03 devstack devstack@g-api.service[73538]: [pid: 73538|app: 0|req: 8/18] 127.0.0.1 () {38 vars in 800 bytes} [Tue Jan 6 07:20:02 2026] PUT /v2/images/57de334e-4c46-47d6-8060-a049a19ba7c6/file => generated 0 bytes in 1407 msecs (HTTP/1.1 204) 4 headers in 171 bytes (1 switches on core 0)
Jan 06 07:20:03 devstack devstack@g-api.service[73539]: [pid: 73539|app: 0|req: 11/19] 127.0.0.1 () {42 vars in 995 bytes} [Tue Jan 6 07:20:03 2026] GET /v2/schemas/image => generated 6083 bytes in 6 msecs (HTTP/1.1 200) 4 headers in 158 bytes (1 switches on core 0)
Jan 06 07:20:07 devstack devstack@g-api.service[73538]: DEBUG glance.api.middleware.version_negotiation [None req-f992af41-8892-49b8-ab6c-018d4af4e6c1 tempest-AttachSCSIVolumeTestJSON-859992402 tempest-AttachSCSIVolumeTestJSON-859992402-project-admin] Determining version of request: GET / Accept: application/json {{(pid=73538) process_request /opt/stack/glance/glance/api/middleware/version_negotiation.py:44}}
Jan 06 07:20:07 devstack devstack@g-api.service[73538]: DEBUG glance.api.middleware.version_negotiation [None req-f992af41-8892-49b8-ab6c-018d4af4e6c1 tempest-AttachSCSIVolumeTestJSON-859992402 tempest-AttachSCSIVolumeTestJSON-859992402-project-admin] Using url versioning {{(pid=73538) process_request /opt/stack/glance/glance/api/middleware/version_negotiation.py:57}}
Jan 06 07:20:07 devstack devstack@g-api.service[73538]: DEBUG glance.api.middleware.version_negotiation [None req-f992af41-8892-49b8-ab6c-018d4af4e6c1 tempest-AttachSCSIVolumeTestJSON-859992402 tempest-AttachSCSIVolumeTestJSON-859992402-project-admin] Unknown version. Returning version choices. {{(pid=73538) process_request /opt/stack/glance/glance/api/middleware/version_negotiation.py:64}}
Jan 06 07:20:07 devstack devstack@g-api.service[73538]: [pid: 73538|app: 0|req: 9/20] 127.0.0.1 () {34 vars in 500 bytes} [Tue Jan 6 07:20:07 2026] GET / => generated 1446 bytes in 2 msecs (HTTP/1.1 300) 3 headers in 106 bytes (1 switches on core 0)
Jan 06 07:20:07 devstack devstack@g-api.service[73539]: DEBUG glance.api.middleware.version_negotiation [None req-791bea8b-2cd9-4c53-845f-964adbd8960c tempest-ServerActionsTestOtherB-618840146 tempest-ServerActionsTestOtherB-618840146-project-member] Determining version of request: GET /v2/images/57de334e-4c46-47d6-8060-a049a19ba7c6 Accept: */* {{(pid=73539) process_request /opt/stack/glance/glance/api/middleware/version_negotiation.py:44}}
Jan 06 07:20:07 devstack devstack@g-api.service[73539]: DEBUG glance.api.middleware.version_negotiation [None req-791bea8b-2cd9-4c53-845f-964adbd8960c tempest-ServerActionsTestOtherB-618840146 tempest-ServerActionsTestOtherB-618840146-project-member] Using url versioning {{(pid=73539) process_request /opt/stack/glance/glance/api/middleware/version_negotiation.py:57}}
Jan 06 07:20:07 devstack devstack@g-api.service[73539]: DEBUG glance.api.middleware.version_negotiation [None req-791bea8b-2cd9-4c53-845f-964adbd8960c tempest-ServerActionsTestOtherB-618840146 tempest-ServerActionsTestOtherB-618840146-project-member] Matched version: v2 {{(pid=73539) process_request /opt/stack/glance/glance/api/middleware/version_negotiation.py:69}}
Jan 06 07:20:07 devstack devstack@g-api.service[73539]: DEBUG glance.api.middleware.version_negotiation [None req-791bea8b-2cd9-4c53-845f-964adbd8960c tempest-ServerActionsTestOtherB-618840146 tempest-ServerActionsTestOtherB-618840146-project-member] new path /v2/images/57de334e-4c46-47d6-8060-a049a19ba7c6 {{(pid=73539) process_request /opt/stack/glance/glance/api/middleware/version_negotiation.py:70}}
Jan 06 07:20:07 devstack devstack@g-api.service[73539]: [pid: 73539|app: 0|req: 12/21] 127.0.0.1 () {42 vars in 1055 bytes} [Tue Jan 6 07:20:07 2026] GET /v2/images/57de334e-4c46-47d6-8060-a049a19ba7c6 => generated 859 bytes in 95 msecs (HTTP/1.1 200) 4 headers in 157 bytes (1 switches on core 0)
Jan 06 07:20:07 devstack devstack@g-api.service[73538]: DEBUG glance.api.middleware.version_negotiation [None req-f992af41-8892-49b8-ab6c-018d4af4e6c1 tempest-AttachSCSIVolumeTestJSON-859992402 tempest-AttachSCSIVolumeTestJSON-859992402-project-admin] Determining version of request: GET /v2/schemas/image Accept: */* {{(pid=73538) process_request /opt/stack/glance/glance/api/middleware/version_negotiation.py:44}}
Jan 06 07:20:07 devstack devstack@g-api.service[73538]: DEBUG glance.api.middleware.version_negotiation [None req-f992af41-8892-49b8-ab6c-018d4af4e6c1 tempest-AttachSCSIVolumeTestJSON-859992402 tempest-AttachSCSIVolumeTestJSON-859992402-project-admin] Using url versioning {{(pid=73538) process_request /opt/stack/glance/glance/api/middleware/version_negotiation.py:57}}
Jan 06 07:20:07 devstack devstack@g-api.service[73538]: DEBUG glance.api.middleware.version_negotiation [None req-f992af41-8892-49b8-ab6c-018d4af4e6c1 tempest-AttachSCSIVolumeTestJSON-859992402 tempest-AttachSCSIVolumeTestJSON-859992402-project-admin] Matched version: v2 {{(pid=73538) process_request /opt/stack/glance/glance/api/middleware/version_negotiation.py:69}}
Jan 06 07:20:07 devstack devstack@g-api.service[73538]: DEBUG glance.api.middleware.version_negotiation [None req-f992af41-8892-49b8-ab6c-018d4af4e6c1 tempest-AttachSCSIVolumeTestJSON-859992402 tempest-AttachSCSIVolumeTestJSON-859992402-project-admin] new path /v2/schemas/image {{(pid=73538) process_request /opt/stack/glance/glance/api/middleware/version_negotiation.py:70}}
