Apr 14 03:50:03 devstack cinder-volume[82370]: DEBUG oslo_concurrency.processutils [None req-662a1ccf-66ff-4a44-bfb0-eddbd3d78078 tempest-GroupsV314Test-1027090532 None] Running cmd (subprocess): sudo cinder-rootwrap /etc/cinder/rootwrap.conf qemu-img rebase -u -b volume-13ecc486-5304-4757-8ea4-2a450380c90a -F qcow2 /opt/stack/data/cinder/mnt/d1d8b2b65e76d683cf533cd7d93f60a6/volume-13ecc486-5304-4757-8ea4-2a450380c90a.4baf90f6-fbf2-47b9-b99a-4ff47dcb52f5 {{(pid=82370) execute /opt/stack/data/venv/lib/python3.10/site-packages/oslo_concurrency/processutils.py:440}}
Apr 14 03:50:03 devstack sudo[84937]: quobyte : PWD=/ ; USER=root ; COMMAND=/opt/stack/data/venv/bin/cinder-rootwrap /etc/cinder/rootwrap.conf qemu-img rebase -u -b volume-13ecc486-5304-4757-8ea4-2a450380c90a -F qcow2 /opt/stack/data/cinder/mnt/d1d8b2b65e76d683cf533cd7d93f60a6/volume-13ecc486-5304-4757-8ea4-2a450380c90a.4baf90f6-fbf2-47b9-b99a-4ff47dcb52f5
Apr 14 03:50:03 devstack sudo[84937]: pam_unix(sudo:session): session opened for user root(uid=0) by (uid=1000)
Apr 14 03:50:04 devstack sudo[84937]: pam_unix(sudo:session): session closed for user root
Apr 14 03:50:04 devstack cinder-volume[82370]: DEBUG oslo_concurrency.processutils [None req-662a1ccf-66ff-4a44-bfb0-eddbd3d78078 tempest-GroupsV314Test-1027090532 None] CMD "sudo cinder-rootwrap /etc/cinder/rootwrap.conf qemu-img rebase -u -b volume-13ecc486-5304-4757-8ea4-2a450380c90a -F qcow2 /opt/stack/data/cinder/mnt/d1d8b2b65e76d683cf533cd7d93f60a6/volume-13ecc486-5304-4757-8ea4-2a450380c90a.4baf90f6-fbf2-47b9-b99a-4ff47dcb52f5" returned: 0 in 0.543s {{(pid=82370) execute /opt/stack/data/venv/lib/python3.10/site-packages/oslo_concurrency/processutils.py:468}}
Apr 14 03:50:04 devstack cinder-volume[82370]: WARNING cinder.volume.drivers.remotefs [None req-662a1ccf-66ff-4a44-bfb0-eddbd3d78078 tempest-GroupsV314Test-1027090532 None] /opt/stack/data/cinder/mnt/d1d8b2b65e76d683cf533cd7d93f60a6/volume-13ecc486-5304-4757-8ea4-2a450380c90a.4baf90f6-fbf2-47b9-b99a-4ff47dcb52f5 is being set with open permissions: ugo+rw: NotImplementedError
Apr 14 03:50:04 devstack cinder-volume[82370]: DEBUG oslo_concurrency.processutils [None req-662a1ccf-66ff-4a44-bfb0-eddbd3d78078 tempest-GroupsV314Test-1027090532 None] Running cmd (subprocess): sudo cinder-rootwrap /etc/cinder/rootwrap.conf chmod ugo+rw /opt/stack/data/cinder/mnt/d1d8b2b65e76d683cf533cd7d93f60a6/volume-13ecc486-5304-4757-8ea4-2a450380c90a.4baf90f6-fbf2-47b9-b99a-4ff47dcb52f5 {{(pid=82370) execute /opt/stack/data/venv/lib/python3.10/site-packages/oslo_concurrency/processutils.py:440}}
Apr 14 03:50:04 devstack sudo[84943]: quobyte : PWD=/ ; USER=root ; COMMAND=/opt/stack/data/venv/bin/cinder-rootwrap /etc/cinder/rootwrap.conf chmod ugo+rw /opt/stack/data/cinder/mnt/d1d8b2b65e76d683cf533cd7d93f60a6/volume-13ecc486-5304-4757-8ea4-2a450380c90a.4baf90f6-fbf2-47b9-b99a-4ff47dcb52f5
Apr 14 03:50:04 devstack sudo[84943]: pam_unix(sudo:session): session opened for user root(uid=0) by (uid=1000)
Apr 14 03:50:04 devstack cinder-volume[82370]: DEBUG cinder.quota [None req-72865dbd-a32a-44c8-80b0-948578db37a5 tempest-GroupsV320Test-2104256609 None] Created reservations ['8eea3bc7-ef61-4a4a-beb7-97917b0b2eb3'] {{(pid=82370) reserve /opt/stack/cinder/cinder/quota.py:752}}
Apr 14 03:50:04 devstack cinder-volume[82370]: DEBUG oslo_concurrency.lockutils [None req-72865dbd-a32a-44c8-80b0-948578db37a5 tempest-GroupsV320Test-2104256609 None] Acquiring lock "quobyte_ensure" by "cinder.volume.drivers.quobyte.QuobyteDriver._ensure_shares_mounted" {{(pid=82370) inner /opt/stack/data/venv/lib/python3.10/site-packages/oslo_concurrency/lockutils.py:506}}
Apr 14 03:50:04 devstack cinder-volume[82370]: DEBUG oslo_concurrency.lockutils [None req-72865dbd-a32a-44c8-80b0-948578db37a5 tempest-GroupsV320Test-2104256609 None] Lock "quobyte_ensure" acquired by "cinder.volume.drivers.quobyte.QuobyteDriver._ensure_shares_mounted" :: waited 0.001s {{(pid=82370) inner /opt/stack/data/venv/lib/python3.10/site-packages/oslo_concurrency/lockutils.py:519}}
Apr 14 03:50:04 devstack cinder-volume[82370]: DEBUG cinder.volume.drivers.quobyte [None req-72865dbd-a32a-44c8-80b0-948578db37a5 tempest-GroupsV320Test-2104256609 None] Quobyte Volume URL set to: {'osci02.corp.quobyte.com/cinder-vol-e3f7627f-5495-4b45-aae5-776528e0f4f2': None} {{(pid=82370) _load_shares_config /opt/stack/cinder/cinder/volume/drivers/quobyte.py:617}}
Apr 14 03:50:04 devstack cinder-volume[82370]: DEBUG cinder.volume.drivers.quobyte [None req-72865dbd-a32a-44c8-80b0-948578db37a5 tempest-GroupsV320Test-2104256609 None] Available shares ['osci02.corp.quobyte.com/cinder-vol-e3f7627f-5495-4b45-aae5-776528e0f4f2'] {{(pid=82370) _ensure_shares_mounted /opt/stack/cinder/cinder/volume/drivers/quobyte.py:647}}
Apr 14 03:50:04 devstack cinder-volume[82370]: DEBUG oslo_concurrency.lockutils [None req-72865dbd-a32a-44c8-80b0-948578db37a5 tempest-GroupsV320Test-2104256609 None] Lock "quobyte_ensure" "released" by "cinder.volume.drivers.quobyte.QuobyteDriver._ensure_shares_mounted" :: held 0.004s {{(pid=82370) inner /opt/stack/data/venv/lib/python3.10/site-packages/oslo_concurrency/lockutils.py:538}}
Apr 14 03:50:04 devstack cinder-volume[82370]: DEBUG oslo_concurrency.processutils [None req-72865dbd-a32a-44c8-80b0-948578db37a5 tempest-GroupsV320Test-2104256609 None] Running cmd (subprocess): sudo cinder-rootwrap /etc/cinder/rootwrap.conf df --portability --block-size 1 /opt/stack/data/cinder/mnt/d1d8b2b65e76d683cf533cd7d93f60a6 {{(pid=82370) execute /opt/stack/data/venv/lib/python3.10/site-packages/oslo_concurrency/processutils.py:440}}
Apr 14 03:50:04 devstack sudo[84945]: quobyte : PWD=/ ; USER=root ; COMMAND=/opt/stack/data/venv/bin/cinder-rootwrap /etc/cinder/rootwrap.conf df --portability --block-size 1 /opt/stack/data/cinder/mnt/d1d8b2b65e76d683cf533cd7d93f60a6
Apr 14 03:50:04 devstack sudo[84945]: pam_unix(sudo:session): session opened for user root(uid=0) by (uid=1000)
Apr 14 03:50:04 devstack sudo[84943]: pam_unix(sudo:session): session closed for user root
Apr 14 03:50:04 devstack cinder-volume[82370]: DEBUG oslo_concurrency.processutils [None req-662a1ccf-66ff-4a44-bfb0-eddbd3d78078 tempest-GroupsV314Test-1027090532 None] CMD "sudo cinder-rootwrap /etc/cinder/rootwrap.conf chmod ugo+rw /opt/stack/data/cinder/mnt/d1d8b2b65e76d683cf533cd7d93f60a6/volume-13ecc486-5304-4757-8ea4-2a450380c90a.4baf90f6-fbf2-47b9-b99a-4ff47dcb52f5" returned: 0 in 0.539s {{(pid=82370) execute /opt/stack/data/venv/lib/python3.10/site-packages/oslo_concurrency/processutils.py:468}}
Apr 14 03:50:04 devstack cinder-volume[82370]: DEBUG oslo_concurrency.processutils [None req-662a1ccf-66ff-4a44-bfb0-eddbd3d78078 tempest-GroupsV314Test-1027090532 None] Running cmd (subprocess): sudo cinder-rootwrap /etc/cinder/rootwrap.conf truncate -s0 /opt/stack/data/cinder/mnt/d1d8b2b65e76d683cf533cd7d93f60a6/volume-13ecc486-5304-4757-8ea4-2a450380c90a.info {{(pid=82370) execute /opt/stack/data/venv/lib/python3.10/site-packages/oslo_concurrency/processutils.py:440}}
Apr 14 03:50:04 devstack sudo[84948]: quobyte : PWD=/ ; USER=root ; COMMAND=/opt/stack/data/venv/bin/cinder-rootwrap /etc/cinder/rootwrap.conf truncate -s0 /opt/stack/data/cinder/mnt/d1d8b2b65e76d683cf533cd7d93f60a6/volume-13ecc486-5304-4757-8ea4-2a450380c90a.info
Apr 14 03:50:04 devstack sudo[84948]: pam_unix(sudo:session): session opened for user root(uid=0) by (uid=1000)
Apr 14 03:50:05 devstack sudo[84945]: pam_unix(sudo:session): session closed for user root
Apr 14 03:50:05 devstack cinder-volume[82370]: DEBUG oslo_concurrency.processutils [None req-72865dbd-a32a-44c8-80b0-948578db37a5 tempest-GroupsV320Test-2104256609 None] CMD "sudo cinder-rootwrap /etc/cinder/rootwrap.conf df --portability --block-size 1 /opt/stack/data/cinder/mnt/d1d8b2b65e76d683cf533cd7d93f60a6" returned: 0 in 0.491s {{(pid=82370) execute /opt/stack/data/venv/lib/python3.10/site-packages/oslo_concurrency/processutils.py:468}}
Apr 14 03:50:05 devstack cinder-volume[82370]: DEBUG cinder.manager [None req-72865dbd-a32a-44c8-80b0-948578db37a5 tempest-GroupsV320Test-2104256609 None] Notifying Schedulers of capabilities ... {{(pid=82370) _publish_service_capabilities /opt/stack/cinder/cinder/manager.py:202}}
Apr 14 03:50:05 devstack cinder-volume[82370]: INFO cinder.volume.manager [None req-72865dbd-a32a-44c8-80b0-948578db37a5 tempest-GroupsV320Test-2104256609 None] Delete group completed successfully.
Apr 14 03:50:05 devstack sudo[84948]: pam_unix(sudo:session): session closed for user root
Apr 14 03:50:05 devstack cinder-volume[82370]: DEBUG oslo_concurrency.processutils [None req-662a1ccf-66ff-4a44-bfb0-eddbd3d78078 tempest-GroupsV314Test-1027090532 None] CMD "sudo cinder-rootwrap /etc/cinder/rootwrap.conf truncate -s0 /opt/stack/data/cinder/mnt/d1d8b2b65e76d683cf533cd7d93f60a6/volume-13ecc486-5304-4757-8ea4-2a450380c90a.info" returned: 0 in 0.491s {{(pid=82370) execute /opt/stack/data/venv/lib/python3.10/site-packages/oslo_concurrency/processutils.py:468}}
Apr 14 03:50:05 devstack cinder-volume[82370]: WARNING cinder.volume.drivers.remotefs [None req-662a1ccf-66ff-4a44-bfb0-eddbd3d78078 tempest-GroupsV314Test-1027090532 None] /opt/stack/data/cinder/mnt/d1d8b2b65e76d683cf533cd7d93f60a6/volume-13ecc486-5304-4757-8ea4-2a450380c90a.info is being set with open permissions: ugo+rw: NotImplementedError
Apr 14 03:50:05 devstack cinder-volume[82370]: DEBUG oslo_concurrency.processutils [None req-662a1ccf-66ff-4a44-bfb0-eddbd3d78078 tempest-GroupsV314Test-1027090532 None] Running cmd (subprocess): sudo cinder-rootwrap /etc/cinder/rootwrap.conf chmod ugo+rw /opt/stack/data/cinder/mnt/d1d8b2b65e76d683cf533cd7d93f60a6/volume-13ecc486-5304-4757-8ea4-2a450380c90a.info {{(pid=82370) execute /opt/stack/data/venv/lib/python3.10/site-packages/oslo_concurrency/processutils.py:440}}
Apr 14 03:50:05 devstack sudo[84952]: quobyte : PWD=/ ; USER=root ; COMMAND=/opt/stack/data/venv/bin/cinder-rootwrap /etc/cinder/rootwrap.conf chmod ugo+rw /opt/stack/data/cinder/mnt/d1d8b2b65e76d683cf533cd7d93f60a6/volume-13ecc486-5304-4757-8ea4-2a450380c90a.info
Apr 14 03:50:05 devstack sudo[84952]: pam_unix(sudo:session): session opened for user root(uid=0) by (uid=1000)
Apr 14 03:50:06 devstack sudo[84952]: pam_unix(sudo:session): session closed for user root
Apr 14 03:50:06 devstack cinder-volume[82370]: DEBUG oslo_concurrency.processutils [None req-662a1ccf-66ff-4a44-bfb0-eddbd3d78078 tempest-GroupsV314Test-1027090532 None] CMD "sudo cinder-rootwrap /etc/cinder/rootwrap.conf chmod ugo+rw /opt/stack/data/cinder/mnt/d1d8b2b65e76d683cf533cd7d93f60a6/volume-13ecc486-5304-4757-8ea4-2a450380c90a.info" returned: 0 in 0.622s {{(pid=82370) execute /opt/stack/data/venv/lib/python3.10/site-packages/oslo_concurrency/processutils.py:468}}
Apr 14 03:50:06 devstack cinder-volume[82370]: DEBUG cinder.coordination [None req-662a1ccf-66ff-4a44-bfb0-eddbd3d78078 tempest-GroupsV314Test-1027090532 None] Acquiring lock "cinder-quobyte-9b0627ed-fe76-4c01-98cf-3635fe52fb0e" by "_copy_volume_from_snapshot" {{(pid=82370) __acquire /opt/stack/cinder/cinder/coordination.py:138}}
Apr 14 03:50:06 devstack cinder-volume[82370]: DEBUG cinder.coordination [None req-662a1ccf-66ff-4a44-bfb0-eddbd3d78078 tempest-GroupsV314Test-1027090532 None] Lock "cinder-quobyte-9b0627ed-fe76-4c01-98cf-3635fe52fb0e" acquired by "_copy_volume_from_snapshot" :: waited 0.011s {{(pid=82370) __acquire /opt/stack/cinder/cinder/coordination.py:141}}
Apr 14 03:50:06 devstack cinder-volume[82370]: DEBUG cinder.volume.drivers.quobyte [None req-662a1ccf-66ff-4a44-bfb0-eddbd3d78078 tempest-GroupsV314Test-1027090532 None] snapshot: 4baf90f6-fbf2-47b9-b99a-4ff47dcb52f5, volume: 9b0627ed-fe76-4c01-98cf-3635fe52fb0e, {{(pid=82370) _copy_volume_from_snapshot /opt/stack/cinder/cinder/volume/drivers/quobyte.py:401}}
Apr 14 03:50:06 devstack cinder-volume[82370]: DEBUG oslo_concurrency.lockutils [None req-662a1ccf-66ff-4a44-bfb0-eddbd3d78078 tempest-GroupsV314Test-1027090532 None] Acquiring lock "quobyte_ensure" by "cinder.volume.drivers.quobyte.QuobyteDriver._ensure_shares_mounted" {{(pid=82370) inner /opt/stack/data/venv/lib/python3.10/site-packages/oslo_concurrency/lockutils.py:506}}
Apr 14 03:50:06 devstack cinder-volume[82370]: DEBUG oslo_concurrency.lockutils [None req-662a1ccf-66ff-4a44-bfb0-eddbd3d78078 tempest-GroupsV314Test-1027090532 None] Lock "quobyte_ensure" acquired by "cinder.volume.drivers.quobyte.QuobyteDriver._ensure_shares_mounted" :: waited 0.001s {{(pid=82370) inner /opt/stack/data/venv/lib/python3.10/site-packages/oslo_concurrency/lockutils.py:519}}
Apr 14 03:50:06 devstack cinder-volume[82370]: DEBUG cinder.volume.drivers.quobyte [None req-662a1ccf-66ff-4a44-bfb0-eddbd3d78078 tempest-GroupsV314Test-1027090532 None] Quobyte Volume URL set to: {'osci02.corp.quobyte.com/cinder-vol-e3f7627f-5495-4b45-aae5-776528e0f4f2': None} {{(pid=82370) _load_shares_config /opt/stack/cinder/cinder/volume/drivers/quobyte.py:617}}
Apr 14 03:50:06 devstack cinder-volume[82370]: DEBUG cinder.volume.drivers.quobyte [None req-662a1ccf-66ff-4a44-bfb0-eddbd3d78078 tempest-GroupsV314Test-1027090532 None] Available shares ['osci02.corp.quobyte.com/cinder-vol-e3f7627f-5495-4b45-aae5-776528e0f4f2'] {{(pid=82370) _ensure_shares_mounted /opt/stack/cinder/cinder/volume/drivers/quobyte.py:647}}
Apr 14 03:50:06 devstack cinder-volume[82370]: DEBUG oslo_concurrency.lockutils [None req-662a1ccf-66ff-4a44-bfb0-eddbd3d78078 tempest-GroupsV314Test-1027090532 None] Lock "quobyte_ensure" "released" by "cinder.volume.drivers.quobyte.QuobyteDriver._ensure_shares_mounted" :: held 0.003s {{(pid=82370) inner /opt/stack/data/venv/lib/python3.10/site-packages/oslo_concurrency/lockutils.py:538}}
Apr 14 03:50:06 devstack cinder-volume[82370]: DEBUG oslo.privsep.daemon [-] privsep: reply[ff95a0eb-f92f-4f23-bd33-86773c6f640d]: (4, 'qcow2') {{(pid=83434) _call_back /opt/stack/data/venv/lib/python3.10/site-packages/oslo_privsep/daemon.py:573}}
Apr 14 03:50:06 devstack cinder-volume[82370]: DEBUG oslo_concurrency.processutils [None req-662a1ccf-66ff-4a44-bfb0-eddbd3d78078 tempest-GroupsV314Test-1027090532 None] Running cmd (subprocess): /opt/stack/data/venv/bin/python3.10 -m oslo_concurrency.prlimit --as=1073741824 --cpu=60 -- sudo cinder-rootwrap /etc/cinder/rootwrap.conf env LC_ALL=C qemu-img info -f qcow2 --output=json --force-share /opt/stack/data/cinder/mnt/d1d8b2b65e76d683cf533cd7d93f60a6/volume-13ecc486-5304-4757-8ea4-2a450380c90a.4baf90f6-fbf2-47b9-b99a-4ff47dcb52f5 {{(pid=82370) execute /opt/stack/data/venv/lib/python3.10/site-packages/oslo_concurrency/processutils.py:440}}
Apr 14 03:50:06 devstack sudo[84956]: quobyte : PWD=/ ; USER=root ; COMMAND=/opt/stack/data/venv/bin/cinder-rootwrap /etc/cinder/rootwrap.conf env LC_ALL=C qemu-img info -f qcow2 --output=json --force-share /opt/stack/data/cinder/mnt/d1d8b2b65e76d683cf533cd7d93f60a6/volume-13ecc486-5304-4757-8ea4-2a450380c90a.4baf90f6-fbf2-47b9-b99a-4ff47dcb52f5
Apr 14 03:50:06 devstack sudo[84956]: pam_unix(sudo:session): session opened for user root(uid=0) by (uid=1000)
Apr 14 03:50:06 devstack sudo[84956]: pam_unix(sudo:session): session closed for user root
Apr 14 03:50:06 devstack cinder-volume[82370]: DEBUG oslo_concurrency.processutils [None req-662a1ccf-66ff-4a44-bfb0-eddbd3d78078 tempest-GroupsV314Test-1027090532 None] CMD "/opt/stack/data/venv/bin/python3.10 -m oslo_concurrency.prlimit --as=1073741824 --cpu=60 -- sudo cinder-rootwrap /etc/cinder/rootwrap.conf env LC_ALL=C qemu-img info -f qcow2 --output=json --force-share /opt/stack/data/cinder/mnt/d1d8b2b65e76d683cf533cd7d93f60a6/volume-13ecc486-5304-4757-8ea4-2a450380c90a.4baf90f6-fbf2-47b9-b99a-4ff47dcb52f5" returned: 0 in 0.622s {{(pid=82370) execute /opt/stack/data/venv/lib/python3.10/site-packages/oslo_concurrency/processutils.py:468}}
Apr 14 03:50:06 devstack cinder-volume[82370]: DEBUG cinder.volume.drivers.remotefs [None req-662a1ccf-66ff-4a44-bfb0-eddbd3d78078 tempest-GroupsV314Test-1027090532 None] Fetching qemu-img info with special backing_file_template: (/opt/stack/data/cinder/mnt/[0-9a-f]+/)?(volume-13ecc486-5304-4757-8ea4-2a450380c90a(.(tmp-snap-)?[0-9a-f-]+)?|volume_from_snapshot_cache/(tmp-snap-)?[0-9a-f-]+(.(child-|parent-)[0-9a-f-]+)?)$ {{(pid=82370) _qemu_img_info_base /opt/stack/cinder/cinder/volume/drivers/remotefs.py:896}}
Apr 14 03:50:06 devstack cinder-volume[82370]: DEBUG cinder.volume.drivers.quobyte [None req-662a1ccf-66ff-4a44-bfb0-eddbd3d78078 tempest-GroupsV314Test-1027090532 None] will copy from snapshot at /opt/stack/data/cinder/mnt/d1d8b2b65e76d683cf533cd7d93f60a6/volume-13ecc486-5304-4757-8ea4-2a450380c90a {{(pid=82370) _copy_volume_from_snapshot /opt/stack/cinder/cinder/volume/drivers/quobyte.py:420}}
Apr 14 03:50:06 devstack cinder-volume[82370]: DEBUG cinder.volume.drivers.quobyte [None req-662a1ccf-66ff-4a44-bfb0-eddbd3d78078 tempest-GroupsV314Test-1027090532 None] Creating direct copy from snapshot {{(pid=82370) _copy_volume_from_snapshot /opt/stack/cinder/cinder/volume/drivers/quobyte.py:428}}
Apr 14 03:50:06 devstack cinder-volume[82370]: DEBUG oslo.privsep.daemon [-] privsep: reply[409dfd45-94b5-428a-b635-a7ebf9711846]: (4, 'qcow2') {{(pid=83434) _call_back /opt/stack/data/venv/lib/python3.10/site-packages/oslo_privsep/daemon.py:573}}
Apr 14 03:50:06 devstack cinder-volume[82370]: DEBUG oslo_concurrency.processutils [None req-662a1ccf-66ff-4a44-bfb0-eddbd3d78078 tempest-GroupsV314Test-1027090532 None] Running cmd (subprocess): /opt/stack/data/venv/bin/python3.10 -m oslo_concurrency.prlimit --as=1073741824 --cpu=60 -- sudo cinder-rootwrap /etc/cinder/rootwrap.conf env LC_ALL=C qemu-img info -f qcow2 --output=json /opt/stack/data/cinder/mnt/d1d8b2b65e76d683cf533cd7d93f60a6/volume-13ecc486-5304-4757-8ea4-2a450380c90a {{(pid=82370) execute /opt/stack/data/venv/lib/python3.10/site-packages/oslo_concurrency/processutils.py:440}}
Apr 14 03:50:06 devstack sudo[84961]: quobyte : PWD=/ ; USER=root ; COMMAND=/opt/stack/data/venv/bin/cinder-rootwrap /etc/cinder/rootwrap.conf env LC_ALL=C qemu-img info -f qcow2 --output=json /opt/stack/data/cinder/mnt/d1d8b2b65e76d683cf533cd7d93f60a6/volume-13ecc486-5304-4757-8ea4-2a450380c90a
Apr 14 03:50:06 devstack sudo[84961]: pam_unix(sudo:session): session opened for user root(uid=0) by (uid=1000)
Apr 14 03:50:07 devstack sudo[84961]: pam_unix(sudo:session): session closed for user root
Apr 14 03:50:07 devstack cinder-volume[82370]: DEBUG oslo_concurrency.processutils [None req-662a1ccf-66ff-4a44-bfb0-eddbd3d78078 tempest-GroupsV314Test-1027090532 None] CMD "/opt/stack/data/venv/bin/python3.10 -m oslo_concurrency.prlimit --as=1073741824 --cpu=60 -- sudo cinder-rootwrap /etc/cinder/rootwrap.conf env LC_ALL=C qemu-img info -f qcow2 --output=json /opt/stack/data/cinder/mnt/d1d8b2b65e76d683cf533cd7d93f60a6/volume-13ecc486-5304-4757-8ea4-2a450380c90a" returned: 0 in 0.733s {{(pid=82370) execute /opt/stack/data/venv/lib/python3.10/site-packages/oslo_concurrency/processutils.py:468}}
Apr 14 03:50:07 devstack cinder-volume[82370]: DEBUG cinder.utils [None req-662a1ccf-66ff-4a44-bfb0-eddbd3d78078 tempest-GroupsV314Test-1027090532 None] Path /opt/stack/data/cinder/mnt/d1d8b2b65e76d683cf533cd7d93f60a6/volume-9b0627ed-fe76-4c01-98cf-3635fe52fb0e not found in is_blk_device check {{(pid=82370) is_blk_device /opt/stack/cinder/cinder/utils.py:602}}
Apr 14 03:50:07 devstack cinder-volume[82370]: DEBUG oslo_concurrency.processutils [None req-662a1ccf-66ff-4a44-bfb0-eddbd3d78078 tempest-GroupsV314Test-1027090532 None] Running cmd (subprocess): sudo cinder-rootwrap /etc/cinder/rootwrap.conf qemu-img convert -O qcow2 /opt/stack/data/cinder/mnt/d1d8b2b65e76d683cf533cd7d93f60a6/volume-13ecc486-5304-4757-8ea4-2a450380c90a /opt/stack/data/cinder/mnt/d1d8b2b65e76d683cf533cd7d93f60a6/volume-9b0627ed-fe76-4c01-98cf-3635fe52fb0e {{(pid=82370) execute /opt/stack/data/venv/lib/python3.10/site-packages/oslo_concurrency/processutils.py:440}}
Apr 14 03:50:07 devstack sudo[84966]: quobyte : PWD=/ ; USER=root ; COMMAND=/opt/stack/data/venv/bin/cinder-rootwrap /etc/cinder/rootwrap.conf qemu-img convert -O qcow2 /opt/stack/data/cinder/mnt/d1d8b2b65e76d683cf533cd7d93f60a6/volume-13ecc486-5304-4757-8ea4-2a450380c90a /opt/stack/data/cinder/mnt/d1d8b2b65e76d683cf533cd7d93f60a6/volume-9b0627ed-fe76-4c01-98cf-3635fe52fb0e
Apr 14 03:50:07 devstack sudo[84966]: pam_unix(sudo:session): session opened for user root(uid=0) by (uid=1000)
Apr 14 03:50:11 devstack sudo[84966]: pam_unix(sudo:session): session closed for user root
Apr 14 03:50:11 devstack cinder-volume[82370]: DEBUG oslo_concurrency.processutils [None req-662a1ccf-66ff-4a44-bfb0-eddbd3d78078 tempest-GroupsV314Test-1027090532 None] CMD "sudo cinder-rootwrap /etc/cinder/rootwrap.conf qemu-img convert -O qcow2 /opt/stack/data/cinder/mnt/d1d8b2b65e76d683cf533cd7d93f60a6/volume-13ecc486-5304-4757-8ea4-2a450380c90a /opt/stack/data/cinder/mnt/d1d8b2b65e76d683cf533cd7d93f60a6/volume-9b0627ed-fe76-4c01-98cf-3635fe52fb0e" returned: 0 in 3.582s {{(pid=82370) execute /opt/stack/data/venv/lib/python3.10/site-packages/oslo_concurrency/processutils.py:468}}
Apr 14 03:50:11 devstack cinder-volume[82370]: DEBUG oslo.privsep.daemon [-] privsep: reply[ae0f188a-7977-445b-8f69-3dccc64f36e3]: (4, 'qcow2') {{(pid=83434) _call_back /opt/stack/data/venv/lib/python3.10/site-packages/oslo_privsep/daemon.py:573}}
Apr 14 03:50:11 devstack cinder-volume[82370]: DEBUG oslo_concurrency.processutils [None req-662a1ccf-66ff-4a44-bfb0-eddbd3d78078 tempest-GroupsV314Test-1027090532 None] Running cmd (subprocess): /opt/stack/data/venv/bin/python3.10 -m oslo_concurrency.prlimit --as=1073741824 --cpu=60 -- sudo cinder-rootwrap /etc/cinder/rootwrap.conf env LC_ALL=C qemu-img info -f qcow2 --output=json /opt/stack/data/cinder/mnt/d1d8b2b65e76d683cf533cd7d93f60a6/volume-13ecc486-5304-4757-8ea4-2a450380c90a {{(pid=82370) execute /opt/stack/data/venv/lib/python3.10/site-packages/oslo_concurrency/processutils.py:440}}
Apr 14 03:50:11 devstack sudo[84992]: quobyte : PWD=/ ; USER=root ; COMMAND=/opt/stack/data/venv/bin/cinder-rootwrap /etc/cinder/rootwrap.conf env LC_ALL=C qemu-img info -f qcow2 --output=json /opt/stack/data/cinder/mnt/d1d8b2b65e76d683cf533cd7d93f60a6/volume-13ecc486-5304-4757-8ea4-2a450380c90a
Apr 14 03:50:11 devstack sudo[84992]: pam_unix(sudo:session): session opened for user root(uid=0) by (uid=1000)
Apr 14 03:50:11 devstack cinder-volume[82370]: DEBUG cinder.volume.flows.manager.create_volume [None req-94e166bd-a234-434e-b63c-a85aa4fe9c18 tempest-VolumeQuotasNegativeTestJSON-109315803 None] Volume reschedule parameters: True retry: {'num_attempts': 1, 'backends': ['devstack@QuobyteHD#QuobyteHD'], 'hosts': ['devstack@QuobyteHD#QuobyteHD']} {{(pid=82370) get_flow /opt/stack/cinder/cinder/volume/flows/manager/create_volume.py:1395}}
Apr 14 03:50:11 devstack cinder-volume[82370]: DEBUG cinder.volume.manager [None req-94e166bd-a234-434e-b63c-a85aa4fe9c18 tempest-VolumeQuotasNegativeTestJSON-109315803 None] Flow 'volume_create_manager' (c7b5cee5-5e81-44fe-ad00-095f9041b7a0) transitioned into state 'RUNNING' from state 'PENDING' {{(pid=82370) _flow_receiver /opt/stack/data/venv/lib/python3.10/site-packages/taskflow/listeners/logging.py:145}}
Apr 14 03:50:11 devstack cinder-volume[82370]: DEBUG cinder.volume.manager [None req-94e166bd-a234-434e-b63c-a85aa4fe9c18 tempest-VolumeQuotasNegativeTestJSON-109315803 None] Task 'cinder.volume.flows.manager.create_volume.ExtractVolumeRefTask;volume:create' (ebd1b887-9b98-4a0c-87d6-8efda8fffcf4) transitioned into state 'RUNNING' from state 'PENDING' {{(pid=82370) _task_receiver /opt/stack/data/venv/lib/python3.10/site-packages/taskflow/listeners/logging.py:194}}
Apr 14 03:50:11 devstack cinder-volume[82370]: DEBUG cinder.volume.manager [None req-94e166bd-a234-434e-b63c-a85aa4fe9c18 tempest-VolumeQuotasNegativeTestJSON-109315803 None] Task 'cinder.volume.flows.manager.create_volume.ExtractVolumeRefTask;volume:create' (ebd1b887-9b98-4a0c-87d6-8efda8fffcf4) transitioned into state 'SUCCESS' from state 'RUNNING' with result 'Volume(_name_id=None,admin_metadata=,attach_status='detached',availability_zone='nova',bootable=False,cluster=,cluster_name=None,consistencygroup=,consistencygroup_id=None,created_at=2026-04-14T01:50:11Z,deleted=False,deleted_at=None,display_description=None,display_name='tempest-VolumeQuotasNegativeTestJSON-Volume-653694675',ec2_id=None,encryption_key_id=None,glance_metadata=,group=,group_id=None,host='devstack@QuobyteHD#QuobyteHD',id=79f002b2-fbd4-43fe-8ff8-27d5242a3dd7,launched_at=None,metadata={},migration_status=None,multiattach=False,previous_status=None,project_id='fe41a8b3137149e5b7ce4b305e65dfa0',provider_auth=None,provider_geometry=None,provider_id=None,provider_location=None,replication_driver_data=None,replication_extended_status=None,replication_status=None,scheduled_at=2026-04-14T01:50:12Z,service_uuid=None,shared_targets=True,size=1,snapshot_id=None,snapshots=,source_volid=None,status='creating',terminated_at=None,updated_at=2026-04-14T01:50:12Z,use_quota=True,user_id='e24fd904601b4d1a90c99e2c3d402b8e',volume_attachment=VolumeAttachmentList,volume_type=VolumeType(f5dc580a-ea26-4744-98a7-e7aac4a47b99),volume_type_id=f5dc580a-ea26-4744-98a7-e7aac4a47b99)' {{(pid=82370) _task_receiver /opt/stack/data/venv/lib/python3.10/site-packages/taskflow/listeners/logging.py:182}}
Apr 14 03:50:11 devstack cinder-volume[82370]: DEBUG cinder.volume.manager [None req-94e166bd-a234-434e-b63c-a85aa4fe9c18 tempest-VolumeQuotasNegativeTestJSON-109315803 None] Task 'cinder.volume.flows.manager.create_volume.OnFailureRescheduleTask;volume:create' (d8b5bc31-800a-4132-85b3-b5ede424b422) transitioned into state 'RUNNING' from state 'PENDING' {{(pid=82370) _task_receiver /opt/stack/data/venv/lib/python3.10/site-packages/taskflow/listeners/logging.py:194}}
Apr 14 03:50:11 devstack cinder-volume[82370]: DEBUG cinder.volume.manager [None req-94e166bd-a234-434e-b63c-a85aa4fe9c18 tempest-VolumeQuotasNegativeTestJSON-109315803 None] Task 'cinder.volume.flows.manager.create_volume.OnFailureRescheduleTask;volume:create' (d8b5bc31-800a-4132-85b3-b5ede424b422) transitioned into state 'SUCCESS' from state 'RUNNING' with result 'None' {{(pid=82370) _task_receiver /opt/stack/data/venv/lib/python3.10/site-packages/taskflow/listeners/logging.py:182}}
Apr 14 03:50:11 devstack cinder-volume[82370]: DEBUG cinder.volume.manager [None req-94e166bd-a234-434e-b63c-a85aa4fe9c18 tempest-VolumeQuotasNegativeTestJSON-109315803 None] Task 'cinder.volume.flows.manager.create_volume.ExtractVolumeSpecTask;volume:create' (e6ef9efa-bcc5-4793-8758-96839d297d54) transitioned into state 'RUNNING' from state 'PENDING' {{(pid=82370) _task_receiver /opt/stack/data/venv/lib/python3.10/site-packages/taskflow/listeners/logging.py:194}}
Apr 14 03:50:11 devstack cinder-volume[82370]: DEBUG cinder.volume.manager [None req-94e166bd-a234-434e-b63c-a85aa4fe9c18 tempest-VolumeQuotasNegativeTestJSON-109315803 None] Task 'cinder.volume.flows.manager.create_volume.ExtractVolumeSpecTask;volume:create' (e6ef9efa-bcc5-4793-8758-96839d297d54) transitioned into state 'SUCCESS' from state 'RUNNING' with result '{'status': 'creating', 'type': 'raw', 'volume_id': '79f002b2-fbd4-43fe-8ff8-27d5242a3dd7', 'volume_name': 'volume-79f002b2-fbd4-43fe-8ff8-27d5242a3dd7', 'volume_size': 1}' {{(pid=82370) _task_receiver /opt/stack/data/venv/lib/python3.10/site-packages/taskflow/listeners/logging.py:182}}
Apr 14 03:50:11 devstack cinder-volume[82370]: DEBUG cinder.volume.manager [None req-94e166bd-a234-434e-b63c-a85aa4fe9c18 tempest-VolumeQuotasNegativeTestJSON-109315803 None] Task 'cinder.volume.flows.manager.create_volume.NotifyVolumeActionTask;volume:create, create.start' (0eb5895b-b17a-496b-bfa0-bdce45e5f47b) transitioned into state 'RUNNING' from state 'PENDING' {{(pid=82370) _task_receiver /opt/stack/data/venv/lib/python3.10/site-packages/taskflow/listeners/logging.py:194}}
Apr 14 03:50:11 devstack cinder-volume[82370]: DEBUG cinder.volume.manager [None req-94e166bd-a234-434e-b63c-a85aa4fe9c18 tempest-VolumeQuotasNegativeTestJSON-109315803 None] Task 'cinder.volume.flows.manager.create_volume.NotifyVolumeActionTask;volume:create, create.start' (0eb5895b-b17a-496b-bfa0-bdce45e5f47b) transitioned into state 'SUCCESS' from state 'RUNNING' with result 'None' {{(pid=82370) _task_receiver /opt/stack/data/venv/lib/python3.10/site-packages/taskflow/listeners/logging.py:182}}
Apr 14 03:50:11 devstack cinder-volume[82370]: DEBUG cinder.volume.manager [None req-94e166bd-a234-434e-b63c-a85aa4fe9c18 tempest-VolumeQuotasNegativeTestJSON-109315803 None] Task 'cinder.volume.flows.manager.create_volume.CreateVolumeFromSpecTask;volume:create' (44a3b3aa-b09a-4d35-bbbf-432ccad91c3d) transitioned into state 'RUNNING' from state 'PENDING' {{(pid=82370) _task_receiver /opt/stack/data/venv/lib/python3.10/site-packages/taskflow/listeners/logging.py:194}}
Apr 14 03:50:11 devstack cinder-volume[82370]: INFO cinder.volume.flows.manager.create_volume [None req-94e166bd-a234-434e-b63c-a85aa4fe9c18 tempest-VolumeQuotasNegativeTestJSON-109315803 None] Volume 79f002b2-fbd4-43fe-8ff8-27d5242a3dd7: being created as raw with specification: {'status': 'creating', 'volume_name': 'volume-79f002b2-fbd4-43fe-8ff8-27d5242a3dd7', 'volume_size': 1}
Apr 14 03:50:11 devstack cinder-volume[82370]: DEBUG oslo_concurrency.lockutils [None req-94e166bd-a234-434e-b63c-a85aa4fe9c18 tempest-VolumeQuotasNegativeTestJSON-109315803 None] Acquiring lock "quobyte" by "cinder.volume.drivers.quobyte.QuobyteDriver.create_volume" {{(pid=82370) inner /opt/stack/data/venv/lib/python3.10/site-packages/oslo_concurrency/lockutils.py:506}}
Apr 14 03:50:11 devstack sudo[84992]: pam_unix(sudo:session): session closed for user root
Apr 14 03:50:11 devstack cinder-volume[82370]: DEBUG oslo_concurrency.processutils [None req-662a1ccf-66ff-4a44-bfb0-eddbd3d78078 tempest-GroupsV314Test-1027090532 None] CMD "/opt/stack/data/venv/bin/python3.10 -m oslo_concurrency.prlimit --as=1073741824 --cpu=60 -- sudo cinder-rootwrap /etc/cinder/rootwrap.conf env LC_ALL=C qemu-img info -f qcow2 --output=json /opt/stack/data/cinder/mnt/d1d8b2b65e76d683cf533cd7d93f60a6/volume-13ecc486-5304-4757-8ea4-2a450380c90a" returned: 0 in 0.771s {{(pid=82370) execute /opt/stack/data/venv/lib/python3.10/site-packages/oslo_concurrency/processutils.py:468}}
Apr 14 03:50:11 devstack cinder-volume[82370]: DEBUG cinder.image.image_utils [None req-662a1ccf-66ff-4a44-bfb0-eddbd3d78078 tempest-GroupsV314Test-1027090532 None] Image conversion details: src /opt/stack/data/cinder/mnt/d1d8b2b65e76d683cf533cd7d93f60a6/volume-13ecc486-5304-4757-8ea4-2a450380c90a, size 1024.00 MB, duration 3.58 sec, destination /opt/stack/data/cinder/mnt/d1d8b2b65e76d683cf533cd7d93f60a6/volume-9b0627ed-fe76-4c01-98cf-3635fe52fb0e {{(pid=82370) _convert_image /opt/stack/cinder/cinder/image/image_utils.py:533}}
Apr 14 03:50:11 devstack cinder-volume[82370]: INFO cinder.image.image_utils [None req-662a1ccf-66ff-4a44-bfb0-eddbd3d78078 tempest-GroupsV314Test-1027090532 None] Converted 1024.00 MB image at 285.74 MB/s
Apr 14 03:50:11 devstack cinder-volume[82370]: WARNING cinder.volume.drivers.remotefs [None req-662a1ccf-66ff-4a44-bfb0-eddbd3d78078 tempest-GroupsV314Test-1027090532 None] /opt/stack/data/cinder/mnt/d1d8b2b65e76d683cf533cd7d93f60a6/volume-9b0627ed-fe76-4c01-98cf-3635fe52fb0e is being set with open permissions: ugo+rw: NotImplementedError
Apr 14 03:50:11 devstack cinder-volume[82370]: DEBUG oslo_concurrency.processutils [None req-662a1ccf-66ff-4a44-bfb0-eddbd3d78078 tempest-GroupsV314Test-1027090532 None] Running cmd (subprocess): sudo cinder-rootwrap /etc/cinder/rootwrap.conf chmod ugo+rw /opt/stack/data/cinder/mnt/d1d8b2b65e76d683cf533cd7d93f60a6/volume-9b0627ed-fe76-4c01-98cf-3635fe52fb0e {{(pid=82370) execute /opt/stack/data/venv/lib/python3.10/site-packages/oslo_concurrency/processutils.py:440}}
Apr 14 03:50:11 devstack sudo[84997]: quobyte : PWD=/ ; USER=root ; COMMAND=/opt/stack/data/venv/bin/cinder-rootwrap /etc/cinder/rootwrap.conf chmod ugo+rw /opt/stack/data/cinder/mnt/d1d8b2b65e76d683cf533cd7d93f60a6/volume-9b0627ed-fe76-4c01-98cf-3635fe52fb0e
Apr 14 03:50:11 devstack sudo[84997]: pam_unix(sudo:session): session opened for user root(uid=0) by (uid=1000)
Apr 14 03:50:12 devstack sudo[84997]: pam_unix(sudo:session): session closed for user root
Apr 14 03:50:12 devstack cinder-volume[82370]: DEBUG oslo_concurrency.processutils [None req-662a1ccf-66ff-4a44-bfb0-eddbd3d78078 tempest-GroupsV314Test-1027090532 None] CMD "sudo cinder-rootwrap /etc/cinder/rootwrap.conf chmod ugo+rw /opt/stack/data/cinder/mnt/d1d8b2b65e76d683cf533cd7d93f60a6/volume-9b0627ed-fe76-4c01-98cf-3635fe52fb0e" returned: 0 in 0.698s {{(pid=82370) execute /opt/stack/data/venv/lib/python3.10/site-packages/oslo_concurrency/processutils.py:468}}
Apr 14 03:50:12 devstack cinder-volume[82370]: DEBUG cinder.coordination [None req-662a1ccf-66ff-4a44-bfb0-eddbd3d78078 tempest-GroupsV314Test-1027090532 None] Lock "cinder-quobyte-9b0627ed-fe76-4c01-98cf-3635fe52fb0e" released by "_copy_volume_from_snapshot" :: held 6.474s {{(pid=82370) __release /opt/stack/cinder/cinder/coordination.py:152}}
Apr 14 03:50:12 devstack cinder-volume[82370]: DEBUG cinder.coordination [None req-662a1ccf-66ff-4a44-bfb0-eddbd3d78078 tempest-GroupsV314Test-1027090532 None] Acquiring lock "cinder-quobyte-4baf90f6-fbf2-47b9-b99a-4ff47dcb52f5" by "_delete_snapshot" {{(pid=82370) __acquire /opt/stack/cinder/cinder/coordination.py:138}}
Apr 14 03:50:12 devstack cinder-volume[82370]: DEBUG cinder.coordination [None req-662a1ccf-66ff-4a44-bfb0-eddbd3d78078 tempest-GroupsV314Test-1027090532 None] Lock "cinder-quobyte-4baf90f6-fbf2-47b9-b99a-4ff47dcb52f5" acquired by "_delete_snapshot" :: waited 0.014s {{(pid=82370) __acquire /opt/stack/cinder/cinder/coordination.py:141}}
Apr 14 03:50:12 devstack cinder-volume[82370]: DEBUG cinder.volume.drivers.remotefs [None req-662a1ccf-66ff-4a44-bfb0-eddbd3d78078 tempest-GroupsV314Test-1027090532 None] Deleting offline snapshot 4baf90f6-fbf2-47b9-b99a-4ff47dcb52f5 of volume 13ecc486-5304-4757-8ea4-2a450380c90a {{(pid=82370) _delete_snapshot /opt/stack/cinder/cinder/volume/drivers/remotefs.py:1288}}
Apr 14 03:50:12 devstack cinder-volume[82370]: DEBUG cinder.volume.drivers.remotefs [None req-662a1ccf-66ff-4a44-bfb0-eddbd3d78078 tempest-GroupsV314Test-1027090532 None] snapshot_file for this snap is: volume-13ecc486-5304-4757-8ea4-2a450380c90a.4baf90f6-fbf2-47b9-b99a-4ff47dcb52f5 {{(pid=82370) _delete_snapshot /opt/stack/cinder/cinder/volume/drivers/remotefs.py:1317}}
Apr 14 03:50:12 devstack cinder-volume[82370]: DEBUG oslo.privsep.daemon [-] privsep: reply[591b09aa-4983-4b76-b0e3-f324a3577c87]: (4, 'qcow2') {{(pid=83434) _call_back /opt/stack/data/venv/lib/python3.10/site-packages/oslo_privsep/daemon.py:573}}
Apr 14 03:50:12 devstack cinder-volume[82370]: DEBUG oslo_concurrency.processutils [None req-662a1ccf-66ff-4a44-bfb0-eddbd3d78078 tempest-GroupsV314Test-1027090532 None] Running cmd (subprocess): /opt/stack/data/venv/bin/python3.10 -m oslo_concurrency.prlimit --as=1073741824 --cpu=60 -- sudo cinder-rootwrap /etc/cinder/rootwrap.conf env LC_ALL=C qemu-img info -f qcow2 --output=json --force-share /opt/stack/data/cinder/mnt/d1d8b2b65e76d683cf533cd7d93f60a6/volume-13ecc486-5304-4757-8ea4-2a450380c90a.4baf90f6-fbf2-47b9-b99a-4ff47dcb52f5 {{(pid=82370) execute /opt/stack/data/venv/lib/python3.10/site-packages/oslo_concurrency/processutils.py:440}}
Apr 14 03:50:12 devstack sudo[85000]: quobyte : PWD=/ ; USER=root ; COMMAND=/opt/stack/data/venv/bin/cinder-rootwrap /etc/cinder/rootwrap.conf env LC_ALL=C qemu-img info -f qcow2 --output=json --force-share /opt/stack/data/cinder/mnt/d1d8b2b65e76d683cf533cd7d93f60a6/volume-13ecc486-5304-4757-8ea4-2a450380c90a.4baf90f6-fbf2-47b9-b99a-4ff47dcb52f5
Apr 14 03:50:12 devstack sudo[85000]: pam_unix(sudo:session): session opened for user root(uid=0) by (uid=1000)
Apr 14 03:50:13 devstack sudo[85000]: pam_unix(sudo:session): session closed for user root
Apr 14 03:50:13 devstack cinder-volume[82370]: DEBUG oslo_concurrency.processutils [None req-662a1ccf-66ff-4a44-bfb0-eddbd3d78078 tempest-GroupsV314Test-1027090532 None] CMD "/opt/stack/data/venv/bin/python3.10 -m oslo_concurrency.prlimit --as=1073741824 --cpu=60 -- sudo cinder-rootwrap /etc/cinder/rootwrap.conf env LC_ALL=C qemu-img info -f qcow2 --output=json --force-share /opt/stack/data/cinder/mnt/d1d8b2b65e76d683cf533cd7d93f60a6/volume-13ecc486-5304-4757-8ea4-2a450380c90a.4baf90f6-fbf2-47b9-b99a-4ff47dcb52f5" returned: 0 in 0.752s {{(pid=82370) execute /opt/stack/data/venv/lib/python3.10/site-packages/oslo_concurrency/processutils.py:468}}
Apr 14 03:50:13 devstack cinder-volume[82370]: DEBUG cinder.volume.drivers.remotefs [None req-662a1ccf-66ff-4a44-bfb0-eddbd3d78078 tempest-GroupsV314Test-1027090532 None] Fetching qemu-img info with special backing_file_template: (/opt/stack/data/cinder/mnt/[0-9a-f]+/)?(volume-13ecc486-5304-4757-8ea4-2a450380c90a(.(tmp-snap-)?[0-9a-f-]+)?|volume_from_snapshot_cache/(tmp-snap-)?[0-9a-f-]+(.(child-|parent-)[0-9a-f-]+)?)$ {{(pid=82370) _qemu_img_info_base /opt/stack/cinder/cinder/volume/drivers/remotefs.py:896}}
Apr 14 03:50:13 devstack cinder-volume[82370]: DEBUG oslo.privsep.daemon [-] privsep: reply[0e49d970-5eb2-48de-9784-e6dcac79e96b]: (4, 'qcow2') {{(pid=83434) _call_back /opt/stack/data/venv/lib/python3.10/site-packages/oslo_privsep/daemon.py:573}}
Apr 14 03:50:13 devstack cinder-volume[82370]: DEBUG oslo_concurrency.processutils [None req-662a1ccf-66ff-4a44-bfb0-eddbd3d78078 tempest-GroupsV314Test-1027090532 None] Running cmd (subprocess): /opt/stack/data/venv/bin/python3.10 -m oslo_concurrency.prlimit --as=1073741824 --cpu=60 -- sudo cinder-rootwrap /etc/cinder/rootwrap.conf env LC_ALL=C qemu-img info -f qcow2 --output=json --force-share /opt/stack/data/cinder/mnt/d1d8b2b65e76d683cf533cd7d93f60a6/volume-13ecc486-5304-4757-8ea4-2a450380c90a {{(pid=82370) execute /opt/stack/data/venv/lib/python3.10/site-packages/oslo_concurrency/processutils.py:440}}
Apr 14 03:50:13 devstack sudo[85006]: quobyte : PWD=/ ; USER=root ; COMMAND=/opt/stack/data/venv/bin/cinder-rootwrap /etc/cinder/rootwrap.conf env LC_ALL=C qemu-img info -f qcow2 --output=json --force-share /opt/stack/data/cinder/mnt/d1d8b2b65e76d683cf533cd7d93f60a6/volume-13ecc486-5304-4757-8ea4-2a450380c90a
Apr 14 03:50:13 devstack sudo[85006]: pam_unix(sudo:session): session opened for user root(uid=0) by (uid=1000)
Apr 14 03:50:14 devstack sudo[85006]: pam_unix(sudo:session): session closed for user root
Apr 14 03:50:14 devstack cinder-volume[82370]: DEBUG oslo_concurrency.processutils [None req-662a1ccf-66ff-4a44-bfb0-eddbd3d78078 tempest-GroupsV314Test-1027090532 None] CMD "/opt/stack/data/venv/bin/python3.10 -m oslo_concurrency.prlimit --as=1073741824 --cpu=60 -- sudo cinder-rootwrap /etc/cinder/rootwrap.conf env LC_ALL=C qemu-img info -f qcow2 --output=json --force-share /opt/stack/data/cinder/mnt/d1d8b2b65e76d683cf533cd7d93f60a6/volume-13ecc486-5304-4757-8ea4-2a450380c90a" returned: 0 in 0.628s {{(pid=82370) execute /opt/stack/data/venv/lib/python3.10/site-packages/oslo_concurrency/processutils.py:468}}
Apr 14 03:50:14 devstack cinder-volume[82370]: DEBUG oslo_concurrency.processutils [None req-662a1ccf-66ff-4a44-bfb0-eddbd3d78078 tempest-GroupsV314Test-1027090532 None] Running cmd (subprocess): sudo cinder-rootwrap /etc/cinder/rootwrap.conf qemu-img commit -d /opt/stack/data/cinder/mnt/d1d8b2b65e76d683cf533cd7d93f60a6/volume-13ecc486-5304-4757-8ea4-2a450380c90a.4baf90f6-fbf2-47b9-b99a-4ff47dcb52f5 {{(pid=82370) execute /opt/stack/data/venv/lib/python3.10/site-packages/oslo_concurrency/processutils.py:440}}
Apr 14 03:50:14 devstack sudo[85011]: quobyte : PWD=/ ; USER=root ; COMMAND=/opt/stack/data/venv/bin/cinder-rootwrap /etc/cinder/rootwrap.conf qemu-img commit -d /opt/stack/data/cinder/mnt/d1d8b2b65e76d683cf533cd7d93f60a6/volume-13ecc486-5304-4757-8ea4-2a450380c90a.4baf90f6-fbf2-47b9-b99a-4ff47dcb52f5
Apr 14 03:50:14 devstack sudo[85011]: pam_unix(sudo:session): session opened for user root(uid=0) by (uid=1000)
Apr 14 03:50:14 devstack sudo[85011]: pam_unix(sudo:session): session closed for user root
Apr 14 03:50:14 devstack cinder-volume[82370]: DEBUG oslo_concurrency.processutils [None req-662a1ccf-66ff-4a44-bfb0-eddbd3d78078 tempest-GroupsV314Test-1027090532 None] CMD "sudo cinder-rootwrap /etc/cinder/rootwrap.conf qemu-img commit -d /opt/stack/data/cinder/mnt/d1d8b2b65e76d683cf533cd7d93f60a6/volume-13ecc486-5304-4757-8ea4-2a450380c90a.4baf90f6-fbf2-47b9-b99a-4ff47dcb52f5" returned: 0 in 0.527s {{(pid=82370) execute /opt/stack/data/venv/lib/python3.10/site-packages/oslo_concurrency/processutils.py:468}}
Apr 14 03:50:14 devstack cinder-volume[82370]: DEBUG oslo_concurrency.processutils [None req-662a1ccf-66ff-4a44-bfb0-eddbd3d78078 tempest-GroupsV314Test-1027090532 None] Running cmd (subprocess): sudo cinder-rootwrap /etc/cinder/rootwrap.conf rm -f /opt/stack/data/cinder/mnt/d1d8b2b65e76d683cf533cd7d93f60a6/volume-13ecc486-5304-4757-8ea4-2a450380c90a.4baf90f6-fbf2-47b9-b99a-4ff47dcb52f5 {{(pid=82370) execute /opt/stack/data/venv/lib/python3.10/site-packages/oslo_concurrency/processutils.py:440}}
Apr 14 03:50:14 devstack sudo[85016]: quobyte : PWD=/ ; USER=root ; COMMAND=/opt/stack/data/venv/bin/cinder-rootwrap /etc/cinder/rootwrap.conf rm -f /opt/stack/data/cinder/mnt/d1d8b2b65e76d683cf533cd7d93f60a6/volume-13ecc486-5304-4757-8ea4-2a450380c90a.4baf90f6-fbf2-47b9-b99a-4ff47dcb52f5
Apr 14 03:50:14 devstack sudo[85016]: pam_unix(sudo:session): session opened for user root(uid=0) by (uid=1000)
Apr 14 03:50:15 devstack sudo[85016]: pam_unix(sudo:session): session closed for user root
Apr 14 03:50:15 devstack cinder-volume[82370]: DEBUG oslo_concurrency.processutils [None req-662a1ccf-66ff-4a44-bfb0-eddbd3d78078 tempest-GroupsV314Test-1027090532 None] CMD "sudo cinder-rootwrap /etc/cinder/rootwrap.conf rm -f /opt/stack/data/cinder/mnt/d1d8b2b65e76d683cf533cd7d93f60a6/volume-13ecc486-5304-4757-8ea4-2a450380c90a.4baf90f6-fbf2-47b9-b99a-4ff47dcb52f5" returned: 0 in 0.576s {{(pid=82370) execute /opt/stack/data/venv/lib/python3.10/site-packages/oslo_concurrency/processutils.py:468}}
Apr 14 03:50:15 devstack cinder-volume[82370]: DEBUG cinder.coordination [None req-662a1ccf-66ff-4a44-bfb0-eddbd3d78078 tempest-GroupsV314Test-1027090532 None] Lock "cinder-quobyte-4baf90f6-fbf2-47b9-b99a-4ff47dcb52f5" released by "_delete_snapshot" :: held 2.570s {{(pid=82370) __release /opt/stack/cinder/cinder/coordination.py:152}}
Apr 14 03:50:15 devstack cinder-volume[82370]: DEBUG oslo_concurrency.lockutils [None req-662a1ccf-66ff-4a44-bfb0-eddbd3d78078 tempest-GroupsV314Test-1027090532 None] Lock "quobyte" "released" by "cinder.volume.drivers.quobyte.QuobyteDriver.create_cloned_volume" :: held 12.837s {{(pid=82370) inner /opt/stack/data/venv/lib/python3.10/site-packages/oslo_concurrency/lockutils.py:538}}
Apr 14 03:50:15 devstack cinder-volume[82370]: DEBUG oslo_concurrency.lockutils [req-f00299ae-d0df-4576-8a3a-0c57660b52a1 req-73faadf8-588e-417f-9fd2-cb47ca3fcf0e tempest-ServerBootFromVolumeStableRescueTest-904746739 None] Lock "quobyte" acquired by "cinder.volume.drivers.quobyte.QuobyteDriver.create_volume" :: waited 12.004s {{(pid=82370) inner /opt/stack/data/venv/lib/python3.10/site-packages/oslo_concurrency/lockutils.py:519}}
Apr 14 03:50:15 devstack cinder-volume[82370]: DEBUG cinder.volume.drivers.quobyte [req-f00299ae-d0df-4576-8a3a-0c57660b52a1 req-73faadf8-588e-417f-9fd2-cb47ca3fcf0e tempest-ServerBootFromVolumeStableRescueTest-904746739 None] ==> create_volume: call "{'self': , 'volume': Volume(_name_id=None,admin_metadata=,attach_status='detached',availability_zone='nova',bootable=False,cluster=,cluster_name=None,consistencygroup=,consistencygroup_id=None,created_at=2026-04-14T01:50:00Z,deleted=False,deleted_at=None,display_description='',display_name='',ec2_id=None,encryption_key_id=None,glance_metadata=,group=,group_id=None,host='devstack@QuobyteHD#QuobyteHD',id=42b6d654-8c5a-4d73-8746-802c0e4c2b28,launched_at=None,metadata={},migration_status=None,multiattach=False,previous_status=None,project_id='87ee6b904c304a3fae9d9227f70a1093',provider_auth=None,provider_geometry=None,provider_id=None,provider_location=None,replication_driver_data=None,replication_extended_status=None,replication_status=None,scheduled_at=2026-04-14T01:50:00Z,service_uuid=None,shared_targets=True,size=1,snapshot_id=None,snapshots=,source_volid=None,status='creating',terminated_at=None,updated_at=2026-04-14T01:50:00Z,use_quota=True,user_id='f272758b3bce458596b9dee96c604ec2',volume_attachment=VolumeAttachmentList,volume_type=VolumeType(f5dc580a-ea26-4744-98a7-e7aac4a47b99),volume_type_id=f5dc580a-ea26-4744-98a7-e7aac4a47b99)}" {{(pid=82370) trace_logging_wrapper /opt/stack/cinder/cinder/volume/volume_utils.py:1498}}
Apr 14 03:50:15 devstack cinder-volume[82370]: DEBUG cinder.volume.drivers.remotefs [req-f00299ae-d0df-4576-8a3a-0c57660b52a1 req-73faadf8-588e-417f-9fd2-cb47ca3fcf0e tempest-ServerBootFromVolumeStableRescueTest-904746739 None] Creating volume 42b6d654-8c5a-4d73-8746-802c0e4c2b28 {{(pid=82370) create_volume /opt/stack/cinder/cinder/volume/drivers/remotefs.py:292}}
Apr 14 03:50:15 devstack cinder-volume[82370]: DEBUG oslo_concurrency.lockutils [req-f00299ae-d0df-4576-8a3a-0c57660b52a1 req-73faadf8-588e-417f-9fd2-cb47ca3fcf0e tempest-ServerBootFromVolumeStableRescueTest-904746739 None] Acquiring lock "quobyte_ensure" by "cinder.volume.drivers.quobyte.QuobyteDriver._ensure_shares_mounted" {{(pid=82370) inner /opt/stack/data/venv/lib/python3.10/site-packages/oslo_concurrency/lockutils.py:506}}
Apr 14 03:50:15 devstack cinder-volume[82370]: DEBUG oslo_concurrency.lockutils [req-f00299ae-d0df-4576-8a3a-0c57660b52a1 req-73faadf8-588e-417f-9fd2-cb47ca3fcf0e tempest-ServerBootFromVolumeStableRescueTest-904746739 None] Lock "quobyte_ensure" acquired by "cinder.volume.drivers.quobyte.QuobyteDriver._ensure_shares_mounted" :: waited 0.000s {{(pid=82370) inner /opt/stack/data/venv/lib/python3.10/site-packages/oslo_concurrency/lockutils.py:519}}
Apr 14 03:50:15 devstack cinder-volume[82370]: DEBUG cinder.volume.drivers.quobyte [req-f00299ae-d0df-4576-8a3a-0c57660b52a1 req-73faadf8-588e-417f-9fd2-cb47ca3fcf0e tempest-ServerBootFromVolumeStableRescueTest-904746739 None] Quobyte Volume URL set to: {'osci02.corp.quobyte.com/cinder-vol-e3f7627f-5495-4b45-aae5-776528e0f4f2': None} {{(pid=82370) _load_shares_config /opt/stack/cinder/cinder/volume/drivers/quobyte.py:617}}
Apr 14 03:50:15 devstack cinder-volume[82370]: DEBUG cinder.volume.drivers.quobyte [req-f00299ae-d0df-4576-8a3a-0c57660b52a1 req-73faadf8-588e-417f-9fd2-cb47ca3fcf0e tempest-ServerBootFromVolumeStableRescueTest-904746739 None] Available shares ['osci02.corp.quobyte.com/cinder-vol-e3f7627f-5495-4b45-aae5-776528e0f4f2'] {{(pid=82370) _ensure_shares_mounted /opt/stack/cinder/cinder/volume/drivers/quobyte.py:647}}
Apr 14 03:50:15 devstack cinder-volume[82370]: DEBUG oslo_concurrency.lockutils [req-f00299ae-d0df-4576-8a3a-0c57660b52a1 req-73faadf8-588e-417f-9fd2-cb47ca3fcf0e tempest-ServerBootFromVolumeStableRescueTest-904746739 None] Lock "quobyte_ensure" "released" by "cinder.volume.drivers.quobyte.QuobyteDriver._ensure_shares_mounted" :: held 0.004s {{(pid=82370) inner /opt/stack/data/venv/lib/python3.10/site-packages/oslo_concurrency/lockutils.py:538}}
Apr 14 03:50:15 devstack cinder-volume[82370]: DEBUG cinder.volume.drivers.quobyte [req-f00299ae-d0df-4576-8a3a-0c57660b52a1 req-73faadf8-588e-417f-9fd2-cb47ca3fcf0e tempest-ServerBootFromVolumeStableRescueTest-904746739 None] Selected osci02.corp.quobyte.com/cinder-vol-e3f7627f-5495-4b45-aae5-776528e0f4f2 as target Quobyte volume. {{(pid=82370) _find_share /opt/stack/cinder/cinder/volume/drivers/quobyte.py:668}}
Apr 14 03:50:15 devstack cinder-volume[82370]: INFO cinder.volume.drivers.remotefs [req-f00299ae-d0df-4576-8a3a-0c57660b52a1 req-73faadf8-588e-417f-9fd2-cb47ca3fcf0e tempest-ServerBootFromVolumeStableRescueTest-904746739 None] casted to osci02.corp.quobyte.com/cinder-vol-e3f7627f-5495-4b45-aae5-776528e0f4f2
Apr 14 03:50:15 devstack cinder-volume[82370]: DEBUG oslo_concurrency.processutils [req-f00299ae-d0df-4576-8a3a-0c57660b52a1 req-73faadf8-588e-417f-9fd2-cb47ca3fcf0e tempest-ServerBootFromVolumeStableRescueTest-904746739 None] Running cmd (subprocess): sudo cinder-rootwrap /etc/cinder/rootwrap.conf qemu-img create -f qcow2 -o preallocation=metadata /opt/stack/data/cinder/mnt/d1d8b2b65e76d683cf533cd7d93f60a6/volume-42b6d654-8c5a-4d73-8746-802c0e4c2b28 1073741824 {{(pid=82370) execute /opt/stack/data/venv/lib/python3.10/site-packages/oslo_concurrency/processutils.py:440}}
Apr 14 03:50:15 devstack sudo[85019]: quobyte : PWD=/ ; USER=root ; COMMAND=/opt/stack/data/venv/bin/cinder-rootwrap /etc/cinder/rootwrap.conf qemu-img create -f qcow2 -o preallocation=metadata /opt/stack/data/cinder/mnt/d1d8b2b65e76d683cf533cd7d93f60a6/volume-42b6d654-8c5a-4d73-8746-802c0e4c2b28 1073741824
Apr 14 03:50:15 devstack sudo[85019]: pam_unix(sudo:session): session opened for user root(uid=0) by (uid=1000)
Apr 14 03:50:15 devstack cinder-volume[82370]: INFO cinder.volume.manager [None req-662a1ccf-66ff-4a44-bfb0-eddbd3d78078 tempest-GroupsV314Test-1027090532 None] Create group from source-group-6bbbd068-c37a-47b8-8c62-5ef3e8f45b30 completed successfully.
Apr 14 03:50:15 devstack cinder-volume[82370]: DEBUG cinder.coordination [None req-5f3b0728-3141-4041-8e25-58707de547ed tempest-GroupsV314Test-1027090532 None] Acquiring lock "cinder-quobyte-9b0627ed-fe76-4c01-98cf-3635fe52fb0e" by "delete_volume" {{(pid=82370) __acquire /opt/stack/cinder/cinder/coordination.py:138}}
