Apr 29 11:33:15 devstack cinder-volume[84171]: DEBUG cinder.manager [None req-447d90c3-5556-4b4c-bb0e-db653b83ba66 tempest-VolumeSnapshotQuotasNegativeTestJSON-1697528083 None] Notifying Schedulers of capabilities ... {{(pid=84171) _publish_service_capabilities /opt/stack/cinder/cinder/manager.py:202}}
Apr 29 11:33:15 devstack cinder-volume[84171]: INFO cinder.volume.manager [None req-447d90c3-5556-4b4c-bb0e-db653b83ba66 tempest-VolumeSnapshotQuotasNegativeTestJSON-1697528083 None] Deleted volume successfully.
Apr 29 11:33:15 devstack cinder-volume[84171]: DEBUG cinder.coordination [None req-447d90c3-5556-4b4c-bb0e-db653b83ba66 tempest-VolumeSnapshotQuotasNegativeTestJSON-1697528083 None] Lock "cinder-6327774f-d90f-41db-8d7a-513daf7528ad-delete_volume" released by "delete_volume" :: held 2.606s {{(pid=84171) __release /opt/stack/cinder/cinder/coordination.py:152}}
Apr 29 11:33:15 devstack sudo[88977]: pam_unix(sudo:session): session closed for user root
Apr 29 11:33:15 devstack cinder-volume[84171]: DEBUG oslo_concurrency.processutils [None req-4cf7388b-90fa-48a4-bd39-b959d7f44ad8 tempest-VolumesDeleteCascade-1634571914 None] CMD "sudo cinder-rootwrap /etc/cinder/rootwrap.conf chmod ugo+rw /opt/stack/data/cinder/mnt/b099ffbc0c783f4d3f2b386aef6e4cb4/volume-cf152471-6464-4a0c-856f-9b033a2a2802.info" returned: 0 in 0.727s {{(pid=84171) execute /opt/stack/data/venv/lib/python3.12/site-packages/oslo_concurrency/processutils.py:468}}
Apr 29 11:33:15 devstack cinder-volume[84171]: DEBUG oslo_concurrency.lockutils [None req-4cf7388b-90fa-48a4-bd39-b959d7f44ad8 tempest-VolumesDeleteCascade-1634571914 None] Lock "quobyte" "released" by "cinder.volume.drivers.quobyte.QuobyteDriver.create_snapshot" :: held 5.014s {{(pid=84171) inner /opt/stack/data/venv/lib/python3.12/site-packages/oslo_concurrency/lockutils.py:538}}
Apr 29 11:33:15 devstack cinder-volume[84171]: INFO cinder.volume.manager [None req-4cf7388b-90fa-48a4-bd39-b959d7f44ad8 tempest-VolumesDeleteCascade-1634571914 None] Create snapshot completed successfully
Apr 29 11:33:16 devstack sudo[88979]: pam_unix(sudo:session): session closed for user root
Apr 29 11:33:16 devstack cinder-volume[84171]: DEBUG oslo_concurrency.processutils [None req-05412d39-b754-4ba2-861e-9463ed0a80e0 tempest-GroupsV320Test-599439420 None] CMD "sudo cinder-rootwrap /etc/cinder/rootwrap.conf df --portability --block-size 1 /opt/stack/data/cinder/mnt/b099ffbc0c783f4d3f2b386aef6e4cb4" returned: 0 in 0.933s {{(pid=84171) execute /opt/stack/data/venv/lib/python3.12/site-packages/oslo_concurrency/processutils.py:468}}
Apr 29 11:33:16 devstack cinder-volume[84171]: DEBUG cinder.manager [None req-05412d39-b754-4ba2-861e-9463ed0a80e0 tempest-GroupsV320Test-599439420 None] Notifying Schedulers of capabilities ... {{(pid=84171) _publish_service_capabilities /opt/stack/cinder/cinder/manager.py:202}}
Apr 29 11:33:16 devstack cinder-volume[84171]: INFO cinder.volume.manager [None req-05412d39-b754-4ba2-861e-9463ed0a80e0 tempest-GroupsV320Test-599439420 None] Delete group completed successfully.
Apr 29 11:33:16 devstack cinder-volume[84171]: DEBUG oslo_concurrency.lockutils [None req-3ab585cc-a584-40d5-9942-557f6da28f4e tempest-VolumesDeleteCascade-1634571914 None] Acquiring lock "quobyte" by "cinder.volume.drivers.quobyte.QuobyteDriver.create_snapshot" {{(pid=84171) inner /opt/stack/data/venv/lib/python3.12/site-packages/oslo_concurrency/lockutils.py:506}}
Apr 29 11:33:16 devstack cinder-volume[84171]: DEBUG oslo_concurrency.lockutils [None req-3ab585cc-a584-40d5-9942-557f6da28f4e tempest-VolumesDeleteCascade-1634571914 None] Lock "quobyte" acquired by "cinder.volume.drivers.quobyte.QuobyteDriver.create_snapshot" :: waited 0.001s {{(pid=84171) inner /opt/stack/data/venv/lib/python3.12/site-packages/oslo_concurrency/lockutils.py:519}}
Apr 29 11:33:16 devstack cinder-volume[84171]: DEBUG cinder.volume.drivers.remotefs [None req-3ab585cc-a584-40d5-9942-557f6da28f4e tempest-VolumesDeleteCascade-1634571914 None] Creating offline snapshot 40cf266a-b355-4541-a50f-43d2d1dbde8e of volume cf152471-6464-4a0c-856f-9b033a2a2802 {{(pid=84171) _create_snapshot /opt/stack/cinder/cinder/volume/drivers/remotefs.py:1816}}
Apr 29 11:33:16 devstack cinder-volume[84171]: DEBUG oslo.privsep.daemon [-] privsep: reply[73e5e059-fa28-4f56-88da-6a608e073099]: (4, 'qcow2') {{(pid=85100) _call_back /opt/stack/data/venv/lib/python3.12/site-packages/oslo_privsep/daemon.py:573}}
Apr 29 11:33:16 devstack cinder-volume[84171]: DEBUG oslo_concurrency.processutils [None req-3ab585cc-a584-40d5-9942-557f6da28f4e tempest-VolumesDeleteCascade-1634571914 None] Running cmd (subprocess): /opt/stack/data/venv/bin/python3.12 -m oslo_concurrency.prlimit --as=1073741824 --cpu=60 -- sudo cinder-rootwrap /etc/cinder/rootwrap.conf env LC_ALL=C qemu-img info -f qcow2 --output=json --force-share /opt/stack/data/cinder/mnt/b099ffbc0c783f4d3f2b386aef6e4cb4/volume-cf152471-6464-4a0c-856f-9b033a2a2802.2aa18744-0e02-4cfb-b28d-d69a05b39a30 {{(pid=84171) execute /opt/stack/data/venv/lib/python3.12/site-packages/oslo_concurrency/processutils.py:440}}
Apr 29 11:33:16 devstack sudo[88984]: quobyte : PWD=/ ; USER=root ; COMMAND=/opt/stack/data/venv/bin/cinder-rootwrap /etc/cinder/rootwrap.conf env LC_ALL=C qemu-img info -f qcow2 --output=json --force-share /opt/stack/data/cinder/mnt/b099ffbc0c783f4d3f2b386aef6e4cb4/volume-cf152471-6464-4a0c-856f-9b033a2a2802.2aa18744-0e02-4cfb-b28d-d69a05b39a30
Apr 29 11:33:16 devstack sudo[88984]: pam_unix(sudo:session): session opened for user root(uid=0) by (uid=1000)
Apr 29 11:33:17 devstack sudo[88984]: pam_unix(sudo:session): session closed for user root
Apr 29 11:33:17 devstack cinder-volume[84171]: DEBUG oslo_concurrency.processutils [None req-3ab585cc-a584-40d5-9942-557f6da28f4e tempest-VolumesDeleteCascade-1634571914 None] CMD "/opt/stack/data/venv/bin/python3.12 -m oslo_concurrency.prlimit --as=1073741824 --cpu=60 -- sudo cinder-rootwrap /etc/cinder/rootwrap.conf env LC_ALL=C qemu-img info -f qcow2 --output=json --force-share /opt/stack/data/cinder/mnt/b099ffbc0c783f4d3f2b386aef6e4cb4/volume-cf152471-6464-4a0c-856f-9b033a2a2802.2aa18744-0e02-4cfb-b28d-d69a05b39a30" returned: 0 in 0.857s {{(pid=84171) execute /opt/stack/data/venv/lib/python3.12/site-packages/oslo_concurrency/processutils.py:468}}
Apr 29 11:33:17 devstack cinder-volume[84171]: DEBUG cinder.volume.drivers.remotefs [None req-3ab585cc-a584-40d5-9942-557f6da28f4e tempest-VolumesDeleteCascade-1634571914 None] Fetching qemu-img info with special backing_file_template: (/opt/stack/data/cinder/mnt/[0-9a-f]+/)?(volume-cf152471-6464-4a0c-856f-9b033a2a2802(.(tmp-snap-)?[0-9a-f-]+)?|volume_from_snapshot_cache/(tmp-snap-)?[0-9a-f-]+(.(child-|parent-)[0-9a-f-]+)?)$ {{(pid=84171) _qemu_img_info_base /opt/stack/cinder/cinder/volume/drivers/remotefs.py:896}}
Apr 29 11:33:17 devstack cinder-volume[84171]: DEBUG oslo_concurrency.processutils [None req-3ab585cc-a584-40d5-9942-557f6da28f4e tempest-VolumesDeleteCascade-1634571914 None] Running cmd (subprocess): sudo cinder-rootwrap /etc/cinder/rootwrap.conf qemu-img create -f qcow2 -o backing_file=/opt/stack/data/cinder/mnt/b099ffbc0c783f4d3f2b386aef6e4cb4/volume-cf152471-6464-4a0c-856f-9b033a2a2802.2aa18744-0e02-4cfb-b28d-d69a05b39a30,backing_fmt=qcow2 /opt/stack/data/cinder/mnt/b099ffbc0c783f4d3f2b386aef6e4cb4/volume-cf152471-6464-4a0c-856f-9b033a2a2802.40cf266a-b355-4541-a50f-43d2d1dbde8e 1G {{(pid=84171) execute /opt/stack/data/venv/lib/python3.12/site-packages/oslo_concurrency/processutils.py:440}}
Apr 29 11:33:17 devstack sudo[88990]: quobyte : PWD=/ ; USER=root ; COMMAND=/opt/stack/data/venv/bin/cinder-rootwrap /etc/cinder/rootwrap.conf qemu-img create -f qcow2 -o backing_file=/opt/stack/data/cinder/mnt/b099ffbc0c783f4d3f2b386aef6e4cb4/volume-cf152471-6464-4a0c-856f-9b033a2a2802.2aa18744-0e02-4cfb-b28d-d69a05b39a30,backing_fmt=qcow2 /opt/stack/data/cinder/mnt/b099ffbc0c783f4d3f2b386aef6e4cb4/volume-cf152471-6464-4a0c-856f-9b033a2a2802.40cf266a-b355-4541-a50f-43d2d1dbde8e 1G
Apr 29 11:33:17 devstack sudo[88990]: pam_unix(sudo:session): session opened for user root(uid=0) by (uid=1000)
Apr 29 11:33:18 devstack sudo[88990]: pam_unix(sudo:session): session closed for user root
Apr 29 11:33:18 devstack cinder-volume[84171]: DEBUG oslo_concurrency.processutils [None req-3ab585cc-a584-40d5-9942-557f6da28f4e tempest-VolumesDeleteCascade-1634571914 None] CMD "sudo cinder-rootwrap /etc/cinder/rootwrap.conf qemu-img create -f qcow2 -o backing_file=/opt/stack/data/cinder/mnt/b099ffbc0c783f4d3f2b386aef6e4cb4/volume-cf152471-6464-4a0c-856f-9b033a2a2802.2aa18744-0e02-4cfb-b28d-d69a05b39a30,backing_fmt=qcow2 /opt/stack/data/cinder/mnt/b099ffbc0c783f4d3f2b386aef6e4cb4/volume-cf152471-6464-4a0c-856f-9b033a2a2802.40cf266a-b355-4541-a50f-43d2d1dbde8e 1G" returned: 0 in 0.987s {{(pid=84171) execute /opt/stack/data/venv/lib/python3.12/site-packages/oslo_concurrency/processutils.py:468}}
Apr 29 11:33:18 devstack cinder-volume[84171]: DEBUG oslo_concurrency.processutils [None req-3ab585cc-a584-40d5-9942-557f6da28f4e tempest-VolumesDeleteCascade-1634571914 None] Running cmd (subprocess): sudo cinder-rootwrap /etc/cinder/rootwrap.conf qemu-img rebase -u -b volume-cf152471-6464-4a0c-856f-9b033a2a2802.2aa18744-0e02-4cfb-b28d-d69a05b39a30 -F qcow2 /opt/stack/data/cinder/mnt/b099ffbc0c783f4d3f2b386aef6e4cb4/volume-cf152471-6464-4a0c-856f-9b033a2a2802.40cf266a-b355-4541-a50f-43d2d1dbde8e {{(pid=84171) execute /opt/stack/data/venv/lib/python3.12/site-packages/oslo_concurrency/processutils.py:440}}
Apr 29 11:33:18 devstack sudo[88996]: quobyte : PWD=/ ; USER=root ; COMMAND=/opt/stack/data/venv/bin/cinder-rootwrap /etc/cinder/rootwrap.conf qemu-img rebase -u -b volume-cf152471-6464-4a0c-856f-9b033a2a2802.2aa18744-0e02-4cfb-b28d-d69a05b39a30 -F qcow2 /opt/stack/data/cinder/mnt/b099ffbc0c783f4d3f2b386aef6e4cb4/volume-cf152471-6464-4a0c-856f-9b033a2a2802.40cf266a-b355-4541-a50f-43d2d1dbde8e
Apr 29 11:33:18 devstack sudo[88996]: pam_unix(sudo:session): session opened for user root(uid=0) by (uid=1000)
Apr 29 11:33:19 devstack sudo[88996]: pam_unix(sudo:session): session closed for user root
Apr 29 11:33:19 devstack cinder-volume[84171]: DEBUG oslo_concurrency.processutils [None req-3ab585cc-a584-40d5-9942-557f6da28f4e tempest-VolumesDeleteCascade-1634571914 None] CMD "sudo cinder-rootwrap /etc/cinder/rootwrap.conf qemu-img rebase -u -b volume-cf152471-6464-4a0c-856f-9b033a2a2802.2aa18744-0e02-4cfb-b28d-d69a05b39a30 -F qcow2 /opt/stack/data/cinder/mnt/b099ffbc0c783f4d3f2b386aef6e4cb4/volume-cf152471-6464-4a0c-856f-9b033a2a2802.40cf266a-b355-4541-a50f-43d2d1dbde8e" returned: 0 in 0.827s {{(pid=84171) execute /opt/stack/data/venv/lib/python3.12/site-packages/oslo_concurrency/processutils.py:468}}
Apr 29 11:33:19 devstack cinder-volume[84171]: WARNING cinder.volume.drivers.remotefs [None req-3ab585cc-a584-40d5-9942-557f6da28f4e tempest-VolumesDeleteCascade-1634571914 None] /opt/stack/data/cinder/mnt/b099ffbc0c783f4d3f2b386aef6e4cb4/volume-cf152471-6464-4a0c-856f-9b033a2a2802.40cf266a-b355-4541-a50f-43d2d1dbde8e is being set with open permissions: ugo+rw
Apr 29 11:33:19 devstack cinder-volume[84171]: DEBUG oslo_concurrency.processutils [None req-3ab585cc-a584-40d5-9942-557f6da28f4e tempest-VolumesDeleteCascade-1634571914 None] Running cmd (subprocess): sudo cinder-rootwrap /etc/cinder/rootwrap.conf chmod ugo+rw /opt/stack/data/cinder/mnt/b099ffbc0c783f4d3f2b386aef6e4cb4/volume-cf152471-6464-4a0c-856f-9b033a2a2802.40cf266a-b355-4541-a50f-43d2d1dbde8e {{(pid=84171) execute /opt/stack/data/venv/lib/python3.12/site-packages/oslo_concurrency/processutils.py:440}}
Apr 29 11:33:19 devstack sudo[89001]: quobyte : PWD=/ ; USER=root ; COMMAND=/opt/stack/data/venv/bin/cinder-rootwrap /etc/cinder/rootwrap.conf chmod ugo+rw /opt/stack/data/cinder/mnt/b099ffbc0c783f4d3f2b386aef6e4cb4/volume-cf152471-6464-4a0c-856f-9b033a2a2802.40cf266a-b355-4541-a50f-43d2d1dbde8e
Apr 29 11:33:19 devstack sudo[89001]: pam_unix(sudo:session): session opened for user root(uid=0) by (uid=1000)
Apr 29 11:33:19 devstack sudo[89001]: pam_unix(sudo:session): session closed for user root
Apr 29 11:33:19 devstack cinder-volume[84171]: DEBUG oslo_concurrency.processutils [None req-3ab585cc-a584-40d5-9942-557f6da28f4e tempest-VolumesDeleteCascade-1634571914 None] CMD "sudo cinder-rootwrap /etc/cinder/rootwrap.conf chmod ugo+rw /opt/stack/data/cinder/mnt/b099ffbc0c783f4d3f2b386aef6e4cb4/volume-cf152471-6464-4a0c-856f-9b033a2a2802.40cf266a-b355-4541-a50f-43d2d1dbde8e" returned: 0 in 0.738s {{(pid=84171) execute /opt/stack/data/venv/lib/python3.12/site-packages/oslo_concurrency/processutils.py:468}}
Apr 29 11:33:20 devstack cinder-volume[84171]: DEBUG oslo_concurrency.lockutils [None req-3ab585cc-a584-40d5-9942-557f6da28f4e tempest-VolumesDeleteCascade-1634571914 None] Lock "quobyte" "released" by "cinder.volume.drivers.quobyte.QuobyteDriver.create_snapshot" :: held 3.557s {{(pid=84171) inner /opt/stack/data/venv/lib/python3.12/site-packages/oslo_concurrency/lockutils.py:538}}
Apr 29 11:33:20 devstack cinder-volume[84171]: INFO cinder.volume.manager [None req-3ab585cc-a584-40d5-9942-557f6da28f4e tempest-VolumesDeleteCascade-1634571914 None] Create snapshot completed successfully
Apr 29 11:33:20 devstack cinder-volume[84171]: DEBUG cinder.coordination [None req-58f9f096-a801-4fda-b7c7-368cfe483d04 tempest-VolumesDeleteCascade-1634571914 None] Acquiring lock "cinder-cf152471-6464-4a0c-856f-9b033a2a2802-delete_volume" by "delete_volume" {{(pid=84171) __acquire /opt/stack/cinder/cinder/coordination.py:138}}
Apr 29 11:33:20 devstack cinder-volume[84171]: DEBUG cinder.coordination [None req-58f9f096-a801-4fda-b7c7-368cfe483d04 tempest-VolumesDeleteCascade-1634571914 None] Lock "cinder-cf152471-6464-4a0c-856f-9b033a2a2802-delete_volume" acquired by "delete_volume" :: waited 0.028s {{(pid=84171) __acquire /opt/stack/cinder/cinder/coordination.py:141}}
Apr 29 11:33:20 devstack cinder-volume[84171]: DEBUG cinder.volume.manager [None req-58f9f096-a801-4fda-b7c7-368cfe483d04 tempest-VolumesDeleteCascade-1634571914 None] Performing cascade delete. {{(pid=84171) delete_volume /opt/stack/cinder/cinder/volume/manager.py:995}}
Apr 29 11:33:20 devstack cinder-volume[84171]: DEBUG cinder.coordination [None req-58f9f096-a801-4fda-b7c7-368cfe483d04 tempest-VolumesDeleteCascade-1634571914 None] Acquiring lock "cinder-2aa18744-0e02-4cfb-b28d-d69a05b39a30-delete_snapshot" by "delete_snapshot" {{(pid=84171) __acquire /opt/stack/cinder/cinder/coordination.py:138}}
Apr 29 11:33:20 devstack cinder-volume[84171]: DEBUG cinder.coordination [None req-58f9f096-a801-4fda-b7c7-368cfe483d04 tempest-VolumesDeleteCascade-1634571914 None] Lock "cinder-2aa18744-0e02-4cfb-b28d-d69a05b39a30-delete_snapshot" acquired by "delete_snapshot" :: waited 0.025s {{(pid=84171) __acquire /opt/stack/cinder/cinder/coordination.py:141}}
Apr 29 11:33:21 devstack cinder-volume[84171]: DEBUG cinder.coordination [None req-58f9f096-a801-4fda-b7c7-368cfe483d04 tempest-VolumesDeleteCascade-1634571914 None] Acquiring lock "cinder-quobyte-cf152471-6464-4a0c-856f-9b033a2a2802" by "delete_snapshot" {{(pid=84171) __acquire /opt/stack/cinder/cinder/coordination.py:138}}
Apr 29 11:33:21 devstack cinder-volume[84171]: DEBUG cinder.coordination [None req-58f9f096-a801-4fda-b7c7-368cfe483d04 tempest-VolumesDeleteCascade-1634571914 None] Lock "cinder-quobyte-cf152471-6464-4a0c-856f-9b033a2a2802" acquired by "delete_snapshot" :: waited 0.024s {{(pid=84171) __acquire /opt/stack/cinder/cinder/coordination.py:141}}
Apr 29 11:33:21 devstack cinder-volume[84171]: DEBUG cinder.coordination [None req-58f9f096-a801-4fda-b7c7-368cfe483d04 tempest-VolumesDeleteCascade-1634571914 None] Acquiring lock "cinder-quobyte-2aa18744-0e02-4cfb-b28d-d69a05b39a30" by "_delete_snapshot" {{(pid=84171) __acquire /opt/stack/cinder/cinder/coordination.py:138}}
Apr 29 11:33:21 devstack cinder-volume[84171]: DEBUG cinder.coordination [None req-58f9f096-a801-4fda-b7c7-368cfe483d04 tempest-VolumesDeleteCascade-1634571914 None] Lock "cinder-quobyte-2aa18744-0e02-4cfb-b28d-d69a05b39a30" acquired by "_delete_snapshot" :: waited 0.019s {{(pid=84171) __acquire /opt/stack/cinder/cinder/coordination.py:141}}
Apr 29 11:33:21 devstack cinder-volume[84171]: DEBUG cinder.volume.drivers.remotefs [None req-58f9f096-a801-4fda-b7c7-368cfe483d04 tempest-VolumesDeleteCascade-1634571914 None] Deleting offline snapshot 2aa18744-0e02-4cfb-b28d-d69a05b39a30 of volume cf152471-6464-4a0c-856f-9b033a2a2802 {{(pid=84171) _delete_snapshot /opt/stack/cinder/cinder/volume/drivers/remotefs.py:1288}}
Apr 29 11:33:21 devstack cinder-volume[84171]: DEBUG cinder.volume.drivers.remotefs [None req-58f9f096-a801-4fda-b7c7-368cfe483d04 tempest-VolumesDeleteCascade-1634571914 None] snapshot_file for this snap is: volume-cf152471-6464-4a0c-856f-9b033a2a2802.2aa18744-0e02-4cfb-b28d-d69a05b39a30 {{(pid=84171) _delete_snapshot /opt/stack/cinder/cinder/volume/drivers/remotefs.py:1317}}
Apr 29 11:33:21 devstack cinder-volume[84171]: DEBUG oslo.privsep.daemon [-] privsep: reply[cb0b5265-8a75-4dbb-8c74-b8f698dc01c2]: (4, 'qcow2') {{(pid=85100) _call_back /opt/stack/data/venv/lib/python3.12/site-packages/oslo_privsep/daemon.py:573}}
Apr 29 11:33:21 devstack cinder-volume[84171]: DEBUG oslo_concurrency.processutils [None req-58f9f096-a801-4fda-b7c7-368cfe483d04 tempest-VolumesDeleteCascade-1634571914 None] Running cmd (subprocess): /opt/stack/data/venv/bin/python3.12 -m oslo_concurrency.prlimit --as=1073741824 --cpu=60 -- sudo cinder-rootwrap /etc/cinder/rootwrap.conf env LC_ALL=C qemu-img info -f qcow2 --output=json --force-share /opt/stack/data/cinder/mnt/b099ffbc0c783f4d3f2b386aef6e4cb4/volume-cf152471-6464-4a0c-856f-9b033a2a2802.2aa18744-0e02-4cfb-b28d-d69a05b39a30 {{(pid=84171) execute /opt/stack/data/venv/lib/python3.12/site-packages/oslo_concurrency/processutils.py:440}}
Apr 29 11:33:21 devstack sudo[89038]: quobyte : PWD=/ ; USER=root ; COMMAND=/opt/stack/data/venv/bin/cinder-rootwrap /etc/cinder/rootwrap.conf env LC_ALL=C qemu-img info -f qcow2 --output=json --force-share /opt/stack/data/cinder/mnt/b099ffbc0c783f4d3f2b386aef6e4cb4/volume-cf152471-6464-4a0c-856f-9b033a2a2802.2aa18744-0e02-4cfb-b28d-d69a05b39a30
Apr 29 11:33:21 devstack sudo[89038]: pam_unix(sudo:session): session opened for user root(uid=0) by (uid=1000)
Apr 29 11:33:22 devstack sudo[89038]: pam_unix(sudo:session): session closed for user root
Apr 29 11:33:22 devstack cinder-volume[84171]: DEBUG oslo_concurrency.processutils [None req-58f9f096-a801-4fda-b7c7-368cfe483d04 tempest-VolumesDeleteCascade-1634571914 None] CMD "/opt/stack/data/venv/bin/python3.12 -m oslo_concurrency.prlimit --as=1073741824 --cpu=60 -- sudo cinder-rootwrap /etc/cinder/rootwrap.conf env LC_ALL=C qemu-img info -f qcow2 --output=json --force-share /opt/stack/data/cinder/mnt/b099ffbc0c783f4d3f2b386aef6e4cb4/volume-cf152471-6464-4a0c-856f-9b033a2a2802.2aa18744-0e02-4cfb-b28d-d69a05b39a30" returned: 0 in 0.975s {{(pid=84171) execute /opt/stack/data/venv/lib/python3.12/site-packages/oslo_concurrency/processutils.py:468}}
Apr 29 11:33:22 devstack cinder-volume[84171]: DEBUG cinder.volume.drivers.remotefs [None req-58f9f096-a801-4fda-b7c7-368cfe483d04 tempest-VolumesDeleteCascade-1634571914 None] Fetching qemu-img info with special backing_file_template: (/opt/stack/data/cinder/mnt/[0-9a-f]+/)?(volume-cf152471-6464-4a0c-856f-9b033a2a2802(.(tmp-snap-)?[0-9a-f-]+)?|volume_from_snapshot_cache/(tmp-snap-)?[0-9a-f-]+(.(child-|parent-)[0-9a-f-]+)?)$ {{(pid=84171) _qemu_img_info_base /opt/stack/cinder/cinder/volume/drivers/remotefs.py:896}}
Apr 29 11:33:22 devstack cinder-volume[84171]: DEBUG oslo.privsep.daemon [-] privsep: reply[5b1bdf10-32bb-41c6-9d8a-e6767292f97e]: (4, 'qcow2') {{(pid=85100) _call_back /opt/stack/data/venv/lib/python3.12/site-packages/oslo_privsep/daemon.py:573}}
Apr 29 11:33:22 devstack cinder-volume[84171]: DEBUG oslo_concurrency.processutils [None req-58f9f096-a801-4fda-b7c7-368cfe483d04 tempest-VolumesDeleteCascade-1634571914 None] Running cmd (subprocess): /opt/stack/data/venv/bin/python3.12 -m oslo_concurrency.prlimit --as=1073741824 --cpu=60 -- sudo cinder-rootwrap /etc/cinder/rootwrap.conf env LC_ALL=C qemu-img info -f qcow2 --output=json --force-share /opt/stack/data/cinder/mnt/b099ffbc0c783f4d3f2b386aef6e4cb4/volume-cf152471-6464-4a0c-856f-9b033a2a2802 {{(pid=84171) execute /opt/stack/data/venv/lib/python3.12/site-packages/oslo_concurrency/processutils.py:440}}
Apr 29 11:33:22 devstack sudo[89045]: quobyte : PWD=/ ; USER=root ; COMMAND=/opt/stack/data/venv/bin/cinder-rootwrap /etc/cinder/rootwrap.conf env LC_ALL=C qemu-img info -f qcow2 --output=json --force-share /opt/stack/data/cinder/mnt/b099ffbc0c783f4d3f2b386aef6e4cb4/volume-cf152471-6464-4a0c-856f-9b033a2a2802
Apr 29 11:33:22 devstack sudo[89045]: pam_unix(sudo:session): session opened for user root(uid=0) by (uid=1000)
Apr 29 11:33:23 devstack sudo[89045]: pam_unix(sudo:session): session closed for user root
Apr 29 11:33:23 devstack cinder-volume[84171]: DEBUG oslo_concurrency.processutils [None req-58f9f096-a801-4fda-b7c7-368cfe483d04 tempest-VolumesDeleteCascade-1634571914 None] CMD "/opt/stack/data/venv/bin/python3.12 -m oslo_concurrency.prlimit --as=1073741824 --cpu=60 -- sudo cinder-rootwrap /etc/cinder/rootwrap.conf env LC_ALL=C qemu-img info -f qcow2 --output=json --force-share /opt/stack/data/cinder/mnt/b099ffbc0c783f4d3f2b386aef6e4cb4/volume-cf152471-6464-4a0c-856f-9b033a2a2802" returned: 0 in 0.980s {{(pid=84171) execute /opt/stack/data/venv/lib/python3.12/site-packages/oslo_concurrency/processutils.py:468}}
Apr 29 11:33:23 devstack cinder-volume[84171]: DEBUG oslo.privsep.daemon [-] privsep: reply[75ecd411-aab4-4ea5-97ce-def2a6c6d12c]: (4, 'qcow2') {{(pid=85100) _call_back /opt/stack/data/venv/lib/python3.12/site-packages/oslo_privsep/daemon.py:573}}
Apr 29 11:33:23 devstack cinder-volume[84171]: DEBUG oslo_concurrency.processutils [None req-58f9f096-a801-4fda-b7c7-368cfe483d04 tempest-VolumesDeleteCascade-1634571914 None] Running cmd (subprocess): /opt/stack/data/venv/bin/python3.12 -m oslo_concurrency.prlimit --as=1073741824 --cpu=60 -- sudo cinder-rootwrap /etc/cinder/rootwrap.conf env LC_ALL=C qemu-img info -f qcow2 --output=json --force-share /opt/stack/data/cinder/mnt/b099ffbc0c783f4d3f2b386aef6e4cb4/volume-cf152471-6464-4a0c-856f-9b033a2a2802.40cf266a-b355-4541-a50f-43d2d1dbde8e {{(pid=84171) execute /opt/stack/data/venv/lib/python3.12/site-packages/oslo_concurrency/processutils.py:440}}
Apr 29 11:33:23 devstack sudo[89050]: quobyte : PWD=/ ; USER=root ; COMMAND=/opt/stack/data/venv/bin/cinder-rootwrap /etc/cinder/rootwrap.conf env LC_ALL=C qemu-img info -f qcow2 --output=json --force-share /opt/stack/data/cinder/mnt/b099ffbc0c783f4d3f2b386aef6e4cb4/volume-cf152471-6464-4a0c-856f-9b033a2a2802.40cf266a-b355-4541-a50f-43d2d1dbde8e
Apr 29 11:33:23 devstack sudo[89050]: pam_unix(sudo:session): session opened for user root(uid=0) by (uid=1000)
Apr 29 11:33:24 devstack sudo[89050]: pam_unix(sudo:session): session closed for user root
Apr 29 11:33:24 devstack cinder-volume[84171]: DEBUG oslo_concurrency.processutils [None req-58f9f096-a801-4fda-b7c7-368cfe483d04 tempest-VolumesDeleteCascade-1634571914 None] CMD "/opt/stack/data/venv/bin/python3.12 -m oslo_concurrency.prlimit --as=1073741824 --cpu=60 -- sudo cinder-rootwrap /etc/cinder/rootwrap.conf env LC_ALL=C qemu-img info -f qcow2 --output=json --force-share /opt/stack/data/cinder/mnt/b099ffbc0c783f4d3f2b386aef6e4cb4/volume-cf152471-6464-4a0c-856f-9b033a2a2802.40cf266a-b355-4541-a50f-43d2d1dbde8e" returned: 0 in 0.948s {{(pid=84171) execute /opt/stack/data/venv/lib/python3.12/site-packages/oslo_concurrency/processutils.py:468}}
Apr 29 11:33:24 devstack cinder-volume[84171]: DEBUG cinder.volume.drivers.remotefs [None req-58f9f096-a801-4fda-b7c7-368cfe483d04 tempest-VolumesDeleteCascade-1634571914 None] Fetching qemu-img info with special backing_file_template: (/opt/stack/data/cinder/mnt/[0-9a-f]+/)?(volume-cf152471-6464-4a0c-856f-9b033a2a2802(.(tmp-snap-)?[0-9a-f-]+)?|volume_from_snapshot_cache/(tmp-snap-)?[0-9a-f-]+(.(child-|parent-)[0-9a-f-]+)?)$ {{(pid=84171) _qemu_img_info_base /opt/stack/cinder/cinder/volume/drivers/remotefs.py:896}}
Apr 29 11:33:24 devstack cinder-volume[84171]: DEBUG oslo.privsep.daemon [-] privsep: reply[826ae8a4-316d-4192-85ba-37d613f41681]: (4, 'qcow2') {{(pid=85100) _call_back /opt/stack/data/venv/lib/python3.12/site-packages/oslo_privsep/daemon.py:573}}
Apr 29 11:33:24 devstack cinder-volume[84171]: DEBUG oslo_concurrency.processutils [None req-58f9f096-a801-4fda-b7c7-368cfe483d04 tempest-VolumesDeleteCascade-1634571914 None] Running cmd (subprocess): /opt/stack/data/venv/bin/python3.12 -m oslo_concurrency.prlimit --as=1073741824 --cpu=60 -- sudo cinder-rootwrap /etc/cinder/rootwrap.conf env LC_ALL=C qemu-img info -f qcow2 --output=json --force-share /opt/stack/data/cinder/mnt/b099ffbc0c783f4d3f2b386aef6e4cb4/volume-cf152471-6464-4a0c-856f-9b033a2a2802.2aa18744-0e02-4cfb-b28d-d69a05b39a30 {{(pid=84171) execute /opt/stack/data/venv/lib/python3.12/site-packages/oslo_concurrency/processutils.py:440}}
Apr 29 11:33:24 devstack sudo[89056]: quobyte : PWD=/ ; USER=root ; COMMAND=/opt/stack/data/venv/bin/cinder-rootwrap /etc/cinder/rootwrap.conf env LC_ALL=C qemu-img info -f qcow2 --output=json --force-share /opt/stack/data/cinder/mnt/b099ffbc0c783f4d3f2b386aef6e4cb4/volume-cf152471-6464-4a0c-856f-9b033a2a2802.2aa18744-0e02-4cfb-b28d-d69a05b39a30
Apr 29 11:33:24 devstack sudo[89056]: pam_unix(sudo:session): session opened for user root(uid=0) by (uid=1000)
Apr 29 11:33:24 devstack sudo[89056]: pam_unix(sudo:session): session closed for user root
Apr 29 11:33:24 devstack cinder-volume[84171]: DEBUG oslo_concurrency.processutils [None req-58f9f096-a801-4fda-b7c7-368cfe483d04 tempest-VolumesDeleteCascade-1634571914 None] CMD "/opt/stack/data/venv/bin/python3.12 -m oslo_concurrency.prlimit --as=1073741824 --cpu=60 -- sudo cinder-rootwrap /etc/cinder/rootwrap.conf env LC_ALL=C qemu-img info -f qcow2 --output=json --force-share /opt/stack/data/cinder/mnt/b099ffbc0c783f4d3f2b386aef6e4cb4/volume-cf152471-6464-4a0c-856f-9b033a2a2802.2aa18744-0e02-4cfb-b28d-d69a05b39a30" returned: 0 in 0.845s {{(pid=84171) execute /opt/stack/data/venv/lib/python3.12/site-packages/oslo_concurrency/processutils.py:468}}
Apr 29 11:33:24 devstack cinder-volume[84171]: DEBUG cinder.volume.drivers.remotefs [None req-58f9f096-a801-4fda-b7c7-368cfe483d04 tempest-VolumesDeleteCascade-1634571914 None] Fetching qemu-img info with special backing_file_template: (/opt/stack/data/cinder/mnt/[0-9a-f]+/)?(volume-cf152471-6464-4a0c-856f-9b033a2a2802(.(tmp-snap-)?[0-9a-f-]+)?|volume_from_snapshot_cache/(tmp-snap-)?[0-9a-f-]+(.(child-|parent-)[0-9a-f-]+)?)$ {{(pid=84171) _qemu_img_info_base /opt/stack/cinder/cinder/volume/drivers/remotefs.py:896}}
Apr 29 11:33:25 devstack cinder-volume[84171]: DEBUG oslo.privsep.daemon [-] privsep: reply[373c06e4-e89b-481c-b8a8-5f394fe24a7f]: (4, 'qcow2') {{(pid=85100) _call_back /opt/stack/data/venv/lib/python3.12/site-packages/oslo_privsep/daemon.py:573}}
Apr 29 11:33:25 devstack cinder-volume[84171]: DEBUG oslo_concurrency.processutils [None req-58f9f096-a801-4fda-b7c7-368cfe483d04 tempest-VolumesDeleteCascade-1634571914 None] Running cmd (subprocess): /opt/stack/data/venv/bin/python3.12 -m oslo_concurrency.prlimit --as=1073741824 --cpu=60 -- sudo cinder-rootwrap /etc/cinder/rootwrap.conf env LC_ALL=C qemu-img info -f qcow2 --output=json --force-share /opt/stack/data/cinder/mnt/b099ffbc0c783f4d3f2b386aef6e4cb4/volume-cf152471-6464-4a0c-856f-9b033a2a2802 {{(pid=84171) execute /opt/stack/data/venv/lib/python3.12/site-packages/oslo_concurrency/processutils.py:440}}
Apr 29 11:33:25 devstack sudo[89063]: quobyte : PWD=/ ; USER=root ; COMMAND=/opt/stack/data/venv/bin/cinder-rootwrap /etc/cinder/rootwrap.conf env LC_ALL=C qemu-img info -f qcow2 --output=json --force-share /opt/stack/data/cinder/mnt/b099ffbc0c783f4d3f2b386aef6e4cb4/volume-cf152471-6464-4a0c-856f-9b033a2a2802
Apr 29 11:33:25 devstack sudo[89063]: pam_unix(sudo:session): session opened for user root(uid=0) by (uid=1000)
Apr 29 11:33:25 devstack sudo[89063]: pam_unix(sudo:session): session closed for user root
Apr 29 11:33:25 devstack cinder-volume[84171]: DEBUG oslo_concurrency.processutils [None req-58f9f096-a801-4fda-b7c7-368cfe483d04 tempest-VolumesDeleteCascade-1634571914 None] CMD "/opt/stack/data/venv/bin/python3.12 -m oslo_concurrency.prlimit --as=1073741824 --cpu=60 -- sudo cinder-rootwrap /etc/cinder/rootwrap.conf env LC_ALL=C qemu-img info -f qcow2 --output=json --force-share /opt/stack/data/cinder/mnt/b099ffbc0c783f4d3f2b386aef6e4cb4/volume-cf152471-6464-4a0c-856f-9b033a2a2802" returned: 0 in 0.824s {{(pid=84171) execute /opt/stack/data/venv/lib/python3.12/site-packages/oslo_concurrency/processutils.py:468}}
Apr 29 11:33:25 devstack cinder-volume[84171]: DEBUG oslo_concurrency.processutils [None req-58f9f096-a801-4fda-b7c7-368cfe483d04 tempest-VolumesDeleteCascade-1634571914 None] Running cmd (subprocess): sudo cinder-rootwrap /etc/cinder/rootwrap.conf qemu-img commit -d /opt/stack/data/cinder/mnt/b099ffbc0c783f4d3f2b386aef6e4cb4/volume-cf152471-6464-4a0c-856f-9b033a2a2802.2aa18744-0e02-4cfb-b28d-d69a05b39a30 {{(pid=84171) execute /opt/stack/data/venv/lib/python3.12/site-packages/oslo_concurrency/processutils.py:440}}
Apr 29 11:33:25 devstack sudo[89068]: quobyte : PWD=/ ; USER=root ; COMMAND=/opt/stack/data/venv/bin/cinder-rootwrap /etc/cinder/rootwrap.conf qemu-img commit -d /opt/stack/data/cinder/mnt/b099ffbc0c783f4d3f2b386aef6e4cb4/volume-cf152471-6464-4a0c-856f-9b033a2a2802.2aa18744-0e02-4cfb-b28d-d69a05b39a30
Apr 29 11:33:25 devstack sudo[89068]: pam_unix(sudo:session): session opened for user root(uid=0) by (uid=1000)
Apr 29 11:33:26 devstack cinder-volume[84171]: DEBUG cinder.volume.flows.manager.create_volume [None req-9116d152-0d1b-4451-b9cb-ee74c286e928 tempest-SnapshotsActionsTest-140518924 None] Volume reschedule parameters: True retry: {'num_attempts': 1, 'backends': ['devstack@QuobyteHD#QuobyteHD'], 'hosts': ['devstack@QuobyteHD#QuobyteHD']} {{(pid=84171) get_flow /opt/stack/cinder/cinder/volume/flows/manager/create_volume.py:1395}}
Apr 29 11:33:26 devstack cinder-volume[84171]: DEBUG cinder.volume.manager [None req-9116d152-0d1b-4451-b9cb-ee74c286e928 tempest-SnapshotsActionsTest-140518924 None] Flow 'volume_create_manager' (a44b26ea-0ea8-4639-b937-df24a7e8ab99) transitioned into state 'RUNNING' from state 'PENDING' {{(pid=84171) _flow_receiver /opt/stack/data/venv/lib/python3.12/site-packages/taskflow/listeners/logging.py:145}}
Apr 29 11:33:26 devstack cinder-volume[84171]: DEBUG cinder.volume.manager [None req-9116d152-0d1b-4451-b9cb-ee74c286e928 tempest-SnapshotsActionsTest-140518924 None] Task 'cinder.volume.flows.manager.create_volume.ExtractVolumeRefTask;volume:create' (35a77f76-afee-45e4-a7a9-c86284716ae7) transitioned into state 'RUNNING' from state 'PENDING' {{(pid=84171) _task_receiver /opt/stack/data/venv/lib/python3.12/site-packages/taskflow/listeners/logging.py:194}}
Apr 29 11:33:26 devstack cinder-volume[84171]: DEBUG cinder.volume.manager [None req-9116d152-0d1b-4451-b9cb-ee74c286e928 tempest-SnapshotsActionsTest-140518924 None] Task 'cinder.volume.flows.manager.create_volume.ExtractVolumeRefTask;volume:create' (35a77f76-afee-45e4-a7a9-c86284716ae7) transitioned into state 'SUCCESS' from state 'RUNNING' with result 'Volume(_name_id=None,admin_metadata=,attach_status='detached',availability_zone='nova',bootable=False,cluster=,cluster_name=None,consistencygroup=,consistencygroup_id=None,created_at=2026-04-29T09:33:26Z,deleted=False,deleted_at=None,display_description=None,display_name='tempest-SnapshotsActionsTest-Volume-990065587',ec2_id=None,encryption_key_id=None,glance_metadata=,group=,group_id=None,host='devstack@QuobyteHD#QuobyteHD',id=d4384088-e052-4768-8b9c-3cd32c15cd26,launched_at=None,metadata={},migration_status=None,multiattach=False,previous_status=None,project_id='b704c48fca8a4364aa03f39ebebe1af7',provider_auth=None,provider_geometry=None,provider_id=None,provider_location=None,replication_driver_data=None,replication_extended_status=None,replication_status=None,scheduled_at=2026-04-29T09:33:26Z,service_uuid=None,shared_targets=True,size=1,snapshot_id=None,snapshots=,source_volid=None,status='creating',terminated_at=None,updated_at=2026-04-29T09:33:26Z,use_quota=True,user_id='d5445d1a0c4347468b03185653d9a12f',volume_attachment=VolumeAttachmentList,volume_type=VolumeType(e7c358cc-659e-4b5c-abff-018c6a72d0b2),volume_type_id=e7c358cc-659e-4b5c-abff-018c6a72d0b2)' {{(pid=84171) _task_receiver /opt/stack/data/venv/lib/python3.12/site-packages/taskflow/listeners/logging.py:182}}
Apr 29 11:33:26 devstack cinder-volume[84171]: DEBUG cinder.volume.manager [None req-9116d152-0d1b-4451-b9cb-ee74c286e928 tempest-SnapshotsActionsTest-140518924 None] Task 'cinder.volume.flows.manager.create_volume.OnFailureRescheduleTask;volume:create' (79f9538a-32c5-4892-97da-a3e8ed146d5d) transitioned into state 'RUNNING' from state 'PENDING' {{(pid=84171) _task_receiver /opt/stack/data/venv/lib/python3.12/site-packages/taskflow/listeners/logging.py:194}}
Apr 29 11:33:26 devstack cinder-volume[84171]: DEBUG cinder.volume.manager [None req-9116d152-0d1b-4451-b9cb-ee74c286e928 tempest-SnapshotsActionsTest-140518924 None] Task 'cinder.volume.flows.manager.create_volume.OnFailureRescheduleTask;volume:create' (79f9538a-32c5-4892-97da-a3e8ed146d5d) transitioned into state 'SUCCESS' from state 'RUNNING' with result 'None' {{(pid=84171) _task_receiver /opt/stack/data/venv/lib/python3.12/site-packages/taskflow/listeners/logging.py:182}}
Apr 29 11:33:26 devstack cinder-volume[84171]: DEBUG cinder.volume.manager [None req-9116d152-0d1b-4451-b9cb-ee74c286e928 tempest-SnapshotsActionsTest-140518924 None] Task 'cinder.volume.flows.manager.create_volume.ExtractVolumeSpecTask;volume:create' (28dc9400-2414-43de-9ca4-9becbb26f17f) transitioned into state 'RUNNING' from state 'PENDING' {{(pid=84171) _task_receiver /opt/stack/data/venv/lib/python3.12/site-packages/taskflow/listeners/logging.py:194}}
Apr 29 11:33:26 devstack cinder-volume[84171]: DEBUG cinder.volume.manager [None req-9116d152-0d1b-4451-b9cb-ee74c286e928 tempest-SnapshotsActionsTest-140518924 None] Task 'cinder.volume.flows.manager.create_volume.ExtractVolumeSpecTask;volume:create' (28dc9400-2414-43de-9ca4-9becbb26f17f) transitioned into state 'SUCCESS' from state 'RUNNING' with result '{'status': 'creating', 'type': 'raw', 'volume_id': 'd4384088-e052-4768-8b9c-3cd32c15cd26', 'volume_name': 'volume-d4384088-e052-4768-8b9c-3cd32c15cd26', 'volume_size': 1}' {{(pid=84171) _task_receiver /opt/stack/data/venv/lib/python3.12/site-packages/taskflow/listeners/logging.py:182}}
Apr 29 11:33:26 devstack cinder-volume[84171]: DEBUG cinder.volume.manager [None req-9116d152-0d1b-4451-b9cb-ee74c286e928 tempest-SnapshotsActionsTest-140518924 None] Task 'cinder.volume.flows.manager.create_volume.NotifyVolumeActionTask;volume:create, create.start' (8269b84b-067e-4543-9cc1-1af77d181a2d) transitioned into state 'RUNNING' from state 'PENDING' {{(pid=84171) _task_receiver /opt/stack/data/venv/lib/python3.12/site-packages/taskflow/listeners/logging.py:194}}
Apr 29 11:33:26 devstack cinder-volume[84171]: DEBUG cinder.volume.manager [None req-9116d152-0d1b-4451-b9cb-ee74c286e928 tempest-SnapshotsActionsTest-140518924 None] Task 'cinder.volume.flows.manager.create_volume.NotifyVolumeActionTask;volume:create, create.start' (8269b84b-067e-4543-9cc1-1af77d181a2d) transitioned into state 'SUCCESS' from state 'RUNNING' with result 'None' {{(pid=84171) _task_receiver /opt/stack/data/venv/lib/python3.12/site-packages/taskflow/listeners/logging.py:182}}
Apr 29 11:33:26 devstack cinder-volume[84171]: DEBUG cinder.volume.manager [None req-9116d152-0d1b-4451-b9cb-ee74c286e928 tempest-SnapshotsActionsTest-140518924 None] Task 'cinder.volume.flows.manager.create_volume.CreateVolumeFromSpecTask;volume:create' (413387e4-fd1e-4b67-a3e8-3a041b85e7f8) transitioned into state 'RUNNING' from state 'PENDING' {{(pid=84171) _task_receiver /opt/stack/data/venv/lib/python3.12/site-packages/taskflow/listeners/logging.py:194}}
Apr 29 11:33:26 devstack cinder-volume[84171]: INFO cinder.volume.flows.manager.create_volume [None req-9116d152-0d1b-4451-b9cb-ee74c286e928 tempest-SnapshotsActionsTest-140518924 None] Volume d4384088-e052-4768-8b9c-3cd32c15cd26: being created as raw with specification: {'status': 'creating', 'volume_name': 'volume-d4384088-e052-4768-8b9c-3cd32c15cd26', 'volume_size': 1}
Apr 29 11:33:26 devstack cinder-volume[84171]: DEBUG oslo_concurrency.lockutils [None req-9116d152-0d1b-4451-b9cb-ee74c286e928 tempest-SnapshotsActionsTest-140518924 None] Acquiring lock "quobyte" by "cinder.volume.drivers.quobyte.QuobyteDriver.create_volume" {{(pid=84171) inner /opt/stack/data/venv/lib/python3.12/site-packages/oslo_concurrency/lockutils.py:506}}
Apr 29 11:33:26 devstack cinder-volume[84171]: DEBUG oslo_concurrency.lockutils [None req-9116d152-0d1b-4451-b9cb-ee74c286e928 tempest-SnapshotsActionsTest-140518924 None] Lock "quobyte" acquired by "cinder.volume.drivers.quobyte.QuobyteDriver.create_volume" :: waited 0.000s {{(pid=84171) inner /opt/stack/data/venv/lib/python3.12/site-packages/oslo_concurrency/lockutils.py:519}}
Apr 29 11:33:26 devstack cinder-volume[84171]: DEBUG cinder.volume.drivers.quobyte [None req-9116d152-0d1b-4451-b9cb-ee74c286e928 tempest-SnapshotsActionsTest-140518924 None] ==> create_volume: call "{'self': , 'volume': Volume(_name_id=None,admin_metadata=,attach_status='detached',availability_zone='nova',bootable=False,cluster=,cluster_name=None,consistencygroup=,consistencygroup_id=None,created_at=2026-04-29T09:33:26Z,deleted=False,deleted_at=None,display_description=None,display_name='tempest-SnapshotsActionsTest-Volume-990065587',ec2_id=None,encryption_key_id=None,glance_metadata=,group=,group_id=None,host='devstack@QuobyteHD#QuobyteHD',id=d4384088-e052-4768-8b9c-3cd32c15cd26,launched_at=None,metadata={},migration_status=None,multiattach=False,previous_status=None,project_id='b704c48fca8a4364aa03f39ebebe1af7',provider_auth=None,provider_geometry=None,provider_id=None,provider_location=None,replication_driver_data=None,replication_extended_status=None,replication_status=None,scheduled_at=2026-04-29T09:33:26Z,service_uuid=None,shared_targets=True,size=1,snapshot_id=None,snapshots=,source_volid=None,status='creating',terminated_at=None,updated_at=2026-04-29T09:33:26Z,use_quota=True,user_id='d5445d1a0c4347468b03185653d9a12f',volume_attachment=VolumeAttachmentList,volume_type=VolumeType(e7c358cc-659e-4b5c-abff-018c6a72d0b2),volume_type_id=e7c358cc-659e-4b5c-abff-018c6a72d0b2)}" {{(pid=84171) trace_logging_wrapper /opt/stack/cinder/cinder/volume/volume_utils.py:1498}}
Apr 29 11:33:26 devstack cinder-volume[84171]: DEBUG cinder.volume.drivers.remotefs [None req-9116d152-0d1b-4451-b9cb-ee74c286e928 tempest-SnapshotsActionsTest-140518924 None] Creating volume d4384088-e052-4768-8b9c-3cd32c15cd26 {{(pid=84171) create_volume /opt/stack/cinder/cinder/volume/drivers/remotefs.py:292}}
Apr 29 11:33:26 devstack cinder-volume[84171]: DEBUG oslo_concurrency.lockutils [None req-9116d152-0d1b-4451-b9cb-ee74c286e928 tempest-SnapshotsActionsTest-140518924 None] Acquiring lock "quobyte_ensure" by "cinder.volume.drivers.quobyte.QuobyteDriver._ensure_shares_mounted" {{(pid=84171) inner /opt/stack/data/venv/lib/python3.12/site-packages/oslo_concurrency/lockutils.py:506}}
Apr 29 11:33:26 devstack cinder-volume[84171]: DEBUG oslo_concurrency.lockutils [None req-9116d152-0d1b-4451-b9cb-ee74c286e928 tempest-SnapshotsActionsTest-140518924 None] Lock "quobyte_ensure" acquired by "cinder.volume.drivers.quobyte.QuobyteDriver._ensure_shares_mounted" :: waited 0.000s {{(pid=84171) inner /opt/stack/data/venv/lib/python3.12/site-packages/oslo_concurrency/lockutils.py:519}}
Apr 29 11:33:26 devstack cinder-volume[84171]: DEBUG cinder.volume.drivers.quobyte [None req-9116d152-0d1b-4451-b9cb-ee74c286e928 tempest-SnapshotsActionsTest-140518924 None] Quobyte Volume URL set to: {'osci02.corp.quobyte.com/cinder-vol-f902614b-7715-484a-b194-8a92ab6c6169': None} {{(pid=84171) _load_shares_config /opt/stack/cinder/cinder/volume/drivers/quobyte.py:617}}
Apr 29 11:33:26 devstack cinder-volume[84171]: DEBUG cinder.volume.drivers.quobyte [None req-9116d152-0d1b-4451-b9cb-ee74c286e928 tempest-SnapshotsActionsTest-140518924 None] Available shares ['osci02.corp.quobyte.com/cinder-vol-f902614b-7715-484a-b194-8a92ab6c6169'] {{(pid=84171) _ensure_shares_mounted /opt/stack/cinder/cinder/volume/drivers/quobyte.py:647}}
Apr 29 11:33:26 devstack cinder-volume[84171]: DEBUG oslo_concurrency.lockutils [None req-9116d152-0d1b-4451-b9cb-ee74c286e928 tempest-SnapshotsActionsTest-140518924 None] Lock "quobyte_ensure" "released" by "cinder.volume.drivers.quobyte.QuobyteDriver._ensure_shares_mounted" :: held 0.006s {{(pid=84171) inner /opt/stack/data/venv/lib/python3.12/site-packages/oslo_concurrency/lockutils.py:538}}
Apr 29 11:33:26 devstack cinder-volume[84171]: DEBUG cinder.volume.drivers.quobyte [None req-9116d152-0d1b-4451-b9cb-ee74c286e928 tempest-SnapshotsActionsTest-140518924 None] Selected osci02.corp.quobyte.com/cinder-vol-f902614b-7715-484a-b194-8a92ab6c6169 as target Quobyte volume. {{(pid=84171) _find_share /opt/stack/cinder/cinder/volume/drivers/quobyte.py:668}}
Apr 29 11:33:26 devstack cinder-volume[84171]: INFO cinder.volume.drivers.remotefs [None req-9116d152-0d1b-4451-b9cb-ee74c286e928 tempest-SnapshotsActionsTest-140518924 None] casted to osci02.corp.quobyte.com/cinder-vol-f902614b-7715-484a-b194-8a92ab6c6169
Apr 29 11:33:26 devstack cinder-volume[84171]: DEBUG oslo_concurrency.processutils [None req-9116d152-0d1b-4451-b9cb-ee74c286e928 tempest-SnapshotsActionsTest-140518924 None] Running cmd (subprocess): sudo cinder-rootwrap /etc/cinder/rootwrap.conf qemu-img create -f qcow2 -o preallocation=metadata /opt/stack/data/cinder/mnt/b099ffbc0c783f4d3f2b386aef6e4cb4/volume-d4384088-e052-4768-8b9c-3cd32c15cd26 1073741824 {{(pid=84171) execute /opt/stack/data/venv/lib/python3.12/site-packages/oslo_concurrency/processutils.py:440}}
Apr 29 11:33:26 devstack sudo[89070]: quobyte : PWD=/ ; USER=root ; COMMAND=/opt/stack/data/venv/bin/cinder-rootwrap /etc/cinder/rootwrap.conf qemu-img create -f qcow2 -o preallocation=metadata /opt/stack/data/cinder/mnt/b099ffbc0c783f4d3f2b386aef6e4cb4/volume-d4384088-e052-4768-8b9c-3cd32c15cd26 1073741824
Apr 29 11:33:26 devstack sudo[89070]: pam_unix(sudo:session): session opened for user root(uid=0) by (uid=1000)
Apr 29 11:33:26 devstack sudo[89068]: pam_unix(sudo:session): session closed for user root
Apr 29 11:33:26 devstack cinder-volume[84171]: DEBUG oslo_concurrency.processutils [None req-58f9f096-a801-4fda-b7c7-368cfe483d04 tempest-VolumesDeleteCascade-1634571914 None] CMD "sudo cinder-rootwrap /etc/cinder/rootwrap.conf qemu-img commit -d /opt/stack/data/cinder/mnt/b099ffbc0c783f4d3f2b386aef6e4cb4/volume-cf152471-6464-4a0c-856f-9b033a2a2802.2aa18744-0e02-4cfb-b28d-d69a05b39a30" returned: 0 in 0.828s {{(pid=84171) execute /opt/stack/data/venv/lib/python3.12/site-packages/oslo_concurrency/processutils.py:468}}
Apr 29 11:33:26 devstack cinder-volume[84171]: DEBUG oslo_concurrency.processutils [None req-58f9f096-a801-4fda-b7c7-368cfe483d04 tempest-VolumesDeleteCascade-1634571914 None] Running cmd (subprocess): sudo cinder-rootwrap /etc/cinder/rootwrap.conf rm -f /opt/stack/data/cinder/mnt/b099ffbc0c783f4d3f2b386aef6e4cb4/volume-cf152471-6464-4a0c-856f-9b033a2a2802.2aa18744-0e02-4cfb-b28d-d69a05b39a30 {{(pid=84171) execute /opt/stack/data/venv/lib/python3.12/site-packages/oslo_concurrency/processutils.py:440}}
Apr 29 11:33:26 devstack sudo[89075]: quobyte : PWD=/ ; USER=root ; COMMAND=/opt/stack/data/venv/bin/cinder-rootwrap /etc/cinder/rootwrap.conf rm -f /opt/stack/data/cinder/mnt/b099ffbc0c783f4d3f2b386aef6e4cb4/volume-cf152471-6464-4a0c-856f-9b033a2a2802.2aa18744-0e02-4cfb-b28d-d69a05b39a30
Apr 29 11:33:26 devstack sudo[89075]: pam_unix(sudo:session): session opened for user root(uid=0) by (uid=1000)
Apr 29 11:33:27 devstack cinder-volume[84171]: DEBUG cinder.volume.flows.manager.create_volume [None req-f879405b-e8e6-4bb8-9ad2-b90ffafb9044 tempest-VolumeTypesAccessTest-2100426581 None] Volume reschedule parameters: True retry: {'num_attempts': 1, 'backends': ['devstack@QuobyteHD#QuobyteHD'], 'hosts': ['devstack@QuobyteHD#QuobyteHD']} {{(pid=84171) get_flow /opt/stack/cinder/cinder/volume/flows/manager/create_volume.py:1395}}
Apr 29 11:33:27 devstack sudo[89070]: pam_unix(sudo:session): session closed for user root
Apr 29 11:33:27 devstack cinder-volume[84171]: DEBUG cinder.volume.manager [None req-f879405b-e8e6-4bb8-9ad2-b90ffafb9044 tempest-VolumeTypesAccessTest-2100426581 None] Flow 'volume_create_manager' (224da966-acf1-43c4-89fb-8d5f05ca9377) transitioned into state 'RUNNING' from state 'PENDING' {{(pid=84171) _flow_receiver /opt/stack/data/venv/lib/python3.12/site-packages/taskflow/listeners/logging.py:145}}
Apr 29 11:33:27 devstack cinder-volume[84171]: DEBUG cinder.volume.manager [None req-f879405b-e8e6-4bb8-9ad2-b90ffafb9044 tempest-VolumeTypesAccessTest-2100426581 None] Task 'cinder.volume.flows.manager.create_volume.ExtractVolumeRefTask;volume:create' (38065755-ca76-49a1-bed7-3393082b1390) transitioned into state 'RUNNING' from state 'PENDING' {{(pid=84171) _task_receiver /opt/stack/data/venv/lib/python3.12/site-packages/taskflow/listeners/logging.py:194}}
Apr 29 11:33:27 devstack sudo[89075]: pam_unix(sudo:session): session closed for user root
Apr 29 11:33:27 devstack cinder-volume[84171]: DEBUG oslo_concurrency.processutils [None req-58f9f096-a801-4fda-b7c7-368cfe483d04 tempest-VolumesDeleteCascade-1634571914 None] CMD "sudo cinder-rootwrap /etc/cinder/rootwrap.conf rm -f /opt/stack/data/cinder/mnt/b099ffbc0c783f4d3f2b386aef6e4cb4/volume-cf152471-6464-4a0c-856f-9b033a2a2802.2aa18744-0e02-4cfb-b28d-d69a05b39a30" returned: 0 in 0.756s {{(pid=84171) execute /opt/stack/data/venv/lib/python3.12/site-packages/oslo_concurrency/processutils.py:468}}
Apr 29 11:33:27 devstack cinder-volume[84171]: DEBUG oslo_concurrency.processutils [None req-9116d152-0d1b-4451-b9cb-ee74c286e928 tempest-SnapshotsActionsTest-140518924 None] CMD "sudo cinder-rootwrap /etc/cinder/rootwrap.conf qemu-img create -f qcow2 -o preallocation=metadata /opt/stack/data/cinder/mnt/b099ffbc0c783f4d3f2b386aef6e4cb4/volume-d4384088-e052-4768-8b9c-3cd32c15cd26 1073741824" returned: 0 in 0.990s {{(pid=84171) execute /opt/stack/data/venv/lib/python3.12/site-packages/oslo_concurrency/processutils.py:468}}
Apr 29 11:33:27 devstack cinder-volume[84171]: DEBUG oslo_concurrency.processutils [None req-58f9f096-a801-4fda-b7c7-368cfe483d04 tempest-VolumesDeleteCascade-1634571914 None] Running cmd (subprocess): sudo cinder-rootwrap /etc/cinder/rootwrap.conf qemu-img rebase -u -b volume-cf152471-6464-4a0c-856f-9b033a2a2802 /opt/stack/data/cinder/mnt/b099ffbc0c783f4d3f2b386aef6e4cb4/volume-cf152471-6464-4a0c-856f-9b033a2a2802.40cf266a-b355-4541-a50f-43d2d1dbde8e -F qcow2 {{(pid=84171) execute /opt/stack/data/venv/lib/python3.12/site-packages/oslo_concurrency/processutils.py:440}}
Apr 29 11:33:27 devstack cinder-volume[84171]: DEBUG cinder.volume.manager [None req-f879405b-e8e6-4bb8-9ad2-b90ffafb9044 tempest-VolumeTypesAccessTest-2100426581 None] Task 'cinder.volume.flows.manager.create_volume.ExtractVolumeRefTask;volume:create' (38065755-ca76-49a1-bed7-3393082b1390) transitioned into state 'SUCCESS' from state 'RUNNING' with result 'Volume(_name_id=None,admin_metadata=,attach_status='detached',availability_zone='nova',bootable=False,cluster=,cluster_name=None,consistencygroup=,consistencygroup_id=None,created_at=2026-04-29T09:33:27Z,deleted=False,deleted_at=None,display_description=None,display_name='tempest-VolumeTypesAccessTest-Volume-1624933986',ec2_id=None,encryption_key_id=None,glance_metadata=,group=,group_id=None,host='devstack@QuobyteHD#QuobyteHD',id=e8f78ea0-4692-4b90-b51a-9201c85ae98e,launched_at=None,metadata={},migration_status=None,multiattach=False,previous_status=None,project_id='26c67b25052f4ec3b44f70e02a11aea4',provider_auth=None,provider_geometry=None,provider_id=None,provider_location=None,replication_driver_data=None,replication_extended_status=None,replication_status=None,scheduled_at=2026-04-29T09:33:27Z,service_uuid=None,shared_targets=True,size=1,snapshot_id=None,snapshots=,source_volid=None,status='creating',terminated_at=None,updated_at=2026-04-29T09:33:27Z,use_quota=True,user_id='2e91e5f384b744208abffbcaf8b7bbfd',volume_attachment=VolumeAttachmentList,volume_type=VolumeType(1bdfac51-bca6-4c91-98c4-666aa01f240b),volume_type_id=1bdfac51-bca6-4c91-98c4-666aa01f240b)' {{(pid=84171) _task_receiver /opt/stack/data/venv/lib/python3.12/site-packages/taskflow/listeners/logging.py:182}}
Apr 29 11:33:27 devstack sudo[89083]: quobyte : PWD=/ ; USER=root ; COMMAND=/opt/stack/data/venv/bin/cinder-rootwrap /etc/cinder/rootwrap.conf qemu-img rebase -u -b volume-cf152471-6464-4a0c-856f-9b033a2a2802 /opt/stack/data/cinder/mnt/b099ffbc0c783f4d3f2b386aef6e4cb4/volume-cf152471-6464-4a0c-856f-9b033a2a2802.40cf266a-b355-4541-a50f-43d2d1dbde8e -F qcow2
Apr 29 11:33:27 devstack sudo[89083]: pam_unix(sudo:session): session opened for user root(uid=0) by (uid=1000)
Apr 29 11:33:27 devstack cinder-volume[84171]: DEBUG cinder.volume.manager [None req-f879405b-e8e6-4bb8-9ad2-b90ffafb9044 tempest-VolumeTypesAccessTest-2100426581 None] Task 'cinder.volume.flows.manager.create_volume.OnFailureRescheduleTask;volume:create' (14aad30c-fc85-4bac-9aaf-515e4f59ca75) transitioned into state 'RUNNING' from state 'PENDING' {{(pid=84171) _task_receiver /opt/stack/data/venv/lib/python3.12/site-packages/taskflow/listeners/logging.py:194}}
