Apr 29 11:30:32 devstack devstack@c-api.service[83906]: DEBUG cinder.volume.flows.api.create_volume [None req-28156997-fd92-4e35-8585-1d0cf1704af1 tempest-ServerRescueNegativeTestJSON-1113232594 tempest-ServerRescueNegativeTestJSON-1113232594-project-member] Validating volume size '1' using validate_int {{(pid=83906) _extract_size /opt/stack/cinder/cinder/volume/flows/api/create_volume.py:226}}
Apr 29 11:30:33 devstack devstack@c-api.service[83906]: DEBUG cinder.volume.api [None req-28156997-fd92-4e35-8585-1d0cf1704af1 tempest-ServerRescueNegativeTestJSON-1113232594 tempest-ServerRescueNegativeTestJSON-1113232594-project-member] Task 'cinder.volume.flows.api.create_volume.ExtractVolumeRequestTask;volume:create' (5e0bdd51-7d6a-47d9-81b9-1bf84d29c8c1) transitioned into state 'SUCCESS' from state 'RUNNING' with result '{'size': 1, 'snapshot_id': None, 'source_volid': None, 'volume_type': VolumeType(created_at=2026-04-29T09:27:01Z,deleted=False,deleted_at=None,description=None,extra_specs={},id=e7c358cc-659e-4b5c-abff-018c6a72d0b2,is_public=True,name='QuobyteHD',projects=[],qos_specs=,qos_specs_id=None,updated_at=None), 'volume_type_id': 'e7c358cc-659e-4b5c-abff-018c6a72d0b2', 'encryption_key_id': None, 'qos_specs': None, 'consistencygroup_id': None, 'cgsnapshot_id': None, 'group_id': None, 'replication_status': 'disabled', 'refresh_az': False, 'backup_id': None, 'multiattach': False, 'availability_zones': ['nova']}' {{(pid=83906) _task_receiver /opt/stack/data/venv/lib/python3.12/site-packages/taskflow/listeners/logging.py:182}}
Apr 29 11:30:33 devstack devstack@c-api.service[83906]: DEBUG cinder.volume.api [None req-28156997-fd92-4e35-8585-1d0cf1704af1 tempest-ServerRescueNegativeTestJSON-1113232594 tempest-ServerRescueNegativeTestJSON-1113232594-project-member] Task 'cinder.volume.flows.api.create_volume.QuotaReserveTask;volume:create' (1e9ed824-d9b4-420d-8ad1-0b9bd993cf9d) transitioned into state 'RUNNING' from state 'PENDING' {{(pid=83906) _task_receiver /opt/stack/data/venv/lib/python3.12/site-packages/taskflow/listeners/logging.py:194}}
Apr 29 11:30:33 devstack devstack@c-api.service[83906]: DEBUG cinder.quota [None req-28156997-fd92-4e35-8585-1d0cf1704af1 tempest-ServerRescueNegativeTestJSON-1113232594 tempest-ServerRescueNegativeTestJSON-1113232594-project-member] Created reservations ['fa202650-2f29-4a79-9278-81da72c2ab74', '5f468820-2f7d-465d-b665-ce27014bd805', '9a18277d-91e1-442a-bc89-8260307d1063', '85ed25c9-6de0-4369-b0e0-8ce23f4b968e'] {{(pid=83906) reserve /opt/stack/cinder/cinder/quota.py:752}}
Apr 29 11:30:33 devstack devstack@c-api.service[83906]: DEBUG cinder.volume.api [None req-28156997-fd92-4e35-8585-1d0cf1704af1 tempest-ServerRescueNegativeTestJSON-1113232594 tempest-ServerRescueNegativeTestJSON-1113232594-project-member] Task 'cinder.volume.flows.api.create_volume.QuotaReserveTask;volume:create' (1e9ed824-d9b4-420d-8ad1-0b9bd993cf9d) transitioned into state 'SUCCESS' from state 'RUNNING' with result '{'reservations': ['fa202650-2f29-4a79-9278-81da72c2ab74', '5f468820-2f7d-465d-b665-ce27014bd805', '9a18277d-91e1-442a-bc89-8260307d1063', '85ed25c9-6de0-4369-b0e0-8ce23f4b968e']}' {{(pid=83906) _task_receiver /opt/stack/data/venv/lib/python3.12/site-packages/taskflow/listeners/logging.py:182}}
Apr 29 11:30:33 devstack devstack@c-api.service[83906]: DEBUG cinder.volume.api [None req-28156997-fd92-4e35-8585-1d0cf1704af1 tempest-ServerRescueNegativeTestJSON-1113232594 tempest-ServerRescueNegativeTestJSON-1113232594-project-member] Task 'cinder.volume.flows.api.create_volume.EntryCreateTask;volume:create' (219352cc-cb43-44a7-9400-74958ba0b471) transitioned into state 'RUNNING' from state 'PENDING' {{(pid=83906) _task_receiver /opt/stack/data/venv/lib/python3.12/site-packages/taskflow/listeners/logging.py:194}}
Apr 29 11:30:33 devstack devstack@c-api.service[83906]: DEBUG cinder.volume.api [None req-28156997-fd92-4e35-8585-1d0cf1704af1 tempest-ServerRescueNegativeTestJSON-1113232594 tempest-ServerRescueNegativeTestJSON-1113232594-project-member] Task 'cinder.volume.flows.api.create_volume.EntryCreateTask;volume:create' (219352cc-cb43-44a7-9400-74958ba0b471) transitioned into state 'SUCCESS' from state 'RUNNING' with result '{'volume_id': '034b9d6b-3f21-4023-bd47-73d2d907aef7', 'volume_properties': VolumeProperties(attach_status='detached',availability_zone='nova',cgsnapshot_id=None,consistencygroup_id=None,display_description=None,display_name='tempest-ServerRescueNegativeTestJSON-volume-1508281807',encryption_key_id=None,group_id=None,group_type_id=,metadata={},multiattach=False,project_id='d5a956b791d448078d22449ed9b2415f',qos_specs=None,replication_status=,reservations=['fa202650-2f29-4a79-9278-81da72c2ab74','5f468820-2f7d-465d-b665-ce27014bd805','9a18277d-91e1-442a-bc89-8260307d1063','85ed25c9-6de0-4369-b0e0-8ce23f4b968e'],size=1,snapshot_id=None,source_replicaid=,source_volid=None,status='creating',user_id='655a66f1fdc34d44b459168acfee463d',volume_type_id=e7c358cc-659e-4b5c-abff-018c6a72d0b2), 'volume': Volume(_name_id=None,admin_metadata=,attach_status='detached',availability_zone='nova',bootable=False,cluster=,cluster_name=None,consistencygroup=,consistencygroup_id=None,created_at=2026-04-29T09:30:33Z,deleted=False,deleted_at=None,display_description=None,display_name='tempest-ServerRescueNegativeTestJSON-volume-1508281807',ec2_id=None,encryption_key_id=None,glance_metadata=,group=,group_id=None,host=None,id=034b9d6b-3f21-4023-bd47-73d2d907aef7,launched_at=None,metadata={},migration_status=None,multiattach=False,previous_status=None,project_id='d5a956b791d448078d22449ed9b2415f',provider_auth=None,provider_geometry=None,provider_id=None,provider_location=None,replication_driver_data=None,replication_extended_status=None,replication_status=None,scheduled_at=None,service_uuid=None,shared_targets=True,size=1,snapshot_id=None,snapshots=,source_volid=None,status='creating',terminated_at=None,updated_at=None,use_quota=True,user_id='655a66f1fdc34d44b459168acfee463d',volume_attachment=VolumeAttachmentList,volume_type=VolumeType(e7c358cc-659e-4b5c-abff-018c6a72d0b2),volume_type_id=e7c358cc-659e-4b5c-abff-018c6a72d0b2)}' {{(pid=83906) _task_receiver /opt/stack/data/venv/lib/python3.12/site-packages/taskflow/listeners/logging.py:182}}
Apr 29 11:30:33 devstack devstack@c-api.service[83906]: DEBUG cinder.volume.api [None req-28156997-fd92-4e35-8585-1d0cf1704af1 tempest-ServerRescueNegativeTestJSON-1113232594 tempest-ServerRescueNegativeTestJSON-1113232594-project-member] Task 'cinder.volume.flows.api.create_volume.QuotaCommitTask;volume:create' (b8b7e424-ca5c-4236-ac64-e71501b6ce7e) transitioned into state 'RUNNING' from state 'PENDING' {{(pid=83906) _task_receiver /opt/stack/data/venv/lib/python3.12/site-packages/taskflow/listeners/logging.py:194}}
Apr 29 11:30:33 devstack devstack@c-api.service[83906]: DEBUG cinder.volume.api [None req-28156997-fd92-4e35-8585-1d0cf1704af1 tempest-ServerRescueNegativeTestJSON-1113232594 tempest-ServerRescueNegativeTestJSON-1113232594-project-member] Task 'cinder.volume.flows.api.create_volume.QuotaCommitTask;volume:create' (b8b7e424-ca5c-4236-ac64-e71501b6ce7e) transitioned into state 'SUCCESS' from state 'RUNNING' with result '{'volume_properties': VolumeProperties(attach_status='detached',availability_zone='nova',cgsnapshot_id=None,consistencygroup_id=None,display_description=None,display_name='tempest-ServerRescueNegativeTestJSON-volume-1508281807',encryption_key_id=None,group_id=None,group_type_id=,metadata={},multiattach=False,project_id='d5a956b791d448078d22449ed9b2415f',qos_specs=None,replication_status=,reservations=['fa202650-2f29-4a79-9278-81da72c2ab74','5f468820-2f7d-465d-b665-ce27014bd805','9a18277d-91e1-442a-bc89-8260307d1063','85ed25c9-6de0-4369-b0e0-8ce23f4b968e'],size=1,snapshot_id=None,source_replicaid=,source_volid=None,status='creating',user_id='655a66f1fdc34d44b459168acfee463d',volume_type_id=e7c358cc-659e-4b5c-abff-018c6a72d0b2)}' {{(pid=83906) _task_receiver /opt/stack/data/venv/lib/python3.12/site-packages/taskflow/listeners/logging.py:182}}
Apr 29 11:30:33 devstack devstack@c-api.service[83906]: DEBUG cinder.volume.api [None req-28156997-fd92-4e35-8585-1d0cf1704af1 tempest-ServerRescueNegativeTestJSON-1113232594 tempest-ServerRescueNegativeTestJSON-1113232594-project-member] Task 'cinder.volume.flows.api.create_volume.VolumeCastTask;volume:create' (4b1af056-7e0f-42bd-ab58-429db533b4ff) transitioned into state 'RUNNING' from state 'PENDING' {{(pid=83906) _task_receiver /opt/stack/data/venv/lib/python3.12/site-packages/taskflow/listeners/logging.py:194}}
Apr 29 11:30:33 devstack devstack@c-api.service[83905]: DEBUG cinder.api.middleware.request_id [None req-eff12f19-61a0-4067-b9e7-c685ddde0856 None None] RequestId filter calling following filter/app {{(pid=83905) _context_setter /opt/stack/cinder/cinder/api/middleware/request_id.py:62}}
Apr 29 11:30:33 devstack devstack@c-api.service[83905]: INFO cinder.api.openstack.wsgi [None req-eff12f19-61a0-4067-b9e7-c685ddde0856 tempest-GroupSnapshotsTest-365079518 tempest-GroupSnapshotsTest-365079518-project-member] GET http://192.168.122.214/volume/v3/volumes/79bfb2a3-5436-4443-81d4-fcc5e7e635d2
Apr 29 11:30:33 devstack devstack@c-api.service[83905]: DEBUG cinder.api.openstack.wsgi [None req-eff12f19-61a0-4067-b9e7-c685ddde0856 tempest-GroupSnapshotsTest-365079518 tempest-GroupSnapshotsTest-365079518-project-member] Empty body provided in request {{(pid=83905) get_body /opt/stack/cinder/cinder/api/openstack/wsgi.py:725}}
Apr 29 11:30:33 devstack devstack@c-api.service[83905]: DEBUG cinder.api.openstack.wsgi [None req-eff12f19-61a0-4067-b9e7-c685ddde0856 tempest-GroupSnapshotsTest-365079518 tempest-GroupSnapshotsTest-365079518-project-member] Calling method 'show' {{(pid=83905) _process_stack /opt/stack/cinder/cinder/api/openstack/wsgi.py:878}}
Apr 29 11:30:33 devstack devstack@c-api.service[83906]: DEBUG cinder.volume.api [None req-28156997-fd92-4e35-8585-1d0cf1704af1 tempest-ServerRescueNegativeTestJSON-1113232594 tempest-ServerRescueNegativeTestJSON-1113232594-project-member] Task 'cinder.volume.flows.api.create_volume.VolumeCastTask;volume:create' (4b1af056-7e0f-42bd-ab58-429db533b4ff) transitioned into state 'SUCCESS' from state 'RUNNING' with result 'None' {{(pid=83906) _task_receiver /opt/stack/data/venv/lib/python3.12/site-packages/taskflow/listeners/logging.py:182}}
Apr 29 11:30:33 devstack devstack@c-api.service[83906]: DEBUG cinder.volume.api [None req-28156997-fd92-4e35-8585-1d0cf1704af1 tempest-ServerRescueNegativeTestJSON-1113232594 tempest-ServerRescueNegativeTestJSON-1113232594-project-member] Flow 'volume_create_api' (68f3c8b8-42e0-4028-b3ca-116b78b0447e) transitioned into state 'SUCCESS' from state 'RUNNING' {{(pid=83906) _flow_receiver /opt/stack/data/venv/lib/python3.12/site-packages/taskflow/listeners/logging.py:145}}
Apr 29 11:30:33 devstack devstack@c-api.service[83906]: INFO cinder.volume.api [None req-28156997-fd92-4e35-8585-1d0cf1704af1 tempest-ServerRescueNegativeTestJSON-1113232594 tempest-ServerRescueNegativeTestJSON-1113232594-project-member] Create volume request issued successfully.
Apr 29 11:30:33 devstack devstack@c-api.service[83906]: INFO cinder.api.openstack.wsgi [None req-28156997-fd92-4e35-8585-1d0cf1704af1 tempest-ServerRescueNegativeTestJSON-1113232594 tempest-ServerRescueNegativeTestJSON-1113232594-project-member] http://192.168.122.214/volume/v3/volumes returned with HTTP 202
Apr 29 11:30:33 devstack devstack@c-api.service[83906]: [pid: 83906|app: 0|req: 83/177] 192.168.122.214 () {60 vars in 1142 bytes} [Wed Apr 29 11:30:32 2026] POST /volume/v3/volumes => generated 768 bytes in 886 msecs (HTTP/1.1 202) 7 headers in 291 bytes (1 switches on core 0)
Apr 29 11:30:33 devstack devstack@c-api.service[83905]: /opt/stack/data/venv/lib/python3.12/site-packages/oslo_context/context.py:101: DeprecationWarning: Policy enforcement is depending on the value of is_admin. This key is deprecated. Please update your policy file to use the standard policy values.
Apr 29 11:30:33 devstack devstack@c-api.service[83905]: warnings.warn(
Apr 29 11:30:33 devstack devstack@c-api.service[83905]: INFO cinder.volume.api [None req-eff12f19-61a0-4067-b9e7-c685ddde0856 tempest-GroupSnapshotsTest-365079518 tempest-GroupSnapshotsTest-365079518-project-member] Volume info retrieved successfully.
Apr 29 11:30:33 devstack devstack@c-api.service[83905]: WARNING stevedore.named [None req-eff12f19-61a0-4067-b9e7-c685ddde0856 tempest-GroupSnapshotsTest-365079518 tempest-GroupSnapshotsTest-365079518-project-member] Could not load cinder.keymgr.conf_key_mgr.ConfKeyManager
Apr 29 11:30:33 devstack devstack@c-api.service[83905]: WARNING castellan.key_manager [None req-eff12f19-61a0-4067-b9e7-c685ddde0856 tempest-GroupSnapshotsTest-365079518 tempest-GroupSnapshotsTest-365079518-project-member] Deprecation Warning : cinder.keymgr.conf_key_mgr.ConfKeyManager is not a stevedore based driver, trying to load it as a class: stevedore.exception.NoMatches: No 'castellan.drivers' driver found, looking for 'cinder.keymgr.conf_key_mgr.ConfKeyManager'
Apr 29 11:30:33 devstack devstack@c-api.service[83906]: DEBUG cinder.api.middleware.request_id [None req-731ddcad-9a75-41b4-bc1b-9f20e6cbf34e None None] RequestId filter calling following filter/app {{(pid=83906) _context_setter /opt/stack/cinder/cinder/api/middleware/request_id.py:62}}
Apr 29 11:30:33 devstack devstack@c-api.service[83905]: DEBUG oslo_db.sqlalchemy.engines [None req-eff12f19-61a0-4067-b9e7-c685ddde0856 tempest-GroupSnapshotsTest-365079518 tempest-GroupSnapshotsTest-365079518-project-member] MySQL server mode set to STRICT_TRANS_TABLES,STRICT_ALL_TABLES,NO_ZERO_IN_DATE,NO_ZERO_DATE,ERROR_FOR_DIVISION_BY_ZERO,TRADITIONAL,NO_ENGINE_SUBSTITUTION {{(pid=83905) _check_effective_sql_mode /opt/stack/data/venv/lib/python3.12/site-packages/oslo_db/sqlalchemy/engines.py:325}}
Apr 29 11:30:33 devstack devstack@c-api.service[83905]: /opt/stack/data/venv/lib/python3.12/site-packages/oslo_context/context.py:101: DeprecationWarning: Policy enforcement is depending on the value of is_admin. This key is deprecated. Please update your policy file to use the standard policy values.
Apr 29 11:30:33 devstack devstack@c-api.service[83905]: warnings.warn(
Apr 29 11:30:33 devstack devstack@c-api.service[83906]: INFO cinder.api.openstack.wsgi [None req-731ddcad-9a75-41b4-bc1b-9f20e6cbf34e tempest-ServerRescueNegativeTestJSON-1113232594 tempest-ServerRescueNegativeTestJSON-1113232594-project-member] GET http://192.168.122.214/volume/v3/volumes/034b9d6b-3f21-4023-bd47-73d2d907aef7
Apr 29 11:30:33 devstack devstack@c-api.service[83906]: DEBUG cinder.api.openstack.wsgi [None req-731ddcad-9a75-41b4-bc1b-9f20e6cbf34e tempest-ServerRescueNegativeTestJSON-1113232594 tempest-ServerRescueNegativeTestJSON-1113232594-project-member] Empty body provided in request {{(pid=83906) get_body /opt/stack/cinder/cinder/api/openstack/wsgi.py:725}}
Apr 29 11:30:33 devstack devstack@c-api.service[83906]: DEBUG cinder.api.openstack.wsgi [None req-731ddcad-9a75-41b4-bc1b-9f20e6cbf34e tempest-ServerRescueNegativeTestJSON-1113232594 tempest-ServerRescueNegativeTestJSON-1113232594-project-member] Calling method 'show' {{(pid=83906) _process_stack /opt/stack/cinder/cinder/api/openstack/wsgi.py:878}}
Apr 29 11:30:33 devstack devstack@c-api.service[83905]: INFO cinder.api.openstack.wsgi [None req-eff12f19-61a0-4067-b9e7-c685ddde0856 tempest-GroupSnapshotsTest-365079518 tempest-GroupSnapshotsTest-365079518-project-member] http://192.168.122.214/volume/v3/volumes/79bfb2a3-5436-4443-81d4-fcc5e7e635d2 returned with HTTP 200
Apr 29 11:30:33 devstack devstack@c-api.service[83905]: [pid: 83905|app: 0|req: 95/178] 192.168.122.214 () {60 vars in 1273 bytes} [Wed Apr 29 11:30:33 2026] GET /volume/v3/volumes/79bfb2a3-5436-4443-81d4-fcc5e7e635d2 => generated 919 bytes in 107 msecs (HTTP/1.1 200) 7 headers in 286 bytes (1 switches on core 0)
Apr 29 11:30:33 devstack devstack@c-api.service[83906]: /opt/stack/data/venv/lib/python3.12/site-packages/oslo_context/context.py:101: DeprecationWarning: Policy enforcement is depending on the value of is_admin. This key is deprecated. Please update your policy file to use the standard policy values.
Apr 29 11:30:33 devstack devstack@c-api.service[83906]: warnings.warn(
Apr 29 11:30:33 devstack devstack@c-api.service[83906]: INFO cinder.volume.api [None req-731ddcad-9a75-41b4-bc1b-9f20e6cbf34e tempest-ServerRescueNegativeTestJSON-1113232594 tempest-ServerRescueNegativeTestJSON-1113232594-project-member] Volume info retrieved successfully.
Apr 29 11:30:33 devstack devstack@c-api.service[83906]: INFO cinder.api.openstack.wsgi [None req-731ddcad-9a75-41b4-bc1b-9f20e6cbf34e tempest-ServerRescueNegativeTestJSON-1113232594 tempest-ServerRescueNegativeTestJSON-1113232594-project-member] http://192.168.122.214/volume/v3/volumes/034b9d6b-3f21-4023-bd47-73d2d907aef7 returned with HTTP 200
Apr 29 11:30:33 devstack devstack@c-api.service[83906]: [pid: 83906|app: 0|req: 84/179] 192.168.122.214 () {58 vars in 1232 bytes} [Wed Apr 29 11:30:33 2026] GET /volume/v3/volumes/034b9d6b-3f21-4023-bd47-73d2d907aef7 => generated 836 bytes in 129 msecs (HTTP/1.1 200) 7 headers in 285 bytes (1 switches on core 0)
Apr 29 11:30:34 devstack devstack@c-api.service[83905]: DEBUG cinder.api.middleware.request_id [None req-e962a96b-5542-41da-aa14-b76cd5b14e15 None None] RequestId filter calling following filter/app {{(pid=83905) _context_setter /opt/stack/cinder/cinder/api/middleware/request_id.py:62}}
Apr 29 11:30:34 devstack devstack@c-api.service[83905]: INFO cinder.api.openstack.wsgi [None req-e962a96b-5542-41da-aa14-b76cd5b14e15 tempest-GroupSnapshotsTest-365079518 tempest-GroupSnapshotsTest-365079518-project-member] GET http://192.168.122.214/volume/v3/volumes/79bfb2a3-5436-4443-81d4-fcc5e7e635d2
Apr 29 11:30:34 devstack devstack@c-api.service[83905]: DEBUG cinder.api.openstack.wsgi [None req-e962a96b-5542-41da-aa14-b76cd5b14e15 tempest-GroupSnapshotsTest-365079518 tempest-GroupSnapshotsTest-365079518-project-member] Empty body provided in request {{(pid=83905) get_body /opt/stack/cinder/cinder/api/openstack/wsgi.py:725}}
Apr 29 11:30:34 devstack devstack@c-api.service[83905]: DEBUG cinder.api.openstack.wsgi [None req-e962a96b-5542-41da-aa14-b76cd5b14e15 tempest-GroupSnapshotsTest-365079518 tempest-GroupSnapshotsTest-365079518-project-member] Calling method 'show' {{(pid=83905) _process_stack /opt/stack/cinder/cinder/api/openstack/wsgi.py:878}}
Apr 29 11:30:34 devstack devstack@c-api.service[83905]: /opt/stack/data/venv/lib/python3.12/site-packages/oslo_context/context.py:101: DeprecationWarning: Policy enforcement is depending on the value of is_admin. This key is deprecated. Please update your policy file to use the standard policy values.
Apr 29 11:30:34 devstack devstack@c-api.service[83905]: warnings.warn(
Apr 29 11:30:34 devstack devstack@c-api.service[83905]: INFO cinder.volume.api [None req-e962a96b-5542-41da-aa14-b76cd5b14e15 tempest-GroupSnapshotsTest-365079518 tempest-GroupSnapshotsTest-365079518-project-member] Volume info retrieved successfully.
Apr 29 11:30:34 devstack devstack@c-api.service[83905]: WARNING stevedore.named [None req-e962a96b-5542-41da-aa14-b76cd5b14e15 tempest-GroupSnapshotsTest-365079518 tempest-GroupSnapshotsTest-365079518-project-member] Could not load cinder.keymgr.conf_key_mgr.ConfKeyManager
Apr 29 11:30:34 devstack devstack@c-api.service[83905]: WARNING castellan.key_manager [None req-e962a96b-5542-41da-aa14-b76cd5b14e15 tempest-GroupSnapshotsTest-365079518 tempest-GroupSnapshotsTest-365079518-project-member] Deprecation Warning : cinder.keymgr.conf_key_mgr.ConfKeyManager is not a stevedore based driver, trying to load it as a class: stevedore.exception.NoMatches: No 'castellan.drivers' driver found, looking for 'cinder.keymgr.conf_key_mgr.ConfKeyManager'
Apr 29 11:30:34 devstack devstack@c-api.service[83905]: DEBUG oslo_db.sqlalchemy.engines [None req-e962a96b-5542-41da-aa14-b76cd5b14e15 tempest-GroupSnapshotsTest-365079518 tempest-GroupSnapshotsTest-365079518-project-member] MySQL server mode set to STRICT_TRANS_TABLES,STRICT_ALL_TABLES,NO_ZERO_IN_DATE,NO_ZERO_DATE,ERROR_FOR_DIVISION_BY_ZERO,TRADITIONAL,NO_ENGINE_SUBSTITUTION {{(pid=83905) _check_effective_sql_mode /opt/stack/data/venv/lib/python3.12/site-packages/oslo_db/sqlalchemy/engines.py:325}}
Apr 29 11:30:34 devstack devstack@c-api.service[83905]: /opt/stack/data/venv/lib/python3.12/site-packages/oslo_context/context.py:101: DeprecationWarning: Policy enforcement is depending on the value of is_admin. This key is deprecated. Please update your policy file to use the standard policy values.
Apr 29 11:30:34 devstack devstack@c-api.service[83905]: warnings.warn(
Apr 29 11:30:34 devstack devstack@c-api.service[83906]: DEBUG cinder.api.middleware.request_id [None req-e85f018d-053c-4e3c-b92a-d38490785117 None None] RequestId filter calling following filter/app {{(pid=83906) _context_setter /opt/stack/cinder/cinder/api/middleware/request_id.py:62}}
Apr 29 11:30:34 devstack devstack@c-api.service[83906]: INFO cinder.api.openstack.wsgi [None req-e85f018d-053c-4e3c-b92a-d38490785117 tempest-ServerRescueNegativeTestJSON-1113232594 tempest-ServerRescueNegativeTestJSON-1113232594-project-member] GET http://192.168.122.214/volume/v3/volumes/034b9d6b-3f21-4023-bd47-73d2d907aef7
Apr 29 11:30:34 devstack devstack@c-api.service[83905]: INFO cinder.api.openstack.wsgi [None req-e962a96b-5542-41da-aa14-b76cd5b14e15 tempest-GroupSnapshotsTest-365079518 tempest-GroupSnapshotsTest-365079518-project-member] http://192.168.122.214/volume/v3/volumes/79bfb2a3-5436-4443-81d4-fcc5e7e635d2 returned with HTTP 200
Apr 29 11:30:34 devstack devstack@c-api.service[83905]: [pid: 83905|app: 0|req: 96/180] 192.168.122.214 () {60 vars in 1273 bytes} [Wed Apr 29 11:30:34 2026] GET /volume/v3/volumes/79bfb2a3-5436-4443-81d4-fcc5e7e635d2 => generated 919 bytes in 106 msecs (HTTP/1.1 200) 7 headers in 286 bytes (1 switches on core 0)
Apr 29 11:30:34 devstack devstack@c-api.service[83906]: DEBUG cinder.api.openstack.wsgi [None req-e85f018d-053c-4e3c-b92a-d38490785117 tempest-ServerRescueNegativeTestJSON-1113232594 tempest-ServerRescueNegativeTestJSON-1113232594-project-member] Empty body provided in request {{(pid=83906) get_body /opt/stack/cinder/cinder/api/openstack/wsgi.py:725}}
Apr 29 11:30:34 devstack devstack@c-api.service[83906]: DEBUG cinder.api.openstack.wsgi [None req-e85f018d-053c-4e3c-b92a-d38490785117 tempest-ServerRescueNegativeTestJSON-1113232594 tempest-ServerRescueNegativeTestJSON-1113232594-project-member] Calling method 'show' {{(pid=83906) _process_stack /opt/stack/cinder/cinder/api/openstack/wsgi.py:878}}
Apr 29 11:30:34 devstack devstack@c-api.service[83906]: /opt/stack/data/venv/lib/python3.12/site-packages/oslo_context/context.py:101: DeprecationWarning: Policy enforcement is depending on the value of is_admin. This key is deprecated. Please update your policy file to use the standard policy values.
Apr 29 11:30:34 devstack devstack@c-api.service[83906]: warnings.warn(
Apr 29 11:30:34 devstack devstack@c-api.service[83906]: INFO cinder.volume.api [None req-e85f018d-053c-4e3c-b92a-d38490785117 tempest-ServerRescueNegativeTestJSON-1113232594 tempest-ServerRescueNegativeTestJSON-1113232594-project-member] Volume info retrieved successfully.
Apr 29 11:30:34 devstack devstack@c-api.service[83906]: INFO cinder.api.openstack.wsgi [None req-e85f018d-053c-4e3c-b92a-d38490785117 tempest-ServerRescueNegativeTestJSON-1113232594 tempest-ServerRescueNegativeTestJSON-1113232594-project-member] http://192.168.122.214/volume/v3/volumes/034b9d6b-3f21-4023-bd47-73d2d907aef7 returned with HTTP 200
Apr 29 11:30:34 devstack devstack@c-api.service[83906]: [pid: 83906|app: 0|req: 85/181] 192.168.122.214 () {58 vars in 1232 bytes} [Wed Apr 29 11:30:34 2026] GET /volume/v3/volumes/034b9d6b-3f21-4023-bd47-73d2d907aef7 => generated 860 bytes in 69 msecs (HTTP/1.1 200) 7 headers in 285 bytes (1 switches on core 0)
Apr 29 11:30:35 devstack devstack@c-api.service[83905]: DEBUG cinder.api.middleware.request_id [None req-8cff1038-3ba7-414a-8242-d2f42b9ebe63 None None] RequestId filter calling following filter/app {{(pid=83905) _context_setter /opt/stack/cinder/cinder/api/middleware/request_id.py:62}}
Apr 29 11:30:35 devstack devstack@c-api.service[83905]: INFO cinder.api.openstack.wsgi [None req-8cff1038-3ba7-414a-8242-d2f42b9ebe63 tempest-GroupSnapshotsTest-365079518 tempest-GroupSnapshotsTest-365079518-project-member] GET http://192.168.122.214/volume/v3/volumes/79bfb2a3-5436-4443-81d4-fcc5e7e635d2
Apr 29 11:30:35 devstack devstack@c-api.service[83905]: DEBUG cinder.api.openstack.wsgi [None req-8cff1038-3ba7-414a-8242-d2f42b9ebe63 tempest-GroupSnapshotsTest-365079518 tempest-GroupSnapshotsTest-365079518-project-member] Empty body provided in request {{(pid=83905) get_body /opt/stack/cinder/cinder/api/openstack/wsgi.py:725}}
Apr 29 11:30:35 devstack devstack@c-api.service[83905]: DEBUG cinder.api.openstack.wsgi [None req-8cff1038-3ba7-414a-8242-d2f42b9ebe63 tempest-GroupSnapshotsTest-365079518 tempest-GroupSnapshotsTest-365079518-project-member] Calling method 'show' {{(pid=83905) _process_stack /opt/stack/cinder/cinder/api/openstack/wsgi.py:878}}
Apr 29 11:30:35 devstack devstack@c-api.service[83905]: /opt/stack/data/venv/lib/python3.12/site-packages/oslo_context/context.py:101: DeprecationWarning: Policy enforcement is depending on the value of is_admin. This key is deprecated. Please update your policy file to use the standard policy values.
Apr 29 11:30:35 devstack devstack@c-api.service[83905]: warnings.warn(
Apr 29 11:30:35 devstack devstack@c-api.service[83906]: DEBUG cinder.api.middleware.request_id [None req-daecd6f5-f51d-451f-b05f-a146af790bca None None] RequestId filter calling following filter/app {{(pid=83906) _context_setter /opt/stack/cinder/cinder/api/middleware/request_id.py:62}}
Apr 29 11:30:36 devstack devstack@c-api.service[83906]: INFO cinder.api.openstack.wsgi [None req-daecd6f5-f51d-451f-b05f-a146af790bca tempest-ServerRescueNegativeTestJSON-1113232594 tempest-ServerRescueNegativeTestJSON-1113232594-project-member] GET http://192.168.122.214/volume/v3/volumes/034b9d6b-3f21-4023-bd47-73d2d907aef7
Apr 29 11:30:36 devstack devstack@c-api.service[83906]: DEBUG cinder.api.openstack.wsgi [None req-daecd6f5-f51d-451f-b05f-a146af790bca tempest-ServerRescueNegativeTestJSON-1113232594 tempest-ServerRescueNegativeTestJSON-1113232594-project-member] Empty body provided in request {{(pid=83906) get_body /opt/stack/cinder/cinder/api/openstack/wsgi.py:725}}
Apr 29 11:30:36 devstack devstack@c-api.service[83906]: DEBUG cinder.api.openstack.wsgi [None req-daecd6f5-f51d-451f-b05f-a146af790bca tempest-ServerRescueNegativeTestJSON-1113232594 tempest-ServerRescueNegativeTestJSON-1113232594-project-member] Calling method 'show' {{(pid=83906) _process_stack /opt/stack/cinder/cinder/api/openstack/wsgi.py:878}}
Apr 29 11:30:36 devstack devstack@c-api.service[83905]: INFO cinder.volume.api [None req-8cff1038-3ba7-414a-8242-d2f42b9ebe63 tempest-GroupSnapshotsTest-365079518 tempest-GroupSnapshotsTest-365079518-project-member] Volume info retrieved successfully.
Apr 29 11:30:36 devstack devstack@c-api.service[83905]: WARNING stevedore.named [None req-8cff1038-3ba7-414a-8242-d2f42b9ebe63 tempest-GroupSnapshotsTest-365079518 tempest-GroupSnapshotsTest-365079518-project-member] Could not load cinder.keymgr.conf_key_mgr.ConfKeyManager
Apr 29 11:30:36 devstack devstack@c-api.service[83905]: WARNING castellan.key_manager [None req-8cff1038-3ba7-414a-8242-d2f42b9ebe63 tempest-GroupSnapshotsTest-365079518 tempest-GroupSnapshotsTest-365079518-project-member] Deprecation Warning : cinder.keymgr.conf_key_mgr.ConfKeyManager is not a stevedore based driver, trying to load it as a class: stevedore.exception.NoMatches: No 'castellan.drivers' driver found, looking for 'cinder.keymgr.conf_key_mgr.ConfKeyManager'
Apr 29 11:30:36 devstack devstack@c-api.service[83906]: /opt/stack/data/venv/lib/python3.12/site-packages/oslo_context/context.py:101: DeprecationWarning: Policy enforcement is depending on the value of is_admin. This key is deprecated. Please update your policy file to use the standard policy values.
Apr 29 11:30:36 devstack devstack@c-api.service[83906]: warnings.warn(
Apr 29 11:30:36 devstack devstack@c-api.service[83905]: DEBUG oslo_db.sqlalchemy.engines [None req-8cff1038-3ba7-414a-8242-d2f42b9ebe63 tempest-GroupSnapshotsTest-365079518 tempest-GroupSnapshotsTest-365079518-project-member] MySQL server mode set to STRICT_TRANS_TABLES,STRICT_ALL_TABLES,NO_ZERO_IN_DATE,NO_ZERO_DATE,ERROR_FOR_DIVISION_BY_ZERO,TRADITIONAL,NO_ENGINE_SUBSTITUTION {{(pid=83905) _check_effective_sql_mode /opt/stack/data/venv/lib/python3.12/site-packages/oslo_db/sqlalchemy/engines.py:325}}
Apr 29 11:30:36 devstack devstack@c-api.service[83906]: INFO cinder.volume.api [None req-daecd6f5-f51d-451f-b05f-a146af790bca tempest-ServerRescueNegativeTestJSON-1113232594 tempest-ServerRescueNegativeTestJSON-1113232594-project-member] Volume info retrieved successfully.
Apr 29 11:30:36 devstack devstack@c-api.service[83905]: /opt/stack/data/venv/lib/python3.12/site-packages/oslo_context/context.py:101: DeprecationWarning: Policy enforcement is depending on the value of is_admin. This key is deprecated. Please update your policy file to use the standard policy values.
Apr 29 11:30:36 devstack devstack@c-api.service[83905]: warnings.warn(
Apr 29 11:30:36 devstack devstack@c-api.service[83906]: INFO cinder.api.openstack.wsgi [None req-daecd6f5-f51d-451f-b05f-a146af790bca tempest-ServerRescueNegativeTestJSON-1113232594 tempest-ServerRescueNegativeTestJSON-1113232594-project-member] http://192.168.122.214/volume/v3/volumes/034b9d6b-3f21-4023-bd47-73d2d907aef7 returned with HTTP 200
Apr 29 11:30:36 devstack devstack@c-api.service[83906]: [pid: 83906|app: 0|req: 86/182] 192.168.122.214 () {58 vars in 1232 bytes} [Wed Apr 29 11:30:35 2026] GET /volume/v3/volumes/034b9d6b-3f21-4023-bd47-73d2d907aef7 => generated 860 bytes in 94 msecs (HTTP/1.1 200) 7 headers in 285 bytes (1 switches on core 0)
Apr 29 11:30:36 devstack devstack@c-api.service[83905]: INFO cinder.api.openstack.wsgi [None req-8cff1038-3ba7-414a-8242-d2f42b9ebe63 tempest-GroupSnapshotsTest-365079518 tempest-GroupSnapshotsTest-365079518-project-member] http://192.168.122.214/volume/v3/volumes/79bfb2a3-5436-4443-81d4-fcc5e7e635d2 returned with HTTP 200
Apr 29 11:30:36 devstack devstack@c-api.service[83905]: [pid: 83905|app: 0|req: 97/183] 192.168.122.214 () {60 vars in 1273 bytes} [Wed Apr 29 11:30:35 2026] GET /volume/v3/volumes/79bfb2a3-5436-4443-81d4-fcc5e7e635d2 => generated 920 bytes in 173 msecs (HTTP/1.1 200) 7 headers in 286 bytes (1 switches on core 0)
Apr 29 11:30:36 devstack devstack@c-api.service[83906]: DEBUG cinder.api.middleware.request_id [None req-aed88088-ca4f-42f1-99dd-737ee9f6494a None None] RequestId filter calling following filter/app {{(pid=83906) _context_setter /opt/stack/cinder/cinder/api/middleware/request_id.py:62}}
Apr 29 11:30:36 devstack devstack@c-api.service[83906]: INFO cinder.api.openstack.wsgi [None req-aed88088-ca4f-42f1-99dd-737ee9f6494a tempest-GroupSnapshotsTest-365079518 tempest-GroupSnapshotsTest-365079518-project-member] PUT http://192.168.122.214/volume/v3/groups/97c1a923-0ba7-42ce-9ad1-bf18387ea236
Apr 29 11:30:36 devstack devstack@c-api.service[83906]: DEBUG cinder.api.openstack.wsgi [None req-aed88088-ca4f-42f1-99dd-737ee9f6494a tempest-GroupSnapshotsTest-365079518 tempest-GroupSnapshotsTest-365079518-project-member] Action: 'update', calling method: version_select, body: {"group": {"remove_volumes": "13296525-25f7-40dd-8ff8-88616217ffb2"}} {{(pid=83906) _process_stack /opt/stack/cinder/cinder/api/openstack/wsgi.py:876}}
Apr 29 11:30:36 devstack devstack@c-api.service[83906]: DEBUG cinder.api.v3.groups [None req-aed88088-ca4f-42f1-99dd-737ee9f6494a tempest-GroupSnapshotsTest-365079518 tempest-GroupSnapshotsTest-365079518-project-member] Update called for group 97c1a923-0ba7-42ce-9ad1-bf18387ea236. {{(pid=83906) update /opt/stack/cinder/cinder/api/v3/groups.py:302}}
Apr 29 11:30:36 devstack devstack@c-api.service[83906]: INFO cinder.api.v3.groups [None req-aed88088-ca4f-42f1-99dd-737ee9f6494a tempest-GroupSnapshotsTest-365079518 tempest-GroupSnapshotsTest-365079518-project-member] Updating group 97c1a923-0ba7-42ce-9ad1-bf18387ea236 with name None description: None add_volumes: None remove_volumes: 13296525-25f7-40dd-8ff8-88616217ffb2.
Apr 29 11:30:36 devstack devstack@c-api.service[83906]: /opt/stack/data/venv/lib/python3.12/site-packages/oslo_context/context.py:101: DeprecationWarning: Policy enforcement is depending on the value of is_admin. This key is deprecated. Please update your policy file to use the standard policy values.
Apr 29 11:30:36 devstack devstack@c-api.service[83906]: warnings.warn(
Apr 29 11:30:36 devstack devstack@c-api.service[83906]: INFO cinder.api.openstack.wsgi [None req-aed88088-ca4f-42f1-99dd-737ee9f6494a tempest-GroupSnapshotsTest-365079518 tempest-GroupSnapshotsTest-365079518-project-member] http://192.168.122.214/volume/v3/groups/97c1a923-0ba7-42ce-9ad1-bf18387ea236 returned with HTTP 202
Apr 29 11:30:36 devstack devstack@c-api.service[83906]: [pid: 83906|app: 0|req: 87/184] 192.168.122.214 () {62 vars in 1290 bytes} [Wed Apr 29 11:30:36 2026] PUT /volume/v3/groups/97c1a923-0ba7-42ce-9ad1-bf18387ea236 => generated 0 bytes in 102 msecs (HTTP/1.1 202) 6 headers in 234 bytes (1 switches on core 0)
Apr 29 11:30:36 devstack devstack@c-api.service[83905]: DEBUG cinder.api.middleware.request_id [None req-2a964659-ba3d-4ca6-a2da-9acdc3bc6894 None None] RequestId filter calling following filter/app {{(pid=83905) _context_setter /opt/stack/cinder/cinder/api/middleware/request_id.py:62}}
Apr 29 11:30:36 devstack devstack@c-api.service[83905]: INFO cinder.api.openstack.wsgi [None req-2a964659-ba3d-4ca6-a2da-9acdc3bc6894 tempest-GroupSnapshotsTest-365079518 tempest-GroupSnapshotsTest-365079518-project-member] GET http://192.168.122.214/volume/v3/groups/97c1a923-0ba7-42ce-9ad1-bf18387ea236
Apr 29 11:30:36 devstack devstack@c-api.service[83905]: DEBUG cinder.api.openstack.wsgi [None req-2a964659-ba3d-4ca6-a2da-9acdc3bc6894 tempest-GroupSnapshotsTest-365079518 tempest-GroupSnapshotsTest-365079518-project-member] Empty body provided in request {{(pid=83905) get_body /opt/stack/cinder/cinder/api/openstack/wsgi.py:725}}
Apr 29 11:30:36 devstack devstack@c-api.service[83905]: DEBUG cinder.api.openstack.wsgi [None req-2a964659-ba3d-4ca6-a2da-9acdc3bc6894 tempest-GroupSnapshotsTest-365079518 tempest-GroupSnapshotsTest-365079518-project-member] Calling method 'version_select' {{(pid=83905) _process_stack /opt/stack/cinder/cinder/api/openstack/wsgi.py:878}}
Apr 29 11:30:36 devstack devstack@c-api.service[83905]: DEBUG cinder.api.v3.groups [None req-2a964659-ba3d-4ca6-a2da-9acdc3bc6894 tempest-GroupSnapshotsTest-365079518 tempest-GroupSnapshotsTest-365079518-project-member] show called for member 97c1a923-0ba7-42ce-9ad1-bf18387ea236 {{(pid=83905) show /opt/stack/cinder/cinder/api/v3/groups.py:58}}
Apr 29 11:30:36 devstack devstack@c-api.service[83905]: /opt/stack/data/venv/lib/python3.12/site-packages/oslo_context/context.py:101: DeprecationWarning: Policy enforcement is depending on the value of is_admin. This key is deprecated. Please update your policy file to use the standard policy values.
Apr 29 11:30:36 devstack devstack@c-api.service[83905]: warnings.warn(
Apr 29 11:30:36 devstack devstack@c-api.service[83905]: INFO cinder.api.openstack.wsgi [None req-2a964659-ba3d-4ca6-a2da-9acdc3bc6894 tempest-GroupSnapshotsTest-365079518 tempest-GroupSnapshotsTest-365079518-project-member] http://192.168.122.214/volume/v3/groups/97c1a923-0ba7-42ce-9ad1-bf18387ea236 returned with HTTP 200
Apr 29 11:30:36 devstack devstack@c-api.service[83905]: [pid: 83905|app: 0|req: 98/185] 192.168.122.214 () {60 vars in 1270 bytes} [Wed Apr 29 11:30:36 2026] GET /volume/v3/groups/97c1a923-0ba7-42ce-9ad1-bf18387ea236 => generated 392 bytes in 59 msecs (HTTP/1.1 200) 7 headers in 286 bytes (1 switches on core 0)
Apr 29 11:30:37 devstack devstack@c-api.service[83906]: DEBUG cinder.api.middleware.request_id [None req-0fffc6c0-c8c1-48c4-af73-21f2767bf4d3 None None] RequestId filter calling following filter/app {{(pid=83906) _context_setter /opt/stack/cinder/cinder/api/middleware/request_id.py:62}}
Apr 29 11:30:37 devstack devstack@c-api.service[83906]: INFO cinder.api.openstack.wsgi [None req-0fffc6c0-c8c1-48c4-af73-21f2767bf4d3 tempest-ServerRescueNegativeTestJSON-1113232594 tempest-ServerRescueNegativeTestJSON-1113232594-project-member] GET http://192.168.122.214/volume/v3/volumes/034b9d6b-3f21-4023-bd47-73d2d907aef7
Apr 29 11:30:37 devstack devstack@c-api.service[83906]: DEBUG cinder.api.openstack.wsgi [None req-0fffc6c0-c8c1-48c4-af73-21f2767bf4d3 tempest-ServerRescueNegativeTestJSON-1113232594 tempest-ServerRescueNegativeTestJSON-1113232594-project-member] Empty body provided in request {{(pid=83906) get_body /opt/stack/cinder/cinder/api/openstack/wsgi.py:725}}
Apr 29 11:30:37 devstack devstack@c-api.service[83906]: DEBUG cinder.api.openstack.wsgi [None req-0fffc6c0-c8c1-48c4-af73-21f2767bf4d3 tempest-ServerRescueNegativeTestJSON-1113232594 tempest-ServerRescueNegativeTestJSON-1113232594-project-member] Calling method 'show' {{(pid=83906) _process_stack /opt/stack/cinder/cinder/api/openstack/wsgi.py:878}}
Apr 29 11:30:37 devstack devstack@c-api.service[83906]: /opt/stack/data/venv/lib/python3.12/site-packages/oslo_context/context.py:101: DeprecationWarning: Policy enforcement is depending on the value of is_admin. This key is deprecated. Please update your policy file to use the standard policy values.
Apr 29 11:30:37 devstack devstack@c-api.service[83906]: warnings.warn(
Apr 29 11:30:37 devstack devstack@c-api.service[83906]: INFO cinder.volume.api [None req-0fffc6c0-c8c1-48c4-af73-21f2767bf4d3 tempest-ServerRescueNegativeTestJSON-1113232594 tempest-ServerRescueNegativeTestJSON-1113232594-project-member] Volume info retrieved successfully.
Apr 29 11:30:37 devstack devstack@c-api.service[83906]: INFO cinder.api.openstack.wsgi [None req-0fffc6c0-c8c1-48c4-af73-21f2767bf4d3 tempest-ServerRescueNegativeTestJSON-1113232594 tempest-ServerRescueNegativeTestJSON-1113232594-project-member] http://192.168.122.214/volume/v3/volumes/034b9d6b-3f21-4023-bd47-73d2d907aef7 returned with HTTP 200
Apr 29 11:30:37 devstack devstack@c-api.service[83906]: [pid: 83906|app: 0|req: 88/186] 192.168.122.214 () {58 vars in 1232 bytes} [Wed Apr 29 11:30:37 2026] GET /volume/v3/volumes/034b9d6b-3f21-4023-bd47-73d2d907aef7 => generated 860 bytes in 176 msecs (HTTP/1.1 200) 7 headers in 285 bytes (1 switches on core 0)
Apr 29 11:30:37 devstack devstack@c-api.service[83905]: DEBUG cinder.api.middleware.request_id [None req-2ebcfbf9-b74a-4c4a-8b82-e7875b5cc724 None None] RequestId filter calling following filter/app {{(pid=83905) _context_setter /opt/stack/cinder/cinder/api/middleware/request_id.py:62}}
Apr 29 11:30:37 devstack devstack@c-api.service[83905]: INFO cinder.api.openstack.wsgi [None req-2ebcfbf9-b74a-4c4a-8b82-e7875b5cc724 tempest-GroupSnapshotsTest-365079518 tempest-GroupSnapshotsTest-365079518-project-member] GET http://192.168.122.214/volume/v3/groups/97c1a923-0ba7-42ce-9ad1-bf18387ea236
Apr 29 11:30:37 devstack devstack@c-api.service[83905]: DEBUG cinder.api.openstack.wsgi [None req-2ebcfbf9-b74a-4c4a-8b82-e7875b5cc724 tempest-GroupSnapshotsTest-365079518 tempest-GroupSnapshotsTest-365079518-project-member] Empty body provided in request {{(pid=83905) get_body /opt/stack/cinder/cinder/api/openstack/wsgi.py:725}}
Apr 29 11:30:37 devstack devstack@c-api.service[83905]: DEBUG cinder.api.openstack.wsgi [None req-2ebcfbf9-b74a-4c4a-8b82-e7875b5cc724 tempest-GroupSnapshotsTest-365079518 tempest-GroupSnapshotsTest-365079518-project-member] Calling method 'version_select' {{(pid=83905) _process_stack /opt/stack/cinder/cinder/api/openstack/wsgi.py:878}}
Apr 29 11:30:37 devstack devstack@c-api.service[83905]: DEBUG cinder.api.v3.groups [None req-2ebcfbf9-b74a-4c4a-8b82-e7875b5cc724 tempest-GroupSnapshotsTest-365079518 tempest-GroupSnapshotsTest-365079518-project-member] show called for member 97c1a923-0ba7-42ce-9ad1-bf18387ea236 {{(pid=83905) show /opt/stack/cinder/cinder/api/v3/groups.py:58}}
Apr 29 11:30:37 devstack devstack@c-api.service[83905]: /opt/stack/data/venv/lib/python3.12/site-packages/oslo_context/context.py:101: DeprecationWarning: Policy enforcement is depending on the value of is_admin. This key is deprecated. Please update your policy file to use the standard policy values.
Apr 29 11:30:37 devstack devstack@c-api.service[83905]: warnings.warn(
Apr 29 11:30:37 devstack devstack@c-api.service[83905]: INFO cinder.api.openstack.wsgi [None req-2ebcfbf9-b74a-4c4a-8b82-e7875b5cc724 tempest-GroupSnapshotsTest-365079518 tempest-GroupSnapshotsTest-365079518-project-member] http://192.168.122.214/volume/v3/groups/97c1a923-0ba7-42ce-9ad1-bf18387ea236 returned with HTTP 200
Apr 29 11:30:37 devstack devstack@c-api.service[83905]: [pid: 83905|app: 0|req: 99/187] 192.168.122.214 () {60 vars in 1270 bytes} [Wed Apr 29 11:30:37 2026] GET /volume/v3/groups/97c1a923-0ba7-42ce-9ad1-bf18387ea236 => generated 393 bytes in 132 msecs (HTTP/1.1 200) 7 headers in 286 bytes (1 switches on core 0)
Apr 29 11:30:37 devstack devstack@c-api.service[83906]: DEBUG cinder.api.middleware.request_id [None req-773e52e3-473b-4a58-b03d-70b0c0e04ff8 None None] RequestId filter calling following filter/app {{(pid=83906) _context_setter /opt/stack/cinder/cinder/api/middleware/request_id.py:62}}
Apr 29 11:30:37 devstack devstack@c-api.service[83906]: INFO cinder.api.openstack.wsgi [None req-773e52e3-473b-4a58-b03d-70b0c0e04ff8 tempest-GroupSnapshotsTest-365079518 tempest-GroupSnapshotsTest-365079518-project-member] PUT http://192.168.122.214/volume/v3/groups/97c1a923-0ba7-42ce-9ad1-bf18387ea236
Apr 29 11:30:37 devstack devstack@c-api.service[83906]: DEBUG cinder.api.openstack.wsgi [None req-773e52e3-473b-4a58-b03d-70b0c0e04ff8 tempest-GroupSnapshotsTest-365079518 tempest-GroupSnapshotsTest-365079518-project-member] Action: 'update', calling method: version_select, body: {"group": {"add_volumes": "13296525-25f7-40dd-8ff8-88616217ffb2"}} {{(pid=83906) _process_stack /opt/stack/cinder/cinder/api/openstack/wsgi.py:876}}
Apr 29 11:30:37 devstack devstack@c-api.service[83906]: DEBUG cinder.api.v3.groups [None req-773e52e3-473b-4a58-b03d-70b0c0e04ff8 tempest-GroupSnapshotsTest-365079518 tempest-GroupSnapshotsTest-365079518-project-member] Update called for group 97c1a923-0ba7-42ce-9ad1-bf18387ea236. {{(pid=83906) update /opt/stack/cinder/cinder/api/v3/groups.py:302}}
Apr 29 11:30:37 devstack devstack@c-api.service[83906]: INFO cinder.api.v3.groups [None req-773e52e3-473b-4a58-b03d-70b0c0e04ff8 tempest-GroupSnapshotsTest-365079518 tempest-GroupSnapshotsTest-365079518-project-member] Updating group 97c1a923-0ba7-42ce-9ad1-bf18387ea236 with name None description: None add_volumes: 13296525-25f7-40dd-8ff8-88616217ffb2 remove_volumes: None.
Apr 29 11:30:37 devstack devstack@c-api.service[83906]: /opt/stack/data/venv/lib/python3.12/site-packages/oslo_context/context.py:101: DeprecationWarning: Policy enforcement is depending on the value of is_admin. This key is deprecated. Please update your policy file to use the standard policy values.
Apr 29 11:30:37 devstack devstack@c-api.service[83906]: warnings.warn(
Apr 29 11:30:37 devstack devstack@c-api.service[83906]: INFO cinder.api.openstack.wsgi [None req-773e52e3-473b-4a58-b03d-70b0c0e04ff8 tempest-GroupSnapshotsTest-365079518 tempest-GroupSnapshotsTest-365079518-project-member] http://192.168.122.214/volume/v3/groups/97c1a923-0ba7-42ce-9ad1-bf18387ea236 returned with HTTP 202
Apr 29 11:30:37 devstack devstack@c-api.service[83906]: [pid: 83906|app: 0|req: 89/188] 192.168.122.214 () {62 vars in 1290 bytes} [Wed Apr 29 11:30:37 2026] PUT /volume/v3/groups/97c1a923-0ba7-42ce-9ad1-bf18387ea236 => generated 0 bytes in 278 msecs (HTTP/1.1 202) 6 headers in 234 bytes (1 switches on core 0)
Apr 29 11:30:37 devstack devstack@c-api.service[83905]: DEBUG cinder.api.middleware.request_id [None req-a0ba7226-8506-417d-ab09-e6cd951ae1d9 None None] RequestId filter calling following filter/app {{(pid=83905) _context_setter /opt/stack/cinder/cinder/api/middleware/request_id.py:62}}
Apr 29 11:30:37 devstack devstack@c-api.service[83905]: INFO cinder.api.openstack.wsgi [None req-a0ba7226-8506-417d-ab09-e6cd951ae1d9 tempest-GroupSnapshotsTest-365079518 tempest-GroupSnapshotsTest-365079518-project-member] GET http://192.168.122.214/volume/v3/groups/97c1a923-0ba7-42ce-9ad1-bf18387ea236
Apr 29 11:30:37 devstack devstack@c-api.service[83905]: DEBUG cinder.api.openstack.wsgi [None req-a0ba7226-8506-417d-ab09-e6cd951ae1d9 tempest-GroupSnapshotsTest-365079518 tempest-GroupSnapshotsTest-365079518-project-member] Empty body provided in request {{(pid=83905) get_body /opt/stack/cinder/cinder/api/openstack/wsgi.py:725}}
Apr 29 11:30:37 devstack devstack@c-api.service[83905]: DEBUG cinder.api.openstack.wsgi [None req-a0ba7226-8506-417d-ab09-e6cd951ae1d9 tempest-GroupSnapshotsTest-365079518 tempest-GroupSnapshotsTest-365079518-project-member] Calling method 'version_select' {{(pid=83905) _process_stack /opt/stack/cinder/cinder/api/openstack/wsgi.py:878}}
Apr 29 11:30:37 devstack devstack@c-api.service[83905]: DEBUG cinder.api.v3.groups [None req-a0ba7226-8506-417d-ab09-e6cd951ae1d9 tempest-GroupSnapshotsTest-365079518 tempest-GroupSnapshotsTest-365079518-project-member] show called for member 97c1a923-0ba7-42ce-9ad1-bf18387ea236 {{(pid=83905) show /opt/stack/cinder/cinder/api/v3/groups.py:58}}
Apr 29 11:30:37 devstack devstack@c-api.service[83905]: /opt/stack/data/venv/lib/python3.12/site-packages/oslo_context/context.py:101: DeprecationWarning: Policy enforcement is depending on the value of is_admin. This key is deprecated. Please update your policy file to use the standard policy values.
Apr 29 11:30:37 devstack devstack@c-api.service[83905]: warnings.warn(
Apr 29 11:30:37 devstack devstack@c-api.service[83905]: INFO cinder.api.openstack.wsgi [None req-a0ba7226-8506-417d-ab09-e6cd951ae1d9 tempest-GroupSnapshotsTest-365079518 tempest-GroupSnapshotsTest-365079518-project-member] http://192.168.122.214/volume/v3/groups/97c1a923-0ba7-42ce-9ad1-bf18387ea236 returned with HTTP 200
Apr 29 11:30:37 devstack devstack@c-api.service[83905]: [pid: 83905|app: 0|req: 100/189] 192.168.122.214 () {60 vars in 1270 bytes} [Wed Apr 29 11:30:37 2026] GET /volume/v3/groups/97c1a923-0ba7-42ce-9ad1-bf18387ea236 => generated 392 bytes in 180 msecs (HTTP/1.1 200) 7 headers in 286 bytes (1 switches on core 0)
Apr 29 11:30:38 devstack devstack@c-api.service[83906]: DEBUG cinder.api.middleware.request_id [None req-a2d6ae59-db5c-4931-b137-ca15667a105a None None] RequestId filter calling following filter/app {{(pid=83906) _context_setter /opt/stack/cinder/cinder/api/middleware/request_id.py:62}}
Apr 29 11:30:38 devstack devstack@c-api.service[83906]: INFO cinder.api.openstack.wsgi [None req-a2d6ae59-db5c-4931-b137-ca15667a105a tempest-ServerRescueNegativeTestJSON-1113232594 tempest-ServerRescueNegativeTestJSON-1113232594-project-member] GET http://192.168.122.214/volume/v3/volumes/034b9d6b-3f21-4023-bd47-73d2d907aef7
Apr 29 11:30:38 devstack devstack@c-api.service[83906]: DEBUG cinder.api.openstack.wsgi [None req-a2d6ae59-db5c-4931-b137-ca15667a105a tempest-ServerRescueNegativeTestJSON-1113232594 tempest-ServerRescueNegativeTestJSON-1113232594-project-member] Empty body provided in request {{(pid=83906) get_body /opt/stack/cinder/cinder/api/openstack/wsgi.py:725}}
Apr 29 11:30:38 devstack devstack@c-api.service[83906]: DEBUG cinder.api.openstack.wsgi [None req-a2d6ae59-db5c-4931-b137-ca15667a105a tempest-ServerRescueNegativeTestJSON-1113232594 tempest-ServerRescueNegativeTestJSON-1113232594-project-member] Calling method 'show' {{(pid=83906) _process_stack /opt/stack/cinder/cinder/api/openstack/wsgi.py:878}}
Apr 29 11:30:38 devstack devstack@c-api.service[83906]: /opt/stack/data/venv/lib/python3.12/site-packages/oslo_context/context.py:101: DeprecationWarning: Policy enforcement is depending on the value of is_admin. This key is deprecated. Please update your policy file to use the standard policy values.
Apr 29 11:30:38 devstack devstack@c-api.service[83906]: warnings.warn(
Apr 29 11:30:38 devstack devstack@c-api.service[83906]: INFO cinder.volume.api [None req-a2d6ae59-db5c-4931-b137-ca15667a105a tempest-ServerRescueNegativeTestJSON-1113232594 tempest-ServerRescueNegativeTestJSON-1113232594-project-member] Volume info retrieved successfully.
Apr 29 11:30:38 devstack devstack@c-api.service[83906]: INFO cinder.api.openstack.wsgi [None req-a2d6ae59-db5c-4931-b137-ca15667a105a tempest-ServerRescueNegativeTestJSON-1113232594 tempest-ServerRescueNegativeTestJSON-1113232594-project-member] http://192.168.122.214/volume/v3/volumes/034b9d6b-3f21-4023-bd47-73d2d907aef7 returned with HTTP 200
Apr 29 11:30:38 devstack devstack@c-api.service[83906]: [pid: 83906|app: 0|req: 90/190] 192.168.122.214 () {58 vars in 1232 bytes} [Wed Apr 29 11:30:38 2026] GET /volume/v3/volumes/034b9d6b-3f21-4023-bd47-73d2d907aef7 => generated 860 bytes in 149 msecs (HTTP/1.1 200) 7 headers in 285 bytes (1 switches on core 0)
Apr 29 11:30:38 devstack devstack@c-api.service[83905]: DEBUG cinder.api.middleware.request_id [None req-18e8b754-3da6-4c34-bed9-5e80d33d0d3d None None] RequestId filter calling following filter/app {{(pid=83905) _context_setter /opt/stack/cinder/cinder/api/middleware/request_id.py:62}}
