Nov 28 19:56:19 devstack cinder-volume[81793]: DEBUG oslo_concurrency.processutils [req-a50950ad-f20d-4bb4-a06e-e9e0b61f53e2 req-bb8510a8-1488-4f7b-b789-9612fa2efa7d tempest-VolumesSnapshotsTestJSON-1927532849 None] CMD "sudo cinder-rootwrap /etc/cinder/rootwrap.conf qemu-img create -f qcow2 -o preallocation=metadata /opt/stack/data/cinder/mnt/61fa64fb0453bbf6ac6386fd08c21321/volume-856b2eb0-9586-4b44-b01c-5c392e7c1487 1073741824" returned: 0 in 0.643s {{(pid=81793) execute /opt/stack/data/venv/lib/python3.10/site-packages/oslo_concurrency/processutils.py:372}}
Nov 28 19:56:19 devstack cinder-volume[81793]: DEBUG oslo_concurrency.processutils [req-a50950ad-f20d-4bb4-a06e-e9e0b61f53e2 req-bb8510a8-1488-4f7b-b789-9612fa2efa7d tempest-VolumesSnapshotsTestJSON-1927532849 None] Running cmd (subprocess): sudo cinder-rootwrap /etc/cinder/rootwrap.conf chmod ugo+rw /opt/stack/data/cinder/mnt/61fa64fb0453bbf6ac6386fd08c21321/volume-856b2eb0-9586-4b44-b01c-5c392e7c1487 {{(pid=81793) execute /opt/stack/data/venv/lib/python3.10/site-packages/oslo_concurrency/processutils.py:349}}
Nov 28 19:56:19 devstack sudo[89186]: quobyte : PWD=/ ; USER=root ; COMMAND=/opt/stack/data/venv/bin/cinder-rootwrap /etc/cinder/rootwrap.conf chmod ugo+rw /opt/stack/data/cinder/mnt/61fa64fb0453bbf6ac6386fd08c21321/volume-856b2eb0-9586-4b44-b01c-5c392e7c1487
Nov 28 19:56:19 devstack sudo[89186]: pam_unix(sudo:session): session opened for user root(uid=0) by (uid=1000)
Nov 28 19:56:20 devstack sudo[89186]: pam_unix(sudo:session): session closed for user root
Nov 28 19:56:20 devstack cinder-volume[81793]: DEBUG oslo_concurrency.processutils [req-a50950ad-f20d-4bb4-a06e-e9e0b61f53e2 req-bb8510a8-1488-4f7b-b789-9612fa2efa7d tempest-VolumesSnapshotsTestJSON-1927532849 None] CMD "sudo cinder-rootwrap /etc/cinder/rootwrap.conf chmod ugo+rw /opt/stack/data/cinder/mnt/61fa64fb0453bbf6ac6386fd08c21321/volume-856b2eb0-9586-4b44-b01c-5c392e7c1487" returned: 0 in 0.495s {{(pid=81793) execute /opt/stack/data/venv/lib/python3.10/site-packages/oslo_concurrency/processutils.py:372}}
Nov 28 19:56:20 devstack cinder-volume[81793]: DEBUG cinder.volume.drivers.quobyte [req-a50950ad-f20d-4bb4-a06e-e9e0b61f53e2 req-bb8510a8-1488-4f7b-b789-9612fa2efa7d tempest-VolumesSnapshotsTestJSON-1927532849 None] <== create_volume: return (1147ms) {'provider_location': 'osci02.corp.quobyte.com/cinder-vol-fe0f1504-ccb0-4c15-a61f-9c1c8a8b0fe3'} {{(pid=81793) trace_logging_wrapper /opt/stack/cinder/cinder/volume/volume_utils.py:1523}}
Nov 28 19:56:20 devstack cinder-volume[81793]: DEBUG oslo_concurrency.lockutils [req-a50950ad-f20d-4bb4-a06e-e9e0b61f53e2 req-bb8510a8-1488-4f7b-b789-9612fa2efa7d tempest-VolumesSnapshotsTestJSON-1927532849 None] Lock "quobyte" "released" by "cinder.volume.drivers.quobyte.QuobyteDriver.create_volume" :: held 1.151s {{(pid=81793) inner /opt/stack/data/venv/lib/python3.10/site-packages/oslo_concurrency/lockutils.py:424}}
Nov 28 19:56:20 devstack cinder-volume[81793]: DEBUG cinder.volume.manager [req-a50950ad-f20d-4bb4-a06e-e9e0b61f53e2 req-bb8510a8-1488-4f7b-b789-9612fa2efa7d tempest-VolumesSnapshotsTestJSON-1927532849 None] Task 'cinder.volume.flows.manager.create_volume.CreateVolumeFromSpecTask;volume:create' (2225be93-e11c-482c-8c52-5b736c047066) transitioned into state 'SUCCESS' from state 'RUNNING' with result '{'status': 'creating', 'volume_name': 'volume-856b2eb0-9586-4b44-b01c-5c392e7c1487', 'volume_size': 1}' {{(pid=81793) _task_receiver /opt/stack/data/venv/lib/python3.10/site-packages/taskflow/listeners/logging.py:182}}
Nov 28 19:56:20 devstack cinder-volume[81793]: DEBUG cinder.volume.manager [req-a50950ad-f20d-4bb4-a06e-e9e0b61f53e2 req-bb8510a8-1488-4f7b-b789-9612fa2efa7d tempest-VolumesSnapshotsTestJSON-1927532849 None] Task 'cinder.volume.flows.manager.create_volume.CreateVolumeOnFinishTask;volume:create, create.end' (9caccfb4-1d99-4b22-a82d-02fdffb455bf) transitioned into state 'RUNNING' from state 'PENDING' {{(pid=81793) _task_receiver /opt/stack/data/venv/lib/python3.10/site-packages/taskflow/listeners/logging.py:194}}
Nov 28 19:56:20 devstack cinder-volume[81793]: INFO cinder.volume.flows.manager.create_volume [req-a50950ad-f20d-4bb4-a06e-e9e0b61f53e2 req-bb8510a8-1488-4f7b-b789-9612fa2efa7d tempest-VolumesSnapshotsTestJSON-1927532849 None] Volume volume-856b2eb0-9586-4b44-b01c-5c392e7c1487 (856b2eb0-9586-4b44-b01c-5c392e7c1487): created successfully
Nov 28 19:56:20 devstack cinder-volume[81793]: DEBUG cinder.volume.manager [req-a50950ad-f20d-4bb4-a06e-e9e0b61f53e2 req-bb8510a8-1488-4f7b-b789-9612fa2efa7d tempest-VolumesSnapshotsTestJSON-1927532849 None] Task 'cinder.volume.flows.manager.create_volume.CreateVolumeOnFinishTask;volume:create, create.end' (9caccfb4-1d99-4b22-a82d-02fdffb455bf) transitioned into state 'SUCCESS' from state 'RUNNING' with result 'None' {{(pid=81793) _task_receiver /opt/stack/data/venv/lib/python3.10/site-packages/taskflow/listeners/logging.py:182}}
Nov 28 19:56:20 devstack cinder-volume[81793]: DEBUG cinder.volume.manager [req-a50950ad-f20d-4bb4-a06e-e9e0b61f53e2 req-bb8510a8-1488-4f7b-b789-9612fa2efa7d tempest-VolumesSnapshotsTestJSON-1927532849 None] Flow 'volume_create_manager' (ebec18e4-5016-4669-9d50-0d4b9f6ad672) transitioned into state 'SUCCESS' from state 'RUNNING' {{(pid=81793) _flow_receiver /opt/stack/data/venv/lib/python3.10/site-packages/taskflow/listeners/logging.py:145}}
Nov 28 19:56:20 devstack cinder-volume[81793]: INFO cinder.volume.manager [req-a50950ad-f20d-4bb4-a06e-e9e0b61f53e2 req-bb8510a8-1488-4f7b-b789-9612fa2efa7d tempest-VolumesSnapshotsTestJSON-1927532849 None] Created volume successfully.
Nov 28 19:56:21 devstack cinder-volume[81793]: WARNING cinder.volume.volume_utils [req-aac0334b-557f-4a2c-b7b8-24dbe15cefce req-9dabfc7a-9d53-41b1-ac18-698fcb74506d tempest-VolumesSnapshotsTestJSON-1927532849 None] Volume driver (QuobyteDriver 1.1.13) is currently unsupported and may be removed in the next release of OpenStack. Use at your own risk.
Nov 28 19:56:21 devstack cinder-volume[81793]: DEBUG oslo_concurrency.lockutils [req-aac0334b-557f-4a2c-b7b8-24dbe15cefce req-9dabfc7a-9d53-41b1-ac18-698fcb74506d tempest-VolumesSnapshotsTestJSON-1927532849 None] Acquiring lock "quobyte" by "cinder.volume.drivers.quobyte.QuobyteDriver.create_snapshot" {{(pid=81793) inner /opt/stack/data/venv/lib/python3.10/site-packages/oslo_concurrency/lockutils.py:405}}
Nov 28 19:56:21 devstack cinder-volume[81793]: DEBUG oslo_concurrency.lockutils [req-aac0334b-557f-4a2c-b7b8-24dbe15cefce req-9dabfc7a-9d53-41b1-ac18-698fcb74506d tempest-VolumesSnapshotsTestJSON-1927532849 None] Lock "quobyte" acquired by "cinder.volume.drivers.quobyte.QuobyteDriver.create_snapshot" :: waited 0.000s {{(pid=81793) inner /opt/stack/data/venv/lib/python3.10/site-packages/oslo_concurrency/lockutils.py:410}}
Nov 28 19:56:21 devstack cinder-volume[81793]: DEBUG cinder.volume.drivers.remotefs [req-aac0334b-557f-4a2c-b7b8-24dbe15cefce req-9dabfc7a-9d53-41b1-ac18-698fcb74506d tempest-VolumesSnapshotsTestJSON-1927532849 None] Creating offline snapshot 00c8a41d-a7d0-43a1-aa91-7045efcb2cc8 of volume 856b2eb0-9586-4b44-b01c-5c392e7c1487 {{(pid=81793) _create_snapshot /opt/stack/cinder/cinder/volume/drivers/remotefs.py:1694}}
Nov 28 19:56:21 devstack cinder-volume[81793]: DEBUG oslo.privsep.daemon [-] privsep: reply[80fd122c-0338-4c07-aa40-1189156a332e]: (4, 'qcow2') {{(pid=82760) _call_back /opt/stack/data/venv/lib/python3.10/site-packages/oslo_privsep/daemon.py:515}}
Nov 28 19:56:21 devstack cinder-volume[81793]: DEBUG oslo_concurrency.processutils [req-aac0334b-557f-4a2c-b7b8-24dbe15cefce req-9dabfc7a-9d53-41b1-ac18-698fcb74506d tempest-VolumesSnapshotsTestJSON-1927532849 None] Running cmd (subprocess): /opt/stack/data/venv/bin/python3.10 -m oslo_concurrency.prlimit --as=1073741824 --cpu=60 -- sudo cinder-rootwrap /etc/cinder/rootwrap.conf env LC_ALL=C qemu-img info -f qcow2 --output=json --force-share /opt/stack/data/cinder/mnt/61fa64fb0453bbf6ac6386fd08c21321/volume-856b2eb0-9586-4b44-b01c-5c392e7c1487 {{(pid=81793) execute /opt/stack/data/venv/lib/python3.10/site-packages/oslo_concurrency/processutils.py:349}}
Nov 28 19:56:21 devstack sudo[89231]: quobyte : PWD=/ ; USER=root ; COMMAND=/opt/stack/data/venv/bin/cinder-rootwrap /etc/cinder/rootwrap.conf env LC_ALL=C qemu-img info -f qcow2 --output=json --force-share /opt/stack/data/cinder/mnt/61fa64fb0453bbf6ac6386fd08c21321/volume-856b2eb0-9586-4b44-b01c-5c392e7c1487
Nov 28 19:56:21 devstack sudo[89231]: pam_unix(sudo:session): session opened for user root(uid=0) by (uid=1000)
Nov 28 19:56:23 devstack sudo[89231]: pam_unix(sudo:session): session closed for user root
Nov 28 19:56:23 devstack cinder-volume[81793]: DEBUG oslo_concurrency.processutils [req-aac0334b-557f-4a2c-b7b8-24dbe15cefce req-9dabfc7a-9d53-41b1-ac18-698fcb74506d tempest-VolumesSnapshotsTestJSON-1927532849 None] CMD "/opt/stack/data/venv/bin/python3.10 -m oslo_concurrency.prlimit --as=1073741824 --cpu=60 -- sudo cinder-rootwrap /etc/cinder/rootwrap.conf env LC_ALL=C qemu-img info -f qcow2 --output=json --force-share /opt/stack/data/cinder/mnt/61fa64fb0453bbf6ac6386fd08c21321/volume-856b2eb0-9586-4b44-b01c-5c392e7c1487" returned: 0 in 1.283s {{(pid=81793) execute /opt/stack/data/venv/lib/python3.10/site-packages/oslo_concurrency/processutils.py:372}}
Nov 28 19:56:23 devstack cinder-volume[81793]: DEBUG oslo_concurrency.processutils [req-aac0334b-557f-4a2c-b7b8-24dbe15cefce req-9dabfc7a-9d53-41b1-ac18-698fcb74506d tempest-VolumesSnapshotsTestJSON-1927532849 None] Running cmd (subprocess): sudo cinder-rootwrap /etc/cinder/rootwrap.conf qemu-img create -f qcow2 -o backing_file=/opt/stack/data/cinder/mnt/61fa64fb0453bbf6ac6386fd08c21321/volume-856b2eb0-9586-4b44-b01c-5c392e7c1487,backing_fmt=qcow2 /opt/stack/data/cinder/mnt/61fa64fb0453bbf6ac6386fd08c21321/volume-856b2eb0-9586-4b44-b01c-5c392e7c1487.00c8a41d-a7d0-43a1-aa91-7045efcb2cc8 1G {{(pid=81793) execute /opt/stack/data/venv/lib/python3.10/site-packages/oslo_concurrency/processutils.py:349}}
Nov 28 19:56:23 devstack sudo[89635]: quobyte : PWD=/ ; USER=root ; COMMAND=/opt/stack/data/venv/bin/cinder-rootwrap /etc/cinder/rootwrap.conf qemu-img create -f qcow2 -o backing_file=/opt/stack/data/cinder/mnt/61fa64fb0453bbf6ac6386fd08c21321/volume-856b2eb0-9586-4b44-b01c-5c392e7c1487,backing_fmt=qcow2 /opt/stack/data/cinder/mnt/61fa64fb0453bbf6ac6386fd08c21321/volume-856b2eb0-9586-4b44-b01c-5c392e7c1487.00c8a41d-a7d0-43a1-aa91-7045efcb2cc8 1G
Nov 28 19:56:23 devstack sudo[89635]: pam_unix(sudo:session): session opened for user root(uid=0) by (uid=1000)
Nov 28 19:56:23 devstack sudo[89635]: pam_unix(sudo:session): session closed for user root
Nov 28 19:56:23 devstack cinder-volume[81793]: DEBUG oslo_concurrency.processutils [req-aac0334b-557f-4a2c-b7b8-24dbe15cefce req-9dabfc7a-9d53-41b1-ac18-698fcb74506d tempest-VolumesSnapshotsTestJSON-1927532849 None] CMD "sudo cinder-rootwrap /etc/cinder/rootwrap.conf qemu-img create -f qcow2 -o backing_file=/opt/stack/data/cinder/mnt/61fa64fb0453bbf6ac6386fd08c21321/volume-856b2eb0-9586-4b44-b01c-5c392e7c1487,backing_fmt=qcow2 /opt/stack/data/cinder/mnt/61fa64fb0453bbf6ac6386fd08c21321/volume-856b2eb0-9586-4b44-b01c-5c392e7c1487.00c8a41d-a7d0-43a1-aa91-7045efcb2cc8 1G" returned: 0 in 0.744s {{(pid=81793) execute /opt/stack/data/venv/lib/python3.10/site-packages/oslo_concurrency/processutils.py:372}}
Nov 28 19:56:23 devstack cinder-volume[81793]: DEBUG oslo_concurrency.processutils [req-aac0334b-557f-4a2c-b7b8-24dbe15cefce req-9dabfc7a-9d53-41b1-ac18-698fcb74506d tempest-VolumesSnapshotsTestJSON-1927532849 None] Running cmd (subprocess): sudo cinder-rootwrap /etc/cinder/rootwrap.conf qemu-img rebase -u -b volume-856b2eb0-9586-4b44-b01c-5c392e7c1487 -F qcow2 /opt/stack/data/cinder/mnt/61fa64fb0453bbf6ac6386fd08c21321/volume-856b2eb0-9586-4b44-b01c-5c392e7c1487.00c8a41d-a7d0-43a1-aa91-7045efcb2cc8 {{(pid=81793) execute /opt/stack/data/venv/lib/python3.10/site-packages/oslo_concurrency/processutils.py:349}}
Nov 28 19:56:23 devstack sudo[89642]: quobyte : PWD=/ ; USER=root ; COMMAND=/opt/stack/data/venv/bin/cinder-rootwrap /etc/cinder/rootwrap.conf qemu-img rebase -u -b volume-856b2eb0-9586-4b44-b01c-5c392e7c1487 -F qcow2 /opt/stack/data/cinder/mnt/61fa64fb0453bbf6ac6386fd08c21321/volume-856b2eb0-9586-4b44-b01c-5c392e7c1487.00c8a41d-a7d0-43a1-aa91-7045efcb2cc8
Nov 28 19:56:23 devstack sudo[89642]: pam_unix(sudo:session): session opened for user root(uid=0) by (uid=1000)
Nov 28 19:56:24 devstack sudo[89642]: pam_unix(sudo:session): session closed for user root
Nov 28 19:56:24 devstack cinder-volume[81793]: DEBUG oslo_concurrency.processutils [req-aac0334b-557f-4a2c-b7b8-24dbe15cefce req-9dabfc7a-9d53-41b1-ac18-698fcb74506d tempest-VolumesSnapshotsTestJSON-1927532849 None] CMD "sudo cinder-rootwrap /etc/cinder/rootwrap.conf qemu-img rebase -u -b volume-856b2eb0-9586-4b44-b01c-5c392e7c1487 -F qcow2 /opt/stack/data/cinder/mnt/61fa64fb0453bbf6ac6386fd08c21321/volume-856b2eb0-9586-4b44-b01c-5c392e7c1487.00c8a41d-a7d0-43a1-aa91-7045efcb2cc8" returned: 0 in 0.635s {{(pid=81793) execute /opt/stack/data/venv/lib/python3.10/site-packages/oslo_concurrency/processutils.py:372}}
Nov 28 19:56:24 devstack cinder-volume[81793]: WARNING cinder.volume.drivers.remotefs [req-aac0334b-557f-4a2c-b7b8-24dbe15cefce req-9dabfc7a-9d53-41b1-ac18-698fcb74506d tempest-VolumesSnapshotsTestJSON-1927532849 None] /opt/stack/data/cinder/mnt/61fa64fb0453bbf6ac6386fd08c21321/volume-856b2eb0-9586-4b44-b01c-5c392e7c1487.00c8a41d-a7d0-43a1-aa91-7045efcb2cc8 is being set with open permissions: ugo+rw
Nov 28 19:56:24 devstack cinder-volume[81793]: DEBUG oslo_concurrency.processutils [req-aac0334b-557f-4a2c-b7b8-24dbe15cefce req-9dabfc7a-9d53-41b1-ac18-698fcb74506d tempest-VolumesSnapshotsTestJSON-1927532849 None] Running cmd (subprocess): sudo cinder-rootwrap /etc/cinder/rootwrap.conf chmod ugo+rw /opt/stack/data/cinder/mnt/61fa64fb0453bbf6ac6386fd08c21321/volume-856b2eb0-9586-4b44-b01c-5c392e7c1487.00c8a41d-a7d0-43a1-aa91-7045efcb2cc8 {{(pid=81793) execute /opt/stack/data/venv/lib/python3.10/site-packages/oslo_concurrency/processutils.py:349}}
Nov 28 19:56:24 devstack sudo[89650]: quobyte : PWD=/ ; USER=root ; COMMAND=/opt/stack/data/venv/bin/cinder-rootwrap /etc/cinder/rootwrap.conf chmod ugo+rw /opt/stack/data/cinder/mnt/61fa64fb0453bbf6ac6386fd08c21321/volume-856b2eb0-9586-4b44-b01c-5c392e7c1487.00c8a41d-a7d0-43a1-aa91-7045efcb2cc8
Nov 28 19:56:24 devstack sudo[89650]: pam_unix(sudo:session): session opened for user root(uid=0) by (uid=1000)
Nov 28 19:56:24 devstack cinder-volume[81793]: DEBUG oslo_service.periodic_task [None req-21b3a45d-54e1-42d9-85bc-e3984eba42c4 None None] Running periodic task VolumeManager.publish_service_capabilities {{(pid=81793) run_periodic_tasks /opt/stack/data/venv/lib/python3.10/site-packages/oslo_service/periodic_task.py:210}}
Nov 28 19:56:24 devstack cinder-volume[81793]: DEBUG oslo_concurrency.lockutils [None req-21b3a45d-54e1-42d9-85bc-e3984eba42c4 None None] Acquiring lock "quobyte_ensure" by "cinder.volume.drivers.quobyte.QuobyteDriver._ensure_shares_mounted" {{(pid=81793) inner /opt/stack/data/venv/lib/python3.10/site-packages/oslo_concurrency/lockutils.py:405}}
Nov 28 19:56:24 devstack cinder-volume[81793]: DEBUG oslo_concurrency.lockutils [None req-21b3a45d-54e1-42d9-85bc-e3984eba42c4 None None] Lock "quobyte_ensure" acquired by "cinder.volume.drivers.quobyte.QuobyteDriver._ensure_shares_mounted" :: waited 0.001s {{(pid=81793) inner /opt/stack/data/venv/lib/python3.10/site-packages/oslo_concurrency/lockutils.py:410}}
Nov 28 19:56:24 devstack cinder-volume[81793]: DEBUG cinder.volume.drivers.quobyte [None req-21b3a45d-54e1-42d9-85bc-e3984eba42c4 None None] Quobyte Volume URL set to: {'osci02.corp.quobyte.com/cinder-vol-fe0f1504-ccb0-4c15-a61f-9c1c8a8b0fe3': None} {{(pid=81793) _load_shares_config /opt/stack/cinder/cinder/volume/drivers/quobyte.py:604}}
Nov 28 19:56:24 devstack cinder-volume[81793]: DEBUG cinder.volume.drivers.quobyte [None req-21b3a45d-54e1-42d9-85bc-e3984eba42c4 None None] Available shares ['osci02.corp.quobyte.com/cinder-vol-fe0f1504-ccb0-4c15-a61f-9c1c8a8b0fe3'] {{(pid=81793) _ensure_shares_mounted /opt/stack/cinder/cinder/volume/drivers/quobyte.py:634}}
Nov 28 19:56:24 devstack cinder-volume[81793]: DEBUG oslo_concurrency.lockutils [None req-21b3a45d-54e1-42d9-85bc-e3984eba42c4 None None] Lock "quobyte_ensure" "released" by "cinder.volume.drivers.quobyte.QuobyteDriver._ensure_shares_mounted" :: held 0.005s {{(pid=81793) inner /opt/stack/data/venv/lib/python3.10/site-packages/oslo_concurrency/lockutils.py:424}}
Nov 28 19:56:24 devstack cinder-volume[81793]: DEBUG oslo_concurrency.processutils [None req-21b3a45d-54e1-42d9-85bc-e3984eba42c4 None None] Running cmd (subprocess): sudo cinder-rootwrap /etc/cinder/rootwrap.conf df --portability --block-size 1 /opt/stack/data/cinder/mnt/61fa64fb0453bbf6ac6386fd08c21321 {{(pid=81793) execute /opt/stack/data/venv/lib/python3.10/site-packages/oslo_concurrency/processutils.py:349}}
Nov 28 19:56:24 devstack sudo[89653]: quobyte : PWD=/ ; USER=root ; COMMAND=/opt/stack/data/venv/bin/cinder-rootwrap /etc/cinder/rootwrap.conf df --portability --block-size 1 /opt/stack/data/cinder/mnt/61fa64fb0453bbf6ac6386fd08c21321
Nov 28 19:56:24 devstack sudo[89653]: pam_unix(sudo:session): session opened for user root(uid=0) by (uid=1000)
Nov 28 19:56:25 devstack sudo[89650]: pam_unix(sudo:session): session closed for user root
Nov 28 19:56:25 devstack cinder-volume[81793]: DEBUG oslo_concurrency.processutils [req-aac0334b-557f-4a2c-b7b8-24dbe15cefce req-9dabfc7a-9d53-41b1-ac18-698fcb74506d tempest-VolumesSnapshotsTestJSON-1927532849 None] CMD "sudo cinder-rootwrap /etc/cinder/rootwrap.conf chmod ugo+rw /opt/stack/data/cinder/mnt/61fa64fb0453bbf6ac6386fd08c21321/volume-856b2eb0-9586-4b44-b01c-5c392e7c1487.00c8a41d-a7d0-43a1-aa91-7045efcb2cc8" returned: 0 in 0.962s {{(pid=81793) execute /opt/stack/data/venv/lib/python3.10/site-packages/oslo_concurrency/processutils.py:372}}
Nov 28 19:56:25 devstack cinder-volume[81793]: DEBUG oslo_concurrency.processutils [req-aac0334b-557f-4a2c-b7b8-24dbe15cefce req-9dabfc7a-9d53-41b1-ac18-698fcb74506d tempest-VolumesSnapshotsTestJSON-1927532849 None] Running cmd (subprocess): sudo cinder-rootwrap /etc/cinder/rootwrap.conf truncate -s0 /opt/stack/data/cinder/mnt/61fa64fb0453bbf6ac6386fd08c21321/volume-856b2eb0-9586-4b44-b01c-5c392e7c1487.info {{(pid=81793) execute /opt/stack/data/venv/lib/python3.10/site-packages/oslo_concurrency/processutils.py:349}}
Nov 28 19:56:25 devstack sudo[89659]: quobyte : PWD=/ ; USER=root ; COMMAND=/opt/stack/data/venv/bin/cinder-rootwrap /etc/cinder/rootwrap.conf truncate -s0 /opt/stack/data/cinder/mnt/61fa64fb0453bbf6ac6386fd08c21321/volume-856b2eb0-9586-4b44-b01c-5c392e7c1487.info
Nov 28 19:56:25 devstack sudo[89659]: pam_unix(sudo:session): session opened for user root(uid=0) by (uid=1000)
Nov 28 19:56:26 devstack sudo[89653]: pam_unix(sudo:session): session closed for user root
Nov 28 19:56:26 devstack cinder-volume[81793]: DEBUG oslo_concurrency.processutils [None req-21b3a45d-54e1-42d9-85bc-e3984eba42c4 None None] CMD "sudo cinder-rootwrap /etc/cinder/rootwrap.conf df --portability --block-size 1 /opt/stack/data/cinder/mnt/61fa64fb0453bbf6ac6386fd08c21321" returned: 0 in 1.270s {{(pid=81793) execute /opt/stack/data/venv/lib/python3.10/site-packages/oslo_concurrency/processutils.py:372}}
Nov 28 19:56:26 devstack cinder-volume[81793]: DEBUG cinder.manager [None req-21b3a45d-54e1-42d9-85bc-e3984eba42c4 None None] Notifying Schedulers of capabilities ... {{(pid=81793) _publish_service_capabilities /opt/stack/cinder/cinder/manager.py:202}}
Nov 28 19:56:26 devstack sudo[89659]: pam_unix(sudo:session): session closed for user root
Nov 28 19:56:26 devstack cinder-volume[81793]: DEBUG oslo_concurrency.processutils [req-aac0334b-557f-4a2c-b7b8-24dbe15cefce req-9dabfc7a-9d53-41b1-ac18-698fcb74506d tempest-VolumesSnapshotsTestJSON-1927532849 None] CMD "sudo cinder-rootwrap /etc/cinder/rootwrap.conf truncate -s0 /opt/stack/data/cinder/mnt/61fa64fb0453bbf6ac6386fd08c21321/volume-856b2eb0-9586-4b44-b01c-5c392e7c1487.info" returned: 0 in 0.677s {{(pid=81793) execute /opt/stack/data/venv/lib/python3.10/site-packages/oslo_concurrency/processutils.py:372}}
Nov 28 19:56:26 devstack cinder-volume[81793]: WARNING cinder.volume.drivers.remotefs [req-aac0334b-557f-4a2c-b7b8-24dbe15cefce req-9dabfc7a-9d53-41b1-ac18-698fcb74506d tempest-VolumesSnapshotsTestJSON-1927532849 None] /opt/stack/data/cinder/mnt/61fa64fb0453bbf6ac6386fd08c21321/volume-856b2eb0-9586-4b44-b01c-5c392e7c1487.info is being set with open permissions: ugo+rw
Nov 28 19:56:26 devstack cinder-volume[81793]: DEBUG oslo_concurrency.processutils [req-aac0334b-557f-4a2c-b7b8-24dbe15cefce req-9dabfc7a-9d53-41b1-ac18-698fcb74506d tempest-VolumesSnapshotsTestJSON-1927532849 None] Running cmd (subprocess): sudo cinder-rootwrap /etc/cinder/rootwrap.conf chmod ugo+rw /opt/stack/data/cinder/mnt/61fa64fb0453bbf6ac6386fd08c21321/volume-856b2eb0-9586-4b44-b01c-5c392e7c1487.info {{(pid=81793) execute /opt/stack/data/venv/lib/python3.10/site-packages/oslo_concurrency/processutils.py:349}}
Nov 28 19:56:26 devstack sudo[89666]: quobyte : PWD=/ ; USER=root ; COMMAND=/opt/stack/data/venv/bin/cinder-rootwrap /etc/cinder/rootwrap.conf chmod ugo+rw /opt/stack/data/cinder/mnt/61fa64fb0453bbf6ac6386fd08c21321/volume-856b2eb0-9586-4b44-b01c-5c392e7c1487.info
Nov 28 19:56:26 devstack sudo[89666]: pam_unix(sudo:session): session opened for user root(uid=0) by (uid=1000)
Nov 28 19:56:26 devstack sudo[89666]: pam_unix(sudo:session): session closed for user root
Nov 28 19:56:26 devstack cinder-volume[81793]: DEBUG oslo_concurrency.processutils [req-aac0334b-557f-4a2c-b7b8-24dbe15cefce req-9dabfc7a-9d53-41b1-ac18-698fcb74506d tempest-VolumesSnapshotsTestJSON-1927532849 None] CMD "sudo cinder-rootwrap /etc/cinder/rootwrap.conf chmod ugo+rw /opt/stack/data/cinder/mnt/61fa64fb0453bbf6ac6386fd08c21321/volume-856b2eb0-9586-4b44-b01c-5c392e7c1487.info" returned: 0 in 0.827s {{(pid=81793) execute /opt/stack/data/venv/lib/python3.10/site-packages/oslo_concurrency/processutils.py:372}}
Nov 28 19:56:26 devstack cinder-volume[81793]: DEBUG oslo_concurrency.lockutils [req-aac0334b-557f-4a2c-b7b8-24dbe15cefce req-9dabfc7a-9d53-41b1-ac18-698fcb74506d tempest-VolumesSnapshotsTestJSON-1927532849 None] Lock "quobyte" "released" by "cinder.volume.drivers.quobyte.QuobyteDriver.create_snapshot" :: held 5.185s {{(pid=81793) inner /opt/stack/data/venv/lib/python3.10/site-packages/oslo_concurrency/lockutils.py:424}}
Nov 28 19:56:27 devstack cinder-volume[81793]: INFO cinder.volume.manager [req-aac0334b-557f-4a2c-b7b8-24dbe15cefce req-9dabfc7a-9d53-41b1-ac18-698fcb74506d tempest-VolumesSnapshotsTestJSON-1927532849 None] Create snapshot completed successfully
Nov 28 19:56:27 devstack cinder-volume[81793]: DEBUG cinder.coordination [req-3f2c1cfd-767e-4ea9-b1a8-f12321b96a43 req-5af77051-3894-4414-ac48-ecfa6dba6a0b tempest-VolumesSnapshotsTestJSON-1927532849 None] Acquiring lock "cinder-00c8a41d-a7d0-43a1-aa91-7045efcb2cc8-delete_snapshot" by "delete_snapshot" {{(pid=81793) __acquire /opt/stack/cinder/cinder/coordination.py:143}}
Nov 28 19:56:27 devstack cinder-volume[81793]: DEBUG cinder.coordination [req-3f2c1cfd-767e-4ea9-b1a8-f12321b96a43 req-5af77051-3894-4414-ac48-ecfa6dba6a0b tempest-VolumesSnapshotsTestJSON-1927532849 None] Lock "cinder-00c8a41d-a7d0-43a1-aa91-7045efcb2cc8-delete_snapshot" acquired by "delete_snapshot" :: waited 0.013s {{(pid=81793) __acquire /opt/stack/cinder/cinder/coordination.py:146}}
Nov 28 19:56:27 devstack cinder-volume[81793]: WARNING cinder.volume.volume_utils [req-3f2c1cfd-767e-4ea9-b1a8-f12321b96a43 req-5af77051-3894-4414-ac48-ecfa6dba6a0b tempest-VolumesSnapshotsTestJSON-1927532849 None] Volume driver (QuobyteDriver 1.1.13) is currently unsupported and may be removed in the next release of OpenStack. Use at your own risk.
Nov 28 19:56:27 devstack cinder-volume[81793]: DEBUG cinder.coordination [req-3f2c1cfd-767e-4ea9-b1a8-f12321b96a43 req-5af77051-3894-4414-ac48-ecfa6dba6a0b tempest-VolumesSnapshotsTestJSON-1927532849 None] Acquiring lock "cinder-quobyte-856b2eb0-9586-4b44-b01c-5c392e7c1487" by "delete_snapshot" {{(pid=81793) __acquire /opt/stack/cinder/cinder/coordination.py:143}}
Nov 28 19:56:27 devstack cinder-volume[81793]: DEBUG cinder.coordination [req-3f2c1cfd-767e-4ea9-b1a8-f12321b96a43 req-5af77051-3894-4414-ac48-ecfa6dba6a0b tempest-VolumesSnapshotsTestJSON-1927532849 None] Lock "cinder-quobyte-856b2eb0-9586-4b44-b01c-5c392e7c1487" acquired by "delete_snapshot" :: waited 0.035s {{(pid=81793) __acquire /opt/stack/cinder/cinder/coordination.py:146}}
Nov 28 19:56:27 devstack cinder-volume[81793]: DEBUG cinder.coordination [req-3f2c1cfd-767e-4ea9-b1a8-f12321b96a43 req-5af77051-3894-4414-ac48-ecfa6dba6a0b tempest-VolumesSnapshotsTestJSON-1927532849 None] Acquiring lock "cinder-quobyte-00c8a41d-a7d0-43a1-aa91-7045efcb2cc8" by "_delete_snapshot" {{(pid=81793) __acquire /opt/stack/cinder/cinder/coordination.py:143}}
Nov 28 19:56:27 devstack cinder-volume[81793]: DEBUG cinder.coordination [req-3f2c1cfd-767e-4ea9-b1a8-f12321b96a43 req-5af77051-3894-4414-ac48-ecfa6dba6a0b tempest-VolumesSnapshotsTestJSON-1927532849 None] Lock "cinder-quobyte-00c8a41d-a7d0-43a1-aa91-7045efcb2cc8" acquired by "_delete_snapshot" :: waited 0.017s {{(pid=81793) __acquire /opt/stack/cinder/cinder/coordination.py:146}}
Nov 28 19:56:27 devstack cinder-volume[81793]: DEBUG cinder.volume.drivers.remotefs [req-3f2c1cfd-767e-4ea9-b1a8-f12321b96a43 req-5af77051-3894-4414-ac48-ecfa6dba6a0b tempest-VolumesSnapshotsTestJSON-1927532849 None] Deleting offline snapshot 00c8a41d-a7d0-43a1-aa91-7045efcb2cc8 of volume 856b2eb0-9586-4b44-b01c-5c392e7c1487 {{(pid=81793) _delete_snapshot /opt/stack/cinder/cinder/volume/drivers/remotefs.py:1278}}
Nov 28 19:56:27 devstack cinder-volume[81793]: DEBUG cinder.volume.drivers.remotefs [req-3f2c1cfd-767e-4ea9-b1a8-f12321b96a43 req-5af77051-3894-4414-ac48-ecfa6dba6a0b tempest-VolumesSnapshotsTestJSON-1927532849 None] snapshot_file for this snap is: volume-856b2eb0-9586-4b44-b01c-5c392e7c1487.00c8a41d-a7d0-43a1-aa91-7045efcb2cc8 {{(pid=81793) _delete_snapshot /opt/stack/cinder/cinder/volume/drivers/remotefs.py:1307}}
Nov 28 19:56:27 devstack cinder-volume[81793]: DEBUG oslo.privsep.daemon [-] privsep: reply[22967312-8cd6-4c8c-9b59-486ea6320236]: (4, 'qcow2') {{(pid=82760) _call_back /opt/stack/data/venv/lib/python3.10/site-packages/oslo_privsep/daemon.py:515}}
Nov 28 19:56:27 devstack cinder-volume[81793]: DEBUG oslo_concurrency.processutils [req-3f2c1cfd-767e-4ea9-b1a8-f12321b96a43 req-5af77051-3894-4414-ac48-ecfa6dba6a0b tempest-VolumesSnapshotsTestJSON-1927532849 None] Running cmd (subprocess): /opt/stack/data/venv/bin/python3.10 -m oslo_concurrency.prlimit --as=1073741824 --cpu=60 -- sudo cinder-rootwrap /etc/cinder/rootwrap.conf env LC_ALL=C qemu-img info -f qcow2 --output=json --force-share /opt/stack/data/cinder/mnt/61fa64fb0453bbf6ac6386fd08c21321/volume-856b2eb0-9586-4b44-b01c-5c392e7c1487.00c8a41d-a7d0-43a1-aa91-7045efcb2cc8 {{(pid=81793) execute /opt/stack/data/venv/lib/python3.10/site-packages/oslo_concurrency/processutils.py:349}}
Nov 28 19:56:27 devstack sudo[89673]: quobyte : PWD=/ ; USER=root ; COMMAND=/opt/stack/data/venv/bin/cinder-rootwrap /etc/cinder/rootwrap.conf env LC_ALL=C qemu-img info -f qcow2 --output=json --force-share /opt/stack/data/cinder/mnt/61fa64fb0453bbf6ac6386fd08c21321/volume-856b2eb0-9586-4b44-b01c-5c392e7c1487.00c8a41d-a7d0-43a1-aa91-7045efcb2cc8
Nov 28 19:56:27 devstack sudo[89673]: pam_unix(sudo:session): session opened for user root(uid=0) by (uid=1000)
Nov 28 19:56:28 devstack sudo[89673]: pam_unix(sudo:session): session closed for user root
Nov 28 19:56:28 devstack cinder-volume[81793]: DEBUG oslo_concurrency.processutils [req-3f2c1cfd-767e-4ea9-b1a8-f12321b96a43 req-5af77051-3894-4414-ac48-ecfa6dba6a0b tempest-VolumesSnapshotsTestJSON-1927532849 None] CMD "/opt/stack/data/venv/bin/python3.10 -m oslo_concurrency.prlimit --as=1073741824 --cpu=60 -- sudo cinder-rootwrap /etc/cinder/rootwrap.conf env LC_ALL=C qemu-img info -f qcow2 --output=json --force-share /opt/stack/data/cinder/mnt/61fa64fb0453bbf6ac6386fd08c21321/volume-856b2eb0-9586-4b44-b01c-5c392e7c1487.00c8a41d-a7d0-43a1-aa91-7045efcb2cc8" returned: 0 in 0.803s {{(pid=81793) execute /opt/stack/data/venv/lib/python3.10/site-packages/oslo_concurrency/processutils.py:372}}
Nov 28 19:56:28 devstack cinder-volume[81793]: DEBUG cinder.volume.drivers.remotefs [req-3f2c1cfd-767e-4ea9-b1a8-f12321b96a43 req-5af77051-3894-4414-ac48-ecfa6dba6a0b tempest-VolumesSnapshotsTestJSON-1927532849 None] Fetching qemu-img info with special backing_file_template: (/opt/stack/data/cinder/mnt/[0-9a-f]+/)?(volume-856b2eb0-9586-4b44-b01c-5c392e7c1487(.(tmp-snap-)?[0-9a-f-]+)?|volume_from_snapshot_cache/(tmp-snap-)?[0-9a-f-]+(.(child-|parent-)[0-9a-f-]+)?)$ {{(pid=81793) _qemu_img_info_base /opt/stack/cinder/cinder/volume/drivers/remotefs.py:886}}
Nov 28 19:56:28 devstack cinder-volume[81793]: DEBUG oslo.privsep.daemon [-] privsep: reply[51360697-e7ae-427b-b34a-24ace55dce1d]: (4, 'qcow2') {{(pid=82760) _call_back /opt/stack/data/venv/lib/python3.10/site-packages/oslo_privsep/daemon.py:515}}
Nov 28 19:56:28 devstack cinder-volume[81793]: DEBUG oslo_concurrency.processutils [req-3f2c1cfd-767e-4ea9-b1a8-f12321b96a43 req-5af77051-3894-4414-ac48-ecfa6dba6a0b tempest-VolumesSnapshotsTestJSON-1927532849 None] Running cmd (subprocess): /opt/stack/data/venv/bin/python3.10 -m oslo_concurrency.prlimit --as=1073741824 --cpu=60 -- sudo cinder-rootwrap /etc/cinder/rootwrap.conf env LC_ALL=C qemu-img info -f qcow2 --output=json --force-share /opt/stack/data/cinder/mnt/61fa64fb0453bbf6ac6386fd08c21321/volume-856b2eb0-9586-4b44-b01c-5c392e7c1487 {{(pid=81793) execute /opt/stack/data/venv/lib/python3.10/site-packages/oslo_concurrency/processutils.py:349}}
Nov 28 19:56:28 devstack sudo[89678]: quobyte : PWD=/ ; USER=root ; COMMAND=/opt/stack/data/venv/bin/cinder-rootwrap /etc/cinder/rootwrap.conf env LC_ALL=C qemu-img info -f qcow2 --output=json --force-share /opt/stack/data/cinder/mnt/61fa64fb0453bbf6ac6386fd08c21321/volume-856b2eb0-9586-4b44-b01c-5c392e7c1487
Nov 28 19:56:28 devstack sudo[89678]: pam_unix(sudo:session): session opened for user root(uid=0) by (uid=1000)
Nov 28 19:56:29 devstack sudo[89678]: pam_unix(sudo:session): session closed for user root
Nov 28 19:56:29 devstack cinder-volume[81793]: DEBUG oslo_concurrency.processutils [req-3f2c1cfd-767e-4ea9-b1a8-f12321b96a43 req-5af77051-3894-4414-ac48-ecfa6dba6a0b tempest-VolumesSnapshotsTestJSON-1927532849 None] CMD "/opt/stack/data/venv/bin/python3.10 -m oslo_concurrency.prlimit --as=1073741824 --cpu=60 -- sudo cinder-rootwrap /etc/cinder/rootwrap.conf env LC_ALL=C qemu-img info -f qcow2 --output=json --force-share /opt/stack/data/cinder/mnt/61fa64fb0453bbf6ac6386fd08c21321/volume-856b2eb0-9586-4b44-b01c-5c392e7c1487" returned: 0 in 0.811s {{(pid=81793) execute /opt/stack/data/venv/lib/python3.10/site-packages/oslo_concurrency/processutils.py:372}}
Nov 28 19:56:29 devstack cinder-volume[81793]: DEBUG oslo_concurrency.processutils [req-3f2c1cfd-767e-4ea9-b1a8-f12321b96a43 req-5af77051-3894-4414-ac48-ecfa6dba6a0b tempest-VolumesSnapshotsTestJSON-1927532849 None] Running cmd (subprocess): sudo cinder-rootwrap /etc/cinder/rootwrap.conf qemu-img commit -d /opt/stack/data/cinder/mnt/61fa64fb0453bbf6ac6386fd08c21321/volume-856b2eb0-9586-4b44-b01c-5c392e7c1487.00c8a41d-a7d0-43a1-aa91-7045efcb2cc8 {{(pid=81793) execute /opt/stack/data/venv/lib/python3.10/site-packages/oslo_concurrency/processutils.py:349}}
Nov 28 19:56:29 devstack sudo[89685]: quobyte : PWD=/ ; USER=root ; COMMAND=/opt/stack/data/venv/bin/cinder-rootwrap /etc/cinder/rootwrap.conf qemu-img commit -d /opt/stack/data/cinder/mnt/61fa64fb0453bbf6ac6386fd08c21321/volume-856b2eb0-9586-4b44-b01c-5c392e7c1487.00c8a41d-a7d0-43a1-aa91-7045efcb2cc8
Nov 28 19:56:29 devstack sudo[89685]: pam_unix(sudo:session): session opened for user root(uid=0) by (uid=1000)
Nov 28 19:56:29 devstack sudo[89685]: pam_unix(sudo:session): session closed for user root
Nov 28 19:56:29 devstack cinder-volume[81793]: DEBUG oslo_concurrency.processutils [req-3f2c1cfd-767e-4ea9-b1a8-f12321b96a43 req-5af77051-3894-4414-ac48-ecfa6dba6a0b tempest-VolumesSnapshotsTestJSON-1927532849 None] CMD "sudo cinder-rootwrap /etc/cinder/rootwrap.conf qemu-img commit -d /opt/stack/data/cinder/mnt/61fa64fb0453bbf6ac6386fd08c21321/volume-856b2eb0-9586-4b44-b01c-5c392e7c1487.00c8a41d-a7d0-43a1-aa91-7045efcb2cc8" returned: 0 in 0.533s {{(pid=81793) execute /opt/stack/data/venv/lib/python3.10/site-packages/oslo_concurrency/processutils.py:372}}
Nov 28 19:56:29 devstack cinder-volume[81793]: DEBUG oslo_concurrency.processutils [req-3f2c1cfd-767e-4ea9-b1a8-f12321b96a43 req-5af77051-3894-4414-ac48-ecfa6dba6a0b tempest-VolumesSnapshotsTestJSON-1927532849 None] Running cmd (subprocess): sudo cinder-rootwrap /etc/cinder/rootwrap.conf rm -f /opt/stack/data/cinder/mnt/61fa64fb0453bbf6ac6386fd08c21321/volume-856b2eb0-9586-4b44-b01c-5c392e7c1487.00c8a41d-a7d0-43a1-aa91-7045efcb2cc8 {{(pid=81793) execute /opt/stack/data/venv/lib/python3.10/site-packages/oslo_concurrency/processutils.py:349}}
Nov 28 19:56:29 devstack sudo[89690]: quobyte : PWD=/ ; USER=root ; COMMAND=/opt/stack/data/venv/bin/cinder-rootwrap /etc/cinder/rootwrap.conf rm -f /opt/stack/data/cinder/mnt/61fa64fb0453bbf6ac6386fd08c21321/volume-856b2eb0-9586-4b44-b01c-5c392e7c1487.00c8a41d-a7d0-43a1-aa91-7045efcb2cc8
Nov 28 19:56:29 devstack sudo[89690]: pam_unix(sudo:session): session opened for user root(uid=0) by (uid=1000)
Nov 28 19:56:30 devstack sudo[89690]: pam_unix(sudo:session): session closed for user root
Nov 28 19:56:30 devstack cinder-volume[81793]: DEBUG oslo_concurrency.processutils [req-3f2c1cfd-767e-4ea9-b1a8-f12321b96a43 req-5af77051-3894-4414-ac48-ecfa6dba6a0b tempest-VolumesSnapshotsTestJSON-1927532849 None] CMD "sudo cinder-rootwrap /etc/cinder/rootwrap.conf rm -f /opt/stack/data/cinder/mnt/61fa64fb0453bbf6ac6386fd08c21321/volume-856b2eb0-9586-4b44-b01c-5c392e7c1487.00c8a41d-a7d0-43a1-aa91-7045efcb2cc8" returned: 0 in 0.476s {{(pid=81793) execute /opt/stack/data/venv/lib/python3.10/site-packages/oslo_concurrency/processutils.py:372}}
Nov 28 19:56:30 devstack cinder-volume[81793]: DEBUG cinder.coordination [req-3f2c1cfd-767e-4ea9-b1a8-f12321b96a43 req-5af77051-3894-4414-ac48-ecfa6dba6a0b tempest-VolumesSnapshotsTestJSON-1927532849 None] Lock "cinder-quobyte-00c8a41d-a7d0-43a1-aa91-7045efcb2cc8" released by "_delete_snapshot" :: held 2.699s {{(pid=81793) __release /opt/stack/cinder/cinder/coordination.py:157}}
Nov 28 19:56:30 devstack cinder-volume[81793]: DEBUG cinder.coordination [req-3f2c1cfd-767e-4ea9-b1a8-f12321b96a43 req-5af77051-3894-4414-ac48-ecfa6dba6a0b tempest-VolumesSnapshotsTestJSON-1927532849 None] Lock "cinder-quobyte-856b2eb0-9586-4b44-b01c-5c392e7c1487" released by "delete_snapshot" :: held 2.721s {{(pid=81793) __release /opt/stack/cinder/cinder/coordination.py:157}}
Nov 28 19:56:30 devstack cinder-volume[81793]: WARNING cinder.quota [req-3f2c1cfd-767e-4ea9-b1a8-f12321b96a43 req-5af77051-3894-4414-ac48-ecfa6dba6a0b tempest-VolumesSnapshotsTestJSON-1927532849 None] Deprecated: Default quota for resource: snapshots_QuobyteHD is set by the default quota flag: quota_snapshots_QuobyteHD, it is now deprecated. Please use the default quota class for default quota.
Nov 28 19:56:30 devstack cinder-volume[81793]: DEBUG cinder.quota [req-3f2c1cfd-767e-4ea9-b1a8-f12321b96a43 req-5af77051-3894-4414-ac48-ecfa6dba6a0b tempest-VolumesSnapshotsTestJSON-1927532849 None] Created reservations ['30d1d941-9b0d-4097-8985-3a002b0fe428', 'f7f1d18f-faa3-4dcf-a332-b01b8a9e6a42', '2d17bc46-f57c-4b85-9e3e-14be6a6f732e', 'c78dd62c-494f-461a-90fb-d28acb3ce1a2'] {{(pid=81793) reserve /opt/stack/cinder/cinder/quota.py:752}}
Nov 28 19:56:30 devstack cinder-volume[81793]: INFO cinder.volume.manager [req-3f2c1cfd-767e-4ea9-b1a8-f12321b96a43 req-5af77051-3894-4414-ac48-ecfa6dba6a0b tempest-VolumesSnapshotsTestJSON-1927532849 None] Delete snapshot completed successfully.
Nov 28 19:56:30 devstack cinder-volume[81793]: DEBUG cinder.coordination [req-3f2c1cfd-767e-4ea9-b1a8-f12321b96a43 req-5af77051-3894-4414-ac48-ecfa6dba6a0b tempest-VolumesSnapshotsTestJSON-1927532849 None] Lock "cinder-00c8a41d-a7d0-43a1-aa91-7045efcb2cc8-delete_snapshot" released by "delete_snapshot" :: held 2.844s {{(pid=81793) __release /opt/stack/cinder/cinder/coordination.py:157}}
Nov 28 19:56:30 devstack cinder-volume[81793]: DEBUG cinder.coordination [req-d10088b9-73b8-4dcf-8ad1-e3fce1f2f2c2 req-cdd49f10-86ce-4367-9d38-5fa2c9e43814 tempest-VolumesSnapshotsTestJSON-1927532849 None] Acquiring lock "cinder-856b2eb0-9586-4b44-b01c-5c392e7c1487-delete_volume" by "delete_volume" {{(pid=81793) __acquire /opt/stack/cinder/cinder/coordination.py:143}}
Nov 28 19:56:30 devstack cinder-volume[81793]: DEBUG cinder.coordination [req-d10088b9-73b8-4dcf-8ad1-e3fce1f2f2c2 req-cdd49f10-86ce-4367-9d38-5fa2c9e43814 tempest-VolumesSnapshotsTestJSON-1927532849 None] Lock "cinder-856b2eb0-9586-4b44-b01c-5c392e7c1487-delete_volume" acquired by "delete_volume" :: waited 0.008s {{(pid=81793) __acquire /opt/stack/cinder/cinder/coordination.py:146}}
Nov 28 19:56:30 devstack cinder-volume[81793]: WARNING cinder.volume.volume_utils [req-d10088b9-73b8-4dcf-8ad1-e3fce1f2f2c2 req-cdd49f10-86ce-4367-9d38-5fa2c9e43814 tempest-VolumesSnapshotsTestJSON-1927532849 None] Volume driver (QuobyteDriver 1.1.13) is currently unsupported and may be removed in the next release of OpenStack. Use at your own risk.
Nov 28 19:56:30 devstack cinder-volume[81793]: DEBUG cinder.coordination [req-d10088b9-73b8-4dcf-8ad1-e3fce1f2f2c2 req-cdd49f10-86ce-4367-9d38-5fa2c9e43814 tempest-VolumesSnapshotsTestJSON-1927532849 None] Acquiring lock "cinder-quobyte-856b2eb0-9586-4b44-b01c-5c392e7c1487" by "delete_volume" {{(pid=81793) __acquire /opt/stack/cinder/cinder/coordination.py:143}}
Nov 28 19:56:30 devstack cinder-volume[81793]: DEBUG cinder.coordination [req-d10088b9-73b8-4dcf-8ad1-e3fce1f2f2c2 req-cdd49f10-86ce-4367-9d38-5fa2c9e43814 tempest-VolumesSnapshotsTestJSON-1927532849 None] Lock "cinder-quobyte-856b2eb0-9586-4b44-b01c-5c392e7c1487" acquired by "delete_volume" :: waited 0.009s {{(pid=81793) __acquire /opt/stack/cinder/cinder/coordination.py:146}}
Nov 28 19:56:30 devstack cinder-volume[81793]: DEBUG oslo.privsep.daemon [-] privsep: reply[bf47ec50-e5b1-426f-acdb-24fe258813d0]: (4, 'qcow2') {{(pid=82760) _call_back /opt/stack/data/venv/lib/python3.10/site-packages/oslo_privsep/daemon.py:515}}
Nov 28 19:56:30 devstack cinder-volume[81793]: DEBUG oslo_concurrency.processutils [req-d10088b9-73b8-4dcf-8ad1-e3fce1f2f2c2 req-cdd49f10-86ce-4367-9d38-5fa2c9e43814 tempest-VolumesSnapshotsTestJSON-1927532849 None] Running cmd (subprocess): /opt/stack/data/venv/bin/python3.10 -m oslo_concurrency.prlimit --as=1073741824 --cpu=60 -- sudo cinder-rootwrap /etc/cinder/rootwrap.conf env LC_ALL=C qemu-img info -f qcow2 --output=json --force-share /opt/stack/data/cinder/mnt/61fa64fb0453bbf6ac6386fd08c21321/volume-856b2eb0-9586-4b44-b01c-5c392e7c1487 {{(pid=81793) execute /opt/stack/data/venv/lib/python3.10/site-packages/oslo_concurrency/processutils.py:349}}
Nov 28 19:56:31 devstack sudo[89693]: quobyte : PWD=/ ; USER=root ; COMMAND=/opt/stack/data/venv/bin/cinder-rootwrap /etc/cinder/rootwrap.conf env LC_ALL=C qemu-img info -f qcow2 --output=json --force-share /opt/stack/data/cinder/mnt/61fa64fb0453bbf6ac6386fd08c21321/volume-856b2eb0-9586-4b44-b01c-5c392e7c1487
Nov 28 19:56:31 devstack sudo[89693]: pam_unix(sudo:session): session opened for user root(uid=0) by (uid=1000)
Nov 28 19:56:31 devstack sudo[89693]: pam_unix(sudo:session): session closed for user root
Nov 28 19:56:31 devstack cinder-volume[81793]: DEBUG oslo_concurrency.processutils [req-d10088b9-73b8-4dcf-8ad1-e3fce1f2f2c2 req-cdd49f10-86ce-4367-9d38-5fa2c9e43814 tempest-VolumesSnapshotsTestJSON-1927532849 None] CMD "/opt/stack/data/venv/bin/python3.10 -m oslo_concurrency.prlimit --as=1073741824 --cpu=60 -- sudo cinder-rootwrap /etc/cinder/rootwrap.conf env LC_ALL=C qemu-img info -f qcow2 --output=json --force-share /opt/stack/data/cinder/mnt/61fa64fb0453bbf6ac6386fd08c21321/volume-856b2eb0-9586-4b44-b01c-5c392e7c1487" returned: 0 in 0.629s {{(pid=81793) execute /opt/stack/data/venv/lib/python3.10/site-packages/oslo_concurrency/processutils.py:372}}
Nov 28 19:56:31 devstack cinder-volume[81793]: DEBUG oslo_concurrency.processutils [req-d10088b9-73b8-4dcf-8ad1-e3fce1f2f2c2 req-cdd49f10-86ce-4367-9d38-5fa2c9e43814 tempest-VolumesSnapshotsTestJSON-1927532849 None] Running cmd (subprocess): sudo cinder-rootwrap /etc/cinder/rootwrap.conf rm -f /opt/stack/data/cinder/mnt/61fa64fb0453bbf6ac6386fd08c21321/volume-856b2eb0-9586-4b44-b01c-5c392e7c1487 {{(pid=81793) execute /opt/stack/data/venv/lib/python3.10/site-packages/oslo_concurrency/processutils.py:349}}
Nov 28 19:56:31 devstack sudo[89706]: quobyte : PWD=/ ; USER=root ; COMMAND=/opt/stack/data/venv/bin/cinder-rootwrap /etc/cinder/rootwrap.conf rm -f /opt/stack/data/cinder/mnt/61fa64fb0453bbf6ac6386fd08c21321/volume-856b2eb0-9586-4b44-b01c-5c392e7c1487
Nov 28 19:56:31 devstack sudo[89706]: pam_unix(sudo:session): session opened for user root(uid=0) by (uid=1000)
Nov 28 19:56:31 devstack cinder-volume[81793]: DEBUG oslo_concurrency.lockutils [req-83d4f7ba-a7cb-4297-acf7-8f14b66497b1 req-4f58ab78-a1d9-49bd-b297-f3b66d9b26c0 tempest-AttachVolumeShelveTestJSON-459441268 None] Acquiring lock "quobyte" by "cinder.volume.drivers.quobyte.QuobyteDriver.initialize_connection" {{(pid=81793) inner /opt/stack/data/venv/lib/python3.10/site-packages/oslo_concurrency/lockutils.py:405}}
Nov 28 19:56:31 devstack cinder-volume[81793]: DEBUG oslo_concurrency.lockutils [req-83d4f7ba-a7cb-4297-acf7-8f14b66497b1 req-4f58ab78-a1d9-49bd-b297-f3b66d9b26c0 tempest-AttachVolumeShelveTestJSON-459441268 None] Lock "quobyte" acquired by "cinder.volume.drivers.quobyte.QuobyteDriver.initialize_connection" :: waited 0.001s {{(pid=81793) inner /opt/stack/data/venv/lib/python3.10/site-packages/oslo_concurrency/lockutils.py:410}}
Nov 28 19:56:31 devstack cinder-volume[81793]: DEBUG oslo.privsep.daemon [-] privsep: reply[23897e0d-953f-419b-b8f4-97ed8ed5d893]: (4, 'qcow2') {{(pid=82760) _call_back /opt/stack/data/venv/lib/python3.10/site-packages/oslo_privsep/daemon.py:515}}
Nov 28 19:56:31 devstack cinder-volume[81793]: DEBUG oslo_concurrency.processutils [req-83d4f7ba-a7cb-4297-acf7-8f14b66497b1 req-4f58ab78-a1d9-49bd-b297-f3b66d9b26c0 tempest-AttachVolumeShelveTestJSON-459441268 None] Running cmd (subprocess): /opt/stack/data/venv/bin/python3.10 -m oslo_concurrency.prlimit --as=1073741824 --cpu=60 -- sudo cinder-rootwrap /etc/cinder/rootwrap.conf env LC_ALL=C qemu-img info -f qcow2 --output=json --force-share /opt/stack/data/cinder/mnt/61fa64fb0453bbf6ac6386fd08c21321/volume-40895493-fbf5-4a8b-8b27-da5dd2136f93 {{(pid=81793) execute /opt/stack/data/venv/lib/python3.10/site-packages/oslo_concurrency/processutils.py:349}}
Nov 28 19:56:31 devstack sudo[89708]: quobyte : PWD=/ ; USER=root ; COMMAND=/opt/stack/data/venv/bin/cinder-rootwrap /etc/cinder/rootwrap.conf env LC_ALL=C qemu-img info -f qcow2 --output=json --force-share /opt/stack/data/cinder/mnt/61fa64fb0453bbf6ac6386fd08c21321/volume-40895493-fbf5-4a8b-8b27-da5dd2136f93
Nov 28 19:56:31 devstack sudo[89708]: pam_unix(sudo:session): session opened for user root(uid=0) by (uid=1000)
Nov 28 19:56:32 devstack sudo[89706]: pam_unix(sudo:session): session closed for user root
Nov 28 19:56:32 devstack cinder-volume[81793]: DEBUG oslo_concurrency.processutils [req-d10088b9-73b8-4dcf-8ad1-e3fce1f2f2c2 req-cdd49f10-86ce-4367-9d38-5fa2c9e43814 tempest-VolumesSnapshotsTestJSON-1927532849 None] CMD "sudo cinder-rootwrap /etc/cinder/rootwrap.conf rm -f /opt/stack/data/cinder/mnt/61fa64fb0453bbf6ac6386fd08c21321/volume-856b2eb0-9586-4b44-b01c-5c392e7c1487" returned: 0 in 0.587s {{(pid=81793) execute /opt/stack/data/venv/lib/python3.10/site-packages/oslo_concurrency/processutils.py:372}}
Nov 28 19:56:32 devstack cinder-volume[81793]: DEBUG cinder.coordination [req-d10088b9-73b8-4dcf-8ad1-e3fce1f2f2c2 req-cdd49f10-86ce-4367-9d38-5fa2c9e43814 tempest-VolumesSnapshotsTestJSON-1927532849 None] Lock "cinder-quobyte-856b2eb0-9586-4b44-b01c-5c392e7c1487" released by "delete_volume" :: held 1.253s {{(pid=81793) __release /opt/stack/cinder/cinder/coordination.py:157}}
Nov 28 19:56:32 devstack cinder-volume[81793]: DEBUG cinder.quota [req-d10088b9-73b8-4dcf-8ad1-e3fce1f2f2c2 req-cdd49f10-86ce-4367-9d38-5fa2c9e43814 tempest-VolumesSnapshotsTestJSON-1927532849 None] Created reservations ['92b85f8c-8d74-4e60-befd-9604f0b7526d', 'ab9d4b88-d1d3-4141-8cb0-4e111dedd0f4', '3706bcbc-d0b2-4029-bfd6-10eda3182b99', '2c51bfa4-9a3d-40c6-bda7-9f6267ac4252'] {{(pid=81793) reserve /opt/stack/cinder/cinder/quota.py:752}}
Nov 28 19:56:32 devstack cinder-volume[81793]: DEBUG oslo_concurrency.lockutils [req-d10088b9-73b8-4dcf-8ad1-e3fce1f2f2c2 req-cdd49f10-86ce-4367-9d38-5fa2c9e43814 tempest-VolumesSnapshotsTestJSON-1927532849 None] Acquiring lock "quobyte_ensure" by "cinder.volume.drivers.quobyte.QuobyteDriver._ensure_shares_mounted" {{(pid=81793) inner /opt/stack/data/venv/lib/python3.10/site-packages/oslo_concurrency/lockutils.py:405}}
Nov 28 19:56:32 devstack cinder-volume[81793]: DEBUG oslo_concurrency.lockutils [req-d10088b9-73b8-4dcf-8ad1-e3fce1f2f2c2 req-cdd49f10-86ce-4367-9d38-5fa2c9e43814 tempest-VolumesSnapshotsTestJSON-1927532849 None] Lock "quobyte_ensure" acquired by "cinder.volume.drivers.quobyte.QuobyteDriver._ensure_shares_mounted" :: waited 0.001s {{(pid=81793) inner /opt/stack/data/venv/lib/python3.10/site-packages/oslo_concurrency/lockutils.py:410}}
Nov 28 19:56:32 devstack cinder-volume[81793]: DEBUG cinder.volume.drivers.quobyte [req-d10088b9-73b8-4dcf-8ad1-e3fce1f2f2c2 req-cdd49f10-86ce-4367-9d38-5fa2c9e43814 tempest-VolumesSnapshotsTestJSON-1927532849 None] Quobyte Volume URL set to: {'osci02.corp.quobyte.com/cinder-vol-fe0f1504-ccb0-4c15-a61f-9c1c8a8b0fe3': None} {{(pid=81793) _load_shares_config /opt/stack/cinder/cinder/volume/drivers/quobyte.py:604}}
Nov 28 19:56:32 devstack cinder-volume[81793]: DEBUG cinder.volume.drivers.quobyte [req-d10088b9-73b8-4dcf-8ad1-e3fce1f2f2c2 req-cdd49f10-86ce-4367-9d38-5fa2c9e43814 tempest-VolumesSnapshotsTestJSON-1927532849 None] Available shares ['osci02.corp.quobyte.com/cinder-vol-fe0f1504-ccb0-4c15-a61f-9c1c8a8b0fe3'] {{(pid=81793) _ensure_shares_mounted /opt/stack/cinder/cinder/volume/drivers/quobyte.py:634}}
Nov 28 19:56:32 devstack cinder-volume[81793]: DEBUG oslo_concurrency.lockutils [req-d10088b9-73b8-4dcf-8ad1-e3fce1f2f2c2 req-cdd49f10-86ce-4367-9d38-5fa2c9e43814 tempest-VolumesSnapshotsTestJSON-1927532849 None] Lock "quobyte_ensure" "released" by "cinder.volume.drivers.quobyte.QuobyteDriver._ensure_shares_mounted" :: held 0.004s {{(pid=81793) inner /opt/stack/data/venv/lib/python3.10/site-packages/oslo_concurrency/lockutils.py:424}}
Nov 28 19:56:32 devstack cinder-volume[81793]: DEBUG oslo_concurrency.processutils [req-d10088b9-73b8-4dcf-8ad1-e3fce1f2f2c2 req-cdd49f10-86ce-4367-9d38-5fa2c9e43814 tempest-VolumesSnapshotsTestJSON-1927532849 None] Running cmd (subprocess): sudo cinder-rootwrap /etc/cinder/rootwrap.conf df --portability --block-size 1 /opt/stack/data/cinder/mnt/61fa64fb0453bbf6ac6386fd08c21321 {{(pid=81793) execute /opt/stack/data/venv/lib/python3.10/site-packages/oslo_concurrency/processutils.py:349}}
Nov 28 19:56:32 devstack sudo[89714]: quobyte : PWD=/ ; USER=root ; COMMAND=/opt/stack/data/venv/bin/cinder-rootwrap /etc/cinder/rootwrap.conf df --portability --block-size 1 /opt/stack/data/cinder/mnt/61fa64fb0453bbf6ac6386fd08c21321
Nov 28 19:56:32 devstack sudo[89714]: pam_unix(sudo:session): session opened for user root(uid=0) by (uid=1000)
Nov 28 19:56:32 devstack sudo[89708]: pam_unix(sudo:session): session closed for user root
Nov 28 19:56:32 devstack cinder-volume[81793]: DEBUG oslo_concurrency.processutils [req-83d4f7ba-a7cb-4297-acf7-8f14b66497b1 req-4f58ab78-a1d9-49bd-b297-f3b66d9b26c0 tempest-AttachVolumeShelveTestJSON-459441268 None] CMD "/opt/stack/data/venv/bin/python3.10 -m oslo_concurrency.prlimit --as=1073741824 --cpu=60 -- sudo cinder-rootwrap /etc/cinder/rootwrap.conf env LC_ALL=C qemu-img info -f qcow2 --output=json --force-share /opt/stack/data/cinder/mnt/61fa64fb0453bbf6ac6386fd08c21321/volume-40895493-fbf5-4a8b-8b27-da5dd2136f93" returned: 0 in 0.687s {{(pid=81793) execute /opt/stack/data/venv/lib/python3.10/site-packages/oslo_concurrency/processutils.py:372}}
Nov 28 19:56:32 devstack cinder-volume[81793]: DEBUG oslo_concurrency.lockutils [req-83d4f7ba-a7cb-4297-acf7-8f14b66497b1 req-4f58ab78-a1d9-49bd-b297-f3b66d9b26c0 tempest-AttachVolumeShelveTestJSON-459441268 None] Lock "quobyte" "released" by "cinder.volume.drivers.quobyte.QuobyteDriver.initialize_connection" :: held 0.696s {{(pid=81793) inner /opt/stack/data/venv/lib/python3.10/site-packages/oslo_concurrency/lockutils.py:424}}
Nov 28 19:56:32 devstack cinder-volume[81793]: DEBUG cinder.volume.manager [req-83d4f7ba-a7cb-4297-acf7-8f14b66497b1 req-4f58ab78-a1d9-49bd-b297-f3b66d9b26c0 tempest-AttachVolumeShelveTestJSON-459441268 None] Connection info returned from driver {'export': 'osci02.corp.quobyte.com/cinder-vol-fe0f1504-ccb0-4c15-a61f-9c1c8a8b0fe3', 'name': 'volume-40895493-fbf5-4a8b-8b27-da5dd2136f93', 'options': None, 'format': 'qcow2', 'qos_specs': None, 'access_mode': 'rw', 'encrypted': False, 'cacheable': False, 'driver_volume_type': 'quobyte', 'mount_point_base': '/opt/stack/data/cinder/mnt', 'attachment_id': 'b03fd12b-88d7-45d5-a010-65c14556bf5d', 'enforce_multipath': True} {{(pid=81793) _connection_create /opt/stack/cinder/cinder/volume/manager.py:4891}}
